--
--


SELECT pg_catalog.set_config('search_path', '', false);



--
-- Name: account_report_audits; Type: TABLE; Schema: public; Owner: meetxy
--

CREATE TABLE public.account_report_audits (
    id bigint NOT NULL,
    account_report_id bigint NOT NULL,
    action_taken_by bigint NOT NULL,
    action_taken_note text,
    created_at timestamp(0) without time zone,
    updated_at timestamp(0) without time zone
);


ALTER TABLE public.account_report_audits OWNER TO meetxy;

--
-- Name: account_report_audits_id_seq; Type: SEQUENCE; Schema: public; Owner: meetxy
--

CREATE SEQUENCE public.account_report_audits_id_seq
    START WITH 1
    INCREMENT BY 1
    NO MINVALUE
    NO MAXVALUE
    CACHE 1;


ALTER SEQUENCE public.account_report_audits_id_seq OWNER TO meetxy;

--
-- Name: account_report_audits_id_seq; Type: SEQUENCE OWNED BY; Schema: public; Owner: meetxy
--

ALTER SEQUENCE public.account_report_audits_id_seq OWNED BY public.account_report_audits.id;


--
-- Name: account_reports; Type: TABLE; Schema: public; Owner: meetxy
--

CREATE TABLE public.account_reports (
    id bigint NOT NULL,
    report_type_id bigint NOT NULL,
    reported_by bigint NOT NULL,
    reported_user_id bigint NOT NULL,
    description text,
    attachment_url character varying(255),
    is_resolved boolean DEFAULT false NOT NULL,
    created_at timestamp(0) without time zone,
    updated_at timestamp(0) without time zone
);


ALTER TABLE public.account_reports OWNER TO meetxy;

--
-- Name: account_reports_id_seq; Type: SEQUENCE; Schema: public; Owner: meetxy
--

CREATE SEQUENCE public.account_reports_id_seq
    START WITH 1
    INCREMENT BY 1
    NO MINVALUE
    NO MAXVALUE
    CACHE 1;


ALTER SEQUENCE public.account_reports_id_seq OWNER TO meetxy;

--
-- Name: account_reports_id_seq; Type: SEQUENCE OWNED BY; Schema: public; Owner: meetxy
--

ALTER SEQUENCE public.account_reports_id_seq OWNED BY public.account_reports.id;


--
-- Name: active_connctions; Type: TABLE; Schema: public; Owner: meetxy
--

CREATE TABLE public.active_connctions (
    id bigint NOT NULL,
    from_user_id bigint NOT NULL,
    to_user_id bigint NOT NULL,
    privacy_level integer NOT NULL,
    flag integer NOT NULL,
    start_date timestamp(0) without time zone DEFAULT CURRENT_TIMESTAMP NOT NULL,
    is_chat_enabled boolean DEFAULT false NOT NULL,
    updated_date timestamp(0) without time zone DEFAULT CURRENT_TIMESTAMP NOT NULL,
    expires_at timestamp(0) without time zone,
    chat_id uuid
);


ALTER TABLE public.active_connctions OWNER TO meetxy;

--
-- Name: COLUMN active_connctions.privacy_level; Type: COMMENT; Schema: public; Owner: meetxy
--

COMMENT ON COLUMN public.active_connctions.privacy_level IS '1-Level1, 2-Level2, 3-Level3';


--
-- Name: COLUMN active_connctions.flag; Type: COMMENT; Schema: public; Owner: meetxy
--

COMMENT ON COLUMN public.active_connctions.flag IS '1-block, 2-connection_rejected';


--
-- Name: active_connctions_id_seq; Type: SEQUENCE; Schema: public; Owner: meetxy
--

CREATE SEQUENCE public.active_connctions_id_seq
    START WITH 1
    INCREMENT BY 1
    NO MINVALUE
    NO MAXVALUE
    CACHE 1;


ALTER SEQUENCE public.active_connctions_id_seq OWNER TO meetxy;

--
-- Name: active_connctions_id_seq; Type: SEQUENCE OWNED BY; Schema: public; Owner: meetxy
--

ALTER SEQUENCE public.active_connctions_id_seq OWNED BY public.active_connctions.id;


--
-- Name: app_versions; Type: TABLE; Schema: public; Owner: meetxy
--

CREATE TABLE public.app_versions (
    id bigint NOT NULL,
    android_version character varying(255),
    ios_version character varying(255),
    android_updateflag smallint DEFAULT '3'::smallint NOT NULL,
    ios_updateflag smallint DEFAULT '3'::smallint NOT NULL,
    app_status smallint DEFAULT '1'::smallint NOT NULL,
    general_msg text,
    created_at timestamp(0) without time zone,
    updated_at timestamp(0) without time zone
);


ALTER TABLE public.app_versions OWNER TO meetxy;

--
-- Name: app_versions_id_seq; Type: SEQUENCE; Schema: public; Owner: meetxy
--

CREATE SEQUENCE public.app_versions_id_seq
    START WITH 1
    INCREMENT BY 1
    NO MINVALUE
    NO MAXVALUE
    CACHE 1;


ALTER SEQUENCE public.app_versions_id_seq OWNER TO meetxy;

--
-- Name: app_versions_id_seq; Type: SEQUENCE OWNED BY; Schema: public; Owner: meetxy
--

ALTER SEQUENCE public.app_versions_id_seq OWNED BY public.app_versions.id;


--
-- Name: application_errors; Type: TABLE; Schema: public; Owner: meetxy
--

CREATE TABLE public.application_errors (
    id bigint NOT NULL,
    module character varying(255) NOT NULL,
    module_id integer,
    url text NOT NULL,
    error_message text NOT NULL,
    created_by bigint,
    updated_by bigint,
    created_at timestamp(0) without time zone,
    updated_at timestamp(0) without time zone,
    user_id bigint
);


ALTER TABLE public.application_errors OWNER TO meetxy;

--
-- Name: application_errors_id_seq; Type: SEQUENCE; Schema: public; Owner: meetxy
--

CREATE SEQUENCE public.application_errors_id_seq
    START WITH 1
    INCREMENT BY 1
    NO MINVALUE
    NO MAXVALUE
    CACHE 1;


ALTER SEQUENCE public.application_errors_id_seq OWNER TO meetxy;

--
-- Name: application_errors_id_seq; Type: SEQUENCE OWNED BY; Schema: public; Owner: meetxy
--

ALTER SEQUENCE public.application_errors_id_seq OWNED BY public.application_errors.id;


--
-- Name: auto_chat_messages; Type: TABLE; Schema: public; Owner: meetxy
--

CREATE TABLE public.auto_chat_messages (
    id bigint NOT NULL,
    message text NOT NULL,
    flag character varying(255),
    is_active boolean DEFAULT true NOT NULL,
    created_date timestamp(0) without time zone DEFAULT CURRENT_TIMESTAMP NOT NULL,
    updated_date timestamp(0) without time zone DEFAULT CURRENT_TIMESTAMP NOT NULL
);


ALTER TABLE public.auto_chat_messages OWNER TO meetxy;

--
-- Name: auto_chat_messages_id_seq; Type: SEQUENCE; Schema: public; Owner: meetxy
--

CREATE SEQUENCE public.auto_chat_messages_id_seq
    START WITH 1
    INCREMENT BY 1
    NO MINVALUE
    NO MAXVALUE
    CACHE 1;


ALTER SEQUENCE public.auto_chat_messages_id_seq OWNER TO meetxy;

--
-- Name: auto_chat_messages_id_seq; Type: SEQUENCE OWNED BY; Schema: public; Owner: meetxy
--

ALTER SEQUENCE public.auto_chat_messages_id_seq OWNED BY public.auto_chat_messages.id;


--
-- Name: avatar_masters; Type: TABLE; Schema: public; Owner: meetxy
--

CREATE TABLE public.avatar_masters (
    id bigint NOT NULL,
    name character varying(255) NOT NULL,
    image_name character varying(255) NOT NULL,
    image_url character varying(255) NOT NULL,
    is_active boolean DEFAULT true NOT NULL,
    created_date timestamp(0) without time zone DEFAULT CURRENT_TIMESTAMP NOT NULL,
    updated_date timestamp(0) without time zone DEFAULT CURRENT_TIMESTAMP NOT NULL,
    created_at timestamp(0) without time zone,
    updated_at timestamp(0) without time zone,
    sub_category_id bigint
);


ALTER TABLE public.avatar_masters OWNER TO meetxy;

--
-- Name: avatar_masters_id_seq; Type: SEQUENCE; Schema: public; Owner: meetxy
--

CREATE SEQUENCE public.avatar_masters_id_seq
    START WITH 1
    INCREMENT BY 1
    NO MINVALUE
    NO MAXVALUE
    CACHE 1;


ALTER SEQUENCE public.avatar_masters_id_seq OWNER TO meetxy;

--
-- Name: avatar_masters_id_seq; Type: SEQUENCE OWNED BY; Schema: public; Owner: meetxy
--

ALTER SEQUENCE public.avatar_masters_id_seq OWNED BY public.avatar_masters.id;


--
-- Name: blocked_user_audits; Type: TABLE; Schema: public; Owner: meetxy
--

CREATE TABLE public.blocked_user_audits (
    id bigint NOT NULL,
    blocker_id bigint NOT NULL,
    blocked_id bigint NOT NULL,
    action character varying(255) NOT NULL,
    action_time timestamp(0) without time zone DEFAULT CURRENT_TIMESTAMP NOT NULL,
    CONSTRAINT blocked_user_audits_action_check CHECK (((action)::text = ANY ((ARRAY['block'::character varying, 'unblock'::character varying])::text[])))
);


ALTER TABLE public.blocked_user_audits OWNER TO meetxy;

--
-- Name: blocked_user_audits_id_seq; Type: SEQUENCE; Schema: public; Owner: meetxy
--

CREATE SEQUENCE public.blocked_user_audits_id_seq
    START WITH 1
    INCREMENT BY 1
    NO MINVALUE
    NO MAXVALUE
    CACHE 1;


ALTER SEQUENCE public.blocked_user_audits_id_seq OWNER TO meetxy;

--
-- Name: blocked_user_audits_id_seq; Type: SEQUENCE OWNED BY; Schema: public; Owner: meetxy
--

ALTER SEQUENCE public.blocked_user_audits_id_seq OWNED BY public.blocked_user_audits.id;


--
-- Name: blocked_users; Type: TABLE; Schema: public; Owner: meetxy
--

CREATE TABLE public.blocked_users (
    id bigint NOT NULL,
    blocker_id bigint NOT NULL,
    blocked_id bigint NOT NULL,
    blocked_at timestamp(0) without time zone DEFAULT CURRENT_TIMESTAMP NOT NULL,
    is_blocked boolean DEFAULT true NOT NULL,
    created_at timestamp(0) without time zone,
    updated_at timestamp(0) without time zone
);


ALTER TABLE public.blocked_users OWNER TO meetxy;

--
-- Name: blocked_users_id_seq; Type: SEQUENCE; Schema: public; Owner: meetxy
--

CREATE SEQUENCE public.blocked_users_id_seq
    START WITH 1
    INCREMENT BY 1
    NO MINVALUE
    NO MAXVALUE
    CACHE 1;


ALTER SEQUENCE public.blocked_users_id_seq OWNER TO meetxy;

--
-- Name: blocked_users_id_seq; Type: SEQUENCE OWNED BY; Schema: public; Owner: meetxy
--

ALTER SEQUENCE public.blocked_users_id_seq OWNED BY public.blocked_users.id;


--
-- Name: cache; Type: TABLE; Schema: public; Owner: meetxy
--

CREATE TABLE public.cache (
    key character varying(255) NOT NULL,
    value text NOT NULL,
    expiration integer NOT NULL
);


ALTER TABLE public.cache OWNER TO meetxy;

--
-- Name: cache_locks; Type: TABLE; Schema: public; Owner: meetxy
--

CREATE TABLE public.cache_locks (
    key character varying(255) NOT NULL,
    owner character varying(255) NOT NULL,
    expiration integer NOT NULL
);


ALTER TABLE public.cache_locks OWNER TO meetxy;

--
-- Name: categories; Type: TABLE; Schema: public; Owner: meetxy
--

CREATE TABLE public.categories (
    id bigint NOT NULL,
    category_name character varying(255) NOT NULL,
    is_active boolean DEFAULT true NOT NULL,
    created_date timestamp(0) without time zone DEFAULT CURRENT_TIMESTAMP NOT NULL,
    updated_date timestamp(0) without time zone DEFAULT CURRENT_TIMESTAMP NOT NULL,
    "created_By" bigint,
    "updated_By" bigint,
    flag smallint DEFAULT '0'::smallint NOT NULL,
    created_at timestamp(0) without time zone,
    updated_at timestamp(0) without time zone
);


ALTER TABLE public.categories OWNER TO meetxy;

--
-- Name: COLUMN categories.flag; Type: COMMENT; Schema: public; Owner: meetxy
--

COMMENT ON COLUMN public.categories.flag IS 'Status flag: 1 = Language';


--
-- Name: categories_id_seq; Type: SEQUENCE; Schema: public; Owner: meetxy
--

CREATE SEQUENCE public.categories_id_seq
    START WITH 1
    INCREMENT BY 1
    NO MINVALUE
    NO MAXVALUE
    CACHE 1;


ALTER SEQUENCE public.categories_id_seq OWNER TO meetxy;

--
-- Name: categories_id_seq; Type: SEQUENCE OWNED BY; Schema: public; Owner: meetxy
--

ALTER SEQUENCE public.categories_id_seq OWNED BY public.categories.id;


--
-- Name: chats; Type: TABLE; Schema: public; Owner: meetxy
--

CREATE TABLE public.chats (
    id bigint NOT NULL,
    chat_id character varying(255) NOT NULL,
    user_one_id bigint NOT NULL,
    user_two_id bigint NOT NULL,
    started_date timestamp(0) without time zone,
    created_at timestamp(0) without time zone,
    updated_at timestamp(0) without time zone
);


ALTER TABLE public.chats OWNER TO meetxy;

--
-- Name: chats_id_seq; Type: SEQUENCE; Schema: public; Owner: meetxy
--

CREATE SEQUENCE public.chats_id_seq
    START WITH 1
    INCREMENT BY 1
    NO MINVALUE
    NO MAXVALUE
    CACHE 1;


ALTER SEQUENCE public.chats_id_seq OWNER TO meetxy;

--
-- Name: chats_id_seq; Type: SEQUENCE OWNED BY; Schema: public; Owner: meetxy
--

ALTER SEQUENCE public.chats_id_seq OWNED BY public.chats.id;


--
-- Name: checkin_details; Type: TABLE; Schema: public; Owner: meetxy
--

CREATE TABLE public.checkin_details (
    id bigint NOT NULL,
    user_id bigint NOT NULL,
    checkin_date date NOT NULL,
    checkin_time time(0) without time zone NOT NULL,
    checkout_time time(0) without time zone,
    location character varying(255),
    remarks text,
    duration integer,
    notification_flag boolean DEFAULT false NOT NULL,
    lat_long character varying(255),
    gplace_id character varying(255),
    created_at timestamp(0) without time zone,
    updated_at timestamp(0) without time zone,
    venue_master_id bigint NOT NULL,
    reminder_sent boolean DEFAULT false NOT NULL
);


ALTER TABLE public.checkin_details OWNER TO meetxy;

--
-- Name: checkin_details_id_seq; Type: SEQUENCE; Schema: public; Owner: meetxy
--

CREATE SEQUENCE public.checkin_details_id_seq
    START WITH 1
    INCREMENT BY 1
    NO MINVALUE
    NO MAXVALUE
    CACHE 1;


ALTER SEQUENCE public.checkin_details_id_seq OWNER TO meetxy;

--
-- Name: checkin_details_id_seq; Type: SEQUENCE OWNED BY; Schema: public; Owner: meetxy
--

ALTER SEQUENCE public.checkin_details_id_seq OWNED BY public.checkin_details.id;


--
-- Name: connction_requests; Type: TABLE; Schema: public; Owner: meetxy
--

CREATE TABLE public.connction_requests (
    id bigint NOT NULL,
    from_user_id bigint NOT NULL,
    to_user_id bigint NOT NULL,
    privacy_level integer NOT NULL,
    is_accept boolean DEFAULT false NOT NULL,
    created_date timestamp(0) without time zone DEFAULT CURRENT_TIMESTAMP NOT NULL,
    updated_date timestamp(0) without time zone DEFAULT CURRENT_TIMESTAMP NOT NULL,
    action_date timestamp(0) without time zone DEFAULT CURRENT_TIMESTAMP NOT NULL,
    connection_type integer NOT NULL,
    is_rejected boolean DEFAULT false NOT NULL,
    rejected_at timestamp(0) without time zone,
    status smallint DEFAULT '0'::smallint NOT NULL
);


ALTER TABLE public.connction_requests OWNER TO meetxy;

--
-- Name: COLUMN connction_requests.privacy_level; Type: COMMENT; Schema: public; Owner: meetxy
--

COMMENT ON COLUMN public.connction_requests.privacy_level IS '1-Level1, 2-Level2, 3-Level3';


--
-- Name: COLUMN connction_requests.connection_type; Type: COMMENT; Schema: public; Owner: meetxy
--

COMMENT ON COLUMN public.connction_requests.connection_type IS '1-Level1, 2-Level2, 3-Level3, 4-Connection, 5-Chat, etc';


--
-- Name: COLUMN connction_requests.status; Type: COMMENT; Schema: public; Owner: meetxy
--

COMMENT ON COLUMN public.connction_requests.status IS '0 = New, 1 = Connection Activated, 2 = Connection Rejected, 3 = Connection Blocked, 4 = Banned User';


--
-- Name: connction_requests_id_seq; Type: SEQUENCE; Schema: public; Owner: meetxy
--

CREATE SEQUENCE public.connction_requests_id_seq
    START WITH 1
    INCREMENT BY 1
    NO MINVALUE
    NO MAXVALUE
    CACHE 1;


ALTER SEQUENCE public.connction_requests_id_seq OWNER TO meetxy;

--
-- Name: connction_requests_id_seq; Type: SEQUENCE OWNED BY; Schema: public; Owner: meetxy
--

ALTER SEQUENCE public.connction_requests_id_seq OWNED BY public.connction_requests.id;


--
-- Name: connection_audits; Type: TABLE; Schema: public; Owner: meetxy
--

CREATE TABLE public.connection_audits (
    id bigint NOT NULL,
    active_connction_id bigint NOT NULL,
    description character varying(50) NOT NULL,
    status integer NOT NULL,
    action_date timestamp(0) without time zone DEFAULT CURRENT_TIMESTAMP NOT NULL
);


ALTER TABLE public.connection_audits OWNER TO meetxy;

--
-- Name: connection_audits_id_seq; Type: SEQUENCE; Schema: public; Owner: meetxy
--

CREATE SEQUENCE public.connection_audits_id_seq
    START WITH 1
    INCREMENT BY 1
    NO MINVALUE
    NO MAXVALUE
    CACHE 1;


ALTER SEQUENCE public.connection_audits_id_seq OWNER TO meetxy;

--
-- Name: connection_audits_id_seq; Type: SEQUENCE OWNED BY; Schema: public; Owner: meetxy
--

ALTER SEQUENCE public.connection_audits_id_seq OWNED BY public.connection_audits.id;


--
-- Name: country_masters; Type: TABLE; Schema: public; Owner: meetxy
--

CREATE TABLE public.country_masters (
    id bigint NOT NULL,
    country_name character varying(100) NOT NULL,
    country_code character varying(10),
    dial_code character varying(10),
    is_active boolean DEFAULT true NOT NULL,
    created_at timestamp(0) without time zone DEFAULT CURRENT_TIMESTAMP NOT NULL,
    updated_at timestamp(0) without time zone DEFAULT CURRENT_TIMESTAMP NOT NULL
);


ALTER TABLE public.country_masters OWNER TO meetxy;

--
-- Name: country_masters_id_seq; Type: SEQUENCE; Schema: public; Owner: meetxy
--

CREATE SEQUENCE public.country_masters_id_seq
    START WITH 1
    INCREMENT BY 1
    NO MINVALUE
    NO MAXVALUE
    CACHE 1;


ALTER SEQUENCE public.country_masters_id_seq OWNER TO meetxy;

--
-- Name: country_masters_id_seq; Type: SEQUENCE OWNED BY; Schema: public; Owner: meetxy
--

ALTER SEQUENCE public.country_masters_id_seq OWNED BY public.country_masters.id;


--
-- Name: device_tokens; Type: TABLE; Schema: public; Owner: meetxy
--

CREATE TABLE public.device_tokens (
    id bigint NOT NULL,
    user_id bigint NOT NULL,
    device_token character varying(255),
    device_type character varying(255),
    last_used_at timestamp(0) without time zone,
    created_at timestamp(0) without time zone,
    updated_at timestamp(0) without time zone
);


ALTER TABLE public.device_tokens OWNER TO meetxy;

--
-- Name: device_tokens_id_seq; Type: SEQUENCE; Schema: public; Owner: meetxy
--

CREATE SEQUENCE public.device_tokens_id_seq
    START WITH 1
    INCREMENT BY 1
    NO MINVALUE
    NO MAXVALUE
    CACHE 1;


ALTER SEQUENCE public.device_tokens_id_seq OWNER TO meetxy;

--
-- Name: device_tokens_id_seq; Type: SEQUENCE OWNED BY; Schema: public; Owner: meetxy
--

ALTER SEQUENCE public.device_tokens_id_seq OWNED BY public.device_tokens.id;


--
-- Name: event_attendees; Type: TABLE; Schema: public; Owner: meetxy
--

CREATE TABLE public.event_attendees (
    id bigint NOT NULL,
    event_id bigint NOT NULL,
    user_id bigint NOT NULL,
    status smallint NOT NULL,
    approval_status smallint DEFAULT '1'::smallint NOT NULL,
    rejection_reason text,
    approved_by bigint,
    is_active boolean DEFAULT true NOT NULL,
    created_at timestamp(0) without time zone,
    updated_at timestamp(0) without time zone,
    networking_type character varying(255)
);


ALTER TABLE public.event_attendees OWNER TO meetxy;

--
-- Name: COLUMN event_attendees.status; Type: COMMENT; Schema: public; Owner: meetxy
--

COMMENT ON COLUMN public.event_attendees.status IS '1=RSVP, 2=Attend';


--
-- Name: COLUMN event_attendees.approval_status; Type: COMMENT; Schema: public; Owner: meetxy
--

COMMENT ON COLUMN public.event_attendees.approval_status IS '1=Pending, 2=Approved, 3=Rejected';


--
-- Name: event_attendees_id_seq; Type: SEQUENCE; Schema: public; Owner: meetxy
--

CREATE SEQUENCE public.event_attendees_id_seq
    START WITH 1
    INCREMENT BY 1
    NO MINVALUE
    NO MAXVALUE
    CACHE 1;


ALTER SEQUENCE public.event_attendees_id_seq OWNER TO meetxy;

--
-- Name: event_attendees_id_seq; Type: SEQUENCE OWNED BY; Schema: public; Owner: meetxy
--

ALTER SEQUENCE public.event_attendees_id_seq OWNED BY public.event_attendees.id;


--
-- Name: event_categories; Type: TABLE; Schema: public; Owner: meetxy
--

CREATE TABLE public.event_categories (
    id bigint NOT NULL,
    name character varying(255) NOT NULL,
    is_active boolean DEFAULT true NOT NULL,
    created_at timestamp(0) without time zone,
    updated_at timestamp(0) without time zone
);


ALTER TABLE public.event_categories OWNER TO meetxy;

--
-- Name: event_categories_id_seq; Type: SEQUENCE; Schema: public; Owner: meetxy
--

CREATE SEQUENCE public.event_categories_id_seq
    START WITH 1
    INCREMENT BY 1
    NO MINVALUE
    NO MAXVALUE
    CACHE 1;


ALTER SEQUENCE public.event_categories_id_seq OWNER TO meetxy;

--
-- Name: event_categories_id_seq; Type: SEQUENCE OWNED BY; Schema: public; Owner: meetxy
--

ALTER SEQUENCE public.event_categories_id_seq OWNED BY public.event_categories.id;


--
-- Name: events; Type: TABLE; Schema: public; Owner: meetxy
--

CREATE TABLE public.events (
    id bigint NOT NULL,
    title character varying(255) NOT NULL,
    description text,
    event_category_id bigint NOT NULL,
    target_group_id bigint NOT NULL,
    networking_types json,
    venu_master_id bigint,
    created_by bigint NOT NULL,
    updated_by bigint,
    is_owner boolean DEFAULT false NOT NULL,
    is_active boolean DEFAULT true NOT NULL,
    created_at timestamp(0) without time zone,
    updated_at timestamp(0) without time zone,
    start_datetime timestamp(0) without time zone,
    end_datetime timestamp(0) without time zone,
    event_image_path character varying(255),
    attendance_type character varying(255) DEFAULT 'rsvp'::character varying NOT NULL,
    CONSTRAINT events_attendance_type_check CHECK (((attendance_type)::text = ANY ((ARRAY['rsvp'::character varying, 'attended'::character varying])::text[])))
);


ALTER TABLE public.events OWNER TO meetxy;

--
-- Name: events_id_seq; Type: SEQUENCE; Schema: public; Owner: meetxy
--

CREATE SEQUENCE public.events_id_seq
    START WITH 1
    INCREMENT BY 1
    NO MINVALUE
    NO MAXVALUE
    CACHE 1;


ALTER SEQUENCE public.events_id_seq OWNER TO meetxy;

--
-- Name: events_id_seq; Type: SEQUENCE OWNED BY; Schema: public; Owner: meetxy
--

ALTER SEQUENCE public.events_id_seq OWNED BY public.events.id;


--
-- Name: failed_jobs; Type: TABLE; Schema: public; Owner: meetxy
--

CREATE TABLE public.failed_jobs (
    id bigint NOT NULL,
    uuid character varying(255) NOT NULL,
    connection text NOT NULL,
    queue text NOT NULL,
    payload text NOT NULL,
    exception text NOT NULL,
    failed_at timestamp(0) without time zone DEFAULT CURRENT_TIMESTAMP NOT NULL
);


ALTER TABLE public.failed_jobs OWNER TO meetxy;

--
-- Name: failed_jobs_id_seq; Type: SEQUENCE; Schema: public; Owner: meetxy
--

CREATE SEQUENCE public.failed_jobs_id_seq
    START WITH 1
    INCREMENT BY 1
    NO MINVALUE
    NO MAXVALUE
    CACHE 1;


ALTER SEQUENCE public.failed_jobs_id_seq OWNER TO meetxy;

--
-- Name: failed_jobs_id_seq; Type: SEQUENCE OWNED BY; Schema: public; Owner: meetxy
--

ALTER SEQUENCE public.failed_jobs_id_seq OWNED BY public.failed_jobs.id;


--
-- Name: feedback_types; Type: TABLE; Schema: public; Owner: meetxy
--

CREATE TABLE public.feedback_types (
    id bigint NOT NULL,
    name character varying(100) NOT NULL,
    is_active boolean DEFAULT true NOT NULL,
    created_at timestamp(0) without time zone,
    updated_at timestamp(0) without time zone
);


ALTER TABLE public.feedback_types OWNER TO meetxy;

--
-- Name: feedback_types_id_seq; Type: SEQUENCE; Schema: public; Owner: meetxy
--

CREATE SEQUENCE public.feedback_types_id_seq
    START WITH 1
    INCREMENT BY 1
    NO MINVALUE
    NO MAXVALUE
    CACHE 1;


ALTER SEQUENCE public.feedback_types_id_seq OWNER TO meetxy;

--
-- Name: feedback_types_id_seq; Type: SEQUENCE OWNED BY; Schema: public; Owner: meetxy
--

ALTER SEQUENCE public.feedback_types_id_seq OWNED BY public.feedback_types.id;


--
-- Name: interest_ranks; Type: TABLE; Schema: public; Owner: meetxy
--

CREATE TABLE public.interest_ranks (
    id bigint NOT NULL,
    interest_id bigint NOT NULL,
    user_id bigint NOT NULL,
    rank integer,
    tag character varying(100),
    is_active boolean DEFAULT true NOT NULL,
    created_date timestamp(0) without time zone DEFAULT CURRENT_TIMESTAMP NOT NULL,
    updated_date timestamp(0) without time zone DEFAULT CURRENT_TIMESTAMP NOT NULL,
    created_at timestamp(0) without time zone,
    updated_at timestamp(0) without time zone
);


ALTER TABLE public.interest_ranks OWNER TO meetxy;

--
-- Name: interest_ranks_id_seq; Type: SEQUENCE; Schema: public; Owner: meetxy
--

CREATE SEQUENCE public.interest_ranks_id_seq
    START WITH 1
    INCREMENT BY 1
    NO MINVALUE
    NO MAXVALUE
    CACHE 1;


ALTER SEQUENCE public.interest_ranks_id_seq OWNER TO meetxy;

--
-- Name: interest_ranks_id_seq; Type: SEQUENCE OWNED BY; Schema: public; Owner: meetxy
--

ALTER SEQUENCE public.interest_ranks_id_seq OWNED BY public.interest_ranks.id;


--
-- Name: interests; Type: TABLE; Schema: public; Owner: meetxy
--

CREATE TABLE public.interests (
    id bigint NOT NULL,
    name character varying(255) NOT NULL,
    flag integer,
    is_active boolean DEFAULT true NOT NULL,
    created_date timestamp(0) without time zone DEFAULT CURRENT_TIMESTAMP NOT NULL,
    updated_date timestamp(0) without time zone DEFAULT CURRENT_TIMESTAMP NOT NULL,
    parent_id bigint,
    pool integer,
    updated_at timestamp(0) without time zone,
    created_at timestamp(0) without time zone
);


ALTER TABLE public.interests OWNER TO meetxy;

--
-- Name: COLUMN interests.flag; Type: COMMENT; Schema: public; Owner: meetxy
--

COMMENT ON COLUMN public.interests.flag IS '1-Interest, 2-Preference, 3-Hobbies, 4-Connection type, 5-Connection goal';


--
-- Name: interests_id_seq; Type: SEQUENCE; Schema: public; Owner: meetxy
--

CREATE SEQUENCE public.interests_id_seq
    START WITH 1
    INCREMENT BY 1
    NO MINVALUE
    NO MAXVALUE
    CACHE 1;


ALTER SEQUENCE public.interests_id_seq OWNER TO meetxy;

--
-- Name: interests_id_seq; Type: SEQUENCE OWNED BY; Schema: public; Owner: meetxy
--

ALTER SEQUENCE public.interests_id_seq OWNED BY public.interests.id;


--
-- Name: job_batches; Type: TABLE; Schema: public; Owner: meetxy
--

CREATE TABLE public.job_batches (
    id character varying(255) NOT NULL,
    name character varying(255) NOT NULL,
    total_jobs integer NOT NULL,
    pending_jobs integer NOT NULL,
    failed_jobs integer NOT NULL,
    failed_job_ids text NOT NULL,
    options text,
    cancelled_at integer,
    created_at integer NOT NULL,
    finished_at integer
);


ALTER TABLE public.job_batches OWNER TO meetxy;

--
-- Name: jobs; Type: TABLE; Schema: public; Owner: meetxy
--

CREATE TABLE public.jobs (
    id bigint NOT NULL,
    queue character varying(255) NOT NULL,
    payload text NOT NULL,
    attempts smallint NOT NULL,
    reserved_at integer,
    available_at integer NOT NULL,
    created_at integer NOT NULL
);


ALTER TABLE public.jobs OWNER TO meetxy;

--
-- Name: jobs_id_seq; Type: SEQUENCE; Schema: public; Owner: meetxy
--

CREATE SEQUENCE public.jobs_id_seq
    START WITH 1
    INCREMENT BY 1
    NO MINVALUE
    NO MAXVALUE
    CACHE 1;


ALTER SEQUENCE public.jobs_id_seq OWNER TO meetxy;

--
-- Name: jobs_id_seq; Type: SEQUENCE OWNED BY; Schema: public; Owner: meetxy
--

ALTER SEQUENCE public.jobs_id_seq OWNED BY public.jobs.id;


--
-- Name: lets_meet_requests; Type: TABLE; Schema: public; Owner: meetxy
--

CREATE TABLE public.lets_meet_requests (
    id bigint NOT NULL,
    initiator_user_id bigint NOT NULL,
    recipient_user_id bigint NOT NULL,
    venue_master_id bigint NOT NULL,
    place_id character varying(255),
    lat_long character varying(255),
    meeting_date date NOT NULL,
    meeting_time time(0) without time zone NOT NULL,
    status integer DEFAULT 1 NOT NULL,
    parent_id bigint,
    created_at timestamp(0) without time zone,
    updated_at timestamp(0) without time zone,
    reminder_sent boolean DEFAULT false NOT NULL
);


ALTER TABLE public.lets_meet_requests OWNER TO meetxy;

--
-- Name: COLUMN lets_meet_requests.status; Type: COMMENT; Schema: public; Owner: meetxy
--

COMMENT ON COLUMN public.lets_meet_requests.status IS '1 - Pending, 2 - Accepted, 3 - Rejected, 4 - New Proposal';


--
-- Name: COLUMN lets_meet_requests.parent_id; Type: COMMENT; Schema: public; Owner: meetxy
--

COMMENT ON COLUMN public.lets_meet_requests.parent_id IS 'Reference to parent request if this is a re-proposal';


--
-- Name: lets_meet_requests_id_seq; Type: SEQUENCE; Schema: public; Owner: meetxy
--

CREATE SEQUENCE public.lets_meet_requests_id_seq
    START WITH 1
    INCREMENT BY 1
    NO MINVALUE
    NO MAXVALUE
    CACHE 1;


ALTER SEQUENCE public.lets_meet_requests_id_seq OWNER TO meetxy;

--
-- Name: lets_meet_requests_id_seq; Type: SEQUENCE OWNED BY; Schema: public; Owner: meetxy
--

ALTER SEQUENCE public.lets_meet_requests_id_seq OWNED BY public.lets_meet_requests.id;


--
-- Name: location_distance_managements; Type: TABLE; Schema: public; Owner: meetxy
--

CREATE TABLE public.location_distance_managements (
    id bigint NOT NULL,
    distance numeric(8,2) NOT NULL,
    unit smallint NOT NULL,
    is_active boolean DEFAULT true NOT NULL,
    created_date timestamp(0) without time zone DEFAULT CURRENT_TIMESTAMP NOT NULL,
    updated_date timestamp(0) without time zone DEFAULT CURRENT_TIMESTAMP NOT NULL
);


ALTER TABLE public.location_distance_managements OWNER TO meetxy;

--
-- Name: COLUMN location_distance_managements.unit; Type: COMMENT; Schema: public; Owner: meetxy
--

COMMENT ON COLUMN public.location_distance_managements.unit IS '1 = KM, 2 = M';


--
-- Name: location_distance_managements_id_seq; Type: SEQUENCE; Schema: public; Owner: meetxy
--

CREATE SEQUENCE public.location_distance_managements_id_seq
    START WITH 1
    INCREMENT BY 1
    NO MINVALUE
    NO MAXVALUE
    CACHE 1;


ALTER SEQUENCE public.location_distance_managements_id_seq OWNER TO meetxy;

--
-- Name: location_distance_managements_id_seq; Type: SEQUENCE OWNED BY; Schema: public; Owner: meetxy
--

ALTER SEQUENCE public.location_distance_managements_id_seq OWNED BY public.location_distance_managements.id;


--
-- Name: login_histories; Type: TABLE; Schema: public; Owner: meetxy
--

CREATE TABLE public.login_histories (
    id bigint NOT NULL,
    user_id bigint NOT NULL,
    ip_address character varying(50),
    platform character varying(100),
    device character varying(100),
    is_success boolean DEFAULT false NOT NULL,
    login_time timestamp(0) without time zone DEFAULT CURRENT_TIMESTAMP NOT NULL,
    logout_time timestamp(0) without time zone,
    login_type character varying(100),
    created_date timestamp(0) without time zone DEFAULT CURRENT_TIMESTAMP NOT NULL,
    updated_date timestamp(0) without time zone DEFAULT CURRENT_TIMESTAMP NOT NULL,
    created_at timestamp(0) without time zone,
    updated_at timestamp(0) without time zone
);


ALTER TABLE public.login_histories OWNER TO meetxy;

--
-- Name: login_histories_id_seq; Type: SEQUENCE; Schema: public; Owner: meetxy
--

CREATE SEQUENCE public.login_histories_id_seq
    START WITH 1
    INCREMENT BY 1
    NO MINVALUE
    NO MAXVALUE
    CACHE 1;


ALTER SEQUENCE public.login_histories_id_seq OWNER TO meetxy;

--
-- Name: login_histories_id_seq; Type: SEQUENCE OWNED BY; Schema: public; Owner: meetxy
--

ALTER SEQUENCE public.login_histories_id_seq OWNED BY public.login_histories.id;


--
-- Name: media; Type: TABLE; Schema: public; Owner: meetxy
--

CREATE TABLE public.media (
    id bigint NOT NULL,
    user_id bigint NOT NULL,
    type character varying(255) NOT NULL,
    thumbnail_path character varying(255),
    caption text,
    is_profile_picture boolean DEFAULT false NOT NULL,
    is_blurred boolean DEFAULT false NOT NULL,
    status smallint DEFAULT '1'::smallint NOT NULL,
    created_at timestamp(0) without time zone,
    updated_at timestamp(0) without time zone,
    "created_By" bigint,
    "updated_By" bigint,
    CONSTRAINT media_type_check CHECK (((type)::text = ANY ((ARRAY['image'::character varying, 'video'::character varying])::text[])))
);


ALTER TABLE public.media OWNER TO meetxy;

--
-- Name: media_id_seq; Type: SEQUENCE; Schema: public; Owner: meetxy
--

CREATE SEQUENCE public.media_id_seq
    START WITH 1
    INCREMENT BY 1
    NO MINVALUE
    NO MAXVALUE
    CACHE 1;


ALTER SEQUENCE public.media_id_seq OWNER TO meetxy;

--
-- Name: media_id_seq; Type: SEQUENCE OWNED BY; Schema: public; Owner: meetxy
--

ALTER SEQUENCE public.media_id_seq OWNED BY public.media.id;


--
-- Name: message_masters; Type: TABLE; Schema: public; Owner: meetxy
--

CREATE TABLE public.message_masters (
    id bigint NOT NULL,
    category character varying(255) NOT NULL,
    trigger character varying(255) NOT NULL,
    delivery_method character varying(255) DEFAULT 'in_app'::character varying NOT NULL,
    title character varying(255),
    content text NOT NULL,
    placeholders json,
    is_active boolean DEFAULT true NOT NULL,
    created_at timestamp(0) without time zone,
    updated_at timestamp(0) without time zone
);


ALTER TABLE public.message_masters OWNER TO meetxy;

--
-- Name: message_masters_id_seq; Type: SEQUENCE; Schema: public; Owner: meetxy
--

CREATE SEQUENCE public.message_masters_id_seq
    START WITH 1
    INCREMENT BY 1
    NO MINVALUE
    NO MAXVALUE
    CACHE 1;


ALTER SEQUENCE public.message_masters_id_seq OWNER TO meetxy;

--
-- Name: message_masters_id_seq; Type: SEQUENCE OWNED BY; Schema: public; Owner: meetxy
--

ALTER SEQUENCE public.message_masters_id_seq OWNED BY public.message_masters.id;


--
-- Name: migrations; Type: TABLE; Schema: public; Owner: meetxy
--

CREATE TABLE public.migrations (
    id integer NOT NULL,
    migration character varying(255) NOT NULL,
    batch integer NOT NULL
);


ALTER TABLE public.migrations OWNER TO meetxy;

--
-- Name: migrations_id_seq; Type: SEQUENCE; Schema: public; Owner: meetxy
--

CREATE SEQUENCE public.migrations_id_seq
    AS integer
    START WITH 1
    INCREMENT BY 1
    NO MINVALUE
    NO MAXVALUE
    CACHE 1;


ALTER SEQUENCE public.migrations_id_seq OWNER TO meetxy;

--
-- Name: migrations_id_seq; Type: SEQUENCE OWNED BY; Schema: public; Owner: meetxy
--

ALTER SEQUENCE public.migrations_id_seq OWNED BY public.migrations.id;


--
-- Name: notification_masters; Type: TABLE; Schema: public; Owner: meetxy
--

CREATE TABLE public.notification_masters (
    id bigint NOT NULL,
    type character varying(255) NOT NULL,
    title character varying(255) NOT NULL,
    message text NOT NULL,
    created_at timestamp(0) without time zone,
    updated_at timestamp(0) without time zone
);


ALTER TABLE public.notification_masters OWNER TO meetxy;

--
-- Name: notification_masters_id_seq; Type: SEQUENCE; Schema: public; Owner: meetxy
--

CREATE SEQUENCE public.notification_masters_id_seq
    START WITH 1
    INCREMENT BY 1
    NO MINVALUE
    NO MAXVALUE
    CACHE 1;


ALTER SEQUENCE public.notification_masters_id_seq OWNER TO meetxy;

--
-- Name: notification_masters_id_seq; Type: SEQUENCE OWNED BY; Schema: public; Owner: meetxy
--

ALTER SEQUENCE public.notification_masters_id_seq OWNED BY public.notification_masters.id;


--
-- Name: notifications; Type: TABLE; Schema: public; Owner: meetxy
--

CREATE TABLE public.notifications (
    id bigint NOT NULL,
    user_id bigint NOT NULL,
    sender_id bigint,
    type character varying(255) NOT NULL,
    title character varying(255),
    message text NOT NULL,
    is_read boolean DEFAULT false NOT NULL,
    data json,
    created_at timestamp(0) without time zone,
    updated_at timestamp(0) without time zone
);


ALTER TABLE public.notifications OWNER TO meetxy;

--
-- Name: notifications_id_seq; Type: SEQUENCE; Schema: public; Owner: meetxy
--

CREATE SEQUENCE public.notifications_id_seq
    START WITH 1
    INCREMENT BY 1
    NO MINVALUE
    NO MAXVALUE
    CACHE 1;


ALTER SEQUENCE public.notifications_id_seq OWNER TO meetxy;

--
-- Name: notifications_id_seq; Type: SEQUENCE OWNED BY; Schema: public; Owner: meetxy
--

ALTER SEQUENCE public.notifications_id_seq OWNED BY public.notifications.id;


--
-- Name: package_features; Type: TABLE; Schema: public; Owner: meetxy
--

CREATE TABLE public.package_features (
    id bigint NOT NULL,
    package_id bigint NOT NULL,
    features text NOT NULL,
    is_active boolean DEFAULT true NOT NULL,
    duration integer,
    created_date timestamp(0) without time zone DEFAULT CURRENT_TIMESTAMP NOT NULL,
    updated_date timestamp(0) without time zone DEFAULT CURRENT_TIMESTAMP NOT NULL
);


ALTER TABLE public.package_features OWNER TO meetxy;

--
-- Name: COLUMN package_features.package_id; Type: COMMENT; Schema: public; Owner: meetxy
--

COMMENT ON COLUMN public.package_features.package_id IS 'Foreign key to packages table';


--
-- Name: package_features_id_seq; Type: SEQUENCE; Schema: public; Owner: meetxy
--

CREATE SEQUENCE public.package_features_id_seq
    START WITH 1
    INCREMENT BY 1
    NO MINVALUE
    NO MAXVALUE
    CACHE 1;


ALTER SEQUENCE public.package_features_id_seq OWNER TO meetxy;

--
-- Name: package_features_id_seq; Type: SEQUENCE OWNED BY; Schema: public; Owner: meetxy
--

ALTER SEQUENCE public.package_features_id_seq OWNED BY public.package_features.id;


--
-- Name: packages; Type: TABLE; Schema: public; Owner: meetxy
--

CREATE TABLE public.packages (
    id bigint NOT NULL,
    name character varying(255) NOT NULL,
    price numeric(10,2) NOT NULL,
    duration integer NOT NULL,
    storage_limit integer NOT NULL,
    storage_unit character varying(5) DEFAULT 'MB'::character varying NOT NULL,
    is_active boolean DEFAULT true NOT NULL,
    created_date timestamp(0) without time zone DEFAULT CURRENT_TIMESTAMP NOT NULL,
    updated_date timestamp(0) without time zone DEFAULT CURRENT_TIMESTAMP NOT NULL
);


ALTER TABLE public.packages OWNER TO meetxy;

--
-- Name: COLUMN packages.duration; Type: COMMENT; Schema: public; Owner: meetxy
--

COMMENT ON COLUMN public.packages.duration IS 'Duration of the package (in days)';


--
-- Name: COLUMN packages.storage_unit; Type: COMMENT; Schema: public; Owner: meetxy
--

COMMENT ON COLUMN public.packages.storage_unit IS 'Storage unit: MB, GB';


--
-- Name: packages_id_seq; Type: SEQUENCE; Schema: public; Owner: meetxy
--

CREATE SEQUENCE public.packages_id_seq
    START WITH 1
    INCREMENT BY 1
    NO MINVALUE
    NO MAXVALUE
    CACHE 1;


ALTER SEQUENCE public.packages_id_seq OWNER TO meetxy;

--
-- Name: packages_id_seq; Type: SEQUENCE OWNED BY; Schema: public; Owner: meetxy
--

ALTER SEQUENCE public.packages_id_seq OWNED BY public.packages.id;


--
-- Name: password_reset_tokens; Type: TABLE; Schema: public; Owner: meetxy
--

CREATE TABLE public.password_reset_tokens (
    email character varying(255) NOT NULL,
    token character varying(255) NOT NULL,
    created_at timestamp(0) without time zone
);


ALTER TABLE public.password_reset_tokens OWNER TO meetxy;

--
-- Name: personal_access_tokens; Type: TABLE; Schema: public; Owner: meetxy
--

CREATE TABLE public.personal_access_tokens (
    id bigint NOT NULL,
    tokenable_type character varying(255) NOT NULL,
    tokenable_id bigint NOT NULL,
    name character varying(255) NOT NULL,
    token character varying(64) NOT NULL,
    abilities text,
    last_used_at timestamp(0) without time zone,
    expires_at timestamp(0) without time zone,
    created_at timestamp(0) without time zone,
    updated_at timestamp(0) without time zone
);


ALTER TABLE public.personal_access_tokens OWNER TO meetxy;

--
-- Name: personal_access_tokens_id_seq; Type: SEQUENCE; Schema: public; Owner: meetxy
--

CREATE SEQUENCE public.personal_access_tokens_id_seq
    START WITH 1
    INCREMENT BY 1
    NO MINVALUE
    NO MAXVALUE
    CACHE 1;


ALTER SEQUENCE public.personal_access_tokens_id_seq OWNER TO meetxy;

--
-- Name: personal_access_tokens_id_seq; Type: SEQUENCE OWNED BY; Schema: public; Owner: meetxy
--

ALTER SEQUENCE public.personal_access_tokens_id_seq OWNED BY public.personal_access_tokens.id;


--
-- Name: registration_types; Type: TABLE; Schema: public; Owner: meetxy
--

CREATE TABLE public.registration_types (
    id bigint NOT NULL,
    type character varying(255) NOT NULL,
    created_at timestamp(0) without time zone,
    updated_at timestamp(0) without time zone
);


ALTER TABLE public.registration_types OWNER TO meetxy;

--
-- Name: registration_types_id_seq; Type: SEQUENCE; Schema: public; Owner: meetxy
--

CREATE SEQUENCE public.registration_types_id_seq
    START WITH 1
    INCREMENT BY 1
    NO MINVALUE
    NO MAXVALUE
    CACHE 1;


ALTER SEQUENCE public.registration_types_id_seq OWNER TO meetxy;

--
-- Name: registration_types_id_seq; Type: SEQUENCE OWNED BY; Schema: public; Owner: meetxy
--

ALTER SEQUENCE public.registration_types_id_seq OWNED BY public.registration_types.id;


--
-- Name: report_attachments; Type: TABLE; Schema: public; Owner: meetxy
--

CREATE TABLE public.report_attachments (
    id bigint NOT NULL,
    account_report_id bigint NOT NULL,
    file_path character varying(255),
    created_at timestamp(0) without time zone,
    updated_at timestamp(0) without time zone
);


ALTER TABLE public.report_attachments OWNER TO meetxy;

--
-- Name: report_attachments_id_seq; Type: SEQUENCE; Schema: public; Owner: meetxy
--

CREATE SEQUENCE public.report_attachments_id_seq
    START WITH 1
    INCREMENT BY 1
    NO MINVALUE
    NO MAXVALUE
    CACHE 1;


ALTER SEQUENCE public.report_attachments_id_seq OWNER TO meetxy;

--
-- Name: report_attachments_id_seq; Type: SEQUENCE OWNED BY; Schema: public; Owner: meetxy
--

ALTER SEQUENCE public.report_attachments_id_seq OWNED BY public.report_attachments.id;


--
-- Name: report_type_masters; Type: TABLE; Schema: public; Owner: meetxy
--

CREATE TABLE public.report_type_masters (
    id bigint NOT NULL,
    name character varying(255) NOT NULL,
    description text,
    is_active boolean DEFAULT true NOT NULL,
    created_at timestamp(0) without time zone,
    updated_at timestamp(0) without time zone
);


ALTER TABLE public.report_type_masters OWNER TO meetxy;

--
-- Name: report_type_masters_id_seq; Type: SEQUENCE; Schema: public; Owner: meetxy
--

CREATE SEQUENCE public.report_type_masters_id_seq
    START WITH 1
    INCREMENT BY 1
    NO MINVALUE
    NO MAXVALUE
    CACHE 1;


ALTER SEQUENCE public.report_type_masters_id_seq OWNER TO meetxy;

--
-- Name: report_type_masters_id_seq; Type: SEQUENCE OWNED BY; Schema: public; Owner: meetxy
--

ALTER SEQUENCE public.report_type_masters_id_seq OWNED BY public.report_type_masters.id;


--
-- Name: sessions; Type: TABLE; Schema: public; Owner: meetxy
--

CREATE TABLE public.sessions (
    id character varying(255) NOT NULL,
    user_id bigint,
    ip_address character varying(45),
    user_agent text,
    payload text NOT NULL,
    last_activity integer NOT NULL
);


ALTER TABLE public.sessions OWNER TO meetxy;

--
-- Name: social_media_icons; Type: TABLE; Schema: public; Owner: meetxy
--

CREATE TABLE public.social_media_icons (
    id bigint NOT NULL,
    platform_name character varying(255) NOT NULL,
    icon character varying(255) NOT NULL,
    default_url character varying(255) NOT NULL,
    is_active boolean DEFAULT true NOT NULL,
    created_date timestamp(0) without time zone DEFAULT CURRENT_TIMESTAMP NOT NULL,
    updated_date timestamp(0) without time zone DEFAULT CURRENT_TIMESTAMP NOT NULL,
    created_at timestamp(0) without time zone NOT NULL,
    updated_at timestamp(0) without time zone NOT NULL
);


ALTER TABLE public.social_media_icons OWNER TO meetxy;

--
-- Name: social_media_icons_id_seq; Type: SEQUENCE; Schema: public; Owner: meetxy
--

CREATE SEQUENCE public.social_media_icons_id_seq
    START WITH 1
    INCREMENT BY 1
    NO MINVALUE
    NO MAXVALUE
    CACHE 1;


ALTER SEQUENCE public.social_media_icons_id_seq OWNER TO meetxy;

--
-- Name: social_media_icons_id_seq; Type: SEQUENCE OWNED BY; Schema: public; Owner: meetxy
--

ALTER SEQUENCE public.social_media_icons_id_seq OWNED BY public.social_media_icons.id;


--
-- Name: sub_categories; Type: TABLE; Schema: public; Owner: meetxy
--

CREATE TABLE public.sub_categories (
    "UniqueID" bigint NOT NULL,
    "cat_Id" bigint NOT NULL,
    subcategory_name character varying(255) NOT NULL,
    is_active boolean DEFAULT true NOT NULL,
    created_date timestamp(0) without time zone DEFAULT CURRENT_TIMESTAMP NOT NULL,
    updated_date timestamp(0) without time zone DEFAULT CURRENT_TIMESTAMP NOT NULL,
    "created_By" bigint,
    "updated_By" bigint
);


ALTER TABLE public.sub_categories OWNER TO meetxy;

--
-- Name: COLUMN sub_categories."cat_Id"; Type: COMMENT; Schema: public; Owner: meetxy
--

COMMENT ON COLUMN public.sub_categories."cat_Id" IS 'Foreign key: References UniqueID in category table';


--
-- Name: sub_categories_UniqueID_seq; Type: SEQUENCE; Schema: public; Owner: meetxy
--

CREATE SEQUENCE public."sub_categories_UniqueID_seq"
    START WITH 1
    INCREMENT BY 1
    NO MINVALUE
    NO MAXVALUE
    CACHE 1;


ALTER SEQUENCE public."sub_categories_UniqueID_seq" OWNER TO meetxy;

--
-- Name: sub_categories_UniqueID_seq; Type: SEQUENCE OWNED BY; Schema: public; Owner: meetxy
--

ALTER SEQUENCE public."sub_categories_UniqueID_seq" OWNED BY public.sub_categories."UniqueID";


--
-- Name: target_groups; Type: TABLE; Schema: public; Owner: meetxy
--

CREATE TABLE public.target_groups (
    id bigint NOT NULL,
    name character varying(255) NOT NULL,
    is_active boolean DEFAULT true NOT NULL,
    created_at timestamp(0) without time zone,
    updated_at timestamp(0) without time zone
);


ALTER TABLE public.target_groups OWNER TO meetxy;

--
-- Name: target_groups_id_seq; Type: SEQUENCE; Schema: public; Owner: meetxy
--

CREATE SEQUENCE public.target_groups_id_seq
    START WITH 1
    INCREMENT BY 1
    NO MINVALUE
    NO MAXVALUE
    CACHE 1;


ALTER SEQUENCE public.target_groups_id_seq OWNER TO meetxy;

--
-- Name: target_groups_id_seq; Type: SEQUENCE OWNED BY; Schema: public; Owner: meetxy
--

ALTER SEQUENCE public.target_groups_id_seq OWNED BY public.target_groups.id;


--
-- Name: user_bans; Type: TABLE; Schema: public; Owner: meetxy
--

CREATE TABLE public.user_bans (
    id bigint NOT NULL,
    banned_user_id bigint NOT NULL,
    banned_by bigint NOT NULL,
    duration_type character varying(100) NOT NULL,
    duration integer NOT NULL,
    ban_started_at timestamp(0) without time zone NOT NULL,
    scheduled_ban_end_time timestamp(0) without time zone NOT NULL,
    revoked_at timestamp(0) without time zone,
    revoked_by bigint,
    ban_end_time timestamp(0) without time zone,
    is_revoked boolean NOT NULL,
    status boolean NOT NULL,
    created_at timestamp(0) without time zone,
    updated_at timestamp(0) without time zone,
    remarks text
);


ALTER TABLE public.user_bans OWNER TO meetxy;

--
-- Name: user_bans_id_seq; Type: SEQUENCE; Schema: public; Owner: meetxy
--

CREATE SEQUENCE public.user_bans_id_seq
    START WITH 1
    INCREMENT BY 1
    NO MINVALUE
    NO MAXVALUE
    CACHE 1;


ALTER SEQUENCE public.user_bans_id_seq OWNER TO meetxy;

--
-- Name: user_bans_id_seq; Type: SEQUENCE OWNED BY; Schema: public; Owner: meetxy
--

ALTER SEQUENCE public.user_bans_id_seq OWNED BY public.user_bans.id;


--
-- Name: user_feedback; Type: TABLE; Schema: public; Owner: meetxy
--

CREATE TABLE public.user_feedback (
    id bigint NOT NULL,
    from_user_id bigint NOT NULL,
    to_user_id bigint,
    feedback_type_id bigint NOT NULL,
    rating smallint NOT NULL,
    description text,
    created_at timestamp(0) without time zone,
    updated_at timestamp(0) without time zone,
    venue_id bigint
);


ALTER TABLE public.user_feedback OWNER TO meetxy;

--
-- Name: user_feedback_id_seq; Type: SEQUENCE; Schema: public; Owner: meetxy
--

CREATE SEQUENCE public.user_feedback_id_seq
    START WITH 1
    INCREMENT BY 1
    NO MINVALUE
    NO MAXVALUE
    CACHE 1;


ALTER SEQUENCE public.user_feedback_id_seq OWNER TO meetxy;

--
-- Name: user_feedback_id_seq; Type: SEQUENCE OWNED BY; Schema: public; Owner: meetxy
--

ALTER SEQUENCE public.user_feedback_id_seq OWNED BY public.user_feedback.id;


--
-- Name: user_otps; Type: TABLE; Schema: public; Owner: meetxy
--

CREATE TABLE public.user_otps (
    id bigint NOT NULL,
    expire_time timestamp(0) without time zone NOT NULL,
    is_verified boolean DEFAULT false NOT NULL,
    is_active boolean DEFAULT true NOT NULL,
    created_date timestamp(0) without time zone DEFAULT CURRENT_TIMESTAMP NOT NULL,
    updated_date timestamp(0) without time zone DEFAULT CURRENT_TIMESTAMP NOT NULL,
    email character varying(300) NOT NULL,
    purpose character varying(255) NOT NULL,
    created_at timestamp(0) without time zone,
    updated_at timestamp(0) without time zone,
    otp text NOT NULL
);


ALTER TABLE public.user_otps OWNER TO meetxy;

--
-- Name: user_otps_id_seq; Type: SEQUENCE; Schema: public; Owner: meetxy
--

CREATE SEQUENCE public.user_otps_id_seq
    START WITH 1
    INCREMENT BY 1
    NO MINVALUE
    NO MAXVALUE
    CACHE 1;


ALTER SEQUENCE public.user_otps_id_seq OWNER TO meetxy;

--
-- Name: user_otps_id_seq; Type: SEQUENCE OWNED BY; Schema: public; Owner: meetxy
--

ALTER SEQUENCE public.user_otps_id_seq OWNED BY public.user_otps.id;


--
-- Name: user_profiles; Type: TABLE; Schema: public; Owner: meetxy
--

CREATE TABLE public.user_profiles (
    id bigint NOT NULL,
    user_id bigint NOT NULL,
    avatar_id bigint NOT NULL,
    bio_description text,
    gender character varying(20),
    dob date NOT NULL,
    residence character varying(255),
    tag_line character varying(255),
    is_active boolean DEFAULT true NOT NULL,
    account_status character varying(255),
    created_date timestamp(0) without time zone,
    updated_date timestamp(0) without time zone,
    "updated_By" character varying(255),
    alma_mate text,
    current_organization character varying(255),
    languages_known json,
    anthem_song text,
    package_id bigint,
    country_id bigint,
    created_at timestamp(0) without time zone,
    updated_at timestamp(0) without time zone,
    nick_name character varying(300) NOT NULL,
    latitude numeric(11,8),
    longitude numeric(11,8),
    occupation character varying(255) DEFAULT 'Not updated'::character varying,
    educational character varying(255) DEFAULT 'Not updated'::character varying,
    tagline_visibility boolean DEFAULT true NOT NULL
);


ALTER TABLE public.user_profiles OWNER TO meetxy;

--
-- Name: user_profiles_id_seq; Type: SEQUENCE; Schema: public; Owner: meetxy
--

CREATE SEQUENCE public.user_profiles_id_seq
    START WITH 1
    INCREMENT BY 1
    NO MINVALUE
    NO MAXVALUE
    CACHE 1;


ALTER SEQUENCE public.user_profiles_id_seq OWNER TO meetxy;

--
-- Name: user_profiles_id_seq; Type: SEQUENCE OWNED BY; Schema: public; Owner: meetxy
--

ALTER SEQUENCE public.user_profiles_id_seq OWNED BY public.user_profiles.id;


--
-- Name: user_skipped_profiles; Type: TABLE; Schema: public; Owner: meetxy
--

CREATE TABLE public.user_skipped_profiles (
    id bigint NOT NULL,
    user_id bigint NOT NULL,
    skipped_user_id bigint NOT NULL,
    skipped_at timestamp(0) without time zone DEFAULT CURRENT_TIMESTAMP NOT NULL,
    negative_score double precision DEFAULT '0.1'::double precision NOT NULL,
    reason text,
    created_at timestamp(0) without time zone,
    updated_at timestamp(0) without time zone,
    skip_count integer DEFAULT 0 NOT NULL
);


ALTER TABLE public.user_skipped_profiles OWNER TO meetxy;

--
-- Name: user_skipped_profiles_id_seq; Type: SEQUENCE; Schema: public; Owner: meetxy
--

CREATE SEQUENCE public.user_skipped_profiles_id_seq
    START WITH 1
    INCREMENT BY 1
    NO MINVALUE
    NO MAXVALUE
    CACHE 1;


ALTER SEQUENCE public.user_skipped_profiles_id_seq OWNER TO meetxy;

--
-- Name: user_skipped_profiles_id_seq; Type: SEQUENCE OWNED BY; Schema: public; Owner: meetxy
--

ALTER SEQUENCE public.user_skipped_profiles_id_seq OWNED BY public.user_skipped_profiles.id;


--
-- Name: user_social_media_handles; Type: TABLE; Schema: public; Owner: meetxy
--

CREATE TABLE public.user_social_media_handles (
    id bigint NOT NULL,
    social_media_handle_id bigint NOT NULL,
    user_id bigint NOT NULL,
    link text NOT NULL,
    is_active boolean DEFAULT true NOT NULL,
    created_at timestamp(0) without time zone,
    updated_at timestamp(0) without time zone
);


ALTER TABLE public.user_social_media_handles OWNER TO meetxy;

--
-- Name: user_social_media_handles_id_seq; Type: SEQUENCE; Schema: public; Owner: meetxy
--

CREATE SEQUENCE public.user_social_media_handles_id_seq
    START WITH 1
    INCREMENT BY 1
    NO MINVALUE
    NO MAXVALUE
    CACHE 1;


ALTER SEQUENCE public.user_social_media_handles_id_seq OWNER TO meetxy;

--
-- Name: user_social_media_handles_id_seq; Type: SEQUENCE OWNED BY; Schema: public; Owner: meetxy
--

ALTER SEQUENCE public.user_social_media_handles_id_seq OWNED BY public.user_social_media_handles.id;


--
-- Name: users; Type: TABLE; Schema: public; Owner: meetxy
--

CREATE TABLE public.users (
    id bigint NOT NULL,
    name character varying(255) NOT NULL,
    email character varying(255) NOT NULL,
    email_verified_at timestamp(0) without time zone,
    password character varying(255) NOT NULL,
    remember_token character varying(100),
    created_at timestamp(0) without time zone,
    updated_at timestamp(0) without time zone,
    mobile character varying(255),
    mobile_verified_at timestamp(0) without time zone,
    is_active boolean DEFAULT true NOT NULL,
    "created_By" character varying(255),
    "updated_By" character varying(255),
    "UUID" text,
    is_email_verified boolean DEFAULT false NOT NULL,
    is_mobile_verified boolean DEFAULT false NOT NULL,
    signup_type character varying(255),
    registration_type_id bigint NOT NULL,
    google_id text,
    google_token text,
    firebase_password text,
    user_otp_id bigint,
    is_admin boolean DEFAULT false NOT NULL,
    latitude text,
    longitude text,
    last_seen_location text,
    reason_for_deactivation text,
    report_id bigint,
    deactivated_at timestamp(0) without time zone,
    deactivated_by bigint
);


ALTER TABLE public.users OWNER TO meetxy;

--
-- Name: users_id_seq; Type: SEQUENCE; Schema: public; Owner: meetxy
--

CREATE SEQUENCE public.users_id_seq
    START WITH 1
    INCREMENT BY 1
    NO MINVALUE
    NO MAXVALUE
    CACHE 1;


ALTER SEQUENCE public.users_id_seq OWNER TO meetxy;

--
-- Name: users_id_seq; Type: SEQUENCE OWNED BY; Schema: public; Owner: meetxy
--

ALTER SEQUENCE public.users_id_seq OWNED BY public.users.id;


--
-- Name: venue_masters; Type: TABLE; Schema: public; Owner: meetxy
--

CREATE TABLE public.venue_masters (
    id bigint NOT NULL,
    name character varying(255) NOT NULL,
    location character varying(255) NOT NULL,
    lat numeric(11,8),
    long numeric(11,8),
    is_active boolean DEFAULT true NOT NULL,
    created_at timestamp(0) without time zone,
    updated_at timestamp(0) without time zone,
    place_id text,
    venue_type smallint DEFAULT '1'::smallint NOT NULL
);


ALTER TABLE public.venue_masters OWNER TO meetxy;

--
-- Name: COLUMN venue_masters.venue_type; Type: COMMENT; Schema: public; Owner: meetxy
--

COMMENT ON COLUMN public.venue_masters.venue_type IS '1 - Checkin, 2 - Let''s Meet, 3 - Event';


--
-- Name: venue_masters_id_seq; Type: SEQUENCE; Schema: public; Owner: meetxy
--

CREATE SEQUENCE public.venue_masters_id_seq
    START WITH 1
    INCREMENT BY 1
    NO MINVALUE
    NO MAXVALUE
    CACHE 1;


ALTER SEQUENCE public.venue_masters_id_seq OWNER TO meetxy;

--
-- Name: venue_masters_id_seq; Type: SEQUENCE OWNED BY; Schema: public; Owner: meetxy
--

ALTER SEQUENCE public.venue_masters_id_seq OWNED BY public.venue_masters.id;


--
-- Name: warnings; Type: TABLE; Schema: public; Owner: meetxy
--

CREATE TABLE public.warnings (
    id bigint NOT NULL,
    message text NOT NULL,
    user_id bigint NOT NULL,
    report_id bigint,
    send_by bigint NOT NULL,
    status boolean DEFAULT true NOT NULL,
    created_at timestamp(0) without time zone,
    updated_at timestamp(0) without time zone
);


ALTER TABLE public.warnings OWNER TO meetxy;

--
-- Name: warnings_id_seq; Type: SEQUENCE; Schema: public; Owner: meetxy
--

CREATE SEQUENCE public.warnings_id_seq
    START WITH 1
    INCREMENT BY 1
    NO MINVALUE
    NO MAXVALUE
    CACHE 1;


ALTER SEQUENCE public.warnings_id_seq OWNER TO meetxy;

--
-- Name: warnings_id_seq; Type: SEQUENCE OWNED BY; Schema: public; Owner: meetxy
--

ALTER SEQUENCE public.warnings_id_seq OWNED BY public.warnings.id;


--
-- Name: account_report_audits id; Type: DEFAULT; Schema: public; Owner: meetxy
--

ALTER TABLE ONLY public.account_report_audits ALTER COLUMN id SET DEFAULT nextval('public.account_report_audits_id_seq'::regclass);


--
-- Name: account_reports id; Type: DEFAULT; Schema: public; Owner: meetxy
--

ALTER TABLE ONLY public.account_reports ALTER COLUMN id SET DEFAULT nextval('public.account_reports_id_seq'::regclass);


--
-- Name: active_connctions id; Type: DEFAULT; Schema: public; Owner: meetxy
--

ALTER TABLE ONLY public.active_connctions ALTER COLUMN id SET DEFAULT nextval('public.active_connctions_id_seq'::regclass);


--
-- Name: app_versions id; Type: DEFAULT; Schema: public; Owner: meetxy
--

ALTER TABLE ONLY public.app_versions ALTER COLUMN id SET DEFAULT nextval('public.app_versions_id_seq'::regclass);


--
-- Name: application_errors id; Type: DEFAULT; Schema: public; Owner: meetxy
--

ALTER TABLE ONLY public.application_errors ALTER COLUMN id SET DEFAULT nextval('public.application_errors_id_seq'::regclass);


--
-- Name: auto_chat_messages id; Type: DEFAULT; Schema: public; Owner: meetxy
--

ALTER TABLE ONLY public.auto_chat_messages ALTER COLUMN id SET DEFAULT nextval('public.auto_chat_messages_id_seq'::regclass);


--
-- Name: avatar_masters id; Type: DEFAULT; Schema: public; Owner: meetxy
--

ALTER TABLE ONLY public.avatar_masters ALTER COLUMN id SET DEFAULT nextval('public.avatar_masters_id_seq'::regclass);


--
-- Name: blocked_user_audits id; Type: DEFAULT; Schema: public; Owner: meetxy
--

ALTER TABLE ONLY public.blocked_user_audits ALTER COLUMN id SET DEFAULT nextval('public.blocked_user_audits_id_seq'::regclass);


--
-- Name: blocked_users id; Type: DEFAULT; Schema: public; Owner: meetxy
--

ALTER TABLE ONLY public.blocked_users ALTER COLUMN id SET DEFAULT nextval('public.blocked_users_id_seq'::regclass);


--
-- Name: categories id; Type: DEFAULT; Schema: public; Owner: meetxy
--

ALTER TABLE ONLY public.categories ALTER COLUMN id SET DEFAULT nextval('public.categories_id_seq'::regclass);


--
-- Name: chats id; Type: DEFAULT; Schema: public; Owner: meetxy
--

ALTER TABLE ONLY public.chats ALTER COLUMN id SET DEFAULT nextval('public.chats_id_seq'::regclass);


--
-- Name: checkin_details id; Type: DEFAULT; Schema: public; Owner: meetxy
--

ALTER TABLE ONLY public.checkin_details ALTER COLUMN id SET DEFAULT nextval('public.checkin_details_id_seq'::regclass);


--
-- Name: connction_requests id; Type: DEFAULT; Schema: public; Owner: meetxy
--

ALTER TABLE ONLY public.connction_requests ALTER COLUMN id SET DEFAULT nextval('public.connction_requests_id_seq'::regclass);


--
-- Name: connection_audits id; Type: DEFAULT; Schema: public; Owner: meetxy
--

ALTER TABLE ONLY public.connection_audits ALTER COLUMN id SET DEFAULT nextval('public.connection_audits_id_seq'::regclass);


--
-- Name: country_masters id; Type: DEFAULT; Schema: public; Owner: meetxy
--

ALTER TABLE ONLY public.country_masters ALTER COLUMN id SET DEFAULT nextval('public.country_masters_id_seq'::regclass);


--
-- Name: device_tokens id; Type: DEFAULT; Schema: public; Owner: meetxy
--

ALTER TABLE ONLY public.device_tokens ALTER COLUMN id SET DEFAULT nextval('public.device_tokens_id_seq'::regclass);


--
-- Name: event_attendees id; Type: DEFAULT; Schema: public; Owner: meetxy
--

ALTER TABLE ONLY public.event_attendees ALTER COLUMN id SET DEFAULT nextval('public.event_attendees_id_seq'::regclass);


--
-- Name: event_categories id; Type: DEFAULT; Schema: public; Owner: meetxy
--

ALTER TABLE ONLY public.event_categories ALTER COLUMN id SET DEFAULT nextval('public.event_categories_id_seq'::regclass);


--
-- Name: events id; Type: DEFAULT; Schema: public; Owner: meetxy
--

ALTER TABLE ONLY public.events ALTER COLUMN id SET DEFAULT nextval('public.events_id_seq'::regclass);


--
-- Name: failed_jobs id; Type: DEFAULT; Schema: public; Owner: meetxy
--

ALTER TABLE ONLY public.failed_jobs ALTER COLUMN id SET DEFAULT nextval('public.failed_jobs_id_seq'::regclass);


--
-- Name: feedback_types id; Type: DEFAULT; Schema: public; Owner: meetxy
--

ALTER TABLE ONLY public.feedback_types ALTER COLUMN id SET DEFAULT nextval('public.feedback_types_id_seq'::regclass);


--
-- Name: interest_ranks id; Type: DEFAULT; Schema: public; Owner: meetxy
--

ALTER TABLE ONLY public.interest_ranks ALTER COLUMN id SET DEFAULT nextval('public.interest_ranks_id_seq'::regclass);


--
-- Name: interests id; Type: DEFAULT; Schema: public; Owner: meetxy
--

ALTER TABLE ONLY public.interests ALTER COLUMN id SET DEFAULT nextval('public.interests_id_seq'::regclass);


--
-- Name: jobs id; Type: DEFAULT; Schema: public; Owner: meetxy
--

ALTER TABLE ONLY public.jobs ALTER COLUMN id SET DEFAULT nextval('public.jobs_id_seq'::regclass);


--
-- Name: lets_meet_requests id; Type: DEFAULT; Schema: public; Owner: meetxy
--

ALTER TABLE ONLY public.lets_meet_requests ALTER COLUMN id SET DEFAULT nextval('public.lets_meet_requests_id_seq'::regclass);


--
-- Name: location_distance_managements id; Type: DEFAULT; Schema: public; Owner: meetxy
--

ALTER TABLE ONLY public.location_distance_managements ALTER COLUMN id SET DEFAULT nextval('public.location_distance_managements_id_seq'::regclass);


--
-- Name: login_histories id; Type: DEFAULT; Schema: public; Owner: meetxy
--

ALTER TABLE ONLY public.login_histories ALTER COLUMN id SET DEFAULT nextval('public.login_histories_id_seq'::regclass);


--
-- Name: media id; Type: DEFAULT; Schema: public; Owner: meetxy
--

ALTER TABLE ONLY public.media ALTER COLUMN id SET DEFAULT nextval('public.media_id_seq'::regclass);


--
-- Name: message_masters id; Type: DEFAULT; Schema: public; Owner: meetxy
--

ALTER TABLE ONLY public.message_masters ALTER COLUMN id SET DEFAULT nextval('public.message_masters_id_seq'::regclass);


--
-- Name: migrations id; Type: DEFAULT; Schema: public; Owner: meetxy
--

ALTER TABLE ONLY public.migrations ALTER COLUMN id SET DEFAULT nextval('public.migrations_id_seq'::regclass);


--
-- Name: notification_masters id; Type: DEFAULT; Schema: public; Owner: meetxy
--

ALTER TABLE ONLY public.notification_masters ALTER COLUMN id SET DEFAULT nextval('public.notification_masters_id_seq'::regclass);


--
-- Name: notifications id; Type: DEFAULT; Schema: public; Owner: meetxy
--

ALTER TABLE ONLY public.notifications ALTER COLUMN id SET DEFAULT nextval('public.notifications_id_seq'::regclass);


--
-- Name: package_features id; Type: DEFAULT; Schema: public; Owner: meetxy
--

ALTER TABLE ONLY public.package_features ALTER COLUMN id SET DEFAULT nextval('public.package_features_id_seq'::regclass);


--
-- Name: packages id; Type: DEFAULT; Schema: public; Owner: meetxy
--

ALTER TABLE ONLY public.packages ALTER COLUMN id SET DEFAULT nextval('public.packages_id_seq'::regclass);


--
-- Name: personal_access_tokens id; Type: DEFAULT; Schema: public; Owner: meetxy
--

ALTER TABLE ONLY public.personal_access_tokens ALTER COLUMN id SET DEFAULT nextval('public.personal_access_tokens_id_seq'::regclass);


--
-- Name: registration_types id; Type: DEFAULT; Schema: public; Owner: meetxy
--

ALTER TABLE ONLY public.registration_types ALTER COLUMN id SET DEFAULT nextval('public.registration_types_id_seq'::regclass);


--
-- Name: report_attachments id; Type: DEFAULT; Schema: public; Owner: meetxy
--

ALTER TABLE ONLY public.report_attachments ALTER COLUMN id SET DEFAULT nextval('public.report_attachments_id_seq'::regclass);


--
-- Name: report_type_masters id; Type: DEFAULT; Schema: public; Owner: meetxy
--

ALTER TABLE ONLY public.report_type_masters ALTER COLUMN id SET DEFAULT nextval('public.report_type_masters_id_seq'::regclass);


--
-- Name: social_media_icons id; Type: DEFAULT; Schema: public; Owner: meetxy
--

ALTER TABLE ONLY public.social_media_icons ALTER COLUMN id SET DEFAULT nextval('public.social_media_icons_id_seq'::regclass);


--
-- Name: sub_categories UniqueID; Type: DEFAULT; Schema: public; Owner: meetxy
--

ALTER TABLE ONLY public.sub_categories ALTER COLUMN "UniqueID" SET DEFAULT nextval('public."sub_categories_UniqueID_seq"'::regclass);


--
-- Name: target_groups id; Type: DEFAULT; Schema: public; Owner: meetxy
--

ALTER TABLE ONLY public.target_groups ALTER COLUMN id SET DEFAULT nextval('public.target_groups_id_seq'::regclass);


--
-- Name: user_bans id; Type: DEFAULT; Schema: public; Owner: meetxy
--

ALTER TABLE ONLY public.user_bans ALTER COLUMN id SET DEFAULT nextval('public.user_bans_id_seq'::regclass);


--
-- Name: user_feedback id; Type: DEFAULT; Schema: public; Owner: meetxy
--

ALTER TABLE ONLY public.user_feedback ALTER COLUMN id SET DEFAULT nextval('public.user_feedback_id_seq'::regclass);


--
-- Name: user_otps id; Type: DEFAULT; Schema: public; Owner: meetxy
--

ALTER TABLE ONLY public.user_otps ALTER COLUMN id SET DEFAULT nextval('public.user_otps_id_seq'::regclass);


--
-- Name: user_profiles id; Type: DEFAULT; Schema: public; Owner: meetxy
--

ALTER TABLE ONLY public.user_profiles ALTER COLUMN id SET DEFAULT nextval('public.user_profiles_id_seq'::regclass);


--
-- Name: user_skipped_profiles id; Type: DEFAULT; Schema: public; Owner: meetxy
--

ALTER TABLE ONLY public.user_skipped_profiles ALTER COLUMN id SET DEFAULT nextval('public.user_skipped_profiles_id_seq'::regclass);


--
-- Name: user_social_media_handles id; Type: DEFAULT; Schema: public; Owner: meetxy
--

ALTER TABLE ONLY public.user_social_media_handles ALTER COLUMN id SET DEFAULT nextval('public.user_social_media_handles_id_seq'::regclass);


--
-- Name: users id; Type: DEFAULT; Schema: public; Owner: meetxy
--

ALTER TABLE ONLY public.users ALTER COLUMN id SET DEFAULT nextval('public.users_id_seq'::regclass);


--
-- Name: venue_masters id; Type: DEFAULT; Schema: public; Owner: meetxy
--

ALTER TABLE ONLY public.venue_masters ALTER COLUMN id SET DEFAULT nextval('public.venue_masters_id_seq'::regclass);


--
-- Name: warnings id; Type: DEFAULT; Schema: public; Owner: meetxy
--

ALTER TABLE ONLY public.warnings ALTER COLUMN id SET DEFAULT nextval('public.warnings_id_seq'::regclass);


--
-- Data for Name: account_report_audits; Type: TABLE DATA; Schema: public; Owner: meetxy
--

COPY public.account_report_audits (id, account_report_id, action_taken_by, action_taken_note, created_at, updated_at) FROM stdin;
\.


--
-- Data for Name: account_reports; Type: TABLE DATA; Schema: public; Owner: meetxy
--

COPY public.account_reports (id, report_type_id, reported_by, reported_user_id, description, attachment_url, is_resolved, created_at, updated_at) FROM stdin;
21	1	147	150	\N	\N	f	2025-05-30 12:11:59	2025-05-30 12:11:59
22	2	147	148	\N	\N	f	2025-06-05 09:38:08	2025-06-05 09:38:08
23	1	154	147	\N	\N	f	2025-06-05 09:45:10	2025-06-05 09:45:10
24	2	166	165	\N	\N	f	2025-06-11 09:12:59	2025-06-11 09:12:59
25	2	157	159	\N	\N	f	2025-06-11 09:30:59	2025-06-11 09:30:59
26	3	147	163	\N	\N	f	2025-06-11 10:38:34	2025-06-11 10:38:34
27	3	147	163	\N	\N	f	2025-06-11 10:38:35	2025-06-11 10:38:35
28	1	149	152	\N	\N	f	2025-06-11 11:05:57	2025-06-11 11:05:57
29	2	166	172	\N	\N	f	2025-06-12 11:27:12	2025-06-12 11:27:12
30	2	168	171	\N	\N	f	2025-06-12 11:54:21	2025-06-12 11:54:21
31	2	180	147	\N	\N	f	2025-06-13 10:07:59	2025-06-13 10:07:59
32	2	167	153	\N	\N	f	2025-06-13 12:23:22	2025-06-13 12:23:22
\.


--
-- Data for Name: active_connctions; Type: TABLE DATA; Schema: public; Owner: meetxy
--

COPY public.active_connctions (id, from_user_id, to_user_id, privacy_level, flag, start_date, is_chat_enabled, updated_date, expires_at, chat_id) FROM stdin;
222	171	153	2	1	2025-06-12 16:45:29	t	2025-06-12 16:45:29	\N	9ee03682-306a-46ee-8e13-2cfe52786383
238	183	168	2	1	2025-06-16 16:54:13	t	2025-06-16 16:54:13	\N	51d1dac4-b57d-4e09-9909-55acc0003aa3
184	147	154	2	1	2025-06-05 15:14:58	t	2025-06-05 15:14:58	\N	77583816-0ffc-4377-b57c-1e32ecb9ed11
185	154	147	2	1	2025-06-05 15:14:58	t	2025-06-05 15:14:58	\N	77583816-0ffc-4377-b57c-1e32ecb9ed11
186	155	156	2	1	2025-06-08 12:26:01	t	2025-06-08 12:26:01	\N	2b93dc71-3c59-460d-92bc-999924233067
187	156	155	2	1	2025-06-08 12:26:01	t	2025-06-08 12:26:01	\N	2b93dc71-3c59-460d-92bc-999924233067
223	153	171	2	1	2025-06-12 16:45:29	t	2025-06-12 16:45:29	\N	9ee03682-306a-46ee-8e13-2cfe52786383
201	152	146	2	1	2025-06-10 15:16:30	f	2025-06-10 09:50:06	\N	023e9464-5a54-4707-b747-cb03a7f822bd
200	146	152	2	1	2025-06-10 15:16:30	f	2025-06-10 09:50:06	\N	023e9464-5a54-4707-b747-cb03a7f822bd
182	149	152	2	1	2025-06-03 13:49:26	f	2025-06-18 06:40:31	2025-06-18 06:40:31	daa17181-67a7-4256-9dcf-251072ab31b2
224	174	163	2	1	2025-06-12 16:46:28	t	2025-06-12 16:46:28	\N	d9843e76-12bd-4bfe-b83a-e64608d6508b
225	163	174	2	1	2025-06-12 16:46:28	t	2025-06-12 16:46:28	\N	d9843e76-12bd-4bfe-b83a-e64608d6508b
188	157	158	2	1	2025-06-09 11:21:03	f	2025-06-10 05:44:29	\N	3add3cd9-727a-4f81-8377-819cfabc18a9
189	158	157	2	1	2025-06-09 11:21:03	f	2025-06-10 05:44:29	\N	3add3cd9-727a-4f81-8377-819cfabc18a9
190	157	149	2	1	2025-06-09 12:06:34	f	2025-06-11 07:59:13	\N	fab922cb-a0c6-4857-8e2d-ab040315568f
191	149	157	2	1	2025-06-09 12:06:34	f	2025-06-11 07:59:13	\N	fab922cb-a0c6-4857-8e2d-ab040315568f
197	158	160	2	1	2025-06-09 16:28:02	t	2025-06-10 05:44:50	\N	8909f07c-e3ed-419a-b165-9f4c6bfb8981
210	147	163	2	1	2025-06-11 15:05:21	t	2025-06-11 09:41:03	\N	81df8571-81c1-4511-9e66-7af748b0f3f1
211	163	147	2	1	2025-06-11 15:05:21	t	2025-06-11 09:41:03	\N	81df8571-81c1-4511-9e66-7af748b0f3f1
196	160	158	2	1	2025-06-09 16:28:02	t	2025-06-10 05:44:50	\N	8909f07c-e3ed-419a-b165-9f4c6bfb8981
226	174	166	2	1	2025-06-12 16:53:05	t	2025-06-12 16:53:05	\N	496fcc7b-e81a-4b0f-a5b7-1b6fa6e8b2e9
227	166	174	2	1	2025-06-12 16:53:05	t	2025-06-12 16:53:05	\N	496fcc7b-e81a-4b0f-a5b7-1b6fa6e8b2e9
202	157	160	2	1	2025-06-10 17:11:46	f	2025-06-10 11:42:26	\N	1e3b0030-b07d-4001-8d65-fb40c7215293
203	160	157	2	1	2025-06-10 17:11:46	f	2025-06-10 11:42:26	\N	1e3b0030-b07d-4001-8d65-fb40c7215293
195	158	159	2	1	2025-06-09 16:03:16	f	2025-06-11 04:46:35	\N	cff2627c-a078-4d08-8896-67411ed3520d
207	163	164	2	1	2025-06-11 11:47:09	f	2025-06-11 08:48:03	\N	484a6dfd-4491-4b43-a4d1-b750a6ca73e8
206	164	163	2	1	2025-06-11 11:47:09	f	2025-06-11 08:48:03	\N	484a6dfd-4491-4b43-a4d1-b750a6ca73e8
194	159	158	2	1	2025-06-09 16:03:16	f	2025-06-11 04:46:35	\N	cff2627c-a078-4d08-8896-67411ed3520d
180	147	148	2	1	2025-05-29 17:44:21	f	2025-06-11 05:17:59	\N	d4f1f765-297a-4b70-af67-96d01c9cd5bf
181	148	147	2	1	2025-05-29 17:44:21	f	2025-06-11 05:17:59	\N	d4f1f765-297a-4b70-af67-96d01c9cd5bf
198	160	159	2	1	2025-06-10 14:34:25	t	2025-06-10 09:04:57	\N	e6d9acde-ad42-47f6-b805-98a79114acf1
199	159	160	2	1	2025-06-10 14:34:25	t	2025-06-10 09:04:57	\N	e6d9acde-ad42-47f6-b805-98a79114acf1
233	183	167	3	1	2025-06-13 17:11:05	t	2025-06-19 06:08:01	\N	9de1ce29-ea04-479c-9866-0521e32a20e3
204	147	162	2	1	2025-06-11 10:49:06	f	2025-06-11 05:51:56	\N	11fed426-2f11-4253-bd18-3c948e924fad
205	162	147	2	1	2025-06-11 10:49:06	f	2025-06-11 05:51:56	\N	11fed426-2f11-4253-bd18-3c948e924fad
213	167	168	2	1	2025-06-12 11:54:18	t	2025-06-12 11:54:18	\N	0708a117-0a89-4d6a-a626-0d32717b1c4d
183	152	149	2	1	2025-06-03 13:49:26	f	2025-06-18 06:40:31	2025-06-18 06:40:31	daa17181-67a7-4256-9dcf-251072ab31b2
209	166	165	2	1	2025-06-11 14:34:23	t	2025-06-11 09:05:05	\N	28ad6aa2-23cf-4e80-a97b-6b7ee7b4fb09
208	165	166	2	1	2025-06-11 14:34:23	t	2025-06-11 09:05:05	\N	28ad6aa2-23cf-4e80-a97b-6b7ee7b4fb09
214	171	168	2	1	2025-06-12 13:58:56	f	2025-06-12 11:55:56	\N	2fcadc79-daa0-4030-a31a-89b17d526926
215	168	171	2	1	2025-06-12 13:58:56	f	2025-06-12 11:55:56	\N	2fcadc79-daa0-4030-a31a-89b17d526926
216	163	172	2	1	2025-06-12 14:29:05	t	2025-06-12 14:29:05	\N	40d2db79-cfb4-4dc9-91e0-4789557d2c3f
217	172	163	2	1	2025-06-12 14:29:05	t	2025-06-12 14:29:05	\N	40d2db79-cfb4-4dc9-91e0-4789557d2c3f
218	153	168	2	1	2025-06-12 14:43:27	t	2025-06-12 14:43:27	\N	9f27839e-a816-4c2a-bc52-c5ed7922587a
219	168	153	2	1	2025-06-12 14:43:27	t	2025-06-12 14:43:27	\N	9f27839e-a816-4c2a-bc52-c5ed7922587a
220	167	153	2	1	2025-06-12 16:45:27	t	2025-06-12 16:45:27	\N	f1d622cc-973f-4206-a2d4-549ad992dd86
221	153	167	2	1	2025-06-12 16:45:27	t	2025-06-12 16:45:27	\N	f1d622cc-973f-4206-a2d4-549ad992dd86
228	179	175	2	1	2025-06-13 14:02:04	t	2025-06-13 14:02:04	\N	8d2703e4-05f3-439b-8233-991ba7c367df
229	175	179	2	1	2025-06-13 14:02:04	t	2025-06-13 14:02:04	\N	8d2703e4-05f3-439b-8233-991ba7c367df
232	167	183	2	1	2025-06-13 17:11:05	t	2025-06-13 17:11:05	\N	9de1ce29-ea04-479c-9866-0521e32a20e3
230	180	147	3	1	2025-06-13 15:32:13	f	2025-06-13 10:06:12	\N	d23eddbd-ba31-4c1e-99e5-2fb5e7d4bc15
231	147	180	2	1	2025-06-13 15:32:13	f	2025-06-13 10:06:12	\N	d23eddbd-ba31-4c1e-99e5-2fb5e7d4bc15
234	184	175	2	1	2025-06-13 18:25:37	t	2025-06-13 18:25:37	\N	9ed84507-5e47-46ea-9841-8c37074d7936
235	175	184	2	1	2025-06-13 18:25:37	t	2025-06-13 18:25:37	\N	9ed84507-5e47-46ea-9841-8c37074d7936
236	183	153	2	1	2025-06-16 16:53:31	t	2025-06-16 16:53:31	\N	b4bf45c1-c485-4317-b137-e8a92baf68dc
237	153	183	2	1	2025-06-16 16:53:31	t	2025-06-16 16:53:31	\N	b4bf45c1-c485-4317-b137-e8a92baf68dc
239	168	183	2	1	2025-06-16 16:54:13	t	2025-06-16 16:54:13	\N	51d1dac4-b57d-4e09-9909-55acc0003aa3
240	184	181	2	1	2025-06-16 17:13:12	t	2025-06-16 17:13:12	\N	a8b9e6e1-1e58-48a1-9327-21baddc78fcc
241	181	184	2	1	2025-06-16 17:13:12	t	2025-06-16 17:13:12	\N	a8b9e6e1-1e58-48a1-9327-21baddc78fcc
243	181	175	3	1	2025-06-16 17:17:27	t	2025-06-16 17:17:27	\N	17569294-585c-4e01-ad8f-e70f2619bed7
242	175	181	2	1	2025-06-16 17:17:27	t	2025-06-16 11:49:07	\N	17569294-585c-4e01-ad8f-e70f2619bed7
244	171	167	2	1	2025-06-19 10:56:55	t	2025-06-19 10:56:55	\N	1f3f5770-7324-491a-bd51-ef4ed0d756d8
245	167	171	2	1	2025-06-19 10:56:55	t	2025-06-19 10:56:55	\N	1f3f5770-7324-491a-bd51-ef4ed0d756d8
212	168	167	3	1	2025-06-12 11:54:18	t	2025-06-19 06:07:55	\N	0708a117-0a89-4d6a-a626-0d32717b1c4d
246	150	180	2	1	2025-06-19 14:35:28	t	2025-06-19 14:35:28	\N	a830bb10-1165-4d6a-93cb-f74a41ed0953
247	180	150	2	1	2025-06-19 14:35:28	t	2025-06-19 14:35:28	\N	a830bb10-1165-4d6a-93cb-f74a41ed0953
193	157	159	2	1	2025-06-09 14:34:49	f	2025-06-20 05:15:05	2025-06-20 05:15:05	9075e8a0-b15e-4158-acce-9f3d07b8185c
192	159	157	3	1	2025-06-09 14:34:49	f	2025-06-20 05:15:05	2025-06-20 05:15:05	9075e8a0-b15e-4158-acce-9f3d07b8185c
\.


--
-- Data for Name: app_versions; Type: TABLE DATA; Schema: public; Owner: meetxy
--

COPY public.app_versions (id, android_version, ios_version, android_updateflag, ios_updateflag, app_status, general_msg, created_at, updated_at) FROM stdin;
1	1.0.0	1.0.0	3	3	1	Welcome to our app!	2025-06-18 07:59:41	2025-06-19 05:51:19
\.


--
-- Data for Name: application_errors; Type: TABLE DATA; Schema: public; Owner: meetxy
--

COPY public.application_errors (id, module, module_id, url, error_message, created_by, updated_by, created_at, updated_at, user_id) FROM stdin;
444	user_profile_updation	149	https://meetxy.test4u.in/api/update-user-profile	SQLSTATE[22P02]: Invalid text representation: 7 ERROR:  invalid input syntax for type bigint: "Fiction"\nCONTEXT:  unnamed portal parameter $1 = '...' (Connection: pgsql, SQL: select * from "interests" where "id" = Fiction and "flag" = 3 and "pool" = 4 and "is_active" = 1 limit 1)	149	149	2025-05-30 05:20:49	2025-05-30 05:20:49	149
445	location_name	0	https://meetxy.test4u.in/api/update-user-location	Undefined array key 0	152	152	2025-05-30 12:17:57	2025-05-30 12:17:57	\N
446	location_name	0	https://meetxy.test4u.in/api/update-user-location	Undefined array key 0	160	160	2025-06-09 10:59:03	2025-06-09 10:59:03	\N
447	location_name	0	https://meetxy.test4u.in/api/update-user-location	Undefined array key 0	160	160	2025-06-09 10:59:03	2025-06-09 10:59:03	\N
448	location_name	0	https://meetxy.test4u.in/api/update-user-location	Undefined array key 0	160	160	2025-06-09 10:59:03	2025-06-09 10:59:03	\N
449	acceptProposal	158	https://meetxy.test4u.in/api/meet/acceptProposal	Undefined variable $venue	158	158	2025-06-09 11:26:03	2025-06-09 11:26:03	\N
450	acceptProposal	158	https://meetxy.test4u.in/api/meet/acceptProposal	Undefined variable $venue	158	158	2025-06-09 11:29:41	2025-06-09 11:29:41	\N
451	insertCounterProposal	159	https://meetxy.test4u.in/api/meet/counter-proposal	SQLSTATE[22P02]: Invalid text representation: 7 ERROR:  invalid input syntax for type bigint: "null"\nCONTEXT:  unnamed portal parameter $1 = '...' (Connection: pgsql, SQL: select * from "lets_meet_requests" where "lets_meet_requests"."id" = null limit 1)	159	159	2025-06-10 07:09:34	2025-06-10 07:09:34	\N
452	insertCounterProposal	159	https://meetxy.test4u.in/api/meet/counter-proposal	Undefined variable $letsMeet	159	159	2025-06-10 07:14:41	2025-06-10 07:14:41	\N
453	storeEvent	146	https://meetxy.test4u.in/api/events	SQLSTATE[22P02]: Invalid text representation: 7 ERROR:  invalid input syntax for type bigint: "(leave blank)"\nCONTEXT:  unnamed portal parameter $1 = '...' (Connection: pgsql, SQL: select count(*) as aggregate from "venue_masters" where "id" = (leave blank))	146	146	2025-06-10 08:38:43	2025-06-10 08:38:43	\N
454	storeEvent	146	https://meetxy.test4u.in/api/events	SQLSTATE[23502]: Not null violation: 7 ERROR:  null value in column "date_from" of relation "events" violates not-null constraint\nDETAIL:  Failing row contains (1, My first event, Event description ......., 1, 1, null, null, 0, ["type1","type2"], 147, 146, 146, f, t, 2025-06-10 08:39:57, 2025-06-10 08:39:57, 2025-06-10 17:00:00, 2025-06-10 20:00:00). (Connection: pgsql, SQL: insert into "events" ("title", "description", "event_category_id", "target_group_id", "start_datetime", "end_datetime", "venu_master_id", "created_by", "updated_by", "is_owner", "is_active", "image", "networking_types", "updated_at", "created_at") values (My first event, Event description ......., 1, 1, 2025-06-10 17:00:00, 2025-06-10 20:00:00, 147, 146, 146, 0, 1, 0, ["type1","type2"], 2025-06-10 08:39:57, 2025-06-10 08:39:57) returning "id")	146	146	2025-06-10 08:39:57	2025-06-10 08:39:57	\N
455	acceptProposal	163	https://meetxy.test4u.in/api/meet/acceptProposal	Undefined variable $letsMeet	163	163	2025-06-11 09:40:19	2025-06-11 09:40:19	\N
456	acceptProposal	163	https://meetxy.test4u.in/api/meet/acceptProposal	Undefined variable $letsMeet	163	163	2025-06-11 09:40:28	2025-06-11 09:40:28	\N
457	acceptProposal	163	https://meetxy.test4u.in/api/meet/acceptProposal	Undefined variable $letsMeet	163	163	2025-06-11 09:40:34	2025-06-11 09:40:34	\N
458	Get Event Owner View Exception	157	https://meetxy.test4u.in/api/events/details/owner	The event id field is required.	157	157	2025-06-12 10:50:07	2025-06-12 10:50:07	\N
459	Get Event Owner View Exception	157	https://meetxy.test4u.in/api/events/details/owner	The event id field is required.	157	157	2025-06-12 11:30:04	2025-06-12 11:30:04	\N
460	location_name	0	https://meetxy.test4u.in/api/update-user-location	Undefined array key 0	165	165	2025-06-13 06:12:10	2025-06-13 06:12:10	\N
461	location_name	0	https://meetxy.test4u.in/api/update-user-location	Undefined array key 0	165	165	2025-06-13 06:12:18	2025-06-13 06:12:18	\N
462	location_name	0	https://meetxy.test4u.in/api/update-user-location	Undefined array key 0	165	165	2025-06-13 06:12:27	2025-06-13 06:12:27	\N
463	location_name	0	https://meetxy.test4u.in/api/update-user-location	Undefined array key 0	165	165	2025-06-13 06:12:33	2025-06-13 06:12:33	\N
464	location_name	0	https://meetxy.test4u.in/api/update-user-location	Undefined array key 0	149	149	2025-06-16 05:36:27	2025-06-16 05:36:27	\N
465	location_name	0	https://meetxy.test4u.in/api/update-user-location	Undefined array key 0	157	157	2025-06-16 06:35:02	2025-06-16 06:35:02	\N
469	location_name	0	https://meetxy.test4u.in/api/update-user-location	Undefined array key 0	166	166	2025-06-17 07:05:46	2025-06-17 07:05:46	\N
470	location_name	0	https://meetxy.test4u.in/api/update-user-location	Undefined array key 0	166	166	2025-06-17 07:05:51	2025-06-17 07:05:51	\N
471	location_name	0	https://meetxy.test4u.in/api/update-user-location	Undefined array key 0	146	146	2025-06-17 07:05:54	2025-06-17 07:05:54	\N
472	event_details_admin	0	https://meetxy.test4u.in/admin/event-details/eyJpdiI6InlDZXpvNlZoNWZvSkMycll5ZUkwU0E9PSIsInZhbHVlIjoialQwd3NxdlhTMUJkdGhLU2J0TkxkQT09IiwibWFjIjoiZGRjNTcyNTZiZjZhNTg5M2I1YjYzYzMzNTg4ODcwZjIyNWVmNTQ5ODU1NTI4MWM2ZDVmODQwMWE2MzliZjY3MSIsInRhZyI6IiJ9	View [admin.events.details] not found.	37	37	2025-06-17 12:19:14	2025-06-17 12:19:14	37
473	event_details_admin	0	https://meetxy.test4u.in/admin/event-details/eyJpdiI6ImdvMVIwTEFWd0RocFQxN3NZNWp5OUE9PSIsInZhbHVlIjoiek5PdWx5QUlvYkkwaXd5YWIrTlJpZz09IiwibWFjIjoiODkwZmZiNGRkNTc3YTdlOGI0OTUxMDA5ZmQzMjdhM2Q2ODEwM2UyNmYwZjhlMWViYWYyYWNkNzczM2NhYWU5ZSIsInRhZyI6IiJ9	View [admin.event_details] not found.	37	37	2025-06-17 12:23:19	2025-06-17 12:23:19	37
474	event_details_admin	0	https://meetxy.test4u.in/admin/event-details/eyJpdiI6Ik1KbUVTVzc5VEVJY3gxcEh4ZGZxRnc9PSIsInZhbHVlIjoiRTJ0VUhtemtsZC9GaWxsTHFEQkdxQT09IiwibWFjIjoiYWU4ZDRhOTRmYmYyMjA2MDQ4MjdmODdkZmQ5YjEwMmViZmI0MGE1ODk1NTNhMTc3YmI4MGZkZGFiOWRkYjRjYyIsInRhZyI6IiJ9	View [admin.event_details] not found.	37	37	2025-06-17 12:23:21	2025-06-17 12:23:21	37
475	event_details_admin	0	https://meetxy.test4u.in/admin/event-details/eyJpdiI6ImNEVW1WUTNyS3NvaXZMQlR3ZFVKTUE9PSIsInZhbHVlIjoiQ3hJUHFrcmdKaXNYOUdBU3N4eDc4QT09IiwibWFjIjoiYjVmMjI4NDNkOTYyZWRlZmE0ZTNhMGY4OWY1MmU0NzFhOTI3MzRmZTY3MTBmZDA3NDRlMWZlYWJjOGEwOTNlMyIsInRhZyI6IiJ9	View [admin.event_details] not found.	37	37	2025-06-17 12:23:23	2025-06-17 12:23:23	37
476	event_details_admin	0	https://meetxy.test4u.in/admin/event-details/eyJpdiI6IklRR1BTYm5wWm5vUEtONFhKU3V1dFE9PSIsInZhbHVlIjoiMEZXM0I4b0VqcHRTVHVhSTRDYU9BZz09IiwibWFjIjoiY2E2YjViOTI3NTJlMzZkNjM0MTBiYmEzODRjODdiNTQ0OGJiNmYxYzBkZmQyZTFlZDZiNGU5NjcyNTk5OGRiNiIsInRhZyI6IiJ9	View [admin.event_details] not found.	37	37	2025-06-17 12:23:25	2025-06-17 12:23:25	37
477	event_details_admin	0	https://meetxy.test4u.in/admin/event-details/eyJpdiI6InlDZXpvNlZoNWZvSkMycll5ZUkwU0E9PSIsInZhbHVlIjoialQwd3NxdlhTMUJkdGhLU2J0TkxkQT09IiwibWFjIjoiZGRjNTcyNTZiZjZhNTg5M2I1YjYzYzMzNTg4ODcwZjIyNWVmNTQ5ODU1NTI4MWM2ZDVmODQwMWE2MzliZjY3MSIsInRhZyI6IiJ9	View [admin.event_details] not found.	37	37	2025-06-17 12:23:31	2025-06-17 12:23:31	37
478	location_name	0	https://meetxy.test4u.in/api/update-user-location	Undefined array key 0	167	167	2025-06-19 05:22:36	2025-06-19 05:22:36	\N
479	location_name	0	https://meetxy.test4u.in/api/update-user-location	Undefined array key 0	157	157	2025-06-19 11:12:14	2025-06-19 11:12:14	\N
480	location_name	0	https://meetxy.test4u.in/api/update-user-location	Undefined array key 0	149	149	2025-06-19 11:17:56	2025-06-19 11:17:56	\N
481	location_name	0	https://meetxy.test4u.in/api/update-user-location	Undefined array key 0	180	180	2025-06-20 09:25:59	2025-06-20 09:25:59	\N
482	location_name	0	https://meetxy.test4u.in/api/update-user-location	Undefined array key 0	180	180	2025-06-20 11:26:07	2025-06-20 11:26:07	\N
483	location_name	0	https://meetxy.test4u.in/api/update-user-location	Undefined array key 0	159	159	2025-06-20 12:14:40	2025-06-20 12:14:40	\N
484	location_name	0	https://meetxy.test4u.in/api/update-user-location	Undefined array key 0	159	159	2025-06-20 12:14:40	2025-06-20 12:14:40	\N
485	location_name	0	https://meetxy.test4u.in/api/update-user-location	Undefined array key 0	159	159	2025-06-20 12:14:41	2025-06-20 12:14:41	\N
\.


--
-- Data for Name: auto_chat_messages; Type: TABLE DATA; Schema: public; Owner: meetxy
--

COPY public.auto_chat_messages (id, message, flag, is_active, created_date, updated_date) FROM stdin;
\.


--
-- Data for Name: avatar_masters; Type: TABLE DATA; Schema: public; Owner: meetxy
--

COPY public.avatar_masters (id, name, image_name, image_url, is_active, created_date, updated_date, created_at, updated_at, sub_category_id) FROM stdin;
1	Tiger	Microsoft-Fluentui-Emoji-3d-Tiger-Face-3d.512.png	/storage/avatars/Microsoft-Fluentui-Emoji-3d-Tiger-Face-3d.512.png	t	2025-04-11 00:00:00	2025-04-11 00:00:00	2025-04-11 11:48:52	2025-04-17 09:04:33	1
2	Lion	ferocious-lion-indoors_23-2150813147.jpg	/storage/avatars/ferocious-lion-indoors_23-2150813147.jpg	t	2025-04-16 00:00:00	2025-04-16 00:00:00	2025-04-16 06:39:44	2025-04-17 09:04:33	1
4	Cat	medium-ai-generated-cute-cat-avatar-icon-clip-art-sticker-decoration-simple-background.jpg	/storage/avatars/medium-ai-generated-cute-cat-avatar-icon-clip-art-sticker-decoration-simple-background.jpg	t	2025-04-16 00:00:00	2025-04-16 00:00:00	2025-04-16 06:39:44	2025-04-17 09:04:33	1
5	Bear	grizzly-bear-animal-white-background_1308-65462.jpg	/storage/avatars/grizzly-bear-animal-white-background_1308-65462.jpg	t	2025-04-16 00:00:00	2025-04-16 00:00:00	2025-04-16 06:39:44	2025-04-17 09:04:33	1
3	Dove	holy-spirit-icon-clipart-avatar-logotype-isolated-illustration-vector.jpg	/storage/avatars/holy-spirit-icon-clipart-avatar-logotype-isolated-illustration-vector.jpg	t	2025-04-16 00:00:00	2025-04-16 00:00:00	2025-04-16 06:39:44	2025-04-17 09:04:33	1
6	Father	cute-cartoony-characters-hugging_23-2151012457.jpg	/storage/avatars/cute-cartoony-characters-hugging_23-2151012457.jpg	t	2025-04-17 00:00:00	2025-04-17 00:00:00	2025-04-17 09:04:33	2025-04-17 09:04:33	2
7	Mother	gm.jpg	/storage/avatars/gm.jpg	t	2025-04-17 00:00:00	2025-04-17 00:00:00	2025-04-17 09:04:33	2025-04-17 09:04:33	2
8	Gentleman	gentleman.jpg	/storage/avatars/gentleman.jpg	t	2025-04-17 00:00:00	2025-04-17 00:00:00	2025-04-17 09:04:33	2025-04-17 09:04:33	3
9	Lady	lady.jpg	/storage/avatars/lady.jpg	t	2025-04-17 00:00:00	2025-04-17 00:00:00	2025-04-17 09:04:33	2025-04-17 09:04:33	3
10	Cindrella	cindrella.jpg	/storage/avatars/cindrella.jpg	t	2025-04-17 00:00:00	2025-04-17 00:00:00	2025-04-17 09:04:33	2025-04-17 09:04:33	3
12	Grandfather	gf.jpeg	/storage/avatars/gf.jpeg	t	2025-04-17 00:00:00	2025-04-17 00:00:00	2025-04-17 09:04:33	2025-04-17 09:04:33	2
13	Grandmother	gm.jpg	/storage/avatars/gm.jpg	t	2025-04-17 00:00:00	2025-04-17 00:00:00	2025-04-17 09:04:33	2025-04-17 09:04:33	2
11	Vinay	vinay.png	/storage/avatars/vinay.png	f	2025-04-17 00:00:00	2025-06-04 10:05:49	2025-04-17 09:04:33	2025-06-04 10:05:49	3
14	Utfytyyyyyyytftfttfytyfyft	Utfytyyyyyyytftfttfytyfyft-4500-2025-Jun-04-10-10-23-am-5246.png	/storage/avatars/Utfytyyyyyyytftfttfytyfyft-4500-2025-Jun-04-10-10-23-am-5246.png	f	2025-06-04 10:09:30	2025-06-04 10:10:31	2025-06-04 10:09:30	2025-06-04 10:10:31	3
\.


--
-- Data for Name: blocked_user_audits; Type: TABLE DATA; Schema: public; Owner: meetxy
--

COPY public.blocked_user_audits (id, blocker_id, blocked_id, action, action_time) FROM stdin;
56	149	146	block	2025-05-30 05:37:06
57	149	146	unblock	2025-05-30 05:42:22
58	149	146	block	2025-05-30 05:47:14
59	149	146	unblock	2025-05-30 12:13:32
60	149	146	block	2025-06-03 05:22:23
61	149	146	unblock	2025-06-09 05:47:53
62	166	147	block	2025-06-12 11:27:19
63	180	162	block	2025-06-16 05:12:43
64	147	166	block	2025-06-17 05:16:06
65	166	147	unblock	2025-06-17 05:17:17
66	149	152	block	2025-06-18 06:40:31
67	149	152	unblock	2025-06-18 06:40:59
68	159	155	block	2025-06-20 05:12:18
69	159	157	block	2025-06-20 05:15:05
70	159	176	block	2025-06-20 05:16:25
71	159	155	unblock	2025-06-20 05:16:48
72	159	157	unblock	2025-06-20 05:16:54
73	159	176	unblock	2025-06-20 05:16:59
\.


--
-- Data for Name: blocked_users; Type: TABLE DATA; Schema: public; Owner: meetxy
--

COPY public.blocked_users (id, blocker_id, blocked_id, blocked_at, is_blocked, created_at, updated_at) FROM stdin;
33	149	146	2025-05-30 11:07:06	f	2025-05-30 05:37:06	2025-06-09 05:47:53
35	180	162	2025-06-16 10:42:44	t	2025-06-16 05:12:43	2025-06-16 05:12:43
36	147	166	2025-06-17 10:46:06	t	2025-06-17 05:16:06	2025-06-17 05:16:06
34	166	147	2025-06-12 16:57:19	f	2025-06-12 11:27:19	2025-06-17 05:17:17
37	149	152	2025-06-18 12:10:31	f	2025-06-18 06:40:31	2025-06-18 06:40:59
38	159	155	2025-06-20 10:42:19	f	2025-06-20 05:12:18	2025-06-20 05:16:48
39	159	157	2025-06-20 10:45:06	f	2025-06-20 05:15:05	2025-06-20 05:16:54
40	159	176	2025-06-20 10:46:26	f	2025-06-20 05:16:25	2025-06-20 05:16:59
\.


--
-- Data for Name: cache; Type: TABLE DATA; Schema: public; Owner: meetxy
--

COPY public.cache (key, value, expiration) FROM stdin;
\.


--
-- Data for Name: cache_locks; Type: TABLE DATA; Schema: public; Owner: meetxy
--

COPY public.cache_locks (key, owner, expiration) FROM stdin;
\.


--
-- Data for Name: categories; Type: TABLE DATA; Schema: public; Owner: meetxy
--

COPY public.categories (id, category_name, is_active, created_date, updated_date, "created_By", "updated_By", flag, created_at, updated_at) FROM stdin;
1	Avatar	t	2025-04-17 00:00:00	2025-04-17 00:00:00	\N	\N	2	\N	\N
3	English	t	2025-05-27 10:40:26	2025-05-27 10:40:26	37	37	1	2025-05-27 10:40:26	2025-05-27 10:40:26
2	French Native	f	2025-05-27 10:40:04	2025-05-27 10:40:17	37	37	1	2025-05-27 10:40:04	2025-05-27 10:44:48
4	French	t	2025-05-27 11:40:30	2025-05-27 11:40:30	37	37	1	2025-05-27 11:40:30	2025-05-27 11:40:30
5	Spanish	t	2025-05-27 11:41:26	2025-05-27 11:41:26	37	37	1	2025-05-27 11:41:26	2025-05-27 11:41:26
6	Hindi	t	2025-05-27 11:41:39	2025-05-27 11:41:39	37	37	1	2025-05-27 11:41:39	2025-05-27 11:41:39
7	Russian	t	2025-05-27 11:41:50	2025-05-27 11:41:50	37	37	1	2025-05-27 11:41:50	2025-05-27 11:41:50
8	Japanese	t	2025-05-27 11:41:59	2025-05-27 11:41:59	37	37	1	2025-05-27 11:41:59	2025-05-27 11:41:59
9	German	t	2025-05-27 11:42:14	2025-05-27 11:42:14	37	37	1	2025-05-27 11:42:14	2025-05-27 11:42:14
10	Turkish	t	2025-05-27 11:42:25	2025-05-27 11:42:25	37	37	1	2025-05-27 11:42:25	2025-05-27 11:42:25
11	Korean	t	2025-05-27 11:42:34	2025-05-27 11:42:34	37	37	1	2025-05-27 11:42:34	2025-05-27 11:42:34
12	Italian	t	2025-05-27 11:42:42	2025-05-27 11:42:42	37	37	1	2025-05-27 11:42:42	2025-05-27 11:42:42
13	Marathi	t	2025-06-02 10:19:41	2025-06-02 10:19:41	37	37	1	2025-06-02 10:19:41	2025-06-02 10:19:41
14	Malayalam	t	2025-06-02 10:21:01	2025-06-02 10:21:01	37	37	1	2025-06-02 10:21:01	2025-06-02 10:21:01
15	Kiwi	f	2025-06-02 11:03:48	2025-06-02 11:03:48	37	37	1	2025-06-02 11:03:48	2025-06-02 11:03:55
17	CHINESE	f	2025-06-16 10:51:18	2025-06-16 10:51:18	37	37	1	2025-06-16 10:51:18	2025-06-16 10:51:25
16	GERMAN	t	2025-06-05 10:01:16	2025-06-16 10:51:36	37	37	1	2025-06-05 10:01:16	2025-06-16 10:51:36
\.


--
-- Data for Name: chats; Type: TABLE DATA; Schema: public; Owner: meetxy
--

COPY public.chats (id, chat_id, user_one_id, user_two_id, started_date, created_at, updated_at) FROM stdin;
115	d4f1f765-297a-4b70-af67-96d01c9cd5bf	147	148	2025-05-29 12:14:21	2025-05-29 12:14:21	2025-05-29 12:14:21
116	16e025ed-20c9-4672-8cc5-c16f58a05134	149	152	2025-06-03 08:19:25	2025-06-03 08:19:25	2025-06-03 08:19:25
117	77583816-0ffc-4377-b57c-1e32ecb9ed11	147	154	2025-06-05 09:44:58	2025-06-05 09:44:58	2025-06-05 09:44:58
118	2b93dc71-3c59-460d-92bc-999924233067	155	156	2025-06-08 06:56:00	2025-06-08 06:56:00	2025-06-08 06:56:00
119	3add3cd9-727a-4f81-8377-819cfabc18a9	157	158	2025-06-09 05:51:03	2025-06-09 05:51:03	2025-06-09 05:51:03
120	c5360d45-8609-49c6-bfdb-580d7d7a61f6	157	149	2025-06-09 06:36:33	2025-06-09 06:36:33	2025-06-09 06:36:33
121	20671e69-5fb5-44be-8b17-8433ccc04836	159	157	2025-06-09 09:04:49	2025-06-09 09:04:49	2025-06-09 09:04:49
122	fdfd4576-f3c6-4473-843b-6b38a957e43f	159	158	2025-06-09 10:33:15	2025-06-09 10:33:15	2025-06-09 10:33:15
123	8f3ca579-2bea-491f-ad08-ca80c9cdbbe0	160	158	2025-06-09 10:58:02	2025-06-09 10:58:02	2025-06-09 10:58:02
124	a1c7367e-1ec0-4c27-980d-6e1252a2dc05	158	159	2025-06-10 05:50:27	2025-06-10 05:50:27	2025-06-10 05:50:27
125	cff2627c-a078-4d08-8896-67411ed3520d	158	159	2025-06-10 08:32:02	2025-06-10 08:32:02	2025-06-10 08:32:02
126	fe494299-091c-4774-82c4-b21a51d4c4f9	160	159	2025-06-10 09:04:24	2025-06-10 09:04:24	2025-06-10 09:04:24
127	e6d9acde-ad42-47f6-b805-98a79114acf1	160	159	2025-06-10 09:06:27	2025-06-10 09:06:27	2025-06-10 09:06:27
128	023e9464-5a54-4707-b747-cb03a7f822bd	146	152	2025-06-10 09:46:30	2025-06-10 09:46:30	2025-06-10 09:46:30
129	fab922cb-a0c6-4857-8e2d-ab040315568f	157	149	2025-06-10 11:41:28	2025-06-10 11:41:28	2025-06-10 11:41:28
130	8909f07c-e3ed-419a-b165-9f4c6bfb8981	158	160	2025-06-10 11:41:40	2025-06-10 11:41:40	2025-06-10 11:41:40
131	1e3b0030-b07d-4001-8d65-fb40c7215293	157	160	2025-06-10 11:41:45	2025-06-10 11:41:45	2025-06-10 11:41:45
132	11fed426-2f11-4253-bd18-3c948e924fad	147	162	2025-06-11 05:19:06	2025-06-11 05:19:06	2025-06-11 05:19:06
133	ede90bd3-2884-4d8c-886b-030269a5ce35	159	157	2025-06-11 06:16:32	2025-06-11 06:16:32	2025-06-11 06:16:32
134	dd39402d-eecd-4d97-8468-5071f28888b4	164	163	2025-06-11 06:17:08	2025-06-11 06:17:08	2025-06-11 06:17:08
135	33ace313-2800-48ed-84d9-9110fccb7e6b	157	159	2025-06-11 06:23:31	2025-06-11 06:23:31	2025-06-11 06:23:31
136	ed8cebad-c5a3-4e20-b064-11e878fcc3a7	159	157	2025-06-11 06:25:12	2025-06-11 06:25:12	2025-06-11 06:25:12
137	f8aa1f90-1d58-4789-b444-aab12499f71c	157	159	2025-06-11 06:26:42	2025-06-11 06:26:42	2025-06-11 06:26:42
138	ca3fbc88-ea79-433f-947e-edf64b358f5b	163	164	2025-06-11 06:36:37	2025-06-11 06:36:37	2025-06-11 06:36:37
139	9a232274-51b9-41d3-813e-c87a1c3a672d	159	157	2025-06-11 06:40:00	2025-06-11 06:40:00	2025-06-11 06:40:00
140	95b909ce-1c68-4086-a00f-98bbbb407a34	164	163	2025-06-11 06:40:45	2025-06-11 06:40:45	2025-06-11 06:40:45
141	484a6dfd-4491-4b43-a4d1-b750a6ca73e8	163	164	2025-06-11 06:45:30	2025-06-11 06:45:30	2025-06-11 06:45:30
142	3a62781c-b4ba-4ea2-801c-c5bd053b9db8	159	157	2025-06-11 06:48:05	2025-06-11 06:48:05	2025-06-11 06:48:05
143	ec247cb0-3be3-4291-9684-47d68d7a6e3d	157	159	2025-06-11 07:48:19	2025-06-11 07:48:19	2025-06-11 07:48:19
144	ed0d719b-2939-421c-8647-16a036665e8a	159	157	2025-06-11 07:59:59	2025-06-11 07:59:59	2025-06-11 07:59:59
145	60913464-1ebf-436e-a860-7dec994f2488	165	166	2025-06-11 09:04:22	2025-06-11 09:04:22	2025-06-11 09:04:22
146	28ad6aa2-23cf-4e80-a97b-6b7ee7b4fb09	166	165	2025-06-11 09:12:23	2025-06-11 09:12:23	2025-06-11 09:12:23
147	0e9d29a8-c860-4eff-8c69-8c11fa4b08c7	147	163	2025-06-11 09:35:20	2025-06-11 09:35:20	2025-06-11 09:35:20
148	c53cd513-355f-435b-b8df-b35a1cfbceac	163	147	2025-06-11 09:37:50	2025-06-11 09:37:50	2025-06-11 09:37:50
149	9075e8a0-b15e-4158-acce-9f3d07b8185c	159	157	2025-06-11 09:39:18	2025-06-11 09:39:18	2025-06-11 09:39:18
150	81df8571-81c1-4511-9e66-7af748b0f3f1	147	163	2025-06-11 09:43:03	2025-06-11 09:43:03	2025-06-11 09:43:03
151	0708a117-0a89-4d6a-a626-0d32717b1c4d	168	167	2025-06-12 06:24:18	2025-06-12 06:24:18	2025-06-12 06:24:18
152	2fcadc79-daa0-4030-a31a-89b17d526926	171	168	2025-06-12 08:28:56	2025-06-12 08:28:56	2025-06-12 08:28:56
153	40d2db79-cfb4-4dc9-91e0-4789557d2c3f	163	172	2025-06-12 08:59:04	2025-06-12 08:59:04	2025-06-12 08:59:04
154	9f27839e-a816-4c2a-bc52-c5ed7922587a	153	168	2025-06-12 09:13:27	2025-06-12 09:13:27	2025-06-12 09:13:27
155	f1d622cc-973f-4206-a2d4-549ad992dd86	167	153	2025-06-12 11:15:26	2025-06-12 11:15:26	2025-06-12 11:15:26
156	9ee03682-306a-46ee-8e13-2cfe52786383	171	153	2025-06-12 11:15:28	2025-06-12 11:15:28	2025-06-12 11:15:28
157	d9843e76-12bd-4bfe-b83a-e64608d6508b	174	163	2025-06-12 11:16:28	2025-06-12 11:16:28	2025-06-12 11:16:28
158	496fcc7b-e81a-4b0f-a5b7-1b6fa6e8b2e9	174	166	2025-06-12 11:23:04	2025-06-12 11:23:04	2025-06-12 11:23:04
159	8d2703e4-05f3-439b-8233-991ba7c367df	179	175	2025-06-13 08:32:03	2025-06-13 08:32:03	2025-06-13 08:32:03
160	d23eddbd-ba31-4c1e-99e5-2fb5e7d4bc15	180	147	2025-06-13 10:02:13	2025-06-13 10:02:13	2025-06-13 10:02:13
161	9de1ce29-ea04-479c-9866-0521e32a20e3	167	183	2025-06-13 11:41:04	2025-06-13 11:41:04	2025-06-13 11:41:04
162	9ed84507-5e47-46ea-9841-8c37074d7936	184	175	2025-06-13 12:55:36	2025-06-13 12:55:36	2025-06-13 12:55:36
163	b4bf45c1-c485-4317-b137-e8a92baf68dc	183	153	2025-06-16 11:23:31	2025-06-16 11:23:31	2025-06-16 11:23:31
164	51d1dac4-b57d-4e09-9909-55acc0003aa3	183	168	2025-06-16 11:24:12	2025-06-16 11:24:12	2025-06-16 11:24:12
165	a8b9e6e1-1e58-48a1-9327-21baddc78fcc	184	181	2025-06-16 11:43:12	2025-06-16 11:43:12	2025-06-16 11:43:12
166	17569294-585c-4e01-ad8f-e70f2619bed7	175	181	2025-06-16 11:47:27	2025-06-16 11:47:27	2025-06-16 11:47:27
167	daa17181-67a7-4256-9dcf-251072ab31b2	149	152	2025-06-18 06:28:36	2025-06-18 06:28:36	2025-06-18 06:28:36
168	1f3f5770-7324-491a-bd51-ef4ed0d756d8	171	167	2025-06-19 05:26:55	2025-06-19 05:26:55	2025-06-19 05:26:55
169	a830bb10-1165-4d6a-93cb-f74a41ed0953	150	180	2025-06-19 09:05:28	2025-06-19 09:05:28	2025-06-19 09:05:28
\.


--
-- Data for Name: checkin_details; Type: TABLE DATA; Schema: public; Owner: meetxy
--

COPY public.checkin_details (id, user_id, checkin_date, checkin_time, checkout_time, location, remarks, duration, notification_flag, lat_long, gplace_id, created_at, updated_at, venue_master_id, reminder_sent) FROM stdin;
147	147	2025-06-02	15:58:57	16:00:02	Chithram Spot (Infopark Selfie Point)	\N	1	f	10.011768351512162,76.36305693536997	ChIJE2J4BQANCDsRJlAnA2Lzqak	2025-06-02 10:28:58	2025-06-02 16:00:02	110	f
162	155	2025-06-08	12:18:25	12:22:02	Soccer Home Sports Hub Football & Cricket Turf	\N	3	f	9.02865673276241,76.85697868466377	ChIJIZsi1t91BjsRd7UAkbiKa1Y	2025-06-08 06:48:26	2025-06-08 12:22:02	124	f
148	149	2025-06-03	13:45:18	14:30:04	Sweet Peppers	\N	4	f	8.559209028554566,76.8779156729579	ChIJDZGb3_u-BTsRLee3iql0JqQ	2025-06-03 08:15:19	2025-06-03 14:30:05	111	f
149	146	2025-06-03	13:50:18	14:30:04	Sweet Peppers	\N	4	f	8.559209028554566,76.8779156729579	ChIJDZGb3_u-BTsRLee3iql0JqQ	2025-06-03 08:15:19	2025-06-03 14:30:06	110	f
150	147	2025-06-04	14:30:03	14:32:01	Kutty kada	\N	1	f	9.76722070219027,76.50149144232273	ChIJx304PTzXBzsR4YnBUmhHlHM	2025-06-04 09:00:03	2025-06-04 14:32:01	113	f
151	147	2025-06-05	15:27:37	09:57:58	Chithram Spot (Infopark Selfie Point)	\N	1	f	10.011817546922467,76.36315852403641	ChIJE2J4BQANCDsRJlAnA2Lzqak	2025-06-05 09:57:38	2025-06-05 09:57:58	110	f
153	147	2025-06-05	15:28:29	14:50:02	Wipro Technologies, Tower S3, Infopark Campus	\N	1	f	10.01120937,76.3647873	ChIJRxtvKQALCDsRFCVXaytPU2w	2025-06-05 09:58:30	2025-06-05 14:50:02	116	f
152	154	2025-06-05	15:28:05	15:30:02	Wipro Technologies, Tower S3, Infopark Campus	\N	1	f	10.011209372266011,76.3647872954607	ChIJRxtvKQALCDsRFCVXaytPU2w	2025-06-05 09:58:09	2025-06-05 15:30:02	116	f
154	155	2025-06-06	10:03:39	17:04:02	1600 Amphitheatre Pkwy	\N	1	f	37.42184961034261,-122.08431836217642	ChIJF4Yf2Ry7j4AR__1AkytDyAE	2025-06-06 17:03:40	2025-06-06 17:04:02	117	f
155	155	2025-06-06	10:04:52	17:05:01	1600 Amphitheatre Pkwy	\N	1	f	37.42184961,-122.08431836	ChIJF4Yf2Ry7j4AR__1AkytDyAE	2025-06-06 17:04:53	2025-06-06 17:05:02	117	f
156	155	2025-06-06	10:05:58	17:06:01	270, Akkulam Bridge	\N	5	f	8.515389254667488,76.8974894285202	ChIJu-X-Uxi8BTsR-RXpvjUikRc	2025-06-06 17:05:58	2025-06-06 17:06:02	118	f
157	155	2025-06-06	10:06:38	17:07:01	Ashan marakkar appacha	\N	5	f	8.584952726526359,76.85022588819265	ChIJPwWS4e-_BTsRsPTuyM57Qfw	2025-06-06 17:06:39	2025-06-06 17:07:01	119	f
158	155	2025-06-06	10:14:04	17:15:02	GV8W+5X	\N	5	f	8.515421417934418,76.89740158617496	EipHVjhXKzVYLCBUaGlydXZhbmFudGhhcHVyYW0sIEtlcmFsYSwgSW5kaWEiJjokCgoNR1oTBRUnntUtEAoaFAoSCUfNuwW4uwU7EcuBXFyrn0MV	2025-06-06 17:14:05	2025-06-06 17:15:02	120	f
159	155	2025-06-06	23:09:27	17:40:01	Kunnil Hypermarket Car Parking	\N	3	f	8.588744296851825,76.85844920575619	ChIJQ7pLKCO_BTsRiEG8i5Ma4LU	2025-06-06 17:39:28	2025-06-06 17:40:01	121	f
160	155	2025-06-06	23:12:03	17:43:01	The Park View by Favourite Homes	\N	3	f	8.5615321363943,76.87571089714766	ChIJB-EB3mC_BTsRwQIxPx3o0UY	2025-06-06 17:42:04	2025-06-06 17:43:01	122	f
161	156	2025-06-07	23:47:51	06:48:02	Sreesylam vilakkudy	\N	2	f	9.027792503182804,76.86270352452993	ChIJ8dCdBwB1BjsRwg-2HFN0biI	2025-06-08 06:47:52	2025-06-08 06:48:02	123	f
163	156	2025-06-07	23:49:32	06:50:02	പത്തനാപുരം ബ്ലോക്ക് ഹൗസിംഗ്	\N	4	f	9.024876623657047,76.84665754437447	ChIJu4YHsb10BjsR4oO7ux-_nvQ	2025-06-08 06:49:33	2025-06-08 06:50:02	125	f
164	156	2025-06-08	05:21:35	12:22:02	Kalinga Brothers - Arts & Sports Club	\N	4	f	9.030015986205335,76.86394304037094	ChIJdRoOcm91BjsRMVgMJtlqRbo	2025-06-08 12:21:35	2025-06-08 12:22:03	126	f
165	156	2025-06-08	05:24:51	12:25:01	Kalinga Brothers - Arts & Sports Club	\N	7	f	9.030032211124135,76.86392661184072	ChIJdRoOcm91BjsRMVgMJtlqRbo	2025-06-08 12:24:52	2025-06-08 12:25:01	126	f
166	156	2025-06-08	05:25:55	12:26:02	Kalinga Brothers - Arts & Sports Club	\N	7	f	9.030045124834492,76.86392661184072	ChIJdRoOcm91BjsRMVgMJtlqRbo	2025-06-08 12:25:56	2025-06-08 12:26:02	126	f
167	156	2025-06-08	05:29:30	12:30:02	Kalinga Brothers - Arts & Sports Club	\N	7	f	9.030048104921432,76.86397355049849	ChIJdRoOcm91BjsRMVgMJtlqRbo	2025-06-08 12:29:31	2025-06-08 12:30:02	126	f
168	156	2025-06-08	18:28:51	18:36:02	Kedaram	\N	7	f	9.023409072376186,76.8530747294426	ChIJiyDJRgB1BjsRBcvL-PRc70Y	2025-06-08 12:58:52	2025-06-08 18:36:02	127	f
169	155	2025-06-08	18:30:46	18:38:02	Bhavakala School of Dance	\N	7	f	9.029475265534748,76.85715269297361	ChIJayJbfJp0BjsRzSbmWCnI-zA	2025-06-08 13:00:47	2025-06-08 18:38:02	128	f
170	157	2025-06-09	10:48:11	10:54:02	TOT - Taste of Techies	\N	5	f	8.55990592924108,76.87772423028946	ChIJv7wl-eC_BTsR0HO3Dl3xMQ0	2025-06-09 05:19:02	2025-06-09 10:54:02	131	f
171	158	2025-06-09	11:28:46	11:32:01	Sweet Peppers	\N	3	f	8.559248482052812,76.87793511897326	ChIJDZGb3_u-BTsRLee3iql0JqQ	2025-06-09 05:59:37	2025-06-09 11:32:01	111	f
172	159	2025-06-09	14:34:28	14:38:01	Nelson Travel	\N	3	f	8.558669940849606,76.87672577798367	ChIJFSyK7hJNcUgRpQbgZf40FWE	2025-06-09 09:04:29	2025-06-09 14:38:01	134	f
173	160	2025-06-09	16:31:39	15:29:02	SE-Mentor Solutions (P) Ltd	\N	5	f	8.559001151651756,76.87796160578728	ChIJS3dwA_u-BTsRuEnqBxW2Kwg	2025-06-09 11:01:41	2025-06-09 15:29:02	136	f
174	159	2025-06-09	20:59:07	21:03:02	DREAMS STATIONARY & BAKERY	\N	3	f	8.613813389738745,76.8356453999877	ChIJdSxcxAXABTsRbwhHkdvsSMM	2025-06-09 15:29:09	2025-06-09 21:03:02	138	f
175	157	2025-06-09	21:00:10	21:04:01	Sree pollution testing center	\N	3	f	8.614134939085725,76.83659389615059	ChIJiUOxZlbBBTsR9-nrm9jZRak	2025-06-09 15:30:12	2025-06-09 21:04:01	139	f
176	158	2025-06-09	21:00:51	21:04:01	Noor Mahal	\N	3	f	8.613128521867944,76.83576241135597	ChIJzZKJdQDnBTsRN2YfP45X_78	2025-06-09 15:30:55	2025-06-09 21:04:01	140	f
177	158	2025-06-10	09:36:18	09:42:02	Tata Elxsi, NeyyarBuilding	\N	5	f	8.5590369582077,76.87845043838026	ChIJSS5ERH2_BTsRuXQxFVpw6FM	2025-06-10 04:07:10	2025-06-10 09:42:02	143	f
179	160	2025-06-10	14:35:18	14:40:02	Tata Elxsi, NeyyarBuilding	\N	4	f	8.558653032182296,76.87851581722498	ChIJSS5ERH2_BTsRuXQxFVpw6FM	2025-06-10 09:05:20	2025-06-10 14:40:02	143	f
182	146	2025-06-10	15:04:54	15:02:11	Chirakkal	\N	2	f	8.57865048727784,76.84089850634336	ChIJ25c2MnY9pDsR1dvrKdQeHdg	2025-06-10 09:34:54	2025-06-10 15:02:11	150	f
181	152	2025-06-10	15:03:33	15:06:02	Puthenthope Public Health Centre	\N	2	f	8.575499659960633,76.84290211647749	ChIJp9wBVs-_BTsR-2gqXkJdBUE	2025-06-10 09:33:34	2025-06-10 15:06:02	149	f
183	161	2025-06-10	15:14:53	15:19:01	Reemz Basket	\N	4	f	8.576189568723755,76.84366017580032	ChIJiRRTRAC_BTsR0JbycliWTVk	2025-06-10 09:44:54	2025-06-10 15:19:01	151	f
178	159	2025-06-10	09:40:54	09:45:02	Istanbul Rolls & Grills - Royale	\N	4	f	8.558278388969077,76.87700003385544	ChIJ93QfeVu_BTsR07n7Jq6Kabg	2025-06-10 04:10:57	2025-06-10 09:45:02	144	f
180	157	2025-06-10	14:46:59	09:46:56	KSUM, Ground Floor, IIITM-K Building, Technopark Rd, Technopark Campus, Thiruvananthapuram, Kerala 695581, India	\N	4	f	8.55820744,76.87907204	ChIJ9dRvyPu-BTsRrbStbJF8gac	2025-06-10 09:17:51	2025-06-10 09:46:56	146	f
184	157	2025-06-10	15:16:35	11:00:28	Kunnil Hypermarket Car Parking	\N	5	f	8.5887443,76.85844921	ChIJQ7pLKCO_BTsRiEG8i5Ma4LU	2025-06-10 09:47:27	2025-06-10 11:00:28	121	f
185	157	2025-06-10	16:33:22	11:07:09	Technopark Visitors Pass	\N	5	f	8.5582180481693,76.8770794942975	ChIJH0QKOBu_BTsRpnXXHj36wOk	2025-06-10 11:04:14	2025-06-10 11:07:09	154	f
186	157	2025-06-10	16:42:57	11:14:17	Istanbul Rolls & Grills - Royale	\N	5	f	8.55823296759871,76.87696885317564	ChIJ93QfeVu_BTsR07n7Jq6Kabg	2025-06-10 11:13:49	2025-06-10 11:14:17	144	f
187	157	2025-06-10	16:48:35	11:20:11	Central Bank of India Technopark branch	\N	5	f	8.558216721997766,76.87691286206245	ChIJV-A5cvm-BTsRshzMoylZ108	2025-06-10 11:19:27	2025-06-10 11:20:11	156	f
188	157	2025-06-10	16:55:38	11:26:59	Palnar Transmedia	\N	5	f	8.55900977174886,76.87824256718159	ChIJAQAAAAG_BTsRTTnoh9mmF_U	2025-06-10 11:26:29	2025-06-10 11:26:59	157	f
189	159	2025-06-10	17:38:58	12:09:05	Travel World	\N	4	f	8.559060829243123,76.87702350318432	ChIJC3J2bvm-BTsRvjoB1KrXdl0	2025-06-10 12:09:00	2025-06-10 12:09:05	159	f
191	146	2025-06-10	20:35:59	15:06:02	Bridgestone Select - Shalom Tyre and Auto Scan	\N	1	f	9.150980185377431,76.7282235994935	ChIJad_ONzITBjsR_38jo5DXvmg	2025-06-10 15:05:59	2025-06-10 15:06:02	161	f
190	159	2025-06-10	17:39:11	17:44:01	Supreme Bakers Technopark Franchise	\N	4	f	8.557348410196035,76.87674589455128	ChIJIc27mfm-BTsR6UOZTcxLj-0	2025-06-10 12:09:13	2025-06-10 17:44:01	160	f
192	159	2025-06-11	09:35:40	04:05:48	Noormahal Palace Hotel	\N	5	f	8.613120565989941,76.83580666780472	ChIJC_hSL1dlDjkR0oyqLEAK9f0	2025-06-11 04:05:43	2025-06-11 04:05:48	162	f
195	147	2025-06-11	10:49:35	05:19:44	Kutty kada	\N	1	f	9.767417960685618,76.50113202631474	ChIJx304PTzXBzsR4YnBUmhHlHM	2025-06-11 05:19:35	2025-06-11 05:19:44	113	f
197	164	2025-06-11	11:35:40	08:39:09	Kutty kada	\N	1	f	9.767492304309311,76.5009905397892	ChIJx304PTzXBzsR4YnBUmhHlHM	2025-06-11 06:05:40	2025-06-11 08:39:09	113	f
193	159	2025-06-11	09:36:03	09:42:02	DREAMS STATIONARY & BAKERY	\N	5	f	8.61381339,76.8356454	ChIJdSxcxAXABTsRbwhHkdvsSMM	2025-06-11 04:06:05	2025-06-11 09:42:02	138	f
194	162	2025-06-11	10:49:30	10:51:02	Kutty kada	\N	1	f	9.767581186219841,76.50130871683359	ChIJx304PTzXBzsR4YnBUmhHlHM	2025-06-11 05:19:30	2025-06-11 10:51:02	113	f
196	147	2025-06-11	10:49:49	10:51:02	Kutty kada	\N	1	f	9.76707895355107,76.5009493008256	ChIJx304PTzXBzsR4YnBUmhHlHM	2025-06-11 05:19:49	2025-06-11 10:51:03	113	f
198	157	2025-06-11	11:37:00	11:42:02	ASWATHY L	\N	5	f	8.614234387282032,76.84318039566278	ChIJgXQJOgDBBTsRpyqoJmpYiuo	2025-06-11 06:07:52	2025-06-11 11:42:02	163	f
199	163	2025-06-11	11:46:43	11:48:02	Kutty kada	\N	1	f	9.767581186219841,76.50130871683359	ChIJx304PTzXBzsR4YnBUmhHlHM	2025-06-11 06:16:43	2025-06-11 11:48:02	113	f
200	147	2025-06-12	09:53:33	09:55:01	Chithram Spot (Infopark Selfie Point)	\N	1	f	10.011665338279858,76.36312767863274	ChIJE2J4BQANCDsRJlAnA2Lzqak	2025-06-12 04:23:33	2025-06-12 09:55:01	110	f
202	168	2025-06-12	13:41:25	11:21:06	Suraksha Mitr	\N	1	f	8.50866508,76.96579993	ChIJq6qq6jS6BTsR7i9w4H6AtAg	2025-06-12 08:11:26	2025-06-12 11:21:06	166	f
205	171	2025-06-12	14:49:47	11:32:32	GUESTIFY LIVING. PAYING GUEST ACCOMMODATION for ladies	\N	1	f	8.508503600681417,76.96638230234385	ChIJz0sFdr27BTsRcw3Fn8_O5CM	2025-06-12 09:19:48	2025-06-12 11:32:32	170	f
208	168	2025-06-12	17:01:30	11:43:50	GUESTIFY LIVING. PAYING GUEST ACCOMMODATION for ladies	\N	1	f	8.5085036,76.9663823	ChIJz0sFdr27BTsRcw3Fn8_O5CM	2025-06-12 11:31:31	2025-06-12 11:43:50	170	f
201	167	2025-06-12	13:40:32	13:42:02	Suraksha Mitr	\N	1	f	8.508665083053437,76.96579992771149	ChIJq6qq6jS6BTsR7i9w4H6AtAg	2025-06-12 08:10:33	2025-06-12 13:42:02	166	f
203	172	2025-06-12	14:29:59	14:31:02	Wipro Fountains	\N	1	f	10.012015979340676,76.36231999844313	ChIJW2ZuIAANCDsRnVYTbiHZTqE	2025-06-12 08:59:59	2025-06-12 14:31:02	168	f
204	163	2025-06-12	14:30:07	14:32:02	Wipro Fountains	\N	1	f	10.011978339922912,76.36243097484112	ChIJW2ZuIAANCDsRnVYTbiHZTqE	2025-06-12 09:00:08	2025-06-12 14:32:02	168	f
206	174	2025-06-12	16:46:12	16:48:02	Wipro Fountains	\N	1	f	10.012015979340676,76.36231999844313	ChIJW2ZuIAANCDsRnVYTbiHZTqE	2025-06-12 11:16:12	2025-06-12 16:48:02	168	f
207	166	2025-06-12	16:52:51	16:54:02	Wipro Fountains	\N	1	f	10.011998150143326,76.36219225823879	ChIJW2ZuIAANCDsRnVYTbiHZTqE	2025-06-12 11:22:52	2025-06-12 16:54:02	168	f
209	171	2025-06-12	17:03:12	17:05:02	GUESTIFY LIVING. PAYING GUEST ACCOMMODATION for ladies	\N	1	f	8.5085036,76.9663823	ChIJz0sFdr27BTsRcw3Fn8_O5CM	2025-06-12 11:33:13	2025-06-12 17:05:02	170	f
210	168	2025-06-12	17:14:35	17:16:02	Suraksha Mitr	\N	1	f	8.50866508,76.96579993	ChIJq6qq6jS6BTsR7i9w4H6AtAg	2025-06-12 11:44:36	2025-06-12 17:16:02	166	f
213	179	2025-06-13	10:27:15	10:29:02	Carrer Serra del Lladre, 16	\N	1	f	41.26518071074619,1.928432174026966	ChIJ__-zowqCpBIRkaEjr329OCY	2025-06-13 08:27:16	2025-06-13 10:29:02	180	f
214	175	2025-06-13	10:34:56	10:36:01	Carrer Serra del Lladre, 12	\N	1	f	41.26538081063421,1.9283701479434967	ChIJiZzcvAqCpBIRJJJOyLvWooc	2025-06-13 08:34:58	2025-06-13 10:36:01	181	f
217	157	2025-06-13	06:01:30	11:03:01	DREAMS STATIONARY & BAKERY	\N	2	f	8.613826649511033,76.83560751378536	ChIJdSxcxAXABTsRbwhHkdvsSMM	2025-06-13 11:02:27	2025-06-13 11:03:01	138	f
218	157	2025-06-13	06:13:18	11:21:40	St Augustine's High School	\N	1	f	8.614552952828124,76.8359250202775	ChIJh-CUvwXABTsRsVHzRzMw_j8	2025-06-13 11:14:14	2025-06-13 11:21:40	137	f
219	157	2025-06-13	06:22:18	11:24:55	St Augustine's High School	\N	1	f	8.61454764892945,76.83589551597834	ChIJh-CUvwXABTsRsVHzRzMw_j8	2025-06-13 11:23:14	2025-06-13 11:24:55	137	f
211	155	2025-06-13	12:23:36	12:28:02	17, Kollam - Thirumangalam Rd	\N	4	f	9.028434880922342,76.85774847865105	ChIJ9SxKf5B0BjsRBeCFAU8KCi4	2025-06-13 06:53:37	2025-06-13 12:28:02	178	f
212	153	2025-06-13	13:15:56	13:17:02	Team Clean Care	\N	1	f	8.508551017483548,76.96443233639002	ChIJQ-N9cM-7BTsRYsUL0KaDGf0	2025-06-13 07:45:57	2025-06-13 13:17:02	179	f
216	147	2025-06-13	15:34:56	15:36:02	PWD OFFICE ROADS SECTION	\N	1	f	9.751719519763048,76.39549020677805	ChIJo5D1H815CDsRNfHbCQQTNPQ	2025-06-13 10:04:58	2025-06-13 15:36:03	183	f
220	157	2025-06-13	06:24:26	11:26:02	DREAMS STATIONARY & BAKERY	\N	1	f	8.61382963295973,76.83560818433762	ChIJdSxcxAXABTsRbwhHkdvsSMM	2025-06-13 11:25:22	2025-06-13 11:26:02	138	f
221	157	2025-06-13	11:35:52	11:37:01	St Augustine's High School	\N	1	f	8.614587759661319,76.83591395616531	ChIJh-CUvwXABTsRsVHzRzMw_j8	2025-06-13 11:36:48	2025-06-13 11:37:01	137	f
222	183	2025-06-13	17:07:59	11:38:05	Amrutha Bakery & Sweets	\N	1	f	8.51310996637272,76.97132661938667	ChIJIYwfnzG6BTsRx_B_xf4X19I	2025-06-13 11:38:00	2025-06-13 11:38:05	184	f
224	167	2025-06-13	17:09:05	11:55:14	ibaco	\N	1	f	8.512802921261878,76.97125855833292	ChIJnSSeu7m7BTsRFjcFTPud3LA	2025-06-13 11:39:07	2025-06-13 11:55:14	185	f
225	159	2025-06-13	12:28:05	12:34:29	Noormahal Palace Hotel	\N	4	f	8.613124875423884,76.83582242578268	ChIJC_hSL1dlDjkR0oyqLEAK9f0	2025-06-13 12:29:02	2025-06-13 12:34:29	162	f
227	159	2025-06-13	12:33:57	12:38:02	Aneesh Home	\N	4	f	8.612156909029347,76.83622509241104	ChIJo01pdwDBBTsRN2Luln8QRoc	2025-06-13 12:34:53	2025-06-13 12:38:02	142	f
228	175	2025-06-13	14:57:30	12:58:08	Carrer Serra del Lladre, 19	\N	1	f	41.265367705874425,1.9288666918873787	ChIJHyMxpQqCpBIRFmoHZdeEgwI	2025-06-13 12:57:31	2025-06-13 12:58:08	187	f
215	180	2025-06-13	15:34:34	15:36:02	Manappuram Finance Limited	\N	1	f	9.746826120601975,76.39508184045553	ChIJE5kWHgB5CDsRrWkjzfNsKvQ	2025-06-13 10:04:34	2025-06-13 15:36:02	182	f
223	183	2025-06-13	17:08:15	17:10:01	ibaco	\N	1	f	8.512805573920472,76.97124883532524	ChIJnSSeu7m7BTsRFjcFTPud3LA	2025-06-13 11:38:16	2025-06-13 17:10:01	185	f
226	160	2025-06-13	17:59:51	18:04:01	Sree pollution testing center	\N	4	f	8.61412333679446,76.83660730719566	ChIJiUOxZlbBBTsR9-nrm9jZRak	2025-06-13 12:29:52	2025-06-13 18:04:01	139	f
229	149	2025-06-15	18:38:50	13:24:55	Decathlon Sports - Trivandrum	\N	1	f	8.529137312652876,76.92879483103752	ChIJYaJABzy5BTsR0g-IRJAoa6Y	2025-06-15 13:08:52	2025-06-15 13:24:55	189	f
230	149	2025-06-15	18:55:13	14:24:02	Greena Stores	\N	2	f	8.529256677173056,76.9289068132639	ChIJa8u7RVe5BTsRyhW3nhO2aiA	2025-06-15 13:25:15	2025-06-15 14:24:02	190	f
232	159	2025-06-15	20:05:14	20:08:02	St Augustine's High School	\N	2	f	8.614607649278863,76.83586232364178	ChIJh-CUvwXABTsRsVHzRzMw_j8	2025-06-15 20:06:18	2025-06-15 20:08:02	137	f
231	185	2025-06-15	20:24:55	20:26:02	Kizakkekattil veedu	\N	1	f	8.593598326760725,76.88100893050432	ChIJPQ9WYAC_BTsRYhhebI8ouQo	2025-06-15 14:54:57	2025-06-15 20:26:02	191	f
233	159	2025-06-16	03:52:28	03:56:02	St Augustine's High School	\N	3	f	8.61449527292603,76.83587238192557	ChIJh-CUvwXABTsRsVHzRzMw_j8	2025-06-16 03:53:32	2025-06-16 03:56:02	137	f
237	149	2025-06-16	05:08:35	05:10:02	The Park View by Favourite Homes	\N	1	f	8.56153214,76.8757109	ChIJB-EB3mC_BTsRwQIxPx3o0UY	2025-06-16 05:08:37	2025-06-16 05:10:02	122	f
234	149	2025-06-16	04:12:35	04:28:39	TOT - Taste of Techies	\N	1	f	8.55990593,76.87772423	ChIJv7wl-eC_BTsR0HO3Dl3xMQ0	2025-06-16 04:12:38	2025-06-16 04:28:39	131	f
235	149	2025-06-16	04:29:20	04:31:02	Gayatri Building, B16,, Technopark Campus, Kazhakkoottam, Kerala 695581, India	\N	1	f	8.559316448153634,76.87790226191282	ChIJPzwhYPm-BTsRGQbYvf7Z6LI	2025-06-16 04:29:22	2025-06-16 04:31:02	135	f
236	149	2025-06-16	04:57:13	04:59:01	Gayatri Building, B16,, Technopark Campus, Kazhakkoottam, Kerala 695581, India	\N	1	f	8.559311806566658,76.87789186835289	ChIJPzwhYPm-BTsRGQbYvf7Z6LI	2025-06-16 04:57:16	2025-06-16 04:59:01	135	f
238	149	2025-06-16	05:22:35	05:24:02	Lightrains Technolabs Pvt Ltd	\N	1	f	8.55910160892518,76.87776580452919	ChIJj5GIg_u-BTsRdnpFtsl_fwo	2025-06-16 05:22:37	2025-06-16 05:24:02	192	f
239	149	2025-06-16	05:37:05	05:39:01	Braundrum	\N	1	f	8.559467631241729,76.87781441956758	ChIJXQ0Tvba_BTsRamg4RU4tbA4	2025-06-16 05:37:08	2025-06-16 05:39:01	193	f
240	157	2025-06-16	05:53:56	05:58:01	St Andrews Rd	\N	4	f	8.582482234686088,76.86335060745478	ChIJFeqz-7m_BTsRUciQPQiW9vw	2025-06-16 05:54:38	2025-06-16 05:58:01	194	f
241	149	2025-06-16	06:08:15	07:09:02	C9 Third Floor, Technopark Trivandrum, Gayatri Building, Technopark Campus, Thiruvananthapuram, Kerala 695581, India	\N	1	f	8.559167254257858,76.87766019254923	ChIJ_f-_Yfm-BTsRY3TXLXucUKM	2025-06-16 06:08:17	2025-06-16 07:09:02	133	f
242	157	2025-06-16	06:35:20	07:36:02	Site for MYS TECHNO HEIGHTS	\N	1	f	8.582316473788426,76.86189986765385	ChIJkS9PdAC_BTsRLpVCoVY50mk	2025-06-16 06:36:02	2025-06-16 07:36:02	195	f
243	159	2025-06-16	06:49:54	07:50:02	Azalea (The complete fashion)	\N	1	f	8.583209261128365,76.86214126646519	ChIJN2ymKSS_BTsRk9bAHc_al1g	2025-06-16 06:50:36	2025-06-16 07:50:02	196	f
245	149	2025-06-16	07:52:57	07:56:02	Waybeo Software Solutions Pvt Ltd	\N	1	f	8.5597026943011,76.87782414257526	ChIJWXa5kNW_BTsR8UrFphmuVPk	2025-06-16 07:53:00	2025-06-16 07:56:02	197	f
246	159	2025-06-16	07:54:27	08:55:02	Sivan chettiyar	\N	1	f	8.615903124114906,76.83219574391842	ChIJDY0kojTBBTsR_UdQhnzlFlQ	2025-06-16 07:55:08	2025-06-16 08:55:02	198	f
244	180	2025-06-16	12:41:25	13:42:02	Kutty kada	\N	1	f	9.76751279010492,76.50095198303461	ChIJx304PTzXBzsR4YnBUmhHlHM	2025-06-16 07:11:25	2025-06-16 13:42:02	113	f
247	181	2025-06-16	13:50:53	14:51:01	Carrer Serra del Lladre, 20	\N	1	f	41.26496624532396,1.9284841418266294	ChIJkbskoQqCpBIR3ePpIX4QrjY	2025-06-16 11:50:55	2025-06-16 14:51:01	201	f
248	175	2025-06-16	13:51:17	15:52:01	Carrer Serra del Lladre, 17	\N	2	f	41.2654889248022,1.9287523627281187	ChIJF4L9ugqCpBIRnhcWNYJS3IY	2025-06-16 11:51:18	2025-06-16 15:52:01	202	f
249	147	2025-06-17	05:40:36	06:41:02	2977+35P, Infopark Campus, Kochi, Kakkanad, Kerala 682030, India	\N	1	f	10.0126194,76.3629237	ChIJQ0TFeoIMCDsRxgQpVHxyjiw	2025-06-17 05:40:36	2025-06-17 06:41:02	169	f
250	159	2025-06-17	09:00:25	12:01:01	St Augustine's High School	\N	3	f	8.614551295359785,76.83580633252859	ChIJh-CUvwXABTsRsVHzRzMw_j8	2025-06-17 09:01:07	2025-06-17 12:01:01	137	f
251	160	2025-06-17	09:01:57	13:02:01	Aneesh Home	\N	4	f	8.612140665736531,76.836217045784	ChIJo01pdwDBBTsRN2Luln8QRoc	2025-06-17 09:02:00	2025-06-17 13:02:01	142	f
252	165	2025-06-18	04:26:04	05:27:02	S2	\N	1	f	10.012113709738319,76.3628152012825	ChIJE5OYJUUNCDsRKPmIuGdXXgk	2025-06-18 04:26:05	2025-06-18 05:27:02	213	f
253	157	2025-06-18	05:38:01	06:38:02	St Augustine's High School	\N	1	f	8.614554278802784,76.83584455400705	ChIJh-CUvwXABTsRsVHzRzMw_j8	2025-06-18 05:38:44	2025-06-18 06:38:02	137	f
254	165	2025-06-18	07:16:14	08:17:02	Chithram Spot (Infopark Selfie Point)	\N	1	f	10.011899759370028,76.36310622096062	ChIJE2J4BQANCDsRJlAnA2Lzqak	2025-06-18 07:16:14	2025-06-18 08:17:02	110	f
255	149	2025-06-18	07:55:27	08:56:01	Sweet Peppers	\N	1	f	8.55920903,76.87791567	ChIJDZGb3_u-BTsRLee3iql0JqQ	2025-06-18 08:47:29	2025-06-18 08:56:01	111	f
256	149	2025-06-18	09:28:15	10:01:36	Kizakkekattil veedu	\N	1	f	8.59359833,76.88100893	ChIJPQ9WYAC_BTsRYhhebI8ouQo	2025-06-18 09:28:17	2025-06-18 10:01:36	191	f
257	149	2025-06-18	10:02:07	11:03:02	Kizakkekattil veedu	\N	1	f	8.59359833,76.88100893	ChIJPQ9WYAC_BTsRYhhebI8ouQo	2025-06-18 10:02:09	2025-06-18 11:03:02	191	f
268	180	2025-06-19	09:05:41	10:06:02	Wipro Fountains	\N	1	f	10.011966783960446,76.36256843805313	ChIJW2ZuIAANCDsRnVYTbiHZTqE	2025-06-19 09:05:42	2025-06-19 10:06:02	168	t
258	149	2025-06-18	10:05:25	11:12:01	Kizakkekattil veedu	\N	1	f	8.59359833,76.88100893	ChIJPQ9WYAC_BTsRYhhebI8ouQo	2025-06-18 11:11:27	2025-06-18 11:12:01	191	f
269	150	2025-06-19	09:05:48	10:06:02	Wipro Fountains	\N	1	f	10.011855516529351,76.36240717023611	ChIJW2ZuIAANCDsRnVYTbiHZTqE	2025-06-19 09:05:50	2025-06-19 10:06:03	168	t
270	157	2025-06-19	09:08:52	10:09:02	St Augustine's High School	\N	1	f	8.61456025,76.8358754	ChIJh-CUvwXABTsRsVHzRzMw_j8	2025-06-19 09:09:37	2025-06-19 10:09:02	137	t
259	149	2025-06-18	10:25:09	11:26:02	Kizakkekattil veedu	\N	1	f	8.59359833,76.88100893	ChIJPQ9WYAC_BTsRYhhebI8ouQo	2025-06-18 11:23:11	2025-06-18 11:26:02	191	f
260	149	2025-06-18	10:40:11	11:41:01	Kizakkekattil veedu	\N	1	f	8.59359833,76.88100893	ChIJPQ9WYAC_BTsRYhhebI8ouQo	2025-06-18 11:28:13	2025-06-18 11:41:01	191	f
261	149	2025-06-19	04:40:39	05:41:02	Kizakkekattil veedu	\N	1	f	8.59359833,76.88100893	ChIJPQ9WYAC_BTsRYhhebI8ouQo	2025-06-19 05:17:41	2025-06-19 05:41:02	191	f
271	157	2025-06-19	10:21:09	11:22:01	St Augustine's High School	\N	1	f	8.614514831054738,76.83588311076164	ChIJh-CUvwXABTsRsVHzRzMw_j8	2025-06-19 10:21:54	2025-06-19 11:22:01	137	t
262	149	2025-06-19	05:20:21	06:21:01	Kizakkekattil veedu	\N	1	f	8.59359833,76.88100893	ChIJPQ9WYAC_BTsRYhhebI8ouQo	2025-06-19 06:07:23	2025-06-19 06:21:01	191	f
263	157	2025-06-19	06:37:41	07:38:02	Mangalapuram, Kerala, India	\N	1	f	8.624233,76.8485455	ChIJ5WwGpBTABTsRz78UIy2OvdA	2025-06-19 06:38:26	2025-06-19 07:38:02	175	t
264	149	2025-06-19	07:38:24	07:38:31	Kizakkekattil veedu	\N	2	f	8.59359833,76.88100893	ChIJPQ9WYAC_BTsRYhhebI8ouQo	2025-06-19 07:38:27	2025-06-19 07:38:31	191	f
272	157	2025-06-19	11:28:23	11:31:15	DREAMS STATIONARY & BAKERY	\N	1	f	8.61381339,76.8356454	ChIJdSxcxAXABTsRbwhHkdvsSMM	2025-06-19 11:29:08	2025-06-19 11:31:15	138	f
265	149	2025-06-19	06:50:06	07:51:02	Kizakkekattil veedu	\N	1	f	8.59359833,76.88100893	ChIJPQ9WYAC_BTsRYhhebI8ouQo	2025-06-19 07:39:09	2025-06-19 07:51:02	191	t
273	157	2025-06-19	11:34:46	11:35:44	St Augustine's High School	\N	1	f	8.61456025,76.8358754	ChIJh-CUvwXABTsRsVHzRzMw_j8	2025-06-19 11:35:31	2025-06-19 11:35:44	137	f
266	149	2025-06-19	07:18:08	08:19:02	Kizakkekattil veedu	\N	1	f	8.59359833,76.88100893	ChIJPQ9WYAC_BTsRYhhebI8ouQo	2025-06-19 08:09:10	2025-06-19 08:19:02	191	t
267	157	2025-06-19	08:46:41	09:08:21	Sree pollution testing center	\N	1	f	8.61413494,76.8365939	ChIJiUOxZlbBBTsR9-nrm9jZRak	2025-06-19 08:47:26	2025-06-19 09:08:21	139	f
280	157	2025-06-20	09:23:34	09:24:56	Mangalapuram, Kerala, India	\N	1	f	8.624233,76.8485455	ChIJ5WwGpBTABTsRz78UIy2OvdA	2025-06-20 09:24:15	2025-06-20 09:24:56	175	f
281	157	2025-06-20	09:27:50	09:31:46	St Augustine's High School	\N	1	f	8.61456025,76.8358754	ChIJh-CUvwXABTsRsVHzRzMw_j8	2025-06-20 09:28:31	2025-06-20 09:31:46	137	f
274	157	2025-06-19	11:36:21	12:37:02	St Augustine's High School	\N	1	f	8.61456025,76.8358754	ChIJh-CUvwXABTsRsVHzRzMw_j8	2025-06-19 11:37:06	2025-06-19 12:37:02	137	t
282	157	2025-06-20	09:36:30	09:37:45	St Augustine's High School	\N	1	f	8.61456025,76.8358754	ChIJh-CUvwXABTsRsVHzRzMw_j8	2025-06-20 09:37:12	2025-06-20 09:37:45	137	f
275	159	2025-06-19	12:09:30	13:10:01	St Augustine's High School	\N	1	f	8.61456025,76.8358754	ChIJh-CUvwXABTsRsVHzRzMw_j8	2025-06-19 12:10:15	2025-06-19 13:10:01	137	t
276	160	2025-06-19	12:13:02	13:13:02	DREAMS STATIONARY & BAKERY	\N	1	f	8.61389957825032,76.83567088097334	ChIJdSxcxAXABTsRbwhHkdvsSMM	2025-06-19 12:13:05	2025-06-19 13:13:02	138	t
277	159	2025-06-20	09:04:51	09:07:48	St Augustine's High School	\N	1	f	8.61456025,76.8358754	ChIJh-CUvwXABTsRsVHzRzMw_j8	2025-06-20 09:05:33	2025-06-20 09:07:48	137	f
278	159	2025-06-20	09:16:52	10:17:02	St Augustine's High School	\N	1	f	8.61456025,76.8358754	ChIJh-CUvwXABTsRsVHzRzMw_j8	2025-06-20 09:17:33	2025-06-20 10:17:02	137	t
279	180	2025-06-20	09:19:20	10:20:02	Kutty kada	\N	1	f	9.767097456873373,76.50118567049503	ChIJx304PTzXBzsR4YnBUmhHlHM	2025-06-20 09:19:20	2025-06-20 10:20:02	113	t
\.


--
-- Data for Name: connction_requests; Type: TABLE DATA; Schema: public; Owner: meetxy
--

COPY public.connction_requests (id, from_user_id, to_user_id, privacy_level, is_accept, created_date, updated_date, action_date, connection_type, is_rejected, rejected_at, status) FROM stdin;
318	147	149	1	f	2025-05-30 05:45:09	2025-05-30 05:45:09	2025-05-30 05:45:09	4	t	2025-05-30 05:46:22	2
319	150	147	1	f	2025-05-30 05:53:15	2025-05-30 05:53:15	2025-05-30 05:53:15	4	t	2025-05-30 05:53:24	2
342	157	158	1	f	2025-06-10 11:39:39	2025-06-18 10:57:44	2025-06-10 11:39:39	4	f	\N	5
322	147	154	2	t	2025-06-05 09:44:50	2025-06-05 09:44:50	2025-06-05 09:44:58	4	f	\N	1
324	156	155	2	f	2025-06-08 06:44:55	2025-06-08 06:44:55	2025-06-08 06:44:55	2	f	\N	0
325	155	156	2	t	2025-06-08 06:54:51	2025-06-08 06:54:51	2025-06-08 06:56:00	4	f	\N	1
323	156	155	2	t	2025-06-08 06:43:45	2025-06-08 06:43:45	2025-06-08 06:56:00	4	f	\N	1
326	155	156	2	t	2025-06-08 06:55:17	2025-06-08 06:55:17	2025-06-08 06:56:00	2	f	\N	7
327	158	149	1	f	2025-06-09 05:12:52	2025-06-09 05:12:52	2025-06-09 05:12:52	4	f	\N	0
363	166	165	2	t	2025-06-11 09:12:13	2025-06-11 09:12:13	2025-06-11 09:12:23	4	f	\N	1
328	157	158	2	t	2025-06-09 05:19:27	2025-06-10 05:44:29	2025-06-09 05:51:02	4	f	\N	6
331	159	158	2	t	2025-06-09 10:32:51	2025-06-10 05:44:39	2025-06-09 10:33:15	4	f	\N	6
332	160	158	2	t	2025-06-09 10:57:40	2025-06-10 05:44:50	2025-06-09 10:58:02	4	f	\N	6
334	158	159	2	t	2025-06-10 05:46:48	2025-06-10 08:29:40	2025-06-10 05:50:27	4	f	\N	6
348	164	163	2	t	2025-06-11 06:17:03	2025-06-11 06:36:02	2025-06-11 06:17:08	4	f	\N	6
336	160	159	2	t	2025-06-10 09:04:04	2025-06-10 09:04:57	2025-06-10 09:04:24	4	f	\N	6
337	159	160	1	f	2025-06-10 09:05:36	2025-06-10 09:05:36	2025-06-10 09:05:36	4	t	2025-06-10 09:06:09	2
338	160	159	2	t	2025-06-10 09:06:13	2025-06-10 09:06:13	2025-06-10 09:06:27	4	f	\N	1
341	161	146	1	f	2025-06-10 09:45:06	2025-06-10 09:45:06	2025-06-10 09:45:06	4	f	\N	0
352	163	164	2	t	2025-06-11 06:36:29	2025-06-11 06:38:41	2025-06-11 06:36:37	4	f	\N	6
339	146	152	2	t	2025-06-10 09:35:33	2025-06-10 09:50:06	2025-06-10 09:46:30	4	f	\N	6
340	152	146	2	t	2025-06-10 09:36:39	2025-06-10 09:50:06	2025-06-10 09:46:30	4	f	\N	6
329	157	149	2	t	2025-06-09 06:35:45	2025-06-10 11:38:23	2025-06-09 06:36:33	4	f	\N	6
333	158	160	2	t	2025-06-10 05:46:20	2025-06-10 05:46:20	2025-06-10 11:41:40	4	f	\N	1
344	157	160	2	t	2025-06-10 11:41:16	2025-06-10 11:42:26	2025-06-10 11:41:45	4	f	\N	6
345	159	160	1	f	2025-06-10 12:10:07	2025-06-10 12:10:07	2025-06-10 12:10:07	4	f	\N	0
335	158	159	2	t	2025-06-10 08:31:21	2025-06-11 04:46:35	2025-06-10 08:32:02	4	f	\N	6
317	147	148	2	t	2025-05-29 12:14:12	2025-06-11 05:17:59	2025-05-29 12:14:21	4	f	\N	6
347	147	162	2	t	2025-06-11 05:18:50	2025-06-11 05:51:56	2025-06-11 05:19:06	4	f	\N	6
364	147	163	2	t	2025-06-11 09:35:11	2025-06-11 09:36:40	2025-06-11 09:35:20	4	f	\N	6
354	164	163	2	t	2025-06-11 06:40:41	2025-06-11 06:45:02	2025-06-11 06:40:45	4	f	\N	6
366	163	147	2	t	2025-06-11 09:37:13	2025-06-11 09:41:03	2025-06-11 09:37:50	4	f	\N	6
343	157	149	2	t	2025-06-10 11:40:47	2025-06-11 07:59:13	2025-06-10 11:41:28	4	f	\N	6
355	163	164	2	t	2025-06-11 06:45:22	2025-06-11 08:48:03	2025-06-11 06:45:30	4	f	\N	6
359	164	163	1	f	2025-06-11 08:48:38	2025-06-11 08:48:38	2025-06-11 08:48:38	4	f	\N	0
368	147	163	2	t	2025-06-11 09:42:57	2025-06-11 09:42:57	2025-06-11 09:43:03	4	f	\N	1
360	165	166	2	t	2025-06-11 09:02:07	2025-06-11 09:05:05	2025-06-11 09:04:22	4	f	\N	6
361	166	165	1	f	2025-06-11 09:09:01	2025-06-11 09:09:36	2025-06-11 09:09:01	4	f	\N	5
362	166	165	1	f	2025-06-11 09:09:45	2025-06-11 09:09:45	2025-06-11 09:09:45	4	t	2025-06-11 09:10:03	2
369	160	157	1	f	2025-06-11 09:47:48	2025-06-11 09:47:48	2025-06-11 09:47:48	4	t	2025-06-11 09:48:01	2
370	147	162	1	f	2025-06-11 10:36:55	2025-06-11 10:36:55	2025-06-11 10:36:55	4	f	\N	0
349	157	159	2	f	2025-06-11 06:21:57	2025-06-11 06:23:42	2025-06-11 06:23:31	4	f	\N	3
374	168	167	2	t	2025-06-12 06:23:41	2025-06-12 06:23:41	2025-06-12 06:24:18	2	f	\N	7
388	168	153	3	f	2025-06-12 11:58:07	2025-06-12 11:58:07	2025-06-12 11:58:07	3	f	\N	0
383	163	172	2	t	2025-06-12 08:58:33	2025-06-12 08:58:33	2025-06-12 08:59:04	4	f	\N	1
375	153	168	2	t	2025-06-12 06:28:41	2025-06-12 06:28:41	2025-06-12 09:13:27	4	f	\N	1
382	168	171	3	f	2025-06-12 08:29:16	2025-06-12 09:13:44	2025-06-12 08:29:16	3	f	\N	9
379	171	167	2	f	2025-06-12 08:05:22	2025-06-12 09:14:21	2025-06-12 08:05:22	2	f	\N	9
381	171	153	2	f	2025-06-12 08:05:38	2025-06-12 09:14:26	2025-06-12 08:05:38	2	f	\N	9
384	174	150	2	f	2025-06-12 10:47:54	2025-06-12 10:47:54	2025-06-12 10:47:54	2	f	\N	0
371	167	153	2	t	2025-06-12 06:15:08	2025-06-12 06:15:08	2025-06-12 11:15:26	4	f	\N	1
372	167	153	2	t	2025-06-12 06:15:26	2025-06-12 06:15:26	2025-06-12 11:15:26	2	f	\N	7
380	171	153	2	t	2025-06-12 08:05:32	2025-06-12 08:05:32	2025-06-12 11:15:28	4	f	\N	1
385	174	163	2	t	2025-06-12 11:16:20	2025-06-12 11:16:20	2025-06-12 11:16:28	4	f	\N	1
387	174	166	2	t	2025-06-12 11:22:57	2025-06-12 11:22:57	2025-06-12 11:23:04	4	f	\N	1
376	171	168	2	t	2025-06-12 08:04:48	2025-06-12 11:55:56	2025-06-12 08:28:56	4	f	\N	6
377	171	168	2	t	2025-06-12 08:04:53	2025-06-12 11:55:56	2025-06-12 08:28:56	2	f	\N	6
389	179	175	2	t	2025-06-13 08:24:42	2025-06-13 08:24:42	2025-06-13 08:32:03	4	f	\N	1
390	157	176	1	f	2025-06-13 09:22:17	2025-06-13 09:22:17	2025-06-13 09:22:17	4	f	\N	0
391	158	176	1	f	2025-06-13 09:25:12	2025-06-13 09:25:12	2025-06-13 09:25:12	4	f	\N	0
394	180	147	2	f	2025-06-13 10:00:07	2025-06-13 10:00:22	2025-06-13 10:00:07	2	t	2025-06-13 10:00:22	8
378	171	167	2	t	2025-06-12 08:05:17	2025-06-12 08:05:17	2025-06-19 05:26:55	4	f	\N	1
321	149	152	2	f	2025-06-03 08:07:41	2025-06-03 08:07:41	2025-06-03 08:19:25	2	f	\N	3
386	168	167	3	t	2025-06-12 11:18:44	2025-06-19 06:07:55	2025-06-19 06:07:55	3	f	\N	7
373	168	167	3	t	2025-06-12 06:17:17	2025-06-19 06:07:55	2025-06-12 06:24:18	4	f	\N	1
350	159	157	2	f	2025-06-11 06:25:01	2025-06-11 06:25:44	2025-06-11 06:25:12	4	f	\N	3
393	180	147	1	f	2025-06-13 09:59:02	2025-06-13 09:59:02	2025-06-13 09:59:02	4	t	2025-06-13 10:00:16	2
432	182	149	1	f	2025-06-20 07:09:16	2025-06-20 07:10:53	2025-06-20 07:09:16	4	f	\N	5
433	182	149	1	f	2025-06-20 07:12:44	2025-06-20 07:12:44	2025-06-20 07:12:44	4	f	\N	0
434	162	180	1	f	2025-06-20 12:26:47	2025-06-20 12:26:47	2025-06-20 12:26:47	4	f	\N	0
395	180	147	2	t	2025-06-13 10:00:26	2025-06-13 10:06:12	2025-06-13 10:00:31	2	f	\N	6
396	180	147	3	t	2025-06-13 10:01:06	2025-06-13 10:06:12	2025-06-13 10:01:13	3	f	\N	6
397	180	147	3	t	2025-06-13 10:02:02	2025-06-13 10:06:12	2025-06-13 10:02:13	4	f	\N	6
398	147	180	3	f	2025-06-13 10:03:17	2025-06-13 10:06:12	2025-06-13 10:03:17	3	f	\N	6
399	147	180	1	f	2025-06-13 10:07:10	2025-06-13 10:07:10	2025-06-13 10:07:10	4	t	2025-06-13 10:07:54	2
400	147	180	1	f	2025-06-13 10:09:23	2025-06-13 10:09:23	2025-06-13 10:09:23	4	f	\N	0
401	148	180	1	f	2025-06-13 10:24:11	2025-06-13 10:25:02	2025-06-13 10:24:11	4	f	\N	5
402	180	173	1	f	2025-06-13 10:28:54	2025-06-13 10:28:54	2025-06-13 10:28:54	4	t	2025-06-13 10:29:11	2
403	180	173	2	t	2025-06-13 10:29:29	2025-06-13 10:29:40	2025-06-13 10:29:40	2	f	\N	7
404	180	173	3	t	2025-06-13 10:30:03	2025-06-13 10:30:09	2025-06-13 10:30:09	3	f	\N	7
405	173	180	1	f	2025-06-13 10:34:04	2025-06-13 10:34:04	2025-06-13 10:34:04	4	f	\N	0
406	180	173	1	f	2025-06-13 10:34:13	2025-06-13 10:34:37	2025-06-13 10:34:13	4	f	\N	5
407	167	183	2	t	2025-06-13 11:39:26	2025-06-13 11:39:26	2025-06-13 11:41:04	4	f	\N	1
408	152	146	1	f	2025-06-13 11:43:02	2025-06-13 11:43:02	2025-06-13 11:43:02	4	f	\N	0
412	184	179	1	f	2025-06-13 12:54:59	2025-06-13 12:54:59	2025-06-13 12:54:59	4	f	\N	0
411	184	175	2	t	2025-06-13 12:54:29	2025-06-13 12:54:29	2025-06-13 12:55:36	4	f	\N	1
413	149	182	1	f	2025-06-15 14:51:57	2025-06-15 14:51:57	2025-06-15 14:51:57	4	f	\N	0
414	183	171	1	f	2025-06-16 11:21:06	2025-06-16 11:21:06	2025-06-16 11:21:06	4	f	\N	0
417	183	186	1	f	2025-06-16 11:21:44	2025-06-16 11:21:44	2025-06-16 11:21:44	4	f	\N	0
416	183	153	2	t	2025-06-16 11:21:28	2025-06-16 11:21:28	2025-06-16 11:23:31	4	f	\N	1
415	183	168	2	t	2025-06-16 11:21:16	2025-06-16 11:21:16	2025-06-16 11:24:12	4	f	\N	1
418	171	168	1	f	2025-06-16 11:31:48	2025-06-16 11:31:48	2025-06-16 11:31:48	4	f	\N	0
410	184	181	2	t	2025-06-13 12:54:15	2025-06-13 12:54:15	2025-06-16 11:43:12	4	f	\N	1
420	181	175	2	t	2025-06-16 11:46:06	2025-06-16 11:46:27	2025-06-16 11:46:27	2	f	\N	7
421	181	175	3	t	2025-06-16 11:46:55	2025-06-16 11:47:12	2025-06-16 11:47:12	3	f	\N	7
422	175	181	2	t	2025-06-16 11:48:30	2025-06-16 11:49:07	2025-06-16 11:49:07	2	f	\N	7
419	175	181	2	t	2025-06-16 11:45:39	2025-06-16 11:49:07	2025-06-16 11:47:27	4	f	\N	1
424	149	155	1	f	2025-06-18 06:36:47	2025-06-18 06:36:47	2025-06-18 06:36:47	4	f	\N	0
320	149	152	1	f	2025-06-03 08:07:03	2025-06-03 08:07:03	2025-06-03 08:07:03	4	t	2025-06-13 11:23:36	3
423	149	152	2	f	2025-06-18 06:20:38	2025-06-18 06:20:38	2025-06-18 06:28:36	4	f	\N	3
425	157	155	1	f	2025-06-18 11:01:50	2025-06-18 11:01:50	2025-06-18 11:01:50	4	f	\N	0
426	149	185	1	f	2025-06-18 11:30:28	2025-06-18 11:30:28	2025-06-18 11:30:28	4	f	\N	0
409	183	167	3	t	2025-06-13 11:48:57	2025-06-19 06:08:01	2025-06-19 06:08:01	3	f	\N	7
427	148	180	1	f	2025-06-19 07:02:48	2025-06-19 07:18:00	2025-06-19 07:02:48	4	f	\N	5
428	157	158	1	f	2025-06-19 08:52:57	2025-06-19 08:52:57	2025-06-19 08:52:57	4	f	\N	0
429	150	180	2	t	2025-06-19 09:05:10	2025-06-19 09:05:10	2025-06-19 09:05:28	4	f	\N	1
430	182	149	1	f	2025-06-20 04:28:43	2025-06-20 04:37:18	2025-06-20 04:28:43	4	f	\N	5
431	182	149	1	f	2025-06-20 04:40:02	2025-06-20 04:49:53	2025-06-20 04:40:02	4	f	\N	5
351	157	159	2	f	2025-06-11 06:26:37	2025-06-11 06:26:53	2025-06-11 06:26:42	4	f	\N	3
330	159	157	2	f	2025-06-09 09:02:57	2025-06-10 06:43:42	2025-06-09 09:04:49	4	f	\N	3
365	159	157	1	f	2025-06-11 09:35:52	2025-06-11 09:35:52	2025-06-11 09:35:52	4	t	2025-06-11 09:36:02	3
346	159	157	2	f	2025-06-10 12:11:05	2025-06-11 06:21:20	2025-06-11 06:16:32	4	f	\N	3
353	159	157	2	f	2025-06-11 06:39:11	2025-06-11 06:47:27	2025-06-11 06:40:00	4	f	\N	3
356	159	157	2	f	2025-06-11 06:47:52	2025-06-11 07:45:29	2025-06-11 06:48:05	4	f	\N	3
357	157	159	2	f	2025-06-11 07:48:06	2025-06-11 07:49:57	2025-06-11 07:48:19	4	f	\N	3
358	159	157	2	f	2025-06-11 07:59:51	2025-06-11 08:00:59	2025-06-11 07:59:59	4	f	\N	3
392	159	157	3	f	2025-06-13 09:28:26	2025-06-13 09:29:12	2025-06-13 09:29:12	3	f	\N	3
367	159	157	3	f	2025-06-11 09:38:54	2025-06-13 09:29:12	2025-06-11 09:39:18	4	f	\N	3
\.


--
-- Data for Name: connection_audits; Type: TABLE DATA; Schema: public; Owner: meetxy
--

COPY public.connection_audits (id, active_connction_id, description, status, action_date) FROM stdin;
47	182	Blocked user	3	2025-06-18 06:40:31
48	183	Blocked user	3	2025-06-18 06:40:31
49	193	Blocked user	3	2025-06-20 05:15:05
50	192	Blocked user	3	2025-06-20 05:15:05
\.


--
-- Data for Name: country_masters; Type: TABLE DATA; Schema: public; Owner: meetxy
--

COPY public.country_masters (id, country_name, country_code, dial_code, is_active, created_at, updated_at) FROM stdin;
\.


--
-- Data for Name: device_tokens; Type: TABLE DATA; Schema: public; Owner: meetxy
--

COPY public.device_tokens (id, user_id, device_token, device_type, last_used_at, created_at, updated_at) FROM stdin;
51	146	eOmwoT1jQRy1zWIZIF8UYc:APA91bFA8u-2QbpQ0NDIG2wVkFTlP2CJj-P1Qg2wY8tH_cwyEqKa4qVLmgd6mX2JusHGOc9mzUOp23EQbZcleZzaYvL0B5ZYjbi8yYATVgCYzAIMybAEl_o	\N	2025-05-29 11:24:18	2025-05-29 11:24:18	2025-05-29 11:24:18
54	149	dI8nnQm9S42AQNHIncMuBR:APA91bHwHEkEZ3A7xFbAg3YIXEFY8ENAJV9RGfO9qtLyknZow9s1ALqxoJbocvGZBFhKpAJfF4ghwFx1mShKPmwynC4qWQsmhqZuUpoM1ZJXRIOtEzyDZZo	\N	2025-05-30 05:22:35	2025-05-30 05:08:52	2025-05-30 05:22:35
57	153	cZQNi2udSwix2oCQld6bLW:APA91bE7-R2x-0ZcKQgdt-hM5QgtjCpT7kdJhl_Q_yL9QE1JWQ_AORYKEfkVb-5XEQxM1QfpZbXHgVp6TJ2iZ7HPF4TCoXUy9N8qQ35MDC865lFi-4UmkuI	\N	2025-06-12 06:30:48	2025-06-04 06:58:49	2025-06-12 06:30:48
68	163	dIfa4wgzQNOKH1XMa9KSY-:APA91bEarY0XF_D_82wNVrumFEVFzCB1k0wdPCAgRAVgidXgYBbU5gEInzlZhMGO7P5c22pMcNIF2C7lfwdpdyoamDuL0RvLqDteJ8vluUKJNi9y_RevjHQ	\N	2025-06-11 08:11:27	2025-06-11 04:12:26	2025-06-11 08:11:27
53	154	f0W1tlgXQPWa7a_X_F83-0:APA91bHyEysLWo0X3YZYrniLtWa7uSZnEPs9Ayf2O1m8JyOEYgpj9vuEFx6ssZXU5mAi768nQA9kR94dbo4fEC9uMWh00_tMK-547Xb9pT52r685Nh7ROLI	\N	2025-06-05 10:06:33	2025-05-29 12:12:01	2025-06-05 10:06:33
77	152	e8lD4qPdTJul1bWEA9uqWw:APA91bHjDtgmdJqm5MqgCSXkxMo63xBfyQRFcOwRKSIkZZYi2IkQcQ6pBKmcXdyhM8_xEH6iUXGcelou5YN76Ij3XmrcvrGOGQuQlZdFQIPLk13UV5viAd0	\N	2025-06-13 11:26:31	2025-06-12 10:58:44	2025-06-13 11:26:31
64	160	c1aNwmsBRYabvgA_4dz_mU:APA91bEAw364Xxm1JIL24_GSAxYWdKHNV8zuDnyTUQaM9831daAGTZVb5cWfrvqU06C0rcJ3R2M2PXIHEq4sK_GmvLhEtiFjFDpjqNrdLJVfNFBJwBS2YQQ	\N	2025-06-09 11:26:16	2025-06-09 10:39:38	2025-06-09 11:26:16
62	159	duJtLqP4TKKo3C09sPZAgp:APA91bEx8TP-HHnBCGMw-i8YX5BG39jSM6p9kz8Kf7_4jcrPtRQg0_Z4WlprlGllS4W_4afxYn0aiayDLsWcSCpE8e7-T6mFVGsFj2TOrnDjVM3rmk_5YiQ	\N	2025-06-09 09:16:22	2025-06-09 09:02:15	2025-06-09 09:16:22
71	174	fZQJmnh1QNalCHoM09DFiX:APA91bEHf3-99LKtppf6vqJ7Uccg5WfYGF3ofShCsAHS_GtatS1byhqqSH9MNjgs4hRqCNk6QOYa_iNEb2uNi1sTB_9xevi-UQE3av1mifVt9dS4sGINhpo	\N	2025-06-12 11:58:59	2025-06-11 08:23:23	2025-06-12 11:58:59
74	152	fkWhwDEqSvCbvKSHKEFtVQ:APA91bEro-jSlUv-lN7TKJ2KkZDjzTDoTTbFQQifcukMEIpbuJl0KaFbhYXbj5ct39hbckdANAG3WGznD93S44izNVnYmwDTGODgwcWJ_uzpVjaKMgJuQyw	\N	2025-06-12 07:50:12	2025-06-12 06:32:52	2025-06-12 07:50:12
67	160	e4pbPbQmQe64krtfPXz7lF:APA91bEA40vqQHloUrUmqh5yLKc1pjw28JM5Zved1hR4ozXKTWaDZa3xuOPNKSgILAcjIGFP21C65ckygl1hcWwkvIMp8cn7T7_6kQLIZnP_VrSSEiGWuYQ	\N	2025-06-12 09:08:44	2025-06-10 12:07:03	2025-06-12 09:08:44
58	151	\N	\N	2025-06-04 10:19:41	2025-06-04 10:19:41	2025-06-04 10:19:41
59	155	eb2ovUBgSvaf7JoKiLW_wK:APA91bEcPiROHvkzDQhIzFPLVO__uvhSDIu8TfTlSEFzsq0FtgAGcM1wGMRowYi_GZzq43KCC4FVQY6i5KZ0-1IVv7vJLFtP6vhGOdUrJmiRN8iJ1vrT6FQ	\N	2025-06-05 17:10:34	2025-06-05 16:54:00	2025-06-05 17:10:34
86	157	fK1B3iqXQFiHc6BnmUJd82:APA91bHts-tCNd62O5jDLY0mk5ZNJDMKO-TiZDRln3DQdKGsUmCG4wPdOvySz2W0T9hr0TWFcP9hq8caWKLfj2S7-iRrm-v5G8psaFSmHQ7eMvLLJbU4qPI	\N	2025-06-19 08:06:33	2025-06-13 07:38:02	2025-06-19 08:06:33
90	173	ejkTHehJSYaIHkHxfvTaG8:APA91bEzye10t1bVdVIlrzf6pbpRz805fTmC_y-itKMEvAct-1Sj_mZstFPuz0bCyXD2vnk4mOnWG4w54PYc1zxbnnLQYSwDOejB8YMf2DZaFDLl-0z4yoc	\N	2025-06-13 10:40:11	2025-06-13 09:56:45	2025-06-13 10:40:11
63	159	daSQmt9qTwuhuGlban0rHN:APA91bF4NlEOYZ3y6GRVipP3330HH3Gg-i1z5Ymq0ytHjs1bnSf-dISFcGYkFa2WwfiDkQyTsI6uKJVXkDbZLxmP7ZFQJN_bkgSK9xlxgnsBM6t7fIW7b54	\N	2025-06-09 10:33:54	2025-06-09 09:38:19	2025-06-09 10:33:54
65	159	flk0H6XeQEGO5weIuOy0Ra:APA91bHvD6MfGXLXqSF-VnQTqcCO8vvvFS20f3LYIPAIxn_PtN1Ys3bBgqEBqL_TwKQLKe1aiLHUbSyhbmkp0W5XWQe2fiGyKFQb277nYpmguecFie6oeBk	\N	2025-06-10 05:58:02	2025-06-09 13:16:37	2025-06-10 05:58:02
70	164	fY4vBfZoTvuGIQybNWWbsa:APA91bEFX9Em6eq94gOWDhhZRA0gebkBi9_epsPM1VpzZEFRQsDe7680kRD3F-ITEZo-JAQ9gZVQHbGxNNBiv7Idq99QJs5FS-MhAJfHAbh5usDCjuW5XQ8	\N	2025-06-11 08:19:33	2025-06-11 06:03:23	2025-06-11 08:19:33
75	168	dUMb6KcGSmSaR7TcISyBvd:APA91bGRJ34WSIPuy1Ps1AQbN82f1GPpki6LytgQuj41-S0NdVWcQX05Aec5UQq0f4oROWIhcF-x3LYDIAqoujS6bHWFAJmV3_HQ-ZI54rJZVWwbGIsDBhI	\N	2025-06-20 09:05:13	2025-06-12 08:00:14	2025-06-20 09:05:13
81	176	e4rrm_L6S5G-nlseAC7krY:APA91bHA_W-D20CbGgQaLeqUGHUwUoE20KM_18w-p34UKBV91hUzJEazCZhxrFV6fjHwTfLFtSW4vwvYGXvY5dVCwW9xetSy3zxcfpwhr1cgvQrbqFJxEX4	\N	2025-06-13 06:59:43	2025-06-13 06:59:21	2025-06-13 06:59:43
60	155	null	\N	2025-06-17 00:05:12	2025-06-06 16:43:27	2025-06-17 00:05:12
61	157	ct0i8wKnT5m-nA7scXRZGH:APA91bEXmct4PdOAatkvdb5ADxjp3w8zzsPhpg6hupYUTsH-zwZWtOiuj5jDePTmPMA9FM2-Et8ssjY1dLS0eJO_-7ThSl63n-jJEYXTYHrafBlQaDjyaoc	\N	2025-06-13 06:34:48	2025-06-09 05:01:06	2025-06-13 06:34:48
72	166	f1i6_UbPScygejfsAtrdh5:APA91bF8UCLj52HwyugI0f2t12OCtPE0hJSnitsmVlFHfibiG7vQsyZyLXD0qSUtj43LphRb-NdP4HtiJq0b_1VTgTcKriQPJ9JgPWQyjr27ofHk6ett3JA	\N	2025-06-12 11:57:20	2025-06-11 08:39:12	2025-06-12 11:57:20
52	147	e3ygbVDdSui_Qmh9Ac2ymu:APA91bHdvzKGubLqxvmAq4kn-eetjPNx9X4CE8ASzDx7qvQ-AI22x3osG1ZI0xb2Iwh-QemRz0H2HQ6QWpPpjxuyUbvBTwSRUWF0oXfFqB4YfE8mJlyxfls	\N	2025-06-10 15:24:44	2025-05-29 11:28:42	2025-06-10 15:24:44
69	162	dRBpKyYDQQOzRNM1l6FPmz:APA91bFQrSTi8kU2UqAoI6DPLHAwwkxkFVOyG4EM4H64YA2cYyQXOpLxRNJPdAE19hr5q6H1Ub-KdoxwQjUFE4xpkseKMSmlNrqqnRKI8QPhOp4Q-kUF9as	\N	2025-06-11 05:51:16	2025-06-11 05:18:13	2025-06-11 05:51:16
78	157	e9e57eNQQ5uiI1x67MwWYq:APA91bGlVjRja9h3SePyM5BegJmrrfYlqMJwssqE5y1_--hFSTbmAJFLKONt_gd_E7rHBgSvhsaAm0li34-XJcXZbfpTu3ClVRuGp2SdCFu8xtbuvROGFR4	\N	2025-06-12 12:40:56	2025-06-12 12:39:03	2025-06-12 12:40:56
55	149	f5tNoN0BSGKItGypKBrnA5:APA91bE8aStuT0XEPPL0MHCCH3cIfQVltGZNWLnByoJqX4LA4MPnGdloubYnE1vHvF8tnyv_HS8aw7JLvYM8R3lZwmQQCvW6_5oByG_vTD109Oko-_AsHEA	\N	2025-06-10 11:41:03	2025-05-30 05:27:51	2025-06-10 11:41:03
66	160	crnfsSdPTDqkQOaGtR2CRf:APA91bGhJWcc2Jreka86l5sTAqwtVt4mmcySP7XWfxcgylRpgTWGR8U_Qq_8MTl6cvfHzQpPxLVsvqcGl9QqCyFDh4uJMSuHeuSBbcC7O8-G0LHGH0SeDxU	\N	2025-06-10 11:43:50	2025-06-10 08:11:01	2025-06-10 11:43:50
82	157	eBsprJTTQr-28dn-X_Eq8A:APA91bHXKlem9YlY-JCA0hPKkO-f7TPN7N50dTzrOnfeKLtD9SJEmE7Kag7EJpU4b7LdYgeYjWv01RVq2cNTEWXvDYCZjkTiLwn8u5xzFtMBxl7684KTqyQ	\N	2025-06-13 07:10:13	2025-06-13 07:03:52	2025-06-13 07:10:13
79	165	fH2dRk6mTp-gZE59S2-3qa:APA91bH0QIL0MO7JZOBS_UwWrNgRnE6RulupcjOy_GxApHmRXgZmoHbTvDHzyUnqKaOsLPs5RdiOkc59nF57bFMLvibVprs6DmDgani_qLdJ9KB2qNNBZww	\N	2025-06-13 07:11:15	2025-06-13 04:21:20	2025-06-13 07:11:15
80	157	eWxb3wuuRyqFenOA79Dwx6:APA91bH86uTZHWJ_xfjsHV6_l6FEMakjFrG8xuDU4Utv66z71oany8XH9UMe9Uqnkvv5c9gkswp0mO2RZ66k_dcVNoggaSI6yAyy5Ba1r_IXvffsbjq_ACo	\N	2025-06-13 05:52:35	2025-06-13 05:51:47	2025-06-13 05:52:35
56	146	dwfKVsc2S9W39P8W5IzQqD:APA91bHfH2QCi8vfkJAMhzDHHEof69oa7aE2qxqRlcwf-Y0t4Pj2YaDQ4-SiJT75NceOiv1Iff8qMo4ZjVv5JKDtLs_2qz_cWl3KV0psdnCD81LBkpKUDkw	\N	2025-06-11 04:39:22	2025-05-30 12:16:51	2025-06-11 04:39:22
83	165	ffZlnr2WRRGT28LFaMBgvq:APA91bF0UrV-lUuAxo4IA1dcaGOb5S7nWgctqnx6CXuhPBDEIYMAqPON7QTKkRSh4KMv1RHCkEUKPf-54V1OFgvuvZJ4cLUaFGlCzrjWbxdX7_e6lg4Ov70	\N	2025-06-13 07:25:38	2025-06-13 07:13:34	2025-06-13 07:25:38
84	158	c0-ARHXSS1GvaaZUmxIbO5:APA91bGlyvwSp_wXGdJKOXY2A4zcgfW2Bvp0QBFZlOVg4Xn23ASefk8C8U0YZChPLZbJJil_ayLzMRztOGDqrxlubsDFhccw_6M0YpMG54kNesRiFF3YLYY	\N	2025-06-13 07:31:53	2025-06-13 07:17:15	2025-06-13 07:31:53
76	175	dOX5kmzaRV6_9hlKuKLIFi:APA91bHC9okds-A5BCFD6L21MK0nmK2SHBSfecdzmqEP4iMHXUgRVZEiMQ8Ar9fwKN7t8vgy3jvGGEgVzIQjLlCGYtXg_VggGirooZchp2linukPYKK3k28	\N	2025-06-18 11:18:51	2025-06-12 10:58:23	2025-06-18 11:18:51
85	150	cP7Qd3T5S-yxlmd7EUcPa2:APA91bFi_apLvieWsufzS97Jk4OwCxpIUbs6CkV1r-GJwHLYU3stb5IIbrsE7xxZmN0eDGdpqRGV1JMBi6xmuvTI81y8kB4X-ajp891FRH1dXAOHrQwozEU	\N	2025-06-13 07:46:06	2025-06-13 07:28:24	2025-06-13 07:46:06
104	180	eWWoVhZXQxeyBMuC9QdPPP:APA91bH9HaJaaKW1tPgfxAXoNmjUTzaZIxm0IHz2dLUoBcZ2PlDUqM4vcqcZoKb2ooCLPqR14cCQHgjhPN3OmQDCfqcN_equzmRuQ7IkdjCaRF6KMgZU3d0	\N	2025-06-20 05:50:46	2025-06-19 06:07:36	2025-06-20 05:50:46
96	159	fQxYsGpWQC6qMoBmzEuY7c:APA91bFyK2EIdsTHTNItuOF-d2ZfgxChuN24_59D8DVPFqkA78yfH4_H5LzdtiySl-YTkCZaA09OcZIYIYRQGZo4L5v5FF3ufyTMNmRUxSrkAge2_jojgEo	\N	2025-06-16 12:47:39	2025-06-16 12:36:30	2025-06-16 12:47:39
109	157	fPiYPvJzQQK7-UlTNkBgeb:APA91bEF4rOWmGMcWVkkfHME_pH9-onam6TpoisTfh1cuwEaMbNd1vA5_fURu9a9AA_FMmRPHjr0T3c5wXraRc92zG_kRjAHCgr8GVSMGasqwNEBXx-cEIU	\N	2025-06-19 08:27:59	2025-06-19 08:24:34	2025-06-19 08:27:59
98	147	eIoLHWvPRy67eon2h1uTFS:APA91bGVapjdrv0_Q8qvMIK612W42PUVisaY9x06d1xAHWk55gBhWwRz9XAQ_hqxWlIogkP5e07so4bXOKEK0pFpseHGCWA_iXYxVWW-j6Qgt_nEWIy6n-4	\N	2025-06-17 05:55:06	2025-06-16 13:17:13	2025-06-17 05:55:06
108	159	cEue52MYRuuEDP8fNgVSOq:APA91bGXRhdNUzj9nFSJIduMaA5gGW2igBR-L6WVAoJ97G2w7mcey_sbQ8ge7DGm1lKWWmDl874EWk_IfbmaXDs23XK02N425rK2LdJjv76cKIsWhc5I0Lk	\N	2025-06-19 08:17:55	2025-06-19 08:14:50	2025-06-19 08:17:56
88	180	cmGSBGgrTuanYZy_k6BY--:APA91bEHEAA6KeE8RusKAUO1MpJc2OUNR1cSCuhm1vW4apRC3X1bJh4jrBo9iJorfWCA3UcQ3NnpPbeaErAYL12IGixknI0xlKZGzHExJdGmK5eh4ASnCps	\N	2025-06-16 07:27:17	2025-06-13 08:31:01	2025-06-16 07:27:17
93	152	dRV6EgBxQFyZpLup_HmWqv:APA91bGp69Rl_2nJCHeOOu_2xJQmnTdcjEwzcAoqfmuxO865gC3JlyIcBmrIHJ2I0BsilXbAuHmPMYVoV16UbFR4nviz3XAtLMmOjaJQic3E7EBe0qntaEU	\N	2025-06-16 18:53:27	2025-06-13 12:20:53	2025-06-16 18:53:27
97	160	e_LjhGDaQqO4CQpOeIdB8Q:APA91bEA54v7Xabb4-X_kHDpoNuQ1GXNYvVuljJnmCugkJpZLXV7eb-KhNgixoBLU4T1C9CMPocOMSWdICL0WR1PlHVs0qemBoINWGAocoWQjOqc_HLt18U	\N	2025-06-17 09:02:39	2025-06-16 12:49:34	2025-06-17 09:02:39
94	149	dmIEVS9rQY243i1J1mOs90:APA91bFfXvXpVLorcUTluXKX3Mkl7udo7WMBe35ENYfqzVHSKOh6qeVPa_ZoYgIrp7f2d_1N-1XtNdtnLEnLu3TXBLL53uUf_eTldP-Kijy2Dzn5iny8CXA	\N	2025-06-16 07:58:25	2025-06-16 04:11:14	2025-06-16 07:58:25
115	149	fECZE1P_S0iJ0G17hbEUth:APA91bEQlX2VQqBABN_ztijd2sBrKZy2fC6MQkIe3WHvj1B6k0IhtMwoY8SuPEadOEBQT2oEVaVD7QelxjSqXdq9domfrJE4W-2ktsFkF88vxUISkoaoYSg	\N	2025-06-20 10:09:11	2025-06-20 10:08:32	2025-06-20 10:09:11
87	160	eFMsHPPrSyOzT7B8vhsdah:APA91bE8xce26ikx4NlVbkAJX1Ez5dMVqhnDqT1dBVVtQea5P7fMB8IBMEyRMQsZwMmhNHfUxaPQGaxJK_VH4zYlN6-UFeBoMBNR2kszIyiKqFxp-7cletE	\N	2025-06-13 12:45:20	2025-06-13 07:44:13	2025-06-13 12:45:20
95	181	fuvnmHotRiGj5Ew4lZM8VL:APA91bFO1g0ZD9o3-1Rdcmeqwulf6qDE9_QyBXZMtwfL4VTuZBVqs1q-4i0QP7pQXZbjZZ2QnTZm8f7Rv8Lv1XEeUzPgZnztvwnLyfaJzTakqGw1UL2EVBE	\N	2025-06-17 07:51:28	2025-06-16 11:39:23	2025-06-17 07:51:28
102	165	dRdQuFy1S6mRPLlaZ3IHCh:APA91bE2KkG8w1ttjh_2rn_wI6zNXFGD3L7xOjlEn-aqNKsS2GIlzHxcNwhpPNTXfxY-irra3-3aqIdBs79-i_C-Vz5au7JChkL9sbGs3ZIMFYCLKoY1Ijs	\N	2025-06-18 11:12:36	2025-06-17 07:21:32	2025-06-18 11:12:36
91	185	f5tNoN0BSGKItGypKBrnA5:APA91bH6Av_kyhqzoja8j5XUCO1qJygc1_pie0ShoEf0DE9wOehqbtI9NEVo1tIv85YErWpX6Zu1JHp3617wGlYp7TAwMPhwTS8LVi6r4X3wpVh2M-6cRq8	\N	2025-06-15 14:54:11	2025-06-13 10:21:54	2025-06-15 14:54:11
92	152	cQH_U3ISRMqM5Q5sxcvtKB:APA91bEK3pANmdgBiTnNanw6cbR3T5YFX60kKLaj6VlhiggWeZTEQ1FiBDmOT7KfHABj0kgoTe5lpFoFy5ReRJhJBXT3ovGDh8R9xHvRS5lYxdxXSgQii8M	\N	2025-06-13 12:18:32	2025-06-13 11:28:16	2025-06-13 12:18:32
101	146	fLVjYlnGRrmjZQTYkvaRe5:APA91bGo1I9QMv2zJbsrLtJfPTOsiv5pyHzvWPFjellsktEiW7rvvxZtqLiROtARRt9qA3APSUGnFE6uyzYM4epE5L6ixetwC4XleY-EldZqGwP_bIeL5vE	\N	2025-06-19 13:05:41	2025-06-17 06:20:38	2025-06-19 13:05:41
89	181	feLNE3ezRFq_rGNvjjRAOX:APA91bH6U-MWhBdzKlrYedMj-QENADWs0Bxm5VW8v2-VNBjefp5vUFNBaJnDfR42hhwY25G_ojyU1zDb4IQDbOt-mQik_oc_akF1mX5qSiYBgoEFaEjuVow	\N	2025-06-19 07:03:27	2025-06-13 09:04:09	2025-06-19 07:03:27
99	166	frtYRIiLRZOGjdWixy_xhy:APA91bEmSK3nOlmwLeoQ4BbxFJtEaUXxJayCOtAJX5SuNdoLhmFwAjxUbUUaspL5x7592smn2no3a_KXyIKG6jykpDrI6Pgs15_WJO2Q0m7LO-zm7VWRatI	\N	2025-06-17 07:05:51	2025-06-17 05:15:43	2025-06-17 07:05:51
103	157	cmu_YND7TjWM4iUxDNK7yo:APA91bHk6zNv1vW76oJnBoj_kicFlmwhjYxeQSQLx6SH46XFuavF47M_dbIlXVmKg_7AN_3U2pQ9MvWz-hqkxGHeXRn930qR-87myIY4GY9hK7qNlEm8U2Q	\N	2025-06-17 11:03:37	2025-06-17 11:01:08	2025-06-17 11:03:37
107	151	dTGXOKPsTs6xRt0NkFBdew:APA91bFsF79S_gfPiLWpnIb8TxQfoT1eSQ5lqyp5PfJx2M0Yk9DclwxBJyPa_N67T1Tto0SarASeUOD-JrFHSXZH8QdASci26QYga589HuGzg9MOUHWMUP4	\N	2025-06-19 07:16:49	2025-06-19 07:16:49	2025-06-19 07:16:49
114	180	e658PYKUTfO6jf7PCjvFdT:APA91bHggn8T5rbVa-XvAvCqZQTgXjH8jO_Juk44UQjkM7V7iy2ekJ-UQyLAG2Z3_DvDrxBsBh5B3pN1DVIwFfSwHg9Mwas3uiK6Efv9X5HU0_bW3yr7ZVo	\N	2025-06-20 09:26:16	2025-06-20 09:16:31	2025-06-20 09:26:16
106	150	ewn7MZL0TpK_xtBPX4SwVg:APA91bF_8J9UrwvNnM94TTWJXZpNHZxFQBxCD8nAIsDc61sX0uq14_8_7SpcTDgeWa6SX5NWlxzp41w8CPw_uT298JBXLUHU-Nt_Ykn9IA4131KBL54gyrw	\N	2025-06-19 10:32:32	2025-06-19 06:44:33	2025-06-19 10:32:32
105	160	fVmI-LDKTBSs_NZ1Fj9TAe:APA91bGJQWwu3ENDZmM_pQoNSr_bLOt5H8S2z3X9BO-ty88WReYKeCiLnl_prnOpmctqww-YaEoz19rGNjq8cH3u0Zlfd37vCHraCBFv75dEt2uZLYg1mpA	\N	2025-06-19 12:35:15	2025-06-19 06:30:08	2025-06-19 12:35:15
113	158	fjSMw8sZQmehiW1d23IVkR:APA91bGKe0Z0SEkNfOoJaE8PgxVgT1dVcfFiOdrwoLqG4E680CC1Nw8mHDyuevAqzIZK9akIN1f3R735MQMmApABZsZiW18OYXZ5jtyihHvxbbCSmFMV7Mw	\N	2025-06-20 08:47:49	2025-06-20 08:31:48	2025-06-20 08:47:49
111	157	eRPfdQR_RhmOlgapkrueeG:APA91bH8uSuvfMAvDNtCVK_tJMoUfklo_E2KONDFGFnzAgj48o42EWT71VAeRmtu8SWtVwrlCDZED1XRtizETaNtjRUYVoHK_YlncCOkcMs94tX9VybTbcQ	\N	2025-06-20 06:00:24	2025-06-20 05:54:40	2025-06-20 06:00:24
112	180	dFz1hJ5GQoCEadyRYlTIpp:APA91bH5_0YT1fAfmu4FSWFxCOr5CTfDho2XSZVjBR3Qfo4_ezt6u-tywkK1a2HxfXOz9rOWK9vzCnmSdnaaK6Hl0OKk4QYMG2_ZWOK6omlUg3amY3OnGOA	\N	2025-06-20 07:56:20	2025-06-20 06:01:14	2025-06-20 07:56:20
100	149	fpXZYLlgSKejcG6uP6JcSN:APA91bHvb4ORkkhC6xDitl99op-5l04QMKlzm9j_HOPygbycLi2ag_Csaa9GT1Ua-clTn_cAVhNILdXkbM_qW2Y5J2ZC2hKlQduj7tVxWfINnR7OUG8Biuo	\N	2025-06-20 09:25:22	2025-06-17 06:10:27	2025-06-20 09:25:22
117	162	cd9nOQPUSBGmbp3Cx9bE7m:APA91bHS_LNXk-hf0EUcTPuCNsn90GwRyx3SFtUfN_ClIkafCyArGQ2K4YkNBRDrB1VXh6bDGVP53gtRKZyO2jmW1HbWcbU2bTG_mFcgL-DpWqCKBgNcT4g	\N	2025-06-20 12:26:32	2025-06-20 12:03:00	2025-06-20 12:26:32
116	180	euGINWQlTDyZNH7ZP2nqg7:APA91bEaBWK4uZ_5hj7WVMlHderBX73styAd2IH6cW-S1dB7PnvlD0Z0wekP-Wj1yx-bQJzhXX0VpmE9g4T1fGffNLcsJgo9P1asOtTIijAORsCIEP_H3fo	\N	2025-06-20 12:27:34	2025-06-20 10:11:10	2025-06-20 12:27:34
110	159	cI8xrRK4QD-k_ytMNIPJDn:APA91bFPU6JJZnlPsezC9UbAcIKCLWCx4YJ-wr7GfjvLc_YtpB9FeWv5iHPKkSDRbgA1sZ0nRFGGNrqElbPGwOfB32W3lx200ki8x2bGlRxPQGOacTY2N8g	\N	2025-06-20 12:39:34	2025-06-19 08:31:02	2025-06-20 12:39:35
\.


--
-- Data for Name: event_attendees; Type: TABLE DATA; Schema: public; Owner: meetxy
--

COPY public.event_attendees (id, event_id, user_id, status, approval_status, rejection_reason, approved_by, is_active, created_at, updated_at, networking_type) FROM stdin;
1	5	149	1	3	check	\N	t	2025-06-12 10:45:32	2025-06-13 07:05:28	Through live
2	11	155	1	1	\N	\N	t	2025-06-15 14:00:37	2025-06-15 14:00:37	\N
4	5	155	1	1	\N	\N	t	2025-06-15 14:08:18	2025-06-15 14:08:18	online mode available
5	20	157	2	2	\N	\N	t	2025-06-16 06:42:21	2025-06-16 06:42:21	abcd
6	17	157	2	2	\N	\N	t	2025-06-16 06:42:54	2025-06-16 06:42:54	\N
7	21	157	2	2	\N	\N	t	2025-06-16 06:44:53	2025-06-16 06:44:53	\N
8	21	158	2	2	\N	\N	t	2025-06-16 06:48:39	2025-06-16 06:48:39	Abc
12	22	157	1	2	\N	\N	t	2025-06-16 09:17:38	2025-06-16 09:34:29	sedd
14	17	147	2	2	\N	\N	t	2025-06-16 13:24:37	2025-06-16 13:24:37	Near the park
15	26	152	1	1	\N	\N	t	2025-06-16 13:34:38	2025-06-16 13:34:38	\N
17	27	147	2	2	\N	\N	t	2025-06-16 13:43:53	2025-06-16 13:43:53	near the area
18	30	152	1	2	\N	\N	t	2025-06-16 18:06:04	2025-06-16 18:16:33	carnatic
20	23	155	1	1	\N	\N	t	2025-06-16 19:37:49	2025-06-16 19:37:49	Networking
21	31	146	2	2	\N	\N	t	2025-06-17 06:21:02	2025-06-17 06:21:02	Offline mode
22	28	146	1	1	\N	\N	t	2025-06-17 06:58:35	2025-06-17 06:58:35	let's meet
28	28	183	1	1	\N	\N	t	2025-06-19 06:04:44	2025-06-19 06:04:44	\N
29	28	171	1	1	\N	\N	t	2025-06-19 06:06:22	2025-06-19 06:06:22	\N
30	25	157	1	1	\N	\N	t	2025-06-19 10:16:39	2025-06-19 10:16:39	\N
31	31	157	2	2	\N	\N	t	2025-06-19 10:17:02	2025-06-19 10:17:02	\N
32	43	150	2	2	\N	\N	t	2025-06-20 12:04:13	2025-06-20 12:04:13	\N
33	35	150	1	2	\N	\N	t	2025-06-20 12:04:48	2025-06-20 12:05:03	\N
34	53	150	1	2	\N	\N	t	2025-06-20 12:12:02	2025-06-20 12:12:22	\N
\.


--
-- Data for Name: event_categories; Type: TABLE DATA; Schema: public; Owner: meetxy
--

COPY public.event_categories (id, name, is_active, created_at, updated_at) FROM stdin;
1	Conference	t	2025-06-09 08:51:15	2025-06-09 08:51:15
2	Workshop	t	2025-06-09 08:51:15	2025-06-09 08:51:15
3	Seminar	t	2025-06-09 08:51:15	2025-06-09 08:51:15
4	Meetup	t	2025-06-09 08:51:15	2025-06-09 08:51:15
5	Webinar	t	2025-06-09 08:51:15	2025-06-09 08:51:15
6	eventss	f	2025-06-11 12:36:55	2025-06-11 12:37:30
7	events	f	2025-06-11 12:37:02	2025-06-11 12:37:34
\.


--
-- Data for Name: events; Type: TABLE DATA; Schema: public; Owner: meetxy
--

COPY public.events (id, title, description, event_category_id, target_group_id, networking_types, venu_master_id, created_by, updated_by, is_owner, is_active, created_at, updated_at, start_datetime, end_datetime, event_image_path, attendance_type) FROM stdin;
5	Kerala Livestock Meet 2025	Join the largest livestock expo in Kerala featuring breeders, industry experts, and technology demonstration. Free entry for all attendees.	3	3	["Through live","online mode available"]	133	157	157	f	t	2025-06-12 09:52:22	2025-06-12 09:52:22	2025-06-18 15:00:00	2025-06-18 18:00:00	event_images/20250612_095222_Kerala_Livestock_Meet_2025.png	rsvp
6	Onam Celebration 2025	Free entry for all attendees.	4	4	["Through live"]	146	157	157	f	t	2025-06-12 09:58:36	2025-06-12 09:58:36	2025-06-16 10:00:00	2025-06-16 18:00:00	event_images/20250612_095836_Onam_Celebration_2025.png	rsvp
11	Cloud meetup	free of cost to join.	4	4	\N	135	157	157	f	t	2025-06-12 10:42:33	2025-06-12 10:42:33	2025-06-15 16:00:00	2025-06-15 19:00:00	event_images/20250612_104233_Cloud_meetup.png	rsvp
17	Science exhibition	science exhibition	5	2	["Near the park"]	176	165	165	f	t	2025-06-13 04:52:55	2025-06-13 04:52:55	2025-06-14 16:17:00	2025-06-17 18:17:00	event_images/20250613_045254_Science_exhibition.png	attended
19	birthday function	welcome all to grand birthday	4	3	["test data for networking"]	178	155	155	f	t	2025-06-13 15:08:12	2025-06-13 15:08:12	2025-06-14 20:37:00	2025-06-14 22:37:00	event_images/20250613_150812_birthday_function.jpg	attended
20	New year party celebration 2026	Hai guys am inviting all of you guys to wonderful celebration for the new year occasion in next year	4	4	["abcd"]	188	155	155	f	t	2025-06-13 17:35:34	2025-06-13 17:35:34	2025-06-14 23:05:00	2025-06-28 01:05:00	event_images/20250613_173534_New_year_party_celebration_2026.jpg	attended
21	Tech show	Inviting all the techie's for celebrating the tech events.	4	2	["Abc"]	145	159	159	f	t	2025-06-16 05:25:45	2025-06-16 05:25:45	2025-06-17 11:00:00	2025-06-17 13:00:00	event_images/20250616_052545_Tech_show.png	attended
22	Google event	Conducting a large meetup for all the entrepreneurs and techies for tech fest. Free entry for every one.	4	2	["addf","sedd"]	199	159	159	f	t	2025-06-16 09:16:05	2025-06-16 09:16:05	2025-06-16 15:00:00	2025-06-16 17:00:00	event_images/20250616_091605_Google_event.png	rsvp
23	Bookfair	book fair	2	1	["Book lover","Book publisher","Book Author","Networking","For ideas"]	200	171	171	f	t	2025-06-16 11:29:53	2025-06-16 11:29:53	2025-06-17 17:00:00	2025-06-17 19:00:00	event_images/20250616_112953_Bookfair.jpg	rsvp
24	YouTube event	welcoming all the youtubers to participate in this event	4	4	["abc"]	203	160	160	f	t	2025-06-16 12:41:26	2025-06-16 12:41:26	2025-06-17 12:00:00	2025-06-17 14:00:00	event_images/20250616_124126_YouTube_event.jpg	attended
25	Science exhibition	science exhibition	4	3	["gsbsb"]	204	147	147	f	t	2025-06-16 13:21:14	2025-06-16 13:21:14	2025-06-18 06:47:00	2025-06-28 08:47:00	event_images/20250616_132114_Science_exhibition.jpg	rsvp
26	music event	Sing with legends.	4	1	["Music","karnatic","Tarditional","Hindustani"]	151	152	152	f	t	2025-06-16 13:34:10	2025-06-16 13:34:10	2025-06-18 18:00:00	2025-06-18 22:00:00	event_images/20250616_133410_music_event.jpg	rsvp
27	Food exhibition	Food exhibition is occurring here	4	5	["near the area"]	205	147	147	f	t	2025-06-16 13:42:19	2025-06-16 13:42:19	2025-06-20 19:07:00	2025-06-20 21:07:00	event_images/20250616_134219_Food_exhibition.jpg	attended
28	Maths expo	Let's meet at maths expo	3	2	["let's meet"]	206	147	147	f	t	2025-06-16 14:01:17	2025-06-16 14:01:17	2025-06-20 17:29:00	2025-06-20 19:29:00	event_images/20250616_140117_Maths_expo.jpg	rsvp
30	Music Concert	music concert programme	1	3	["music","carnatic"]	208	155	155	f	t	2025-06-16 18:05:29	2025-06-16 18:05:29	2025-06-17 23:32:00	2025-06-18 01:32:00	event_images/20250616_180529_Music_Concert.jpg	rsvp
31	Music Concert	Conducting an event for all the music lovers....	4	1	["Offline mode"]	145	159	159	f	t	2025-06-17 06:19:42	2025-06-17 06:19:42	2025-06-19 10:00:00	2025-06-19 17:00:00	event_images/20250617_061942_Music_Concert.png	attended
32	Animation event	welcoming all the techies and students who love animation for the event.	2	1	["students","Business owners","Creators"]	203	159	159	f	t	2025-06-17 06:54:38	2025-06-17 06:54:38	2025-06-18 10:00:00	2025-06-18 12:00:00	event_images/20250617_065438_Animation_event.png	rsvp
33	aj b'day party	celebrate in style	4	2	["make friends","drinking buddies","score","chat","complain"]	209	175	175	f	t	2025-06-17 07:54:29	2025-06-17 07:54:29	2025-06-20 09:52:00	2025-06-20 11:52:00	event_images/20250617_075429_aj_b_day_party.jpg	attended
34	aj's farewell	bye	1	5	["put money","invest","beg","borrow"]	210	175	175	f	t	2025-06-17 07:56:20	2025-06-17 07:56:20	2025-06-30 09:55:00	2025-06-30 11:55:00	event_images/20250617_075620_aj_s_farewell.jpg	rsvp
35	circus	Circus is happening	3	2	["Near the temple ground"]	211	180	180	f	t	2025-06-17 08:56:08	2025-06-17 08:56:08	2025-06-20 14:24:00	2025-06-20 16:24:00	event_images/20250617_085608_circus.jpg	rsvp
36	music gala	music gala	4	5	["Music Lover","Cinema casting crew","Love","New venue"]	212	167	167	f	t	2025-06-17 10:52:58	2025-06-17 10:52:58	2025-06-18 15:00:00	2025-06-18 23:55:00	event_images/20250617_105258_music_gala.jpg	attended
38	Techfest 2025	Inviting everyone for attending the tech fest	5	2	["Students"]	215	157	157	f	t	2025-06-18 07:58:36	2025-06-18 07:58:36	2025-06-19 07:40:00	2025-06-19 12:40:00	event_images/20250618_075836_Techfest_2025.png	attended
39	Onam fest	Inviting everyone for joining the occasion	4	1	["students"]	216	157	157	f	t	2025-06-18 08:36:13	2025-06-18 08:36:13	2025-06-20 04:30:00	2025-06-20 11:30:00	event_images/20250618_083613_Onam_fest.png	attended
42	Kaloor stadium	kaloor stadium events	3	4	["vvv"]	218	180	180	f	t	2025-06-20 05:34:29	2025-06-20 05:34:29	2025-06-27 22:31:00	2025-06-29 20:31:00	event_images/20250620_053429_Kaloor_stadium.jpg	attended
43	Infopark expo	infopark expo	3	2	["hai"]	110	180	180	f	t	2025-06-20 07:07:50	2025-06-20 07:07:50	2025-06-28 07:07:00	2025-06-28 13:07:00	event_images/20250620_070750_Infopark_expo.jpg	attended
44	Bio diversity info	info	3	2	["near kakanad"]	219	180	180	f	t	2025-06-20 07:29:08	2025-06-20 07:29:08	2025-06-20 08:27:00	2025-06-20 08:35:00	event_images/20250620_072908_Bio_diversity_info.jpg	rsvp
45	School opening ceremony	Invite everyone to contribute anything that is needed for the students who are moving for new academic year.	4	5	["Business owners"]	137	159	159	f	t	2025-06-20 07:31:03	2025-06-20 07:31:03	2025-06-21 04:30:00	2025-06-21 06:30:00	event_images/20250620_073103_School_opening_ceremony.png	attended
46	YouTube Event	Inviting all the youtubers for collaborating the event.	5	3	["students"]	203	159	159	f	t	2025-06-20 07:40:04	2025-06-20 07:40:04	2025-06-22 06:30:00	2025-06-22 11:30:00	event_images/20250620_074004_YouTube_Event.png	attended
47	Kootam Fest	Techie event	3	2	["Techies"]	220	159	159	f	t	2025-06-20 07:52:09	2025-06-20 07:52:09	2025-06-22 07:50:00	2025-06-24 07:50:00	event_images/20250620_075209_Kootam_Fest.png	attended
51	Back to school	Inviting everyone to contribute in back to school program for the school students who are entering a new academic year.	4	5	["Students","Business owners","Techies","Entrepreneurs"]	139	158	158	f	t	2025-06-20 08:35:48	2025-06-20 08:35:48	2025-06-21 04:30:00	2025-06-21 12:30:00	event_images/20250620_083548_Back_to_school.jpg	attended
52	Rhythm & Beats - Live Music Night	Enjoy an unforgettable evening of soulful music featuring top local bands and acoustic artists under the stars.	4	2	["Business owners"]	224	159	159	f	t	2025-06-20 08:58:38	2025-06-20 08:58:38	2025-06-24 13:00:00	2025-06-24 18:00:00	event_images/20250620_085838_Rhythm___Beats_-_Live_Music_Night.jpg	attended
53	mango exhibition	mango exhibition	4	2	["none","none2"]	113	180	180	f	t	2025-06-20 12:11:25	2025-06-20 12:11:25	2025-06-28 11:10:00	2025-06-30 12:10:00	event_images/20250620_121125_mango_exhibition.png	rsvp
\.


--
-- Data for Name: failed_jobs; Type: TABLE DATA; Schema: public; Owner: meetxy
--

COPY public.failed_jobs (id, uuid, connection, queue, payload, exception, failed_at) FROM stdin;
\.


--
-- Data for Name: feedback_types; Type: TABLE DATA; Schema: public; Owner: meetxy
--

COPY public.feedback_types (id, name, is_active, created_at, updated_at) FROM stdin;
1	Pre-Interaction	t	2025-05-15 10:57:37	2025-05-15 10:57:37
2	Chat & Connection	t	2025-05-15 10:57:37	2025-05-15 10:57:37
3	Meeting	t	2025-05-15 10:57:37	2025-05-15 10:57:37
4	Venue Feedback	t	2025-05-15 10:57:37	2025-05-15 10:57:37
5	User Feedback	t	2025-05-15 10:57:37	2025-05-15 10:57:37
\.


--
-- Data for Name: interest_ranks; Type: TABLE DATA; Schema: public; Owner: meetxy
--

COPY public.interest_ranks (id, interest_id, user_id, rank, tag, is_active, created_date, updated_date, created_at, updated_at) FROM stdin;
2523	241	146	1	pool1	t	2025-05-29 16:54:12	2025-05-29 16:54:12	2025-05-29 11:24:11	2025-05-29 11:24:11
2524	244	146	2	pool1	t	2025-05-29 16:54:12	2025-05-29 16:54:12	2025-05-29 11:24:11	2025-05-29 11:24:11
2525	254	146	3	pool1	t	2025-05-29 16:54:12	2025-05-29 16:54:12	2025-05-29 11:24:11	2025-05-29 11:24:11
2526	253	146	4	pool1	t	2025-05-29 16:54:12	2025-05-29 16:54:12	2025-05-29 11:24:11	2025-05-29 11:24:11
2527	279	146	1	pool3	t	2025-05-29 16:54:12	2025-05-29 16:54:12	2025-05-29 11:24:11	2025-05-29 11:24:11
2528	267	146	1	pool2	t	2025-05-29 16:54:12	2025-05-29 16:54:12	2025-05-29 11:24:11	2025-05-29 11:24:11
2529	270	146	2	pool2	t	2025-05-29 16:54:12	2025-05-29 16:54:12	2025-05-29 11:24:11	2025-05-29 11:24:11
2753	245	147	1	pool1	t	2025-06-12 10:40:05	2025-06-12 10:40:05	2025-06-12 05:10:05	2025-06-12 05:10:05
2754	254	147	2	pool1	t	2025-06-12 10:40:05	2025-06-12 10:40:05	2025-06-12 05:10:05	2025-06-12 05:10:05
2755	260	147	3	pool1	t	2025-06-12 10:40:05	2025-06-12 10:40:05	2025-06-12 05:10:05	2025-06-12 05:10:05
2756	250	147	4	pool1	t	2025-06-12 10:40:05	2025-06-12 10:40:05	2025-06-12 05:10:05	2025-06-12 05:10:05
2757	249	147	5	pool1	t	2025-06-12 10:40:05	2025-06-12 10:40:05	2025-06-12 05:10:05	2025-06-12 05:10:05
2758	276	147	1	pool2	t	2025-06-12 10:40:05	2025-06-12 10:40:05	2025-06-12 05:10:05	2025-06-12 05:10:05
2759	281	147	1	pool3	t	2025-06-12 10:40:05	2025-06-12 10:40:05	2025-06-12 05:10:05	2025-06-12 05:10:05
2760	309	147	1	pool6	t	2025-06-12 10:40:05	2025-06-12 10:40:05	2025-06-12 05:10:05	2025-06-12 05:10:05
2761	291	147	2	pool6	t	2025-06-12 10:40:05	2025-06-12 10:40:05	2025-06-12 05:10:05	2025-06-12 05:10:05
2762	292	147	3	pool6	t	2025-06-12 10:40:05	2025-06-12 10:40:05	2025-06-12 05:10:05	2025-06-12 05:10:05
2763	293	147	4	pool6	t	2025-06-12 10:40:05	2025-06-12 10:40:05	2025-06-12 05:10:05	2025-06-12 05:10:05
2764	319	147	1	pool7	t	2025-06-12 10:40:05	2025-06-12 10:40:05	2025-06-12 05:10:05	2025-06-12 05:10:05
2552	253	148	1	pool1	t	2025-05-29 17:41:51	2025-05-29 17:41:51	2025-05-29 12:11:51	2025-05-29 12:11:51
2553	254	148	2	pool1	t	2025-05-29 17:41:51	2025-05-29 17:41:51	2025-05-29 12:11:51	2025-05-29 12:11:51
2554	266	148	3	pool1	t	2025-05-29 17:41:51	2025-05-29 17:41:51	2025-05-29 12:11:51	2025-05-29 12:11:51
2555	265	148	4	pool1	t	2025-05-29 17:41:51	2025-05-29 17:41:51	2025-05-29 12:11:51	2025-05-29 12:11:51
2556	262	148	5	pool1	t	2025-05-29 17:41:51	2025-05-29 17:41:51	2025-05-29 12:11:51	2025-05-29 12:11:51
2557	284	148	1	pool3	t	2025-05-29 17:41:51	2025-05-29 17:41:51	2025-05-29 12:11:51	2025-05-29 12:11:51
2558	276	148	1	pool2	t	2025-05-29 17:41:51	2025-05-29 17:41:51	2025-05-29 12:11:51	2025-05-29 12:11:51
2581	256	150	1	pool1	t	2025-05-30 11:21:57	2025-05-30 11:21:57	2025-05-30 05:51:56	2025-05-30 05:51:56
2582	250	150	2	pool1	t	2025-05-30 11:21:57	2025-05-30 11:21:57	2025-05-30 05:51:56	2025-05-30 05:51:56
2583	247	150	3	pool1	t	2025-05-30 11:21:57	2025-05-30 11:21:57	2025-05-30 05:51:56	2025-05-30 05:51:56
2584	284	150	1	pool3	t	2025-05-30 11:21:57	2025-05-30 11:21:57	2025-05-30 05:51:56	2025-05-30 05:51:56
2585	276	150	1	pool2	t	2025-05-30 11:21:57	2025-05-30 11:21:57	2025-05-30 05:51:56	2025-05-30 05:51:56
2588	241	152	1	pool1	t	2025-05-30 17:46:47	2025-05-30 17:46:47	2025-05-30 12:16:46	2025-05-30 12:16:46
2589	242	152	2	pool1	t	2025-05-30 17:46:47	2025-05-30 17:46:47	2025-05-30 12:16:46	2025-05-30 12:16:46
2590	248	152	3	pool1	t	2025-05-30 17:46:47	2025-05-30 17:46:47	2025-05-30 12:16:46	2025-05-30 12:16:46
2591	279	152	1	pool3	t	2025-05-30 17:46:47	2025-05-30 17:46:47	2025-05-30 12:16:46	2025-05-30 12:16:46
2592	267	152	1	pool2	t	2025-05-30 17:46:47	2025-05-30 17:46:47	2025-05-30 12:16:46	2025-05-30 12:16:46
2602	249	153	1	pool1	t	2025-06-04 12:37:52	2025-06-04 12:37:52	2025-06-04 07:07:52	2025-06-04 07:07:52
2603	243	153	2	pool1	t	2025-06-04 12:37:52	2025-06-04 12:37:52	2025-06-04 07:07:52	2025-06-04 07:07:52
2604	245	153	3	pool1	t	2025-06-04 12:37:52	2025-06-04 12:37:52	2025-06-04 07:07:52	2025-06-04 07:07:52
2605	244	153	4	pool1	t	2025-06-04 12:37:52	2025-06-04 12:37:52	2025-06-04 07:07:52	2025-06-04 07:07:52
2606	246	153	5	pool1	t	2025-06-04 12:37:52	2025-06-04 12:37:52	2025-06-04 07:07:52	2025-06-04 07:07:52
2607	278	153	1	pool2	t	2025-06-04 12:37:52	2025-06-04 12:37:52	2025-06-04 07:07:52	2025-06-04 07:07:52
2608	283	153	1	pool3	t	2025-06-04 12:37:52	2025-06-04 12:37:52	2025-06-04 07:07:52	2025-06-04 07:07:52
2609	248	154	1	pool1	t	2025-06-05 15:10:39	2025-06-05 15:10:39	2025-06-05 09:40:39	2025-06-05 09:40:39
2610	252	154	2	pool1	t	2025-06-05 15:10:39	2025-06-05 15:10:39	2025-06-05 09:40:39	2025-06-05 09:40:39
2611	258	154	3	pool1	t	2025-06-05 15:10:39	2025-06-05 15:10:39	2025-06-05 09:40:39	2025-06-05 09:40:39
2612	257	154	4	pool1	t	2025-06-05 15:10:39	2025-06-05 15:10:39	2025-06-05 09:40:39	2025-06-05 09:40:39
2613	281	154	1	pool3	t	2025-06-05 15:10:39	2025-06-05 15:10:39	2025-06-05 09:40:39	2025-06-05 09:40:39
2614	272	154	1	pool2	t	2025-06-05 15:10:39	2025-06-05 15:10:39	2025-06-05 09:40:39	2025-06-05 09:40:39
2640	249	155	1	pool1	t	2025-06-06 23:07:08	2025-06-06 23:07:08	2025-06-06 17:37:07	2025-06-06 17:37:07
2641	258	155	2	pool1	t	2025-06-06 23:07:08	2025-06-06 23:07:08	2025-06-06 17:37:07	2025-06-06 17:37:07
2642	276	155	1	pool2	t	2025-06-06 23:07:08	2025-06-06 23:07:08	2025-06-06 17:37:07	2025-06-06 17:37:07
2643	274	155	2	pool2	t	2025-06-06 23:07:08	2025-06-06 23:07:08	2025-06-06 17:37:07	2025-06-06 17:37:07
2644	280	155	1	pool3	t	2025-06-06 23:07:08	2025-06-06 23:07:08	2025-06-06 17:37:07	2025-06-06 17:37:07
2645	318	155	1	pool7	t	2025-06-06 23:07:08	2025-06-06 23:07:08	2025-06-06 17:37:07	2025-06-06 17:37:07
2646	322	155	1	pool5	t	2025-06-06 23:07:08	2025-06-06 23:07:08	2025-06-06 17:37:07	2025-06-06 17:37:07
2647	325	155	1	pool4	t	2025-06-06 23:07:08	2025-06-06 23:07:08	2025-06-06 17:37:07	2025-06-06 17:37:07
2648	324	155	2	pool4	t	2025-06-06 23:07:08	2025-06-06 23:07:08	2025-06-06 17:37:07	2025-06-06 17:37:07
2649	241	156	1	pool1	t	2025-06-08 12:13:07	2025-06-08 12:13:07	2025-06-08 06:43:07	2025-06-08 06:43:07
2650	242	156	2	pool1	t	2025-06-08 12:13:07	2025-06-08 12:13:07	2025-06-08 06:43:07	2025-06-08 06:43:07
2651	279	156	1	pool3	t	2025-06-08 12:13:07	2025-06-08 12:13:07	2025-06-08 06:43:07	2025-06-08 06:43:07
2652	268	156	1	pool2	t	2025-06-08 12:13:07	2025-06-08 12:13:07	2025-06-08 06:43:07	2025-06-08 06:43:07
2658	248	158	1	pool1	t	2025-06-09 10:40:08	2025-06-09 10:40:08	2025-06-09 05:10:08	2025-06-09 05:10:08
2659	247	158	2	pool1	t	2025-06-09 10:40:08	2025-06-09 10:40:08	2025-06-09 05:10:08	2025-06-09 05:10:08
2660	245	158	3	pool1	t	2025-06-09 10:40:08	2025-06-09 10:40:08	2025-06-09 05:10:08	2025-06-09 05:10:08
2661	246	158	4	pool1	t	2025-06-09 10:40:08	2025-06-09 10:40:08	2025-06-09 05:10:08	2025-06-09 05:10:08
2662	244	158	5	pool1	t	2025-06-09 10:40:08	2025-06-09 10:40:08	2025-06-09 05:10:08	2025-06-09 05:10:08
2663	282	158	1	pool3	t	2025-06-09 10:40:08	2025-06-09 10:40:08	2025-06-09 05:10:08	2025-06-09 05:10:08
2664	276	158	1	pool2	t	2025-06-09 10:40:08	2025-06-09 10:40:08	2025-06-09 05:10:08	2025-06-09 05:10:08
2665	273	158	2	pool2	t	2025-06-09 10:40:08	2025-06-09 10:40:08	2025-06-09 05:10:08	2025-06-09 05:10:08
2666	248	159	1	pool1	t	2025-06-09 14:32:11	2025-06-09 14:32:11	2025-06-09 09:02:11	2025-06-09 09:02:11
2667	252	159	2	pool1	t	2025-06-09 14:32:11	2025-06-09 14:32:11	2025-06-09 09:02:11	2025-06-09 09:02:11
2668	250	159	3	pool1	t	2025-06-09 14:32:11	2025-06-09 14:32:11	2025-06-09 09:02:11	2025-06-09 09:02:11
2669	249	159	4	pool1	t	2025-06-09 14:32:11	2025-06-09 14:32:11	2025-06-09 09:02:11	2025-06-09 09:02:11
2675	241	161	1	pool1	t	2025-06-10 15:12:50	2025-06-10 15:12:50	2025-06-10 09:42:49	2025-06-10 09:42:49
2676	242	161	2	pool1	t	2025-06-10 15:12:50	2025-06-10 15:12:50	2025-06-10 09:42:49	2025-06-10 09:42:49
2677	245	161	3	pool1	t	2025-06-10 15:12:50	2025-06-10 15:12:50	2025-06-10 09:42:49	2025-06-10 09:42:49
2678	279	161	1	pool3	t	2025-06-10 15:12:50	2025-06-10 15:12:50	2025-06-10 09:42:49	2025-06-10 09:42:49
2679	267	161	1	pool2	t	2025-06-10 15:12:50	2025-06-10 15:12:50	2025-06-10 09:42:49	2025-06-10 09:42:49
2680	269	161	2	pool2	t	2025-06-10 15:12:50	2025-06-10 15:12:50	2025-06-10 09:42:49	2025-06-10 09:42:49
2681	271	161	3	pool2	t	2025-06-10 15:12:50	2025-06-10 15:12:50	2025-06-10 09:42:49	2025-06-10 09:42:49
2682	253	162	1	pool1	t	2025-06-11 10:27:23	2025-06-11 10:27:23	2025-06-11 04:57:22	2025-06-11 04:57:22
2683	249	162	2	pool1	t	2025-06-11 10:27:23	2025-06-11 10:27:23	2025-06-11 04:57:22	2025-06-11 04:57:22
2684	281	162	1	pool3	t	2025-06-11 10:27:23	2025-06-11 10:27:23	2025-06-11 04:57:22	2025-06-11 04:57:22
2685	277	162	1	pool2	t	2025-06-11 10:27:23	2025-06-11 10:27:23	2025-06-11 04:57:22	2025-06-11 04:57:22
2686	251	163	1	pool1	t	2025-06-11 11:27:51	2025-06-11 11:27:51	2025-06-11 05:57:51	2025-06-11 05:57:51
2687	255	163	2	pool1	t	2025-06-11 11:27:51	2025-06-11 11:27:51	2025-06-11 05:57:51	2025-06-11 05:57:51
2688	261	163	3	pool1	t	2025-06-11 11:27:51	2025-06-11 11:27:51	2025-06-11 05:57:51	2025-06-11 05:57:51
2689	248	163	4	pool1	t	2025-06-11 11:27:51	2025-06-11 11:27:51	2025-06-11 05:57:51	2025-06-11 05:57:51
2690	266	163	5	pool1	t	2025-06-11 11:27:51	2025-06-11 11:27:51	2025-06-11 05:57:51	2025-06-11 05:57:51
2691	282	163	1	pool3	t	2025-06-11 11:27:51	2025-06-11 11:27:51	2025-06-11 05:57:51	2025-06-11 05:57:51
2692	272	163	1	pool2	t	2025-06-11 11:27:51	2025-06-11 11:27:51	2025-06-11 05:57:51	2025-06-11 05:57:51
2693	248	164	1	pool1	t	2025-06-11 11:33:16	2025-06-11 11:33:16	2025-06-11 06:03:16	2025-06-11 06:03:16
2694	256	164	2	pool1	t	2025-06-11 11:33:16	2025-06-11 11:33:16	2025-06-11 06:03:16	2025-06-11 06:03:16
2695	249	164	3	pool1	t	2025-06-11 11:33:16	2025-06-11 11:33:16	2025-06-11 06:03:16	2025-06-11 06:03:16
2696	261	164	4	pool1	t	2025-06-11 11:33:16	2025-06-11 11:33:16	2025-06-11 06:03:16	2025-06-11 06:03:16
2697	280	164	1	pool3	t	2025-06-11 11:33:16	2025-06-11 11:33:16	2025-06-11 06:03:16	2025-06-11 06:03:16
2698	272	164	1	pool2	t	2025-06-11 11:33:16	2025-06-11 11:33:16	2025-06-11 06:03:16	2025-06-11 06:03:16
2699	270	164	2	pool2	t	2025-06-11 11:33:16	2025-06-11 11:33:16	2025-06-11 06:03:16	2025-06-11 06:03:16
2700	271	164	3	pool2	t	2025-06-11 11:33:16	2025-06-11 11:33:16	2025-06-11 06:03:16	2025-06-11 06:03:16
2765	320	147	1	pool5	t	2025-06-12 10:40:05	2025-06-12 10:40:05	2025-06-12 05:10:05	2025-06-12 05:10:05
2766	324	147	1	pool4	t	2025-06-12 10:40:05	2025-06-12 10:40:05	2025-06-12 05:10:05	2025-06-12 05:10:05
2767	323	147	2	pool4	t	2025-06-12 10:40:05	2025-06-12 10:40:05	2025-06-12 05:10:05	2025-06-12 05:10:05
2928	250	174	1	pool1	t	2025-06-12 16:12:06	2025-06-12 16:12:06	2025-06-12 10:42:06	2025-06-12 10:42:06
2929	259	174	2	pool1	t	2025-06-12 16:12:06	2025-06-12 16:12:06	2025-06-12 10:42:06	2025-06-12 10:42:06
2930	255	174	3	pool1	t	2025-06-12 16:12:06	2025-06-12 16:12:06	2025-06-12 10:42:06	2025-06-12 10:42:06
2931	253	174	4	pool1	t	2025-06-12 16:12:06	2025-06-12 16:12:06	2025-06-12 10:42:06	2025-06-12 10:42:06
2932	273	174	1	pool2	t	2025-06-12 16:12:06	2025-06-12 16:12:06	2025-06-12 10:42:06	2025-06-12 10:42:06
2933	280	174	1	pool3	t	2025-06-12 16:12:06	2025-06-12 16:12:06	2025-06-12 10:42:06	2025-06-12 10:42:06
3791	249	160	1	pool1	t	2025-06-19 14:01:25	2025-06-19 14:01:25	2025-06-19 08:31:25	2025-06-19 08:31:25
3792	248	160	2	pool1	t	2025-06-19 14:01:25	2025-06-19 14:01:25	2025-06-19 08:31:25	2025-06-19 08:31:25
3793	247	160	3	pool1	t	2025-06-19 14:01:25	2025-06-19 14:01:25	2025-06-19 08:31:25	2025-06-19 08:31:25
3794	278	160	1	pool2	t	2025-06-19 14:01:25	2025-06-19 14:01:25	2025-06-19 08:31:25	2025-06-19 08:31:25
3795	280	160	1	pool3	t	2025-06-19 14:01:25	2025-06-19 14:01:25	2025-06-19 08:31:25	2025-06-19 08:31:25
2726	261	166	1	pool1	t	2025-06-11 14:45:36	2025-06-11 14:45:36	2025-06-11 09:15:35	2025-06-11 09:15:35
2727	251	166	2	pool1	t	2025-06-11 14:45:36	2025-06-11 14:45:36	2025-06-11 09:15:35	2025-06-11 09:15:35
2728	276	166	1	pool2	t	2025-06-11 14:45:36	2025-06-11 14:45:36	2025-06-11 09:15:35	2025-06-11 09:15:35
2729	281	166	1	pool3	t	2025-06-11 14:45:36	2025-06-11 14:45:36	2025-06-11 09:15:35	2025-06-11 09:15:35
2730	317	166	1	pool7	t	2025-06-11 14:45:36	2025-06-11 14:45:36	2025-06-11 09:15:35	2025-06-11 09:15:35
2731	318	166	2	pool7	t	2025-06-11 14:45:36	2025-06-11 14:45:36	2025-06-11 09:15:35	2025-06-11 09:15:35
2732	320	166	1	pool5	t	2025-06-11 14:45:36	2025-06-11 14:45:36	2025-06-11 09:15:35	2025-06-11 09:15:35
2733	322	166	2	pool5	t	2025-06-11 14:45:36	2025-06-11 14:45:36	2025-06-11 09:15:35	2025-06-11 09:15:35
2734	321	166	3	pool5	t	2025-06-11 14:45:36	2025-06-11 14:45:36	2025-06-11 09:15:35	2025-06-11 09:15:35
2735	323	166	1	pool4	t	2025-06-11 14:45:36	2025-06-11 14:45:36	2025-06-11 09:15:35	2025-06-11 09:15:35
2768	325	147	3	pool4	t	2025-06-12 10:40:05	2025-06-12 10:40:05	2025-06-12 05:10:05	2025-06-12 05:10:05
2776	248	168	1	pool1	t	2025-06-12 11:47:02	2025-06-12 11:47:02	2025-06-12 06:17:01	2025-06-12 06:17:01
2777	246	168	2	pool1	t	2025-06-12 11:47:02	2025-06-12 11:47:02	2025-06-12 06:17:01	2025-06-12 06:17:01
2778	249	168	3	pool1	t	2025-06-12 11:47:02	2025-06-12 11:47:02	2025-06-12 06:17:01	2025-06-12 06:17:01
2779	241	168	4	pool1	t	2025-06-12 11:47:02	2025-06-12 11:47:02	2025-06-12 06:17:01	2025-06-12 06:17:01
2780	251	168	5	pool1	t	2025-06-12 11:47:02	2025-06-12 11:47:02	2025-06-12 06:17:01	2025-06-12 06:17:01
2781	280	168	1	pool3	t	2025-06-12 11:47:02	2025-06-12 11:47:02	2025-06-12 06:17:01	2025-06-12 06:17:01
2782	272	168	1	pool2	t	2025-06-12 11:47:02	2025-06-12 11:47:02	2025-06-12 06:17:01	2025-06-12 06:17:01
2783	251	169	1	pool1	t	2025-06-12 13:24:09	2025-06-12 13:24:09	2025-06-12 07:54:08	2025-06-12 07:54:08
2784	255	169	2	pool1	t	2025-06-12 13:24:09	2025-06-12 13:24:09	2025-06-12 07:54:08	2025-06-12 07:54:08
2785	245	169	3	pool1	t	2025-06-12 13:24:09	2025-06-12 13:24:09	2025-06-12 07:54:08	2025-06-12 07:54:08
2786	248	169	4	pool1	t	2025-06-12 13:24:09	2025-06-12 13:24:09	2025-06-12 07:54:08	2025-06-12 07:54:08
2787	257	169	5	pool1	t	2025-06-12 13:24:09	2025-06-12 13:24:09	2025-06-12 07:54:08	2025-06-12 07:54:08
2788	283	169	1	pool3	t	2025-06-12 13:24:09	2025-06-12 13:24:09	2025-06-12 07:54:08	2025-06-12 07:54:08
2789	274	169	1	pool2	t	2025-06-12 13:24:09	2025-06-12 13:24:09	2025-06-12 07:54:08	2025-06-12 07:54:08
2790	271	169	2	pool2	t	2025-06-12 13:24:09	2025-06-12 13:24:09	2025-06-12 07:54:08	2025-06-12 07:54:08
2791	273	169	3	pool2	t	2025-06-12 13:24:09	2025-06-12 13:24:09	2025-06-12 07:54:08	2025-06-12 07:54:08
2792	251	170	1	pool1	t	2025-06-12 13:27:02	2025-06-12 13:27:02	2025-06-12 07:57:01	2025-06-12 07:57:01
2793	255	170	2	pool1	t	2025-06-12 13:27:02	2025-06-12 13:27:02	2025-06-12 07:57:01	2025-06-12 07:57:01
2794	247	170	3	pool1	t	2025-06-12 13:27:02	2025-06-12 13:27:02	2025-06-12 07:57:01	2025-06-12 07:57:01
2795	241	170	4	pool1	t	2025-06-12 13:27:02	2025-06-12 13:27:02	2025-06-12 07:57:01	2025-06-12 07:57:01
2796	281	170	1	pool3	t	2025-06-12 13:27:02	2025-06-12 13:27:02	2025-06-12 07:57:01	2025-06-12 07:57:01
2797	271	170	1	pool2	t	2025-06-12 13:27:02	2025-06-12 13:27:02	2025-06-12 07:57:01	2025-06-12 07:57:01
2798	268	170	2	pool2	t	2025-06-12 13:27:02	2025-06-12 13:27:02	2025-06-12 07:57:01	2025-06-12 07:57:01
2799	270	170	3	pool2	t	2025-06-12 13:27:02	2025-06-12 13:27:02	2025-06-12 07:57:01	2025-06-12 07:57:01
2934	241	175	1	pool1	t	2025-06-12 16:28:17	2025-06-12 16:28:17	2025-06-12 10:58:17	2025-06-12 10:58:17
2935	243	175	2	pool1	t	2025-06-12 16:28:17	2025-06-12 16:28:17	2025-06-12 10:58:17	2025-06-12 10:58:17
2936	246	175	3	pool1	t	2025-06-12 16:28:17	2025-06-12 16:28:17	2025-06-12 10:58:17	2025-06-12 10:58:17
2937	247	175	4	pool1	t	2025-06-12 16:28:17	2025-06-12 16:28:17	2025-06-12 10:58:17	2025-06-12 10:58:17
2938	248	175	5	pool1	t	2025-06-12 16:28:17	2025-06-12 16:28:17	2025-06-12 10:58:17	2025-06-12 10:58:17
2939	280	175	1	pool3	t	2025-06-12 16:28:17	2025-06-12 16:28:17	2025-06-12 10:58:17	2025-06-12 10:58:17
2806	251	172	1	pool1	t	2025-06-12 13:37:01	2025-06-12 13:37:01	2025-06-12 08:07:00	2025-06-12 08:07:00
2807	248	172	2	pool1	t	2025-06-12 13:37:01	2025-06-12 13:37:01	2025-06-12 08:07:00	2025-06-12 08:07:00
2808	260	172	3	pool1	t	2025-06-12 13:37:01	2025-06-12 13:37:01	2025-06-12 08:07:00	2025-06-12 08:07:00
2809	254	172	4	pool1	t	2025-06-12 13:37:01	2025-06-12 13:37:01	2025-06-12 08:07:00	2025-06-12 08:07:00
2810	252	172	5	pool1	t	2025-06-12 13:37:01	2025-06-12 13:37:01	2025-06-12 08:07:00	2025-06-12 08:07:00
2811	283	172	1	pool3	t	2025-06-12 13:37:01	2025-06-12 13:37:01	2025-06-12 08:07:00	2025-06-12 08:07:00
2812	247	173	1	pool1	t	2025-06-12 14:43:12	2025-06-12 14:43:12	2025-06-12 09:13:12	2025-06-12 09:13:12
2813	253	173	2	pool1	t	2025-06-12 14:43:12	2025-06-12 14:43:12	2025-06-12 09:13:12	2025-06-12 09:13:12
2814	257	173	3	pool1	t	2025-06-12 14:43:12	2025-06-12 14:43:12	2025-06-12 09:13:12	2025-06-12 09:13:12
2815	263	173	4	pool1	t	2025-06-12 14:43:12	2025-06-12 14:43:12	2025-06-12 09:13:12	2025-06-12 09:13:12
2816	281	173	1	pool3	t	2025-06-12 14:43:12	2025-06-12 14:43:12	2025-06-12 09:13:12	2025-06-12 09:13:12
2817	273	173	1	pool2	t	2025-06-12 14:43:12	2025-06-12 14:43:12	2025-06-12 09:13:12	2025-06-12 09:13:12
2818	269	173	2	pool2	t	2025-06-12 14:43:12	2025-06-12 14:43:12	2025-06-12 09:13:12	2025-06-12 09:13:12
2819	268	173	3	pool2	t	2025-06-12 14:43:12	2025-06-12 14:43:12	2025-06-12 09:13:12	2025-06-12 09:13:12
2940	267	175	1	pool2	t	2025-06-12 16:28:17	2025-06-12 16:28:17	2025-06-12 10:58:17	2025-06-12 10:58:17
2941	269	175	2	pool2	t	2025-06-12 16:28:17	2025-06-12 16:28:17	2025-06-12 10:58:17	2025-06-12 10:58:17
2942	268	175	3	pool2	t	2025-06-12 16:28:17	2025-06-12 16:28:17	2025-06-12 10:58:17	2025-06-12 10:58:17
2943	270	175	4	pool2	t	2025-06-12 16:28:17	2025-06-12 16:28:17	2025-06-12 10:58:17	2025-06-12 10:58:17
2944	272	175	5	pool2	t	2025-06-12 16:28:17	2025-06-12 16:28:17	2025-06-12 10:58:17	2025-06-12 10:58:17
2945	249	176	1	pool1	t	2025-06-13 12:16:05	2025-06-13 12:16:05	2025-06-13 06:46:05	2025-06-13 06:46:05
2946	248	176	2	pool1	t	2025-06-13 12:16:05	2025-06-13 12:16:05	2025-06-13 06:46:05	2025-06-13 06:46:05
2947	250	176	3	pool1	t	2025-06-13 12:16:05	2025-06-13 12:16:05	2025-06-13 06:46:05	2025-06-13 06:46:05
2958	241	179	1	pool1	t	2025-06-13 13:53:31	2025-06-13 13:53:31	2025-06-13 08:23:30	2025-06-13 08:23:30
2959	243	179	2	pool1	t	2025-06-13 13:53:31	2025-06-13 13:53:31	2025-06-13 08:23:30	2025-06-13 08:23:30
2960	246	179	3	pool1	t	2025-06-13 13:53:31	2025-06-13 13:53:31	2025-06-13 08:23:30	2025-06-13 08:23:30
2961	249	179	4	pool1	t	2025-06-13 13:53:31	2025-06-13 13:53:31	2025-06-13 08:23:30	2025-06-13 08:23:30
2962	251	179	5	pool1	t	2025-06-13 13:53:31	2025-06-13 13:53:31	2025-06-13 08:23:30	2025-06-13 08:23:30
2963	279	179	1	pool3	t	2025-06-13 13:53:31	2025-06-13 13:53:31	2025-06-13 08:23:30	2025-06-13 08:23:30
2964	267	179	1	pool2	t	2025-06-13 13:53:31	2025-06-13 13:53:31	2025-06-13 08:23:30	2025-06-13 08:23:30
2965	268	179	2	pool2	t	2025-06-13 13:53:31	2025-06-13 13:53:31	2025-06-13 08:23:30	2025-06-13 08:23:30
2966	269	179	3	pool2	t	2025-06-13 13:53:31	2025-06-13 13:53:31	2025-06-13 08:23:30	2025-06-13 08:23:30
2967	270	179	4	pool2	t	2025-06-13 13:53:31	2025-06-13 13:53:31	2025-06-13 08:23:30	2025-06-13 08:23:30
2968	272	179	5	pool2	t	2025-06-13 13:53:31	2025-06-13 13:53:31	2025-06-13 08:23:30	2025-06-13 08:23:30
3051	246	182	1	pool1	t	2025-06-13 15:51:50	2025-06-13 15:51:50	2025-06-13 10:21:49	2025-06-13 10:21:49
2948	245	177	1	pool1	t	2025-06-13 13:07:39	2025-06-13 13:07:39	2025-06-13 07:37:39	2025-06-13 07:37:39
2949	259	177	2	pool1	t	2025-06-13 13:07:39	2025-06-13 13:07:39	2025-06-13 07:37:39	2025-06-13 07:37:39
2950	282	177	1	pool3	t	2025-06-13 13:07:39	2025-06-13 13:07:39	2025-06-13 07:37:39	2025-06-13 07:37:39
2951	274	177	1	pool2	t	2025-06-13 13:07:39	2025-06-13 13:07:39	2025-06-13 07:37:39	2025-06-13 07:37:39
2952	275	177	2	pool2	t	2025-06-13 13:07:39	2025-06-13 13:07:39	2025-06-13 07:37:39	2025-06-13 07:37:39
4024	248	157	1	pool1	t	2025-06-19 16:49:06	2025-06-19 16:49:06	2025-06-19 11:19:05	2025-06-19 11:19:05
4025	247	157	2	pool1	t	2025-06-19 16:49:06	2025-06-19 16:49:06	2025-06-19 11:19:05	2025-06-19 11:19:05
4026	244	157	3	pool1	t	2025-06-19 16:49:06	2025-06-19 16:49:06	2025-06-19 11:19:05	2025-06-19 11:19:05
4027	245	157	4	pool1	t	2025-06-19 16:49:06	2025-06-19 16:49:06	2025-06-19 11:19:05	2025-06-19 11:19:05
4028	282	157	1	pool3	t	2025-06-19 16:49:06	2025-06-19 16:49:06	2025-06-19 11:19:05	2025-06-19 11:19:05
4029	317	157	1	pool7	t	2025-06-19 16:49:06	2025-06-19 16:49:06	2025-06-19 11:19:05	2025-06-19 11:19:05
4038	241	151	1	pool1	t	2025-06-20 09:55:26	2025-06-20 09:55:26	2025-06-20 04:25:26	2025-06-20 04:25:26
4039	242	151	2	pool1	t	2025-06-20 09:55:26	2025-06-20 09:55:26	2025-06-20 04:25:26	2025-06-20 04:25:26
3047	241	181	1	pool1	t	2025-06-13 14:34:03	2025-06-13 14:34:03	2025-06-13 09:04:02	2025-06-13 09:04:02
3048	243	181	2	pool1	t	2025-06-13 14:34:03	2025-06-13 14:34:03	2025-06-13 09:04:02	2025-06-13 09:04:02
3049	279	181	1	pool3	t	2025-06-13 14:34:03	2025-06-13 14:34:03	2025-06-13 09:04:02	2025-06-13 09:04:02
3050	267	181	1	pool2	t	2025-06-13 14:34:03	2025-06-13 14:34:03	2025-06-13 09:04:02	2025-06-13 09:04:02
3052	245	182	2	pool1	t	2025-06-13 15:51:50	2025-06-13 15:51:50	2025-06-13 10:21:49	2025-06-13 10:21:49
3053	279	182	1	pool3	t	2025-06-13 15:51:50	2025-06-13 15:51:50	2025-06-13 10:21:49	2025-06-13 10:21:49
3054	272	182	1	pool2	t	2025-06-13 15:51:50	2025-06-13 15:51:50	2025-06-13 10:21:49	2025-06-13 10:21:49
3055	241	183	1	pool1	t	2025-06-13 17:06:56	2025-06-13 17:06:56	2025-06-13 11:36:55	2025-06-13 11:36:55
2886	241	171	1	pool1	t	2025-06-12 15:20:57	2025-06-12 15:20:57	2025-06-12 09:50:57	2025-06-12 09:50:57
2887	244	171	2	pool1	t	2025-06-12 15:20:57	2025-06-12 15:20:57	2025-06-12 09:50:57	2025-06-12 09:50:57
2888	248	171	3	pool1	t	2025-06-12 15:20:57	2025-06-12 15:20:57	2025-06-12 09:50:57	2025-06-12 09:50:57
2889	249	171	4	pool1	t	2025-06-12 15:20:57	2025-06-12 15:20:57	2025-06-12 09:50:57	2025-06-12 09:50:57
2890	254	171	5	pool1	t	2025-06-12 15:20:57	2025-06-12 15:20:57	2025-06-12 09:50:57	2025-06-12 09:50:57
2891	272	171	1	pool2	t	2025-06-12 15:20:57	2025-06-12 15:20:57	2025-06-12 09:50:57	2025-06-12 09:50:57
2892	280	171	1	pool3	t	2025-06-12 15:20:57	2025-06-12 15:20:57	2025-06-12 09:50:57	2025-06-12 09:50:57
2893	291	171	1	pool6	t	2025-06-12 15:20:57	2025-06-12 15:20:57	2025-06-12 09:50:57	2025-06-12 09:50:57
2894	300	171	2	pool6	t	2025-06-12 15:20:57	2025-06-12 15:20:57	2025-06-12 09:50:57	2025-06-12 09:50:57
2895	289	171	3	pool6	t	2025-06-12 15:20:57	2025-06-12 15:20:57	2025-06-12 09:50:57	2025-06-12 09:50:57
2896	295	171	4	pool6	t	2025-06-12 15:20:57	2025-06-12 15:20:57	2025-06-12 09:50:57	2025-06-12 09:50:57
2897	287	171	5	pool6	t	2025-06-12 15:20:57	2025-06-12 15:20:57	2025-06-12 09:50:57	2025-06-12 09:50:57
2898	317	171	1	pool7	t	2025-06-12 15:20:57	2025-06-12 15:20:57	2025-06-12 09:50:57	2025-06-12 09:50:57
2899	319	171	2	pool7	t	2025-06-12 15:20:57	2025-06-12 15:20:57	2025-06-12 09:50:57	2025-06-12 09:50:57
2900	318	171	3	pool7	t	2025-06-12 15:20:57	2025-06-12 15:20:57	2025-06-12 09:50:57	2025-06-12 09:50:57
2901	321	171	1	pool5	t	2025-06-12 15:20:57	2025-06-12 15:20:57	2025-06-12 09:50:57	2025-06-12 09:50:57
2902	323	171	1	pool4	t	2025-06-12 15:20:57	2025-06-12 15:20:57	2025-06-12 09:50:57	2025-06-12 09:50:57
2903	325	171	2	pool4	t	2025-06-12 15:20:57	2025-06-12 15:20:57	2025-06-12 09:50:57	2025-06-12 09:50:57
3056	248	183	2	pool1	t	2025-06-13 17:06:56	2025-06-13 17:06:56	2025-06-13 11:36:55	2025-06-13 11:36:55
3057	246	183	3	pool1	t	2025-06-13 17:06:56	2025-06-13 17:06:56	2025-06-13 11:36:55	2025-06-13 11:36:55
3058	250	183	4	pool1	t	2025-06-13 17:06:56	2025-06-13 17:06:56	2025-06-13 11:36:55	2025-06-13 11:36:55
3059	249	183	5	pool1	t	2025-06-13 17:06:56	2025-06-13 17:06:56	2025-06-13 11:36:55	2025-06-13 11:36:55
3060	280	183	1	pool3	t	2025-06-13 17:06:56	2025-06-13 17:06:56	2025-06-13 11:36:55	2025-06-13 11:36:55
3061	272	183	1	pool2	t	2025-06-13 17:06:56	2025-06-13 17:06:56	2025-06-13 11:36:55	2025-06-13 11:36:55
3062	246	167	1	pool1	t	2025-06-13 17:18:13	2025-06-13 17:18:13	2025-06-13 11:48:12	2025-06-13 11:48:12
3063	247	167	2	pool1	t	2025-06-13 17:18:13	2025-06-13 17:18:13	2025-06-13 11:48:12	2025-06-13 11:48:12
3064	241	167	3	pool1	t	2025-06-13 17:18:13	2025-06-13 17:18:13	2025-06-13 11:48:12	2025-06-13 11:48:12
3065	255	167	4	pool1	t	2025-06-13 17:18:13	2025-06-13 17:18:13	2025-06-13 11:48:12	2025-06-13 11:48:12
3066	249	167	5	pool1	t	2025-06-13 17:18:13	2025-06-13 17:18:13	2025-06-13 11:48:12	2025-06-13 11:48:12
3067	272	167	1	pool2	t	2025-06-13 17:18:13	2025-06-13 17:18:13	2025-06-13 11:48:12	2025-06-13 11:48:12
3068	280	167	1	pool3	t	2025-06-13 17:18:13	2025-06-13 17:18:13	2025-06-13 11:48:12	2025-06-13 11:48:12
3069	241	184	1	pool1	t	2025-06-13 18:23:13	2025-06-13 18:23:13	2025-06-13 12:53:12	2025-06-13 12:53:12
3070	243	184	2	pool1	t	2025-06-13 18:23:13	2025-06-13 18:23:13	2025-06-13 12:53:12	2025-06-13 12:53:12
3071	246	184	3	pool1	t	2025-06-13 18:23:13	2025-06-13 18:23:13	2025-06-13 12:53:12	2025-06-13 12:53:12
3072	247	184	4	pool1	t	2025-06-13 18:23:13	2025-06-13 18:23:13	2025-06-13 12:53:12	2025-06-13 12:53:12
3073	249	184	5	pool1	t	2025-06-13 18:23:13	2025-06-13 18:23:13	2025-06-13 12:53:12	2025-06-13 12:53:12
3074	281	184	1	pool3	t	2025-06-13 18:23:13	2025-06-13 18:23:13	2025-06-13 12:53:12	2025-06-13 12:53:12
3075	267	184	1	pool2	t	2025-06-13 18:23:13	2025-06-13 18:23:13	2025-06-13 12:53:12	2025-06-13 12:53:12
3076	272	184	2	pool2	t	2025-06-13 18:23:13	2025-06-13 18:23:13	2025-06-13 12:53:12	2025-06-13 12:53:12
3077	273	184	3	pool2	t	2025-06-13 18:23:13	2025-06-13 18:23:13	2025-06-13 12:53:12	2025-06-13 12:53:12
3078	270	184	4	pool2	t	2025-06-13 18:23:13	2025-06-13 18:23:13	2025-06-13 12:53:12	2025-06-13 12:53:12
3079	268	184	5	pool2	t	2025-06-13 18:23:13	2025-06-13 18:23:13	2025-06-13 12:53:12	2025-06-13 12:53:12
3100	247	185	1	pool1	t	2025-06-15 20:23:15	2025-06-15 20:23:15	2025-06-15 14:53:15	2025-06-15 14:53:15
3101	258	185	2	pool1	t	2025-06-15 20:23:15	2025-06-15 20:23:15	2025-06-15 14:53:15	2025-06-15 14:53:15
3102	248	185	3	pool1	t	2025-06-15 20:23:15	2025-06-15 20:23:15	2025-06-15 14:53:15	2025-06-15 14:53:15
3103	279	185	1	pool3	t	2025-06-15 20:23:15	2025-06-15 20:23:15	2025-06-15 14:53:15	2025-06-15 14:53:15
3104	267	185	1	pool2	t	2025-06-15 20:23:15	2025-06-15 20:23:15	2025-06-15 14:53:15	2025-06-15 14:53:15
3105	268	185	2	pool2	t	2025-06-15 20:23:15	2025-06-15 20:23:15	2025-06-15 14:53:15	2025-06-15 14:53:15
3106	269	185	3	pool2	t	2025-06-15 20:23:15	2025-06-15 20:23:15	2025-06-15 14:53:15	2025-06-15 14:53:15
3991	252	149	1	pool1	t	2025-06-19 16:43:42	2025-06-19 16:43:42	2025-06-19 11:13:41	2025-06-19 11:13:41
3992	250	149	2	pool1	t	2025-06-19 16:43:42	2025-06-19 16:43:42	2025-06-19 11:13:41	2025-06-19 11:13:41
3993	264	149	3	pool1	t	2025-06-19 16:43:42	2025-06-19 16:43:42	2025-06-19 11:13:41	2025-06-19 11:13:41
3994	249	149	4	pool1	t	2025-06-19 16:43:42	2025-06-19 16:43:42	2025-06-19 11:13:41	2025-06-19 11:13:41
3995	241	149	5	pool1	t	2025-06-19 16:43:42	2025-06-19 16:43:42	2025-06-19 11:13:41	2025-06-19 11:13:41
3996	272	149	1	pool2	t	2025-06-19 16:43:42	2025-06-19 16:43:42	2025-06-19 11:13:41	2025-06-19 11:13:41
3997	278	149	2	pool2	t	2025-06-19 16:43:42	2025-06-19 16:43:42	2025-06-19 11:13:41	2025-06-19 11:13:41
3998	274	149	3	pool2	t	2025-06-19 16:43:42	2025-06-19 16:43:42	2025-06-19 11:13:41	2025-06-19 11:13:41
3147	251	186	1	pool1	t	2025-06-16 16:49:57	2025-06-16 16:49:57	2025-06-16 11:19:56	2025-06-16 11:19:56
3148	248	186	2	pool1	t	2025-06-16 16:49:57	2025-06-16 16:49:57	2025-06-16 11:19:56	2025-06-16 11:19:56
3149	249	186	3	pool1	t	2025-06-16 16:49:57	2025-06-16 16:49:57	2025-06-16 11:19:56	2025-06-16 11:19:56
3150	256	186	4	pool1	t	2025-06-16 16:49:57	2025-06-16 16:49:57	2025-06-16 11:19:56	2025-06-16 11:19:56
3151	254	186	5	pool1	t	2025-06-16 16:49:57	2025-06-16 16:49:57	2025-06-16 11:19:56	2025-06-16 11:19:56
3152	280	186	1	pool3	t	2025-06-16 16:49:57	2025-06-16 16:49:57	2025-06-16 11:19:56	2025-06-16 11:19:56
3153	272	186	1	pool2	t	2025-06-16 16:49:57	2025-06-16 16:49:57	2025-06-16 11:19:56	2025-06-16 11:19:56
3154	269	186	2	pool2	t	2025-06-16 16:49:57	2025-06-16 16:49:57	2025-06-16 11:19:56	2025-06-16 11:19:56
3155	270	186	3	pool2	t	2025-06-16 16:49:57	2025-06-16 16:49:57	2025-06-16 11:19:56	2025-06-16 11:19:56
3156	271	186	4	pool2	t	2025-06-16 16:49:57	2025-06-16 16:49:57	2025-06-16 11:19:56	2025-06-16 11:19:56
3999	277	149	4	pool2	t	2025-06-19 16:43:42	2025-06-19 16:43:42	2025-06-19 11:13:41	2025-06-19 11:13:41
4000	273	149	5	pool2	t	2025-06-19 16:43:42	2025-06-19 16:43:42	2025-06-19 11:13:41	2025-06-19 11:13:41
4001	285	149	1	pool3	t	2025-06-19 16:43:42	2025-06-19 16:43:42	2025-06-19 11:13:41	2025-06-19 11:13:41
4002	302	149	1	pool6	t	2025-06-19 16:43:42	2025-06-19 16:43:42	2025-06-19 11:13:41	2025-06-19 11:13:41
4003	298	149	2	pool6	t	2025-06-19 16:43:42	2025-06-19 16:43:42	2025-06-19 11:13:41	2025-06-19 11:13:41
4004	296	149	3	pool6	t	2025-06-19 16:43:42	2025-06-19 16:43:42	2025-06-19 11:13:41	2025-06-19 11:13:41
4005	293	149	4	pool6	t	2025-06-19 16:43:42	2025-06-19 16:43:42	2025-06-19 11:13:41	2025-06-19 11:13:41
4006	294	149	5	pool6	t	2025-06-19 16:43:42	2025-06-19 16:43:42	2025-06-19 11:13:41	2025-06-19 11:13:41
4007	317	149	1	pool7	t	2025-06-19 16:43:42	2025-06-19 16:43:42	2025-06-19 11:13:41	2025-06-19 11:13:41
4008	320	149	1	pool5	t	2025-06-19 16:43:42	2025-06-19 16:43:42	2025-06-19 11:13:41	2025-06-19 11:13:41
4009	322	149	2	pool5	t	2025-06-19 16:43:42	2025-06-19 16:43:42	2025-06-19 11:13:41	2025-06-19 11:13:41
4010	321	149	3	pool5	t	2025-06-19 16:43:42	2025-06-19 16:43:42	2025-06-19 11:13:41	2025-06-19 11:13:41
4011	325	149	1	pool4	t	2025-06-19 16:43:42	2025-06-19 16:43:42	2025-06-19 11:13:41	2025-06-19 11:13:41
4012	323	149	2	pool4	t	2025-06-19 16:43:42	2025-06-19 16:43:42	2025-06-19 11:13:41	2025-06-19 11:13:41
4013	324	149	3	pool4	t	2025-06-19 16:43:42	2025-06-19 16:43:42	2025-06-19 11:13:41	2025-06-19 11:13:41
4040	254	180	1	pool1	t	2025-06-20 14:46:32	2025-06-20 14:46:32	2025-06-20 09:16:32	2025-06-20 09:16:32
4041	259	180	2	pool1	t	2025-06-20 14:46:32	2025-06-20 14:46:32	2025-06-20 09:16:32	2025-06-20 09:16:32
4042	262	180	3	pool1	t	2025-06-20 14:46:32	2025-06-20 14:46:32	2025-06-20 09:16:32	2025-06-20 09:16:32
4043	249	180	4	pool1	t	2025-06-20 14:46:32	2025-06-20 14:46:32	2025-06-20 09:16:32	2025-06-20 09:16:32
4044	247	180	5	pool1	t	2025-06-20 14:46:32	2025-06-20 14:46:32	2025-06-20 09:16:32	2025-06-20 09:16:32
4045	276	180	1	pool2	t	2025-06-20 14:46:32	2025-06-20 14:46:32	2025-06-20 09:16:32	2025-06-20 09:16:32
4046	273	180	2	pool2	t	2025-06-20 14:46:32	2025-06-20 14:46:32	2025-06-20 09:16:32	2025-06-20 09:16:32
4047	269	180	3	pool2	t	2025-06-20 14:46:32	2025-06-20 14:46:32	2025-06-20 09:16:32	2025-06-20 09:16:32
4048	271	180	4	pool2	t	2025-06-20 14:46:32	2025-06-20 14:46:32	2025-06-20 09:16:32	2025-06-20 09:16:32
4049	267	180	5	pool2	t	2025-06-20 14:46:32	2025-06-20 14:46:32	2025-06-20 09:16:32	2025-06-20 09:16:32
4050	279	180	1	pool3	t	2025-06-20 14:46:32	2025-06-20 14:46:32	2025-06-20 09:16:32	2025-06-20 09:16:32
4051	304	180	1	pool6	t	2025-06-20 14:46:32	2025-06-20 14:46:32	2025-06-20 09:16:32	2025-06-20 09:16:32
4052	303	180	2	pool6	t	2025-06-20 14:46:32	2025-06-20 14:46:32	2025-06-20 09:16:32	2025-06-20 09:16:32
4053	302	180	3	pool6	t	2025-06-20 14:46:32	2025-06-20 14:46:32	2025-06-20 09:16:32	2025-06-20 09:16:32
3543	262	165	1	pool1	t	2025-06-17 16:09:34	2025-06-17 16:09:34	2025-06-17 10:39:34	2025-06-17 10:39:34
4054	297	180	4	pool6	t	2025-06-20 14:46:32	2025-06-20 14:46:32	2025-06-20 09:16:32	2025-06-20 09:16:32
4055	298	180	5	pool6	t	2025-06-20 14:46:32	2025-06-20 14:46:32	2025-06-20 09:16:32	2025-06-20 09:16:32
4056	318	180	1	pool7	t	2025-06-20 14:46:32	2025-06-20 14:46:32	2025-06-20 09:16:32	2025-06-20 09:16:32
4057	319	180	2	pool7	t	2025-06-20 14:46:32	2025-06-20 14:46:32	2025-06-20 09:16:32	2025-06-20 09:16:32
4058	317	180	3	pool7	t	2025-06-20 14:46:32	2025-06-20 14:46:32	2025-06-20 09:16:32	2025-06-20 09:16:32
4059	320	180	1	pool5	t	2025-06-20 14:46:32	2025-06-20 14:46:32	2025-06-20 09:16:32	2025-06-20 09:16:32
4060	321	180	2	pool5	t	2025-06-20 14:46:32	2025-06-20 14:46:32	2025-06-20 09:16:32	2025-06-20 09:16:32
4061	322	180	3	pool5	t	2025-06-20 14:46:32	2025-06-20 14:46:32	2025-06-20 09:16:32	2025-06-20 09:16:32
4062	323	180	1	pool4	t	2025-06-20 14:46:32	2025-06-20 14:46:32	2025-06-20 09:16:32	2025-06-20 09:16:32
4063	325	180	2	pool4	t	2025-06-20 14:46:32	2025-06-20 14:46:32	2025-06-20 09:16:32	2025-06-20 09:16:32
4064	324	180	3	pool4	t	2025-06-20 14:46:32	2025-06-20 14:46:32	2025-06-20 09:16:32	2025-06-20 09:16:32
3544	251	165	2	pool1	t	2025-06-17 16:09:34	2025-06-17 16:09:34	2025-06-17 10:39:34	2025-06-17 10:39:34
3545	254	165	3	pool1	t	2025-06-17 16:09:34	2025-06-17 16:09:34	2025-06-17 10:39:34	2025-06-17 10:39:34
3546	276	165	1	pool2	t	2025-06-17 16:09:34	2025-06-17 16:09:34	2025-06-17 10:39:34	2025-06-17 10:39:34
3547	271	165	2	pool2	t	2025-06-17 16:09:34	2025-06-17 16:09:34	2025-06-17 10:39:34	2025-06-17 10:39:34
3548	272	165	3	pool2	t	2025-06-17 16:09:34	2025-06-17 16:09:34	2025-06-17 10:39:34	2025-06-17 10:39:34
3549	267	165	4	pool2	t	2025-06-17 16:09:34	2025-06-17 16:09:34	2025-06-17 10:39:34	2025-06-17 10:39:34
3550	281	165	1	pool3	t	2025-06-17 16:09:34	2025-06-17 16:09:34	2025-06-17 10:39:34	2025-06-17 10:39:34
\.


--
-- Data for Name: interests; Type: TABLE DATA; Schema: public; Owner: meetxy
--

COPY public.interests (id, name, flag, is_active, created_date, updated_date, parent_id, pool, updated_at, created_at) FROM stdin;
241	🎵 Music	1	t	2025-05-29 09:44:12	2025-05-29 09:44:12	\N	1	\N	\N
242	🎮 Gaming	1	t	2025-05-29 09:44:12	2025-05-29 09:44:12	\N	1	\N	\N
243	🏋️ Fitness	1	t	2025-05-29 09:44:12	2025-05-29 09:44:12	\N	1	\N	\N
244	🎨 Art	1	t	2025-05-29 09:44:12	2025-05-29 09:44:12	\N	1	\N	\N
245	🏃 Athletics	1	t	2025-05-29 09:44:12	2025-05-29 09:44:12	\N	1	\N	\N
246	📚 Reading	1	t	2025-05-29 09:44:12	2025-05-29 09:44:12	\N	1	\N	\N
247	🎭 Drama & Theatre	1	t	2025-05-29 09:44:12	2025-05-29 09:44:12	\N	1	\N	\N
248	🎬 Movies & TV Shows	1	t	2025-05-29 09:44:12	2025-05-29 09:44:12	\N	1	\N	\N
249	📸 Photography	1	t	2025-05-29 09:44:12	2025-05-29 09:44:12	\N	1	\N	\N
250	🧘 Yoga	1	t	2025-05-29 09:44:12	2025-05-29 09:44:12	\N	1	\N	\N
251	🍳 Cooking	1	t	2025-05-29 09:44:12	2025-05-29 09:44:12	\N	1	\N	\N
252	💃 Dancing	1	t	2025-05-29 09:44:12	2025-05-29 09:44:12	\N	1	\N	\N
253	⚽ Sports	1	t	2025-05-29 09:44:12	2025-05-29 09:44:12	\N	1	\N	\N
254	🔬 Science	1	t	2025-05-29 09:44:12	2025-05-29 09:44:12	\N	1	\N	\N
255	🐾 Pets	1	t	2025-05-29 09:44:12	2025-05-29 09:44:12	\N	1	\N	\N
256	🌿 Nature	1	t	2025-05-29 09:44:12	2025-05-29 09:44:12	\N	1	\N	\N
257	🏛️ History	1	t	2025-05-29 09:44:12	2025-05-29 09:44:12	\N	1	\N	\N
258	🌱 Gardening	1	t	2025-05-29 09:44:12	2025-05-29 09:44:12	\N	1	\N	\N
259	✍️ Writing	1	t	2025-05-29 09:44:12	2025-05-29 09:44:12	\N	1	\N	\N
260	📜 Poetry	1	t	2025-05-29 09:44:12	2025-05-29 09:44:12	\N	1	\N	\N
261	🎤 Stand-up Comedy	1	t	2025-05-29 09:44:12	2025-05-29 09:44:12	\N	1	\N	\N
262	🤔 Philosophy	1	t	2025-05-29 09:44:12	2025-05-29 09:44:12	\N	1	\N	\N
263	🏃 Marathons	1	t	2025-05-29 09:44:12	2025-05-29 09:44:12	\N	1	\N	\N
264	🍽️ Foodie	1	t	2025-05-29 09:44:12	2025-05-29 09:44:12	\N	1	\N	\N
265	🍷 Wine Tasting	1	t	2025-05-29 09:44:12	2025-05-29 09:44:12	\N	1	\N	\N
266	🎙️ Karaoke	1	t	2025-05-29 09:44:12	2025-05-29 09:44:12	\N	1	\N	\N
267	🥾 Hiking	1	t	2025-05-29 09:44:12	2025-05-29 09:44:12	\N	2	\N	\N
268	🤿 Scuba Diving	1	t	2025-05-29 09:44:12	2025-05-29 09:44:12	\N	2	\N	\N
269	🪂 Sky Diving	1	t	2025-05-29 09:44:12	2025-05-29 09:44:12	\N	2	\N	\N
270	🏄 Surfing	1	t	2025-05-29 09:44:12	2025-05-29 09:44:12	\N	2	\N	\N
271	🏂 Snow Boarding	1	t	2025-05-29 09:44:12	2025-05-29 09:44:12	\N	2	\N	\N
272	🏍️ Motorcycling	1	t	2025-05-29 09:44:12	2025-05-29 09:44:12	\N	2	\N	\N
273	🏎️ Motor Racing	1	t	2025-05-29 09:44:12	2025-05-29 09:44:12	\N	2	\N	\N
274	🎲 Board Games	1	t	2025-05-29 09:44:12	2025-05-29 09:44:12	\N	2	\N	\N
275	⛵ Sailing	1	t	2025-05-29 09:44:12	2025-05-29 09:44:12	\N	2	\N	\N
276	🤝 Volunteering	1	t	2025-05-29 09:44:12	2025-05-29 09:44:12	\N	2	\N	\N
277	🧸 Collectibles	1	t	2025-05-29 09:44:12	2025-05-29 09:44:12	\N	2	\N	\N
278	🌍 Travel	1	t	2025-05-29 09:44:12	2025-05-29 09:44:12	\N	2	\N	\N
279	😄 Just Here for Fun Conversation	2	t	2025-05-29 09:44:12	2025-05-29 09:44:12	\N	3	\N	\N
280	🧠 Intellectual Conversations	2	t	2025-05-29 09:44:12	2025-05-29 09:44:12	\N	3	\N	\N
281	🎯 Explore Interests Together	2	t	2025-05-29 09:44:12	2025-05-29 09:44:12	\N	3	\N	\N
282	🌍🤝 Networking & Travel Growth	2	t	2025-05-29 09:44:12	2025-05-29 09:44:12	\N	3	\N	\N
283	🧗✈️ Adventure & Travel Mates	2	t	2025-05-29 09:44:12	2025-05-29 09:44:12	\N	3	\N	\N
284	🏋️‍♂️🧘 Fitness & Wellness Partners	2	t	2025-05-29 09:44:12	2025-05-29 09:44:12	\N	3	\N	\N
285	😎🍃 Here to Just Chill	2	t	2025-05-29 09:44:12	2025-05-29 09:44:12	\N	3	\N	\N
286	🥷 Action	3	t	2025-05-29 09:44:42	2025-05-29 09:44:42	\N	6	\N	\N
287	🤣 Comedy	3	t	2025-05-29 09:44:42	2025-05-29 09:44:42	\N	6	\N	\N
288	😱 Thriller	3	t	2025-05-29 09:44:42	2025-05-29 09:44:42	\N	6	\N	\N
289	🎬 Drama	3	t	2025-05-29 09:44:42	2025-05-29 09:44:42	\N	6	\N	\N
290	🤖 Sci fi	3	t	2025-05-29 09:44:42	2025-05-29 09:44:42	\N	6	\N	\N
291	💕 Romance	3	t	2025-05-29 09:44:42	2025-05-29 09:44:42	\N	6	\N	\N
292	🎃 Horror	3	t	2025-05-29 09:44:42	2025-05-29 09:44:42	\N	6	\N	\N
293	🤹 Animated	3	t	2025-05-29 09:44:42	2025-05-29 09:44:42	\N	6	\N	\N
294	📡 Spy	3	t	2025-05-29 09:44:42	2025-05-29 09:44:42	\N	6	\N	\N
295	🚁 Adventure	3	t	2025-05-29 09:44:42	2025-05-29 09:44:42	\N	6	\N	\N
296	👁️ Documentary	3	t	2025-05-29 09:44:42	2025-05-29 09:44:42	\N	6	\N	\N
297	🎶 Musical	3	t	2025-05-29 09:44:42	2025-05-29 09:44:42	\N	6	\N	\N
298	🧙‍♂️🧙‍♀️ Fantasy	3	t	2025-05-29 09:44:42	2025-05-29 09:44:42	\N	6	\N	\N
299	🌸 Anime	3	t	2025-05-29 09:44:42	2025-05-29 09:44:42	\N	6	\N	\N
300	🏰 Historical	3	t	2025-05-29 09:44:42	2025-05-29 09:44:42	\N	6	\N	\N
301	⚔️ War	3	t	2025-05-29 09:44:42	2025-05-29 09:44:42	\N	6	\N	\N
302	🕯️Mystery	3	t	2025-05-29 09:44:42	2025-05-29 09:44:42	\N	6	\N	\N
303	🚨 Crime	3	t	2025-05-29 09:44:42	2025-05-29 09:44:42	\N	6	\N	\N
304	🏡 Family	3	t	2025-05-29 09:44:42	2025-05-29 09:44:42	\N	6	\N	\N
305	🧥 Western	3	t	2025-05-29 09:44:42	2025-05-29 09:44:42	\N	6	\N	\N
306	📝 Biographoical	3	t	2025-05-29 09:44:42	2025-05-29 09:44:42	\N	6	\N	\N
307	🧑‍⚖️ Courtroom	3	t	2025-05-29 09:44:42	2025-05-29 09:44:42	\N	6	\N	\N
308	⚽️ Sports	3	t	2025-05-29 09:44:42	2025-05-29 09:44:42	\N	6	\N	\N
309	🛡️ Epic	3	t	2025-05-29 09:44:42	2025-05-29 09:44:42	\N	6	\N	\N
310	👊  Martial Arts	3	t	2025-05-29 09:44:42	2025-05-29 09:44:42	\N	6	\N	\N
311	👗  K-Drama	3	t	2025-05-29 09:44:42	2025-05-29 09:44:42	\N	6	\N	\N
312	🤐  Silent	3	t	2025-05-29 09:44:42	2025-05-29 09:44:42	\N	6	\N	\N
313	🌒  Film Noir	3	t	2025-05-29 09:44:42	2025-05-29 09:44:42	\N	6	\N	\N
314	🏛️  Political	3	t	2025-05-29 09:44:42	2025-05-29 09:44:42	\N	6	\N	\N
315	🤡  Satire	3	t	2025-05-29 09:44:42	2025-05-29 09:44:42	\N	6	\N	\N
317	🎤 Pop	3	t	2025-05-29 09:48:56	2025-05-29 09:48:56	\N	7	2025-05-29 09:48:56	2025-05-29 09:48:56
318	🕺💃 Latin	3	t	2025-05-29 09:48:56	2025-05-29 09:48:56	\N	7	2025-05-29 09:48:56	2025-05-29 09:48:56
319	🎸 Blues	3	t	2025-05-29 09:48:56	2025-05-29 09:48:56	\N	7	2025-05-29 09:48:56	2025-05-29 09:48:56
320	🏙️  City Break	3	t	2025-05-29 09:49:12	2025-05-29 09:49:12	\N	5	2025-05-29 09:49:12	2025-05-29 09:49:12
321	🌲 Nature Escapes	3	t	2025-05-29 09:49:12	2025-05-29 09:49:12	\N	5	2025-05-29 09:49:12	2025-05-29 09:49:12
322	🚌 Group Tour	3	t	2025-05-29 09:49:12	2025-05-29 09:49:12	\N	5	2025-05-29 09:49:12	2025-05-29 09:49:12
323	😍  Romance	3	t	2025-05-29 09:49:33	2025-05-29 09:49:33	\N	4	2025-05-29 09:49:33	2025-05-29 09:49:33
324	📖 Poetry	3	t	2025-05-29 09:49:33	2025-05-29 09:49:33	\N	4	2025-05-29 09:49:33	2025-05-29 09:49:33
325	⚛️ Science	3	t	2025-05-29 09:49:33	2025-05-29 09:49:33	\N	4	2025-05-29 09:49:33	2025-05-29 09:49:33
326	Mollywood	3	t	2025-06-12 09:35:27	2025-06-12 09:35:27	\N	6	2025-06-12 04:05:26	2025-06-12 04:05:26
\.


--
-- Data for Name: job_batches; Type: TABLE DATA; Schema: public; Owner: meetxy
--

COPY public.job_batches (id, name, total_jobs, pending_jobs, failed_jobs, failed_job_ids, options, cancelled_at, created_at, finished_at) FROM stdin;
\.


--
-- Data for Name: jobs; Type: TABLE DATA; Schema: public; Owner: meetxy
--

COPY public.jobs (id, queue, payload, attempts, reserved_at, available_at, created_at) FROM stdin;
\.


--
-- Data for Name: lets_meet_requests; Type: TABLE DATA; Schema: public; Owner: meetxy
--

COPY public.lets_meet_requests (id, initiator_user_id, recipient_user_id, venue_master_id, place_id, lat_long, meeting_date, meeting_time, status, parent_id, created_at, updated_at, reminder_sent) FROM stdin;
28	146	152	149	ChIJp9wBVs-_BTsR-2gqXkJdBUE	8.575506290516945,76.84302281588316	2025-06-10	16:19:00	5	27	2025-06-10 09:49:28	2025-06-10 23:00:03	f
29	147	162	113	ChIJx304PTzXBzsR4YnBUmhHlHM	9.767705092189344,76.50122422724962	2025-06-11	02:17:00	3	\N	2025-06-11 05:48:28	2025-06-11 05:50:07	f
12	157	158	133	ChIJ_f-_Yfm-BTsRY3TXLXucUKM	8.5593334,76.8773925	2025-06-09	16:01:00	3	\N	2025-06-09 09:32:22	2025-06-09 15:31:35	f
13	159	158	135	ChIJPzwhYPm-BTsRGQbYvf7Z6LI	8.5592981,76.877717	2025-06-09	17:10:00	2	\N	2025-06-09 10:40:33	2025-06-09 17:05:03	t
15	158	159	141	ChIJ5cinFwTABTsR-axwz01zkek	8.614391515378882,76.83287367224693	2025-06-09	21:30:00	2	\N	2025-06-09 15:32:48	2025-06-09 21:25:04	t
8	146	149	112	ChIJKzLO00d6rzsRn22d1nzyVsU	12.34560000,76.54320000	2025-06-09	16:30:00	5	\N	2025-06-09 05:38:47	2025-06-09 23:00:02	f
14	158	160	136	ChIJS3dwA_u-BTsRuEnqBxW2Kwg	8.55900115,76.87796161	2025-06-09	17:35:00	5	\N	2025-06-09 11:06:01	2025-06-09 23:00:02	f
16	158	159	143	ChIJSS5ERH2_BTsRuXQxFVpw6FM	8.55903696,76.87845044	2025-06-10	12:24:00	3	\N	2025-06-10 05:55:44	2025-06-10 05:58:09	f
17	158	159	144	ChIJ93QfeVu_BTsR07n7Jq6Kabg	8.55827839,76.87700003	2025-06-10	00:34:00	4	\N	2025-06-10 06:05:06	2025-06-10 07:14:40	f
19	159	158	132	ChIJ37WJp-a_BTsR7G5vbaFEi9s	8.561466823009537,76.87660574913026	2025-06-10	13:49:00	4	17	2025-06-10 07:20:00	2025-06-10 08:11:31	f
20	158	159	133	ChIJ_f-_Yfm-BTsRY3TXLXucUKM	8.5592812,76.8775448	2025-06-10	17:41:00	3	17	2025-06-10 08:11:32	2025-06-10 08:20:11	f
21	158	159	143	ChIJSS5ERH2_BTsRuXQxFVpw6FM	8.55903696,76.87845044	2025-06-10	18:02:00	4	\N	2025-06-10 08:32:40	2025-06-10 08:33:50	f
22	159	158	135	ChIJPzwhYPm-BTsRGQbYvf7Z6LI	8.5593036,76.8776807	2025-06-10	14:30:00	4	21	2025-06-10 08:33:50	2025-06-10 08:34:19	f
23	158	159	145	ChIJkY9orfu-BTsRat9dz4P76Fg	8.557619612796556,76.8809361755848	2025-06-10	14:30:00	4	21	2025-06-10 08:34:19	2025-06-10 08:39:45	f
24	159	158	146	ChIJ9dRvyPu-BTsRrbStbJF8gac	8.558207438796916,76.87907204031944	2025-06-10	14:08:00	4	21	2025-06-10 08:39:45	2025-06-10 08:40:26	f
25	158	159	135	ChIJPzwhYPm-BTsRGQbYvf7Z6LI	8.5593037,76.8776924	2025-06-10	15:10:00	3	21	2025-06-10 08:40:26	2025-06-10 08:53:19	f
40	172	163	168	ChIJW2ZuIAANCDsRnVYTbiHZTqE	10.01201598,76.36232000	2025-06-12	15:30:00	4	\N	2025-06-12 09:00:30	2025-06-12 09:01:03	f
27	152	146	152	ChIJz0Qnv2O_BTsRbg_1pHf1llg	8.574794499637164,76.84458922594786	2025-06-10	15:30:00	4	\N	2025-06-10 09:47:48	2025-06-10 09:49:28	f
26	159	160	144	ChIJ93QfeVu_BTsR07n7Jq6Kabg	8.55827839,76.87700003	2025-06-10	14:45:00	2	\N	2025-06-10 09:07:18	2025-06-10 14:40:05	t
33	157	159	163	ChIJgXQJOgDBBTsRpyqoJmpYiuo	8.61423439,76.84318040	2025-06-11	14:18:00	5	\N	2025-06-11 07:49:31	2025-06-11 07:49:57	f
34	163	147	113	ChIJx304PTzXBzsR4YnBUmhHlHM	9.76722070,76.50149144	2025-06-11	11:46:00	5	\N	2025-06-11 09:36:20	2025-06-11 09:36:40	f
35	147	163	113	ChIJx304PTzXBzsR4YnBUmhHlHM	9.76722070,76.50149144	2025-06-11	06:08:00	4	\N	2025-06-11 09:38:15	2025-06-11 09:39:36	f
36	163	147	164	ChIJn7OPAQDXBzsRlXQxMZ7uvlc	9.765401094443288,76.4955785125494	2025-06-11	17:09:00	4	35	2025-06-11 09:39:37	2025-06-11 09:40:02	f
37	147	163	165	ChIJq6qaXa3XBzsR6RBlxH4GGvc	9.764632210533838,76.49112269282341	2025-06-11	16:10:00	5	35	2025-06-11 09:40:02	2025-06-11 09:41:03	f
43	174	163	169	ChIJQ0TFeoIMCDsRxgQpVHxyjiw	10.0126603,76.3629296	2025-06-12	14:47:00	4	\N	2025-06-12 11:17:07	2025-06-12 11:19:52	f
38	163	147	113	ChIJx304PTzXBzsR4YnBUmhHlHM	9.76732973956395,76.50105524808168	2025-06-11	14:13:00	2	\N	2025-06-11 09:43:33	2025-06-11 14:08:04	t
44	163	174	172	ChIJc9BCZYsNCDsR4t8IuH_6ziQ	10.01270009150619,76.36328861117363	2025-06-12	14:49:00	4	43	2025-06-12 11:19:53	2025-06-12 11:21:34	f
45	174	163	169	ChIJQ0TFeoIMCDsRxgQpVHxyjiw	10.0125886,76.3628962	2025-06-12	15:51:00	4	43	2025-06-12 11:21:34	2025-06-12 11:21:57	f
52	160	159	139	ChIJiUOxZlbBBTsR9-nrm9jZRak	8.61413494,76.83659390	2025-06-13	19:00:00	3	\N	2025-06-13 12:30:55	2025-06-13 12:33:19	f
42	168	171	166	ChIJq6qq6jS6BTsR7i9w4H6AtAg	8.50866508,76.96579993	2025-06-12	12:14:00	4	\N	2025-06-12 10:45:05	2025-06-12 11:33:57	f
48	171	168	170	ChIJz0sFdr27BTsRcw3Fn8_O5CM	8.50851653253713,76.96641214191914	2025-06-12	17:35:00	3	42	2025-06-12 11:33:57	2025-06-12 11:54:07	f
46	163	174	169	ChIJQ0TFeoIMCDsRxgQpVHxyjiw	10.012607,76.3628693	2025-06-12	15:51:00	2	43	2025-06-12 11:21:57	2025-06-12 15:46:03	t
41	163	172	169	ChIJQ0TFeoIMCDsRxgQpVHxyjiw	10.0126379,76.3628412	2025-06-12	16:30:00	2	40	2025-06-12 09:01:04	2025-06-12 16:25:03	t
47	166	174	169	ChIJQ0TFeoIMCDsRxgQpVHxyjiw	10.0126015,76.3628593	2025-06-12	22:53:00	2	\N	2025-06-12 11:23:18	2025-06-12 22:48:03	t
39	168	167	167	ChIJdQP-zjS6BTsRR99I7c5waWo	8.508264858651458,76.96463450789452	2025-06-12	01:49:00	5	\N	2025-06-12 08:20:02	2025-06-12 23:00:02	f
50	180	147	182	ChIJE5kWHgB5CDsRrWkjzfNsKvQ	9.747724,76.3952072	2025-06-13	16:35:00	5	\N	2025-06-13 10:05:15	2025-06-13 10:06:12	f
49	175	179	180	ChIJ__-zowqCpBIRkaEjr329OCY	41.26518071,1.92843217	2025-06-13	10:35:00	2	\N	2025-06-13 08:35:23	2025-06-13 10:30:02	t
53	160	159	142	ChIJo01pdwDBBTsRN2Luln8QRoc	8.61213238,76.83614664	2025-06-13	19:05:00	2	\N	2025-06-13 12:35:29	2025-06-13 19:00:05	t
51	183	167	186	ChIJ4SFovzO6BTsR4m0vbjVLD8s	8.511455699900148,76.96872521191835	2025-06-13	10:50:00	5	\N	2025-06-13 11:45:57	2025-06-13 23:00:03	f
54	175	181	202	ChIJF4L9ugqCpBIRnhcWNYJS3IY	41.26548892,1.92875236	2025-06-16	14:51:00	2	\N	2025-06-16 11:51:54	2025-06-16 14:46:04	t
55	175	181	202	ChIJF4L9ugqCpBIRnhcWNYJS3IY	41.26548892,1.92875236	2025-06-17	00:32:00	1	\N	2025-06-17 07:32:12	2025-06-17 07:32:12	f
56	159	160	137	ChIJh-CUvwXABTsRsVHzRzMw_j8	8.61456025,76.83587540	2025-06-17	14:35:00	5	\N	2025-06-17 09:02:31	2025-06-17 09:02:31	f
57	180	150	169	ChIJQ0TFeoIMCDsRxgQpVHxyjiw	10.0125768,76.3628709	2025-06-19	11:06:00	3	\N	2025-06-19 09:06:11	2025-06-19 09:07:47	f
58	180	150	168	ChIJW2ZuIAANCDsRnVYTbiHZTqE	10.01201598,76.36232000	2025-06-19	11:11:00	4	\N	2025-06-19 09:11:21	2025-06-19 09:11:42	f
59	150	180	169	ChIJQ0TFeoIMCDsRxgQpVHxyjiw	10.012564061595867,76.36293355375528	2025-06-19	21:41:00	1	58	2025-06-19 09:11:42	2025-06-19 09:11:42	f
60	159	160	137	ChIJh-CUvwXABTsRsVHzRzMw_j8	8.61456025,76.83587540	2025-06-19	00:12:00	3	\N	2025-06-19 12:13:45	2025-06-19 12:15:43	f
\.


--
-- Data for Name: location_distance_managements; Type: TABLE DATA; Schema: public; Owner: meetxy
--

COPY public.location_distance_managements (id, distance, unit, is_active, created_date, updated_date) FROM stdin;
\.


--
-- Data for Name: login_histories; Type: TABLE DATA; Schema: public; Owner: meetxy
--

COPY public.login_histories (id, user_id, ip_address, platform, device, is_success, login_time, logout_time, login_type, created_date, updated_date, created_at, updated_at) FROM stdin;
120	146	111.92.33.7	unknown	unknown	t	2025-05-29 11:24:11	\N	Google Signup	2025-05-29 16:54:12	2025-05-29 16:54:12	2025-05-29 11:24:11	2025-05-29 11:24:11
121	147	106.205.163.2	unknown	unknown	t	2025-05-29 11:28:29	\N	Google Signup	2025-05-29 16:58:30	2025-05-29 16:58:30	2025-05-29 11:28:29	2025-05-29 11:28:29
122	148	1.39.78.155	unknown	unknown	t	2025-05-29 12:11:51	\N	Google Signup	2025-05-29 17:41:51	2025-05-29 17:41:51	2025-05-29 12:11:51	2025-05-29 12:11:51
123	149	157.51.235.221	unknown	unknown	t	2025-05-30 05:08:47	\N	Google Signup	2025-05-30 10:38:48	2025-05-30 10:38:48	2025-05-30 05:08:47	2025-05-30 05:08:47
124	149	157.51.232.253	unknown	unknown	t	2025-05-30 05:27:44	\N	unknown	2025-05-30 10:57:45	2025-05-30 10:57:45	2025-05-30 05:27:44	2025-05-30 05:27:44
125	149	157.51.235.63	unknown	unknown	t	2025-05-30 05:35:52	\N	unknown	2025-05-30 11:05:52	2025-05-30 11:05:52	2025-05-30 05:35:52	2025-05-30 05:35:52
126	147	157.51.233.195	unknown	unknown	t	2025-05-30 05:43:12	\N	unknown	2025-05-30 11:13:12	2025-05-30 11:13:12	2025-05-30 05:43:12	2025-05-30 05:43:12
127	150	1.39.78.155	unknown	unknown	t	2025-05-30 05:51:56	\N	Google Signup	2025-05-30 11:21:57	2025-05-30 11:21:57	2025-05-30 05:51:56	2025-05-30 05:51:56
128	151	152.58.201.178	unknown	unknown	t	2025-05-30 05:57:28	\N	Registration by Email OTP verification	2025-05-30 11:27:29	2025-05-30 11:27:29	2025-05-30 05:57:28	2025-05-30 05:57:28
129	150	1.39.78.155	unknown	unknown	t	2025-05-30 12:13:12	\N	unknown	2025-05-30 17:43:12	2025-05-30 17:43:12	2025-05-30 12:13:12	2025-05-30 12:13:12
130	152	106.205.163.102	unknown	unknown	t	2025-05-30 12:16:46	\N	Google Signup	2025-05-30 17:46:47	2025-05-30 17:46:47	2025-05-30 12:16:46	2025-05-30 12:16:46
131	151	103.121.26.203	unknown	unknown	t	2025-06-02 04:31:37	\N	unknown	2025-06-02 10:01:38	2025-06-02 10:01:38	2025-06-02 04:31:37	2025-06-02 04:31:37
132	146	157.51.238.91	unknown	unknown	t	2025-06-03 08:18:20	\N	unknown	2025-06-03 13:48:21	2025-06-03 13:48:21	2025-06-03 08:18:20	2025-06-03 08:18:20
133	153	49.37.224.218	unknown	unknown	t	2025-06-04 06:58:48	\N	Google Signup	2025-06-04 12:28:49	2025-06-04 12:28:49	2025-06-04 06:58:48	2025-06-04 06:58:48
134	146	157.51.233.117	unknown	unknown	t	2025-06-04 07:13:15	\N	unknown	2025-06-04 12:43:16	2025-06-04 12:43:16	2025-06-04 07:13:15	2025-06-04 07:13:15
135	151	103.166.245.184	unknown	unknown	t	2025-06-04 09:03:27	\N	unknown	2025-06-04 14:33:27	2025-06-04 14:33:27	2025-06-04 09:03:27	2025-06-04 09:03:27
136	151	103.121.26.203	unknown	unknown	t	2025-06-04 12:01:00	\N	unknown	2025-06-04 17:31:01	2025-06-04 17:31:01	2025-06-04 12:01:00	2025-06-04 12:01:00
137	151	103.121.26.203	unknown	unknown	t	2025-06-05 04:59:49	\N	unknown	2025-06-05 10:29:50	2025-06-05 10:29:50	2025-06-05 04:59:49	2025-06-05 04:59:49
138	149	103.121.26.203	unknown	unknown	t	2025-06-05 05:28:55	\N	unknown	2025-06-05 10:58:56	2025-06-05 10:58:56	2025-06-05 05:28:55	2025-06-05 05:28:55
139	146	103.121.26.203	unknown	unknown	t	2025-06-05 05:29:42	\N	unknown	2025-06-05 10:59:43	2025-06-05 10:59:43	2025-06-05 05:29:42	2025-06-05 05:29:42
140	154	42.105.227.11	unknown	unknown	t	2025-06-05 09:40:39	\N	Google Signup	2025-06-05 15:10:39	2025-06-05 15:10:39	2025-06-05 09:40:39	2025-06-05 09:40:39
141	149	103.121.26.203	unknown	unknown	t	2025-06-05 14:17:52	\N	unknown	2025-06-05 19:47:53	2025-06-05 19:47:53	2025-06-05 14:17:52	2025-06-05 14:17:52
142	147	103.121.26.203	unknown	unknown	t	2025-06-05 14:19:50	\N	unknown	2025-06-05 19:49:51	2025-06-05 19:49:51	2025-06-05 14:19:50	2025-06-05 14:19:50
143	149	103.121.26.203	unknown	unknown	t	2025-06-05 14:32:05	\N	unknown	2025-06-05 20:02:06	2025-06-05 20:02:06	2025-06-05 14:32:05	2025-06-05 14:32:05
144	155	157.46.5.106	unknown	unknown	t	2025-06-05 16:52:53	\N	Google Signup	2025-06-05 22:22:53	2025-06-05 22:22:53	2025-06-05 16:52:53	2025-06-05 16:52:53
145	155	103.155.223.184	unknown	unknown	t	2025-06-06 16:43:03	\N	unknown	2025-06-06 22:13:04	2025-06-06 22:13:04	2025-06-06 16:43:03	2025-06-06 16:43:03
146	155	103.149.159.143	unknown	unknown	t	2025-06-06 17:34:55	\N	unknown	2025-06-06 23:04:56	2025-06-06 23:04:56	2025-06-06 17:34:55	2025-06-06 17:34:55
147	155	103.170.54.186	unknown	unknown	t	2025-06-08 05:01:57	\N	unknown	2025-06-08 10:31:58	2025-06-08 10:31:58	2025-06-08 05:01:57	2025-06-08 05:01:57
148	155	103.170.54.186	unknown	unknown	t	2025-06-08 05:11:41	\N	unknown	2025-06-08 10:41:41	2025-06-08 10:41:41	2025-06-08 05:11:41	2025-06-08 05:11:41
149	156	103.170.54.165	unknown	unknown	t	2025-06-08 06:43:07	\N	Registration by Email OTP verification	2025-06-08 12:13:07	2025-06-08 12:13:07	2025-06-08 06:43:07	2025-06-08 06:43:07
150	155	103.170.54.153	unknown	unknown	t	2025-06-08 12:08:22	\N	unknown	2025-06-08 17:38:23	2025-06-08 17:38:23	2025-06-08 12:08:22	2025-06-08 12:08:22
151	156	103.170.54.153	unknown	unknown	t	2025-06-08 12:20:20	\N	unknown	2025-06-08 17:50:21	2025-06-08 17:50:21	2025-06-08 12:20:20	2025-06-08 12:20:20
152	155	103.170.54.153	unknown	unknown	t	2025-06-08 12:31:53	\N	unknown	2025-06-08 18:01:54	2025-06-08 18:01:54	2025-06-08 12:31:53	2025-06-08 12:31:53
153	156	103.170.54.153	unknown	unknown	t	2025-06-08 12:58:23	\N	unknown	2025-06-08 18:28:23	2025-06-08 18:28:23	2025-06-08 12:58:23	2025-06-08 12:58:23
154	155	103.170.54.153	unknown	unknown	t	2025-06-08 13:00:14	\N	unknown	2025-06-08 18:30:14	2025-06-08 18:30:14	2025-06-08 13:00:14	2025-06-08 13:00:14
155	155	103.170.54.153	unknown	unknown	t	2025-06-08 15:02:25	\N	unknown	2025-06-08 20:32:25	2025-06-08 20:32:25	2025-06-08 15:02:25	2025-06-08 15:02:25
156	155	103.177.252.149	unknown	unknown	t	2025-06-08 16:03:30	\N	unknown	2025-06-08 21:33:31	2025-06-08 21:33:31	2025-06-08 16:03:30	2025-06-08 16:03:30
157	156	103.177.252.149	unknown	unknown	t	2025-06-08 16:46:16	\N	unknown	2025-06-08 22:16:17	2025-06-08 22:16:17	2025-06-08 16:46:16	2025-06-08 16:46:16
158	155	103.177.252.149	unknown	unknown	t	2025-06-08 16:49:53	\N	unknown	2025-06-08 22:19:54	2025-06-08 22:19:54	2025-06-08 16:49:53	2025-06-08 16:49:53
159	157	103.121.26.203	unknown	unknown	t	2025-06-09 05:01:00	\N	Google Signup	2025-06-09 10:31:01	2025-06-09 10:31:01	2025-06-09 05:01:00	2025-06-09 05:01:00
160	158	103.121.26.203	unknown	unknown	t	2025-06-09 05:10:08	\N	Google Signup	2025-06-09 10:40:08	2025-06-09 10:40:08	2025-06-09 05:10:08	2025-06-09 05:10:08
161	146	103.121.26.203	unknown	unknown	t	2025-06-09 05:12:40	\N	unknown	2025-06-09 10:42:40	2025-06-09 10:42:40	2025-06-09 05:12:40	2025-06-09 05:12:40
162	157	103.121.26.203	unknown	unknown	t	2025-06-09 05:13:22	\N	unknown	2025-06-09 10:43:23	2025-06-09 10:43:23	2025-06-09 05:13:22	2025-06-09 05:13:22
163	149	103.121.26.203	unknown	unknown	t	2025-06-09 05:19:12	\N	unknown	2025-06-09 10:49:12	2025-06-09 10:49:12	2025-06-09 05:19:12	2025-06-09 05:19:12
164	158	103.121.26.203	unknown	unknown	t	2025-06-09 05:19:53	\N	unknown	2025-06-09 10:49:53	2025-06-09 10:49:53	2025-06-09 05:19:53	2025-06-09 05:19:53
165	149	103.121.26.203	unknown	unknown	t	2025-06-09 05:46:11	\N	unknown	2025-06-09 11:16:12	2025-06-09 11:16:12	2025-06-09 05:46:11	2025-06-09 05:46:11
166	157	103.121.26.203	unknown	unknown	t	2025-06-09 06:23:21	\N	unknown	2025-06-09 11:53:21	2025-06-09 11:53:21	2025-06-09 06:23:21	2025-06-09 06:23:21
167	159	103.121.26.203	unknown	unknown	t	2025-06-09 09:02:11	\N	Google Signup	2025-06-09 14:32:11	2025-06-09 14:32:11	2025-06-09 09:02:11	2025-06-09 09:02:11
168	158	103.121.26.203	unknown	unknown	t	2025-06-09 09:34:58	\N	unknown	2025-06-09 15:04:59	2025-06-09 15:04:59	2025-06-09 09:34:58	2025-06-09 09:34:58
169	159	103.121.26.203	unknown	unknown	t	2025-06-09 09:38:14	\N	unknown	2025-06-09 15:08:15	2025-06-09 15:08:15	2025-06-09 09:38:14	2025-06-09 09:38:14
170	159	103.121.26.203	unknown	unknown	t	2025-06-09 10:39:33	\N	unknown	2025-06-09 16:09:34	2025-06-09 16:09:34	2025-06-09 10:39:33	2025-06-09 10:39:33
171	157	103.121.26.203	unknown	unknown	t	2025-06-09 10:55:35	\N	unknown	2025-06-09 16:25:35	2025-06-09 16:25:35	2025-06-09 10:55:35	2025-06-09 10:55:35
172	158	103.121.26.203	unknown	unknown	t	2025-06-09 10:56:24	\N	unknown	2025-06-09 16:26:24	2025-06-09 16:26:24	2025-06-09 10:56:24	2025-06-09 10:56:24
173	160	103.121.26.203	unknown	unknown	t	2025-06-09 10:57:18	\N	Google Signup	2025-06-09 16:27:18	2025-06-09 16:27:18	2025-06-09 10:57:18	2025-06-09 10:57:18
174	158	106.205.161.151	unknown	unknown	t	2025-06-09 13:16:31	\N	unknown	2025-06-09 18:46:32	2025-06-09 18:46:32	2025-06-09 13:16:31	2025-06-09 13:16:31
175	160	106.205.161.151	unknown	unknown	t	2025-06-09 13:17:33	\N	unknown	2025-06-09 18:47:33	2025-06-09 18:47:33	2025-06-09 13:17:33	2025-06-09 13:17:33
176	159	103.149.159.25	unknown	unknown	t	2025-06-09 15:28:54	\N	unknown	2025-06-09 20:58:55	2025-06-09 20:58:55	2025-06-09 15:28:54	2025-06-09 15:28:54
177	157	103.149.159.25	unknown	unknown	t	2025-06-09 15:29:34	\N	unknown	2025-06-09 20:59:34	2025-06-09 20:59:34	2025-06-09 15:29:34	2025-06-09 15:29:34
178	158	103.149.159.25	unknown	unknown	t	2025-06-09 15:30:42	\N	unknown	2025-06-09 21:00:43	2025-06-09 21:00:43	2025-06-09 15:30:42	2025-06-09 15:30:42
179	158	103.149.159.25	unknown	unknown	t	2025-06-09 15:33:08	\N	unknown	2025-06-09 21:03:08	2025-06-09 21:03:08	2025-06-09 15:33:08	2025-06-09 15:33:08
180	159	103.149.159.25	unknown	unknown	t	2025-06-09 15:33:15	\N	unknown	2025-06-09 21:03:16	2025-06-09 21:03:16	2025-06-09 15:33:15	2025-06-09 15:33:15
181	157	103.149.159.25	unknown	unknown	t	2025-06-09 15:35:16	\N	unknown	2025-06-09 21:05:17	2025-06-09 21:05:17	2025-06-09 15:35:16	2025-06-09 15:35:16
182	159	103.149.159.25	unknown	unknown	t	2025-06-09 15:35:55	\N	unknown	2025-06-09 21:05:56	2025-06-09 21:05:56	2025-06-09 15:35:55	2025-06-09 15:35:55
183	160	103.121.26.203	unknown	unknown	t	2025-06-10 04:06:27	\N	unknown	2025-06-10 09:36:27	2025-06-10 09:36:27	2025-06-10 04:06:27	2025-06-10 04:06:27
184	159	103.121.26.203	unknown	unknown	t	2025-06-10 04:10:21	\N	unknown	2025-06-10 09:40:22	2025-06-10 09:40:22	2025-06-10 04:10:21	2025-06-10 04:10:21
185	159	103.121.26.203	unknown	unknown	t	2025-06-10 05:57:33	\N	unknown	2025-06-10 11:27:33	2025-06-10 11:27:33	2025-06-10 05:57:33	2025-06-10 05:57:33
186	158	103.121.26.203	unknown	unknown	t	2025-06-10 06:03:56	\N	unknown	2025-06-10 11:33:56	2025-06-10 11:33:56	2025-06-10 06:03:56	2025-06-10 06:03:56
187	157	103.121.26.203	unknown	unknown	t	2025-06-10 06:05:51	\N	unknown	2025-06-10 11:35:51	2025-06-10 11:35:51	2025-06-10 06:05:51	2025-06-10 06:05:51
188	158	103.121.26.203	unknown	unknown	t	2025-06-10 06:06:34	\N	unknown	2025-06-10 11:36:35	2025-06-10 11:36:35	2025-06-10 06:06:34	2025-06-10 06:06:34
189	159	103.121.26.203	unknown	unknown	t	2025-06-10 06:06:58	\N	unknown	2025-06-10 11:36:59	2025-06-10 11:36:59	2025-06-10 06:06:58	2025-06-10 06:06:58
190	159	103.121.26.203	unknown	unknown	t	2025-06-10 06:21:49	\N	unknown	2025-06-10 11:51:50	2025-06-10 11:51:50	2025-06-10 06:21:49	2025-06-10 06:21:49
191	158	103.121.26.203	unknown	unknown	t	2025-06-10 08:10:56	\N	unknown	2025-06-10 13:40:56	2025-06-10 13:40:56	2025-06-10 08:10:56	2025-06-10 08:10:56
192	159	103.121.26.203	unknown	unknown	t	2025-06-10 09:02:10	\N	unknown	2025-06-10 14:32:11	2025-06-10 14:32:11	2025-06-10 09:02:10	2025-06-10 09:02:10
193	158	103.121.26.203	unknown	unknown	t	2025-06-10 09:03:23	\N	unknown	2025-06-10 14:33:24	2025-06-10 14:33:24	2025-06-10 09:03:23	2025-06-10 09:03:23
194	160	103.121.26.203	unknown	unknown	t	2025-06-10 09:03:49	\N	unknown	2025-06-10 14:33:50	2025-06-10 14:33:50	2025-06-10 09:03:49	2025-06-10 09:03:49
195	152	111.92.33.7	unknown	unknown	t	2025-06-10 09:16:38	\N	unknown	2025-06-10 14:46:39	2025-06-10 14:46:39	2025-06-10 09:16:38	2025-06-10 09:16:38
196	157	103.121.26.203	unknown	unknown	t	2025-06-10 09:16:38	\N	unknown	2025-06-10 14:46:39	2025-06-10 14:46:39	2025-06-10 09:16:38	2025-06-10 09:16:38
197	146	111.92.33.7	unknown	unknown	t	2025-06-10 09:34:03	\N	unknown	2025-06-10 15:04:03	2025-06-10 15:04:03	2025-06-10 09:34:03	2025-06-10 09:34:03
198	152	111.92.33.7	unknown	unknown	t	2025-06-10 09:34:21	\N	unknown	2025-06-10 15:04:21	2025-06-10 15:04:21	2025-06-10 09:34:21	2025-06-10 09:34:21
199	146	111.92.33.7	unknown	unknown	t	2025-06-10 09:34:35	\N	unknown	2025-06-10 15:04:35	2025-06-10 15:04:35	2025-06-10 09:34:35	2025-06-10 09:34:35
200	152	111.92.33.7	unknown	unknown	t	2025-06-10 09:35:52	\N	unknown	2025-06-10 15:05:52	2025-06-10 15:05:52	2025-06-10 09:35:52	2025-06-10 09:35:52
201	161	111.92.33.7	unknown	unknown	t	2025-06-10 09:42:49	\N	Google Signup	2025-06-10 15:12:50	2025-06-10 15:12:50	2025-06-10 09:42:49	2025-06-10 09:42:49
202	152	111.92.33.7	unknown	unknown	t	2025-06-10 09:45:18	\N	unknown	2025-06-10 15:15:19	2025-06-10 15:15:19	2025-06-10 09:45:18	2025-06-10 09:45:18
203	146	111.92.33.7	unknown	unknown	t	2025-06-10 09:48:42	\N	unknown	2025-06-10 15:18:42	2025-06-10 15:18:42	2025-06-10 09:48:42	2025-06-10 09:48:42
204	159	103.121.26.203	unknown	unknown	t	2025-06-10 12:06:57	\N	unknown	2025-06-10 17:36:58	2025-06-10 17:36:58	2025-06-10 12:06:57	2025-06-10 12:06:57
205	147	106.222.176.233	unknown	unknown	t	2025-06-11 04:12:14	\N	unknown	2025-06-11 09:42:14	2025-06-11 09:42:14	2025-06-11 04:12:14	2025-06-11 04:12:14
206	162	106.222.176.233	unknown	unknown	t	2025-06-11 04:57:22	\N	Google Signup	2025-06-11 10:27:23	2025-06-11 10:27:23	2025-06-11 04:57:22	2025-06-11 04:57:22
207	163	106.222.176.233	unknown	unknown	t	2025-06-11 05:57:51	\N	Google Signup	2025-06-11 11:27:51	2025-06-11 11:27:51	2025-06-11 05:57:51	2025-06-11 05:57:51
208	164	106.222.176.233	unknown	unknown	t	2025-06-11 06:03:16	\N	Google Signup	2025-06-11 11:33:17	2025-06-11 11:33:17	2025-06-11 06:03:16	2025-06-11 06:03:16
209	163	106.222.176.233	unknown	unknown	t	2025-06-11 08:19:19	\N	unknown	2025-06-11 13:49:20	2025-06-11 13:49:20	2025-06-11 08:19:19	2025-06-11 08:19:19
210	164	27.63.192.112	unknown	unknown	t	2025-06-11 08:37:33	\N	unknown	2025-06-11 14:07:33	2025-06-11 14:07:33	2025-06-11 08:37:33	2025-06-11 08:37:33
211	165	27.63.192.112	unknown	unknown	t	2025-06-11 08:57:51	\N	Google Signup	2025-06-11 14:27:51	2025-06-11 14:27:51	2025-06-11 08:57:51	2025-06-11 08:57:51
212	165	27.63.192.112	unknown	unknown	t	2025-06-11 08:58:03	\N	unknown	2025-06-11 14:28:03	2025-06-11 14:28:03	2025-06-11 08:58:03	2025-06-11 08:58:03
213	166	27.63.192.112	unknown	unknown	t	2025-06-11 09:00:19	\N	Google Signup	2025-06-11 14:30:19	2025-06-11 14:30:19	2025-06-11 09:00:19	2025-06-11 09:00:19
214	147	27.63.192.112	unknown	unknown	t	2025-06-11 09:18:17	\N	unknown	2025-06-11 14:48:17	2025-06-11 14:48:17	2025-06-11 09:18:17	2025-06-11 09:18:17
215	165	27.63.192.112	unknown	unknown	t	2025-06-11 09:31:16	\N	unknown	2025-06-11 15:01:17	2025-06-11 15:01:17	2025-06-11 09:31:16	2025-06-11 09:31:16
216	163	27.63.192.112	unknown	unknown	t	2025-06-11 09:35:00	\N	unknown	2025-06-11 15:05:00	2025-06-11 15:05:00	2025-06-11 09:35:00	2025-06-11 09:35:00
217	160	103.149.159.22	unknown	unknown	t	2025-06-11 09:47:34	\N	unknown	2025-06-11 15:17:35	2025-06-11 15:17:35	2025-06-11 09:47:34	2025-06-11 09:47:34
218	149	103.121.26.203	unknown	unknown	t	2025-06-11 11:06:54	\N	unknown	2025-06-11 16:36:54	2025-06-11 16:36:54	2025-06-11 11:06:54	2025-06-11 11:06:54
219	151	103.142.31.200	unknown	unknown	t	2025-06-12 04:20:17	\N	unknown	2025-06-12 09:50:18	2025-06-12 09:50:18	2025-06-12 04:20:17	2025-06-12 04:20:17
220	167	49.37.227.233	unknown	unknown	t	2025-06-12 05:56:25	\N	Google Signup	2025-06-12 11:26:26	2025-06-12 11:26:26	2025-06-12 05:56:25	2025-06-12 05:56:25
221	168	49.37.227.233	unknown	unknown	t	2025-06-12 06:17:01	\N	Google Signup	2025-06-12 11:47:02	2025-06-12 11:47:02	2025-06-12 06:17:01	2025-06-12 06:17:01
222	167	49.37.227.233	unknown	unknown	t	2025-06-12 06:24:04	\N	unknown	2025-06-12 11:54:04	2025-06-12 11:54:04	2025-06-12 06:24:04	2025-06-12 06:24:04
223	168	49.37.227.233	unknown	unknown	t	2025-06-12 06:24:59	\N	unknown	2025-06-12 11:55:00	2025-06-12 11:55:00	2025-06-12 06:24:59	2025-06-12 06:24:59
224	153	49.37.227.233	unknown	unknown	t	2025-06-12 06:28:21	\N	unknown	2025-06-12 11:58:21	2025-06-12 11:58:21	2025-06-12 06:28:21	2025-06-12 06:28:21
225	152	111.92.33.7	unknown	unknown	t	2025-06-12 06:32:47	\N	unknown	2025-06-12 12:02:48	2025-06-12 12:02:48	2025-06-12 06:32:47	2025-06-12 06:32:47
226	169	106.222.178.194	unknown	unknown	t	2025-06-12 07:54:08	\N	Google Signup	2025-06-12 13:24:09	2025-06-12 13:24:09	2025-06-12 07:54:08	2025-06-12 07:54:08
227	170	106.222.178.194	unknown	unknown	t	2025-06-12 07:57:01	\N	Google Signup	2025-06-12 13:27:02	2025-06-12 13:27:02	2025-06-12 07:57:01	2025-06-12 07:57:01
228	171	49.37.227.233	unknown	unknown	t	2025-06-12 08:00:08	\N	Google Signup	2025-06-12 13:30:09	2025-06-12 13:30:09	2025-06-12 08:00:08	2025-06-12 08:00:08
229	172	106.222.178.194	unknown	unknown	t	2025-06-12 08:07:00	\N	Google Signup	2025-06-12 13:37:01	2025-06-12 13:37:01	2025-06-12 08:07:00	2025-06-12 08:07:00
230	167	49.37.227.233	unknown	unknown	t	2025-06-12 08:07:09	\N	unknown	2025-06-12 13:37:09	2025-06-12 13:37:09	2025-06-12 08:07:09	2025-06-12 08:07:09
231	168	49.37.227.233	unknown	unknown	t	2025-06-12 08:11:05	\N	unknown	2025-06-12 13:41:06	2025-06-12 13:41:06	2025-06-12 08:11:05	2025-06-12 08:11:05
232	171	49.37.227.233	unknown	unknown	t	2025-06-12 08:34:54	\N	unknown	2025-06-12 14:04:54	2025-06-12 14:04:54	2025-06-12 08:34:54	2025-06-12 08:34:54
233	167	49.37.227.233	unknown	unknown	t	2025-06-12 09:07:23	\N	unknown	2025-06-12 14:37:24	2025-06-12 14:37:24	2025-06-12 09:07:23	2025-06-12 09:07:23
234	153	49.37.227.233	unknown	unknown	t	2025-06-12 09:08:43	\N	unknown	2025-06-12 14:38:43	2025-06-12 14:38:43	2025-06-12 09:08:43	2025-06-12 09:08:43
235	168	49.37.227.233	unknown	unknown	t	2025-06-12 09:08:55	\N	unknown	2025-06-12 14:38:56	2025-06-12 14:38:56	2025-06-12 09:08:55	2025-06-12 09:08:55
236	173	106.222.178.194	unknown	unknown	t	2025-06-12 09:13:12	\N	Google Signup	2025-06-12 14:43:12	2025-06-12 14:43:12	2025-06-12 09:13:12	2025-06-12 09:13:12
237	171	49.37.227.233	unknown	unknown	t	2025-06-12 09:13:57	\N	unknown	2025-06-12 14:43:57	2025-06-12 14:43:57	2025-06-12 09:13:57	2025-06-12 09:13:57
238	174	106.222.178.194	unknown	unknown	t	2025-06-12 09:15:19	\N	Google Signup	2025-06-12 14:45:20	2025-06-12 14:45:20	2025-06-12 09:15:19	2025-06-12 09:15:19
239	168	49.37.227.233	unknown	unknown	t	2025-06-12 10:02:04	\N	unknown	2025-06-12 15:32:05	2025-06-12 15:32:05	2025-06-12 10:02:04	2025-06-12 10:02:04
240	149	103.121.26.203	unknown	unknown	t	2025-06-12 10:42:12	\N	unknown	2025-06-12 16:12:12	2025-06-12 16:12:12	2025-06-12 10:42:12	2025-06-12 10:42:12
241	168	49.37.227.233	unknown	unknown	t	2025-06-12 10:46:03	\N	unknown	2025-06-12 16:16:04	2025-06-12 16:16:04	2025-06-12 10:46:03	2025-06-12 10:46:03
242	157	103.121.26.203	unknown	unknown	t	2025-06-12 10:47:40	\N	unknown	2025-06-12 16:17:41	2025-06-12 16:17:41	2025-06-12 10:47:40	2025-06-12 10:47:40
243	167	49.37.227.233	unknown	unknown	t	2025-06-12 10:50:31	\N	unknown	2025-06-12 16:20:31	2025-06-12 16:20:31	2025-06-12 10:50:31	2025-06-12 10:50:31
244	175	79.157.2.94	unknown	unknown	t	2025-06-12 10:58:17	\N	Google Signup	2025-06-12 16:28:17	2025-06-12 16:28:17	2025-06-12 10:58:17	2025-06-12 10:58:17
245	152	111.92.33.7	unknown	unknown	t	2025-06-12 10:58:37	\N	unknown	2025-06-12 16:28:37	2025-06-12 16:28:37	2025-06-12 10:58:37	2025-06-12 10:58:37
246	153	49.37.227.233	unknown	unknown	t	2025-06-12 11:15:11	\N	unknown	2025-06-12 16:45:12	2025-06-12 16:45:12	2025-06-12 11:15:11	2025-06-12 11:15:11
247	167	49.37.227.233	unknown	unknown	t	2025-06-12 11:16:37	\N	unknown	2025-06-12 16:46:38	2025-06-12 16:46:38	2025-06-12 11:16:37	2025-06-12 11:16:37
248	168	49.37.227.233	unknown	unknown	t	2025-06-12 11:17:58	\N	unknown	2025-06-12 16:47:59	2025-06-12 16:47:59	2025-06-12 11:17:58	2025-06-12 11:17:58
249	166	103.142.31.200	unknown	unknown	t	2025-06-12 11:22:26	\N	unknown	2025-06-12 16:52:26	2025-06-12 16:52:26	2025-06-12 11:22:26	2025-06-12 11:22:26
250	171	49.37.227.233	unknown	unknown	t	2025-06-12 11:32:24	\N	unknown	2025-06-12 17:02:25	2025-06-12 17:02:25	2025-06-12 11:32:24	2025-06-12 11:32:24
251	168	49.37.227.233	unknown	unknown	t	2025-06-12 11:34:36	\N	unknown	2025-06-12 17:04:37	2025-06-12 17:04:37	2025-06-12 11:34:36	2025-06-12 11:34:36
252	153	49.37.227.233	unknown	unknown	t	2025-06-12 11:40:22	\N	unknown	2025-06-12 17:10:22	2025-06-12 17:10:22	2025-06-12 11:40:22	2025-06-12 11:40:22
253	168	49.37.227.233	unknown	unknown	t	2025-06-12 11:40:35	\N	unknown	2025-06-12 17:10:36	2025-06-12 17:10:36	2025-06-12 11:40:35	2025-06-12 11:40:35
254	153	49.37.227.233	unknown	unknown	t	2025-06-12 11:59:04	\N	unknown	2025-06-12 17:29:05	2025-06-12 17:29:05	2025-06-12 11:59:04	2025-06-12 11:59:04
255	157	106.222.179.156	unknown	unknown	t	2025-06-12 12:39:00	\N	unknown	2025-06-12 18:09:01	2025-06-12 18:09:01	2025-06-12 12:39:00	2025-06-12 12:39:00
256	165	106.205.162.155	unknown	unknown	t	2025-06-13 04:21:13	\N	unknown	2025-06-13 09:51:14	2025-06-13 09:51:14	2025-06-13 04:21:13	2025-06-13 04:21:13
257	157	103.149.159.50	unknown	unknown	t	2025-06-13 05:51:41	\N	unknown	2025-06-13 11:21:42	2025-06-13 11:21:42	2025-06-13 05:51:41	2025-06-13 05:51:41
258	155	1.39.77.244	unknown	unknown	t	2025-06-13 06:07:15	\N	unknown	2025-06-13 11:37:16	2025-06-13 11:37:16	2025-06-13 06:07:15	2025-06-13 06:07:15
259	176	106.205.165.164	unknown	unknown	t	2025-06-13 06:46:05	\N	Registration by Email OTP verification	2025-06-13 12:16:05	2025-06-13 12:16:05	2025-06-13 06:46:05	2025-06-13 06:46:05
260	157	111.92.48.178	unknown	unknown	t	2025-06-13 06:53:13	\N	unknown	2025-06-13 12:23:13	2025-06-13 12:23:13	2025-06-13 06:53:13	2025-06-13 06:53:13
261	157	106.205.165.164	unknown	unknown	t	2025-06-13 07:03:34	\N	unknown	2025-06-13 12:33:34	2025-06-13 12:33:34	2025-06-13 07:03:34	2025-06-13 07:03:34
262	165	106.205.162.155	unknown	unknown	t	2025-06-13 07:13:23	\N	unknown	2025-06-13 12:43:23	2025-06-13 12:43:23	2025-06-13 07:13:23	2025-06-13 07:13:23
263	158	106.205.165.164	unknown	unknown	t	2025-06-13 07:16:17	\N	unknown	2025-06-13 12:46:17	2025-06-13 12:46:17	2025-06-13 07:16:17	2025-06-13 07:16:17
264	147	106.205.162.155	unknown	unknown	t	2025-06-13 07:28:17	\N	unknown	2025-06-13 12:58:17	2025-06-13 12:58:17	2025-06-13 07:28:17	2025-06-13 07:28:17
265	148	106.205.162.155	unknown	unknown	t	2025-06-13 07:33:18	\N	unknown	2025-06-13 13:03:19	2025-06-13 13:03:19	2025-06-13 07:33:18	2025-06-13 07:33:18
266	164	106.205.162.155	unknown	unknown	t	2025-06-13 07:35:45	\N	unknown	2025-06-13 13:05:45	2025-06-13 13:05:45	2025-06-13 07:35:45	2025-06-13 07:35:45
267	177	106.205.162.155	unknown	unknown	t	2025-06-13 07:37:39	\N	Google Signup	2025-06-13 13:07:39	2025-06-13 13:07:39	2025-06-13 07:37:39	2025-06-13 07:37:39
268	157	106.205.165.164	unknown	unknown	t	2025-06-13 07:37:42	\N	unknown	2025-06-13 13:07:43	2025-06-13 13:07:43	2025-06-13 07:37:42	2025-06-13 07:37:42
269	150	106.205.162.155	unknown	unknown	t	2025-06-13 07:38:46	\N	unknown	2025-06-13 13:08:47	2025-06-13 13:08:47	2025-06-13 07:38:46	2025-06-13 07:38:46
270	157	106.205.165.164	unknown	unknown	t	2025-06-13 07:44:07	\N	unknown	2025-06-13 13:14:07	2025-06-13 13:14:07	2025-06-13 07:44:07	2025-06-13 07:44:07
272	175	79.157.2.94	unknown	unknown	t	2025-06-13 08:19:03	\N	unknown	2025-06-13 13:49:04	2025-06-13 13:49:04	2025-06-13 08:19:03	2025-06-13 08:19:03
273	179	79.157.2.94	unknown	unknown	t	2025-06-13 08:23:30	\N	Google Signup	2025-06-13 13:53:31	2025-06-13 13:53:31	2025-06-13 08:23:30	2025-06-13 08:23:30
274	175	79.157.2.94	unknown	unknown	t	2025-06-13 08:29:28	\N	unknown	2025-06-13 13:59:28	2025-06-13 13:59:28	2025-06-13 08:29:28	2025-06-13 08:29:28
275	180	106.205.162.155	unknown	unknown	t	2025-06-13 08:30:50	\N	Google Signup	2025-06-13 14:00:51	2025-06-13 14:00:51	2025-06-13 08:30:50	2025-06-13 08:30:50
276	179	79.157.2.94	unknown	unknown	t	2025-06-13 08:33:06	\N	unknown	2025-06-13 14:03:07	2025-06-13 14:03:07	2025-06-13 08:33:06	2025-06-13 08:33:06
277	175	79.157.2.94	unknown	unknown	t	2025-06-13 08:34:07	\N	unknown	2025-06-13 14:04:07	2025-06-13 14:04:07	2025-06-13 08:34:07	2025-06-13 08:34:07
278	179	79.157.2.94	unknown	unknown	t	2025-06-13 08:36:00	\N	unknown	2025-06-13 14:06:01	2025-06-13 14:06:01	2025-06-13 08:36:00	2025-06-13 08:36:00
279	181	79.157.2.94	unknown	unknown	t	2025-06-13 09:04:02	\N	Google Signup	2025-06-13 14:34:03	2025-06-13 14:34:03	2025-06-13 09:04:02	2025-06-13 09:04:02
280	168	49.37.227.202	unknown	unknown	t	2025-06-13 09:17:21	\N	unknown	2025-06-13 14:47:21	2025-06-13 14:47:21	2025-06-13 09:17:21	2025-06-13 09:17:21
281	158	106.205.165.164	unknown	unknown	t	2025-06-13 09:23:37	\N	unknown	2025-06-13 14:53:38	2025-06-13 14:53:38	2025-06-13 09:23:37	2025-06-13 09:23:37
282	159	106.205.165.164	unknown	unknown	t	2025-06-13 09:26:51	\N	unknown	2025-06-13 14:56:51	2025-06-13 14:56:51	2025-06-13 09:26:51	2025-06-13 09:26:51
283	157	106.205.165.164	unknown	unknown	t	2025-06-13 09:28:41	\N	unknown	2025-06-13 14:58:41	2025-06-13 14:58:41	2025-06-13 09:28:41	2025-06-13 09:28:41
284	159	106.205.165.164	unknown	unknown	t	2025-06-13 09:29:34	\N	unknown	2025-06-13 14:59:35	2025-06-13 14:59:35	2025-06-13 09:29:34	2025-06-13 09:29:34
285	155	103.149.159.189	unknown	unknown	t	2025-06-13 09:31:00	\N	unknown	2025-06-13 15:01:01	2025-06-13 15:01:01	2025-06-13 09:31:00	2025-06-13 09:31:00
286	147	106.205.162.155	unknown	unknown	t	2025-06-13 09:56:13	\N	unknown	2025-06-13 15:26:14	2025-06-13 15:26:14	2025-06-13 09:56:13	2025-06-13 09:56:13
287	165	106.205.162.155	unknown	unknown	t	2025-06-13 10:10:32	\N	unknown	2025-06-13 15:40:32	2025-06-13 15:40:32	2025-06-13 10:10:32	2025-06-13 10:10:32
288	180	106.205.162.155	unknown	unknown	t	2025-06-13 10:10:51	\N	unknown	2025-06-13 15:40:51	2025-06-13 15:40:51	2025-06-13 10:10:51	2025-06-13 10:10:51
289	182	111.92.48.178	unknown	unknown	t	2025-06-13 10:21:49	\N	Google Signup	2025-06-13 15:51:50	2025-06-13 15:51:50	2025-06-13 10:21:49	2025-06-13 10:21:49
290	148	106.205.162.155	unknown	unknown	t	2025-06-13 10:22:02	\N	unknown	2025-06-13 15:52:03	2025-06-13 15:52:03	2025-06-13 10:22:02	2025-06-13 10:22:02
291	149	111.92.48.178	unknown	unknown	t	2025-06-13 10:22:33	\N	unknown	2025-06-13 15:52:34	2025-06-13 15:52:34	2025-06-13 10:22:33	2025-06-13 10:22:33
292	173	106.205.162.155	unknown	unknown	t	2025-06-13 10:27:53	\N	unknown	2025-06-13 15:57:53	2025-06-13 15:57:53	2025-06-13 10:27:53	2025-06-13 10:27:53
293	157	103.149.159.24	unknown	unknown	t	2025-06-13 10:29:45	\N	unknown	2025-06-13 15:59:46	2025-06-13 15:59:46	2025-06-13 10:29:45	2025-06-13 10:29:45
294	158	103.149.159.24	unknown	unknown	t	2025-06-13 10:34:14	\N	unknown	2025-06-13 16:04:14	2025-06-13 16:04:14	2025-06-13 10:34:14	2025-06-13 10:34:14
295	159	103.149.159.24	unknown	unknown	t	2025-06-13 10:38:21	\N	unknown	2025-06-13 16:08:22	2025-06-13 16:08:22	2025-06-13 10:38:21	2025-06-13 10:38:21
296	159	103.149.159.24	unknown	unknown	t	2025-06-13 10:47:35	\N	unknown	2025-06-13 16:17:36	2025-06-13 16:17:36	2025-06-13 10:47:35	2025-06-13 10:47:35
297	159	103.149.159.24	unknown	unknown	t	2025-06-13 10:51:00	\N	unknown	2025-06-13 16:21:01	2025-06-13 16:21:01	2025-06-13 10:51:00	2025-06-13 10:51:00
298	157	103.149.159.24	unknown	unknown	t	2025-06-13 10:51:34	\N	unknown	2025-06-13 16:21:34	2025-06-13 16:21:34	2025-06-13 10:51:34	2025-06-13 10:51:34
299	152	111.92.33.7	unknown	unknown	t	2025-06-13 11:28:12	\N	unknown	2025-06-13 16:58:12	2025-06-13 16:58:12	2025-06-13 11:28:12	2025-06-13 11:28:12
300	152	111.92.33.7	unknown	unknown	t	2025-06-13 11:34:35	\N	unknown	2025-06-13 17:04:35	2025-06-13 17:04:35	2025-06-13 11:34:35	2025-06-13 11:34:35
301	183	223.185.248.203	unknown	unknown	t	2025-06-13 11:36:55	\N	Google Signup	2025-06-13 17:06:56	2025-06-13 17:06:56	2025-06-13 11:36:55	2025-06-13 11:36:55
302	167	223.185.248.203	unknown	unknown	t	2025-06-13 11:38:34	\N	unknown	2025-06-13 17:08:34	2025-06-13 17:08:34	2025-06-13 11:38:34	2025-06-13 11:38:34
303	183	223.185.248.203	unknown	unknown	t	2025-06-13 11:39:36	\N	unknown	2025-06-13 17:09:37	2025-06-13 17:09:37	2025-06-13 11:39:36	2025-06-13 11:39:36
304	158	103.149.159.24	unknown	unknown	t	2025-06-13 11:40:28	\N	unknown	2025-06-13 17:10:29	2025-06-13 17:10:29	2025-06-13 11:40:28	2025-06-13 11:40:28
305	157	103.149.159.24	unknown	unknown	t	2025-06-13 11:43:36	\N	unknown	2025-06-13 17:13:37	2025-06-13 17:13:37	2025-06-13 11:43:36	2025-06-13 11:43:36
306	167	223.185.248.203	unknown	unknown	t	2025-06-13 11:46:37	\N	unknown	2025-06-13 17:16:37	2025-06-13 17:16:37	2025-06-13 11:46:37	2025-06-13 11:46:37
307	183	223.185.248.203	unknown	unknown	t	2025-06-13 11:48:20	\N	unknown	2025-06-13 17:18:21	2025-06-13 17:18:21	2025-06-13 11:48:20	2025-06-13 11:48:20
308	167	223.185.248.203	unknown	unknown	t	2025-06-13 11:49:54	\N	unknown	2025-06-13 17:19:54	2025-06-13 17:19:54	2025-06-13 11:49:54	2025-06-13 11:49:54
309	159	103.149.159.24	unknown	unknown	t	2025-06-13 12:02:14	\N	unknown	2025-06-13 17:32:15	2025-06-13 17:32:15	2025-06-13 12:02:14	2025-06-13 12:02:14
310	152	111.92.33.7	unknown	unknown	t	2025-06-13 12:20:46	\N	unknown	2025-06-13 17:50:46	2025-06-13 17:50:46	2025-06-13 12:20:46	2025-06-13 12:20:46
311	153	49.37.227.202	unknown	unknown	t	2025-06-13 12:23:37	\N	unknown	2025-06-13 17:53:38	2025-06-13 17:53:38	2025-06-13 12:23:37	2025-06-13 12:23:37
312	160	103.149.159.24	unknown	unknown	t	2025-06-13 12:29:26	\N	unknown	2025-06-13 17:59:26	2025-06-13 17:59:26	2025-06-13 12:29:26	2025-06-13 12:29:26
313	184	79.157.2.94	unknown	unknown	t	2025-06-13 12:53:12	\N	Google Signup	2025-06-13 18:23:13	2025-06-13 18:23:13	2025-06-13 12:53:12	2025-06-13 12:53:12
314	175	79.157.2.94	unknown	unknown	t	2025-06-13 12:55:14	\N	unknown	2025-06-13 18:25:15	2025-06-13 18:25:15	2025-06-13 12:55:14	2025-06-13 12:55:14
315	155	103.177.252.183	unknown	unknown	t	2025-06-13 15:06:07	\N	unknown	2025-06-13 20:36:08	2025-06-13 20:36:08	2025-06-13 15:06:07	2025-06-13 15:06:07
316	156	103.177.252.183	unknown	unknown	t	2025-06-13 16:26:12	\N	unknown	2025-06-13 21:56:13	2025-06-13 21:56:13	2025-06-13 16:26:12	2025-06-13 16:26:12
317	155	103.177.252.183	unknown	unknown	t	2025-06-13 16:27:57	\N	unknown	2025-06-13 21:57:57	2025-06-13 21:57:57	2025-06-13 16:27:57	2025-06-13 16:27:57
318	155	103.177.252.183	unknown	unknown	t	2025-06-13 17:54:43	\N	unknown	2025-06-13 23:24:44	2025-06-13 23:24:44	2025-06-13 17:54:43	2025-06-13 17:54:43
319	155	103.155.223.189	unknown	unknown	t	2025-06-15 11:55:52	\N	unknown	2025-06-15 17:25:53	2025-06-15 17:25:53	2025-06-15 11:55:52	2025-06-15 11:55:52
320	155	103.155.223.189	unknown	unknown	t	2025-06-15 12:27:14	\N	unknown	2025-06-15 17:57:14	2025-06-15 17:57:14	2025-06-15 12:27:14	2025-06-15 12:27:14
321	155	103.155.223.189	unknown	unknown	t	2025-06-15 13:07:30	\N	unknown	2025-06-15 18:37:31	2025-06-15 18:37:31	2025-06-15 13:07:30	2025-06-15 13:07:30
322	155	103.155.223.189	unknown	unknown	t	2025-06-15 14:42:44	\N	unknown	2025-06-15 20:12:45	2025-06-15 20:12:45	2025-06-15 14:42:44	2025-06-15 14:42:44
323	185	157.51.242.63	unknown	unknown	t	2025-06-15 14:53:15	\N	Google Signup	2025-06-15 20:23:15	2025-06-15 20:23:15	2025-06-15 14:53:15	2025-06-15 14:53:15
324	155	103.155.223.189	unknown	unknown	t	2025-06-15 15:49:28	\N	unknown	2025-06-15 21:19:28	2025-06-15 21:19:28	2025-06-15 15:49:28	2025-06-15 15:49:28
325	149	157.51.240.48	unknown	unknown	t	2025-06-16 04:11:02	\N	unknown	2025-06-16 09:41:03	2025-06-16 09:41:03	2025-06-16 04:11:02	2025-06-16 04:11:02
326	157	106.205.162.184	unknown	unknown	t	2025-06-16 05:38:10	\N	unknown	2025-06-16 11:08:11	2025-06-16 11:08:11	2025-06-16 05:38:10	2025-06-16 05:38:10
327	149	103.121.26.203	unknown	unknown	t	2025-06-16 06:17:32	\N	unknown	2025-06-16 11:47:32	2025-06-16 11:47:32	2025-06-16 06:17:32	2025-06-16 06:17:32
328	159	106.205.162.184	unknown	unknown	t	2025-06-16 06:45:25	\N	unknown	2025-06-16 12:15:26	2025-06-16 12:15:26	2025-06-16 06:45:25	2025-06-16 06:45:25
329	158	106.205.162.184	unknown	unknown	t	2025-06-16 06:47:48	\N	unknown	2025-06-16 12:17:48	2025-06-16 12:17:48	2025-06-16 06:47:48	2025-06-16 06:47:48
330	159	106.205.162.184	unknown	unknown	t	2025-06-16 06:48:54	\N	unknown	2025-06-16 12:18:54	2025-06-16 12:18:54	2025-06-16 06:48:54	2025-06-16 06:48:54
331	151	103.121.26.203	unknown	unknown	t	2025-06-16 08:19:35	\N	unknown	2025-06-16 13:49:35	2025-06-16 13:49:35	2025-06-16 08:19:35	2025-06-16 08:19:35
332	157	103.83.244.69	unknown	unknown	t	2025-06-16 09:17:08	\N	unknown	2025-06-16 14:47:08	2025-06-16 14:47:08	2025-06-16 09:17:08	2025-06-16 09:17:08
333	159	103.83.244.69	unknown	unknown	t	2025-06-16 09:19:31	\N	unknown	2025-06-16 14:49:31	2025-06-16 14:49:31	2025-06-16 09:19:31	2025-06-16 09:19:31
334	168	49.37.225.17	unknown	unknown	t	2025-06-16 11:17:41	\N	unknown	2025-06-16 16:47:42	2025-06-16 16:47:42	2025-06-16 11:17:41	2025-06-16 11:17:41
335	186	49.37.225.17	unknown	unknown	t	2025-06-16 11:19:56	\N	Google Signup	2025-06-16 16:49:57	2025-06-16 16:49:57	2025-06-16 11:19:56	2025-06-16 11:19:56
336	183	49.37.225.17	unknown	unknown	t	2025-06-16 11:20:17	\N	unknown	2025-06-16 16:50:18	2025-06-16 16:50:18	2025-06-16 11:20:17	2025-06-16 11:20:17
337	153	49.37.225.17	unknown	unknown	t	2025-06-16 11:23:11	\N	unknown	2025-06-16 16:53:11	2025-06-16 16:53:11	2025-06-16 11:23:11	2025-06-16 11:23:11
338	153	49.37.225.17	unknown	unknown	t	2025-06-16 11:23:46	\N	unknown	2025-06-16 16:53:46	2025-06-16 16:53:46	2025-06-16 11:23:46	2025-06-16 11:23:46
339	168	49.37.225.17	unknown	unknown	t	2025-06-16 11:24:07	\N	unknown	2025-06-16 16:54:07	2025-06-16 16:54:07	2025-06-16 11:24:07	2025-06-16 11:24:07
340	171	49.37.225.17	unknown	unknown	t	2025-06-16 11:24:26	\N	unknown	2025-06-16 16:54:27	2025-06-16 16:54:27	2025-06-16 11:24:26	2025-06-16 11:24:26
341	171	49.37.225.17	unknown	unknown	t	2025-06-16 11:30:28	\N	unknown	2025-06-16 17:00:28	2025-06-16 17:00:28	2025-06-16 11:30:28	2025-06-16 11:30:28
342	167	49.37.225.17	unknown	unknown	t	2025-06-16 11:32:46	\N	unknown	2025-06-16 17:02:46	2025-06-16 17:02:46	2025-06-16 11:32:46	2025-06-16 11:32:46
343	181	79.157.2.94	unknown	unknown	t	2025-06-16 11:38:39	\N	unknown	2025-06-16 17:08:39	2025-06-16 17:08:39	2025-06-16 11:38:39	2025-06-16 11:38:39
344	181	79.157.2.94	unknown	unknown	t	2025-06-16 11:44:33	\N	unknown	2025-06-16 17:14:33	2025-06-16 17:14:33	2025-06-16 11:44:33	2025-06-16 11:44:33
345	160	103.158.218.235	unknown	unknown	t	2025-06-16 12:36:21	\N	unknown	2025-06-16 18:06:21	2025-06-16 18:06:21	2025-06-16 12:36:21	2025-06-16 12:36:21
346	159	103.158.218.235	unknown	unknown	t	2025-06-16 12:43:42	\N	unknown	2025-06-16 18:13:43	2025-06-16 18:13:43	2025-06-16 12:43:42	2025-06-16 12:43:42
347	159	103.158.218.235	unknown	unknown	t	2025-06-16 12:49:29	\N	unknown	2025-06-16 18:19:29	2025-06-16 18:19:29	2025-06-16 12:49:29	2025-06-16 12:49:29
348	147	106.194.32.103	unknown	unknown	t	2025-06-16 13:17:03	\N	unknown	2025-06-16 18:47:03	2025-06-16 18:47:03	2025-06-16 13:17:03	2025-06-16 13:17:03
349	155	157.46.180.9	unknown	unknown	t	2025-06-16 15:47:45	\N	unknown	2025-06-16 21:17:46	2025-06-16 21:17:46	2025-06-16 15:47:45	2025-06-16 15:47:45
350	146	111.92.33.7	unknown	unknown	t	2025-06-16 19:16:21	\N	unknown	2025-06-17 00:46:21	2025-06-17 00:46:21	2025-06-16 19:16:21	2025-06-16 19:16:21
351	155	157.46.180.9	unknown	unknown	t	2025-06-16 19:34:26	\N	unknown	2025-06-17 01:04:26	2025-06-17 01:04:26	2025-06-16 19:34:26	2025-06-16 19:34:26
352	157	103.134.135.56	unknown	unknown	t	2025-06-17 04:47:30	\N	unknown	2025-06-17 10:17:31	2025-06-17 10:17:31	2025-06-17 04:47:30	2025-06-17 04:47:30
353	166	103.142.31.200	unknown	unknown	t	2025-06-17 05:15:38	\N	unknown	2025-06-17 10:45:38	2025-06-17 10:45:38	2025-06-17 05:15:38	2025-06-17 05:15:38
354	159	103.134.135.56	unknown	unknown	t	2025-06-17 05:45:42	\N	unknown	2025-06-17 11:15:43	2025-06-17 11:15:43	2025-06-17 05:45:42	2025-06-17 05:45:42
355	149	157.51.236.204	unknown	unknown	t	2025-06-17 06:10:16	\N	unknown	2025-06-17 11:40:16	2025-06-17 11:40:16	2025-06-17 06:10:16	2025-06-17 06:10:16
356	146	111.92.33.7	unknown	unknown	t	2025-06-17 06:20:30	\N	unknown	2025-06-17 11:50:31	2025-06-17 11:50:31	2025-06-17 06:20:30	2025-06-17 06:20:30
357	180	27.63.224.114	unknown	unknown	t	2025-06-17 07:21:27	\N	unknown	2025-06-17 12:51:27	2025-06-17 12:51:27	2025-06-17 07:21:27	2025-06-17 07:21:27
358	149	103.121.26.203	unknown	unknown	t	2025-06-17 07:37:32	\N	unknown	2025-06-17 13:07:33	2025-06-17 13:07:33	2025-06-17 07:37:32	2025-06-17 07:37:32
359	158	103.155.223.0	unknown	unknown	t	2025-06-17 08:59:32	\N	unknown	2025-06-17 14:29:32	2025-06-17 14:29:32	2025-06-17 08:59:32	2025-06-17 08:59:32
360	157	103.155.223.0	unknown	unknown	t	2025-06-17 09:00:02	\N	unknown	2025-06-17 14:30:02	2025-06-17 14:30:02	2025-06-17 09:00:02	2025-06-17 09:00:02
361	159	103.155.223.0	unknown	unknown	t	2025-06-17 09:00:30	\N	unknown	2025-06-17 14:30:31	2025-06-17 14:30:31	2025-06-17 09:00:30	2025-06-17 09:00:30
362	160	103.155.223.0	unknown	unknown	t	2025-06-17 09:01:38	\N	unknown	2025-06-17 14:31:38	2025-06-17 14:31:38	2025-06-17 09:01:38	2025-06-17 09:01:38
363	160	103.155.223.0	unknown	unknown	t	2025-06-17 09:06:05	\N	unknown	2025-06-17 14:36:06	2025-06-17 14:36:06	2025-06-17 09:06:05	2025-06-17 09:06:05
364	165	27.63.224.114	unknown	unknown	t	2025-06-17 10:39:06	\N	unknown	2025-06-17 16:09:07	2025-06-17 16:09:07	2025-06-17 10:39:06	2025-06-17 10:39:06
365	157	103.155.223.0	unknown	unknown	t	2025-06-17 11:01:02	\N	unknown	2025-06-17 16:31:03	2025-06-17 16:31:03	2025-06-17 11:01:02	2025-06-17 11:01:02
366	157	103.155.223.0	unknown	unknown	t	2025-06-18 04:33:17	\N	unknown	2025-06-18 10:03:17	2025-06-18 10:03:17	2025-06-18 04:33:17	2025-06-18 04:33:17
367	149	157.51.242.26	unknown	unknown	t	2025-06-18 06:19:56	\N	unknown	2025-06-18 11:49:57	2025-06-18 11:49:57	2025-06-18 06:19:56	2025-06-18 06:19:56
368	152	103.121.26.203	unknown	unknown	t	2025-06-18 06:27:31	\N	unknown	2025-06-18 11:57:32	2025-06-18 11:57:32	2025-06-18 06:27:31	2025-06-18 06:27:31
369	149	103.121.26.203	unknown	unknown	t	2025-06-18 06:52:47	\N	unknown	2025-06-18 12:22:48	2025-06-18 12:22:48	2025-06-18 06:52:47	2025-06-18 06:52:47
370	185	157.51.243.153	unknown	unknown	t	2025-06-18 11:32:31	\N	unknown	2025-06-18 17:02:31	2025-06-18 17:02:31	2025-06-18 11:32:31	2025-06-18 11:32:31
371	151	103.121.26.203	unknown	unknown	t	2025-06-19 04:45:45	\N	unknown	2025-06-19 10:15:46	2025-06-19 10:15:46	2025-06-19 04:45:45	2025-06-19 04:45:45
372	151	103.121.26.203	unknown	unknown	t	2025-06-19 04:46:36	\N	unknown	2025-06-19 10:16:37	2025-06-19 10:16:37	2025-06-19 04:46:36	2025-06-19 04:46:36
373	149	111.92.48.178	unknown	unknown	t	2025-06-19 05:17:01	\N	unknown	2025-06-19 10:47:01	2025-06-19 10:47:01	2025-06-19 05:17:01	2025-06-19 05:17:01
374	171	49.37.225.47	unknown	unknown	t	2025-06-19 05:25:41	\N	unknown	2025-06-19 10:55:41	2025-06-19 10:55:41	2025-06-19 05:25:41	2025-06-19 05:25:41
375	153	49.37.225.47	unknown	unknown	t	2025-06-19 05:26:22	\N	unknown	2025-06-19 10:56:23	2025-06-19 10:56:23	2025-06-19 05:26:22	2025-06-19 05:26:22
376	168	49.37.225.47	unknown	unknown	t	2025-06-19 05:26:31	\N	unknown	2025-06-19 10:56:32	2025-06-19 10:56:32	2025-06-19 05:26:31	2025-06-19 05:26:31
377	167	49.37.225.47	unknown	unknown	t	2025-06-19 05:26:41	\N	unknown	2025-06-19 10:56:41	2025-06-19 10:56:41	2025-06-19 05:26:41	2025-06-19 05:26:41
378	183	49.37.225.47	unknown	unknown	t	2025-06-19 06:03:42	\N	unknown	2025-06-19 11:33:42	2025-06-19 11:33:42	2025-06-19 06:03:42	2025-06-19 06:03:42
379	153	49.37.225.47	unknown	unknown	t	2025-06-19 06:05:10	\N	unknown	2025-06-19 11:35:10	2025-06-19 11:35:10	2025-06-19 06:05:10	2025-06-19 06:05:10
380	183	49.37.225.47	unknown	unknown	t	2025-06-19 06:05:35	\N	unknown	2025-06-19 11:35:36	2025-06-19 11:35:36	2025-06-19 06:05:35	2025-06-19 06:05:35
381	171	49.37.225.47	unknown	unknown	t	2025-06-19 06:05:51	\N	unknown	2025-06-19 11:35:51	2025-06-19 11:35:51	2025-06-19 06:05:51	2025-06-19 06:05:51
382	168	49.37.225.47	unknown	unknown	t	2025-06-19 06:06:40	\N	unknown	2025-06-19 11:36:41	2025-06-19 11:36:41	2025-06-19 06:06:40	2025-06-19 06:06:40
383	167	49.37.225.47	unknown	unknown	t	2025-06-19 06:06:56	\N	unknown	2025-06-19 11:36:57	2025-06-19 11:36:57	2025-06-19 06:06:56	2025-06-19 06:06:56
384	147	106.222.177.225	unknown	unknown	t	2025-06-19 06:07:30	\N	unknown	2025-06-19 11:37:30	2025-06-19 11:37:30	2025-06-19 06:07:30	2025-06-19 06:07:30
385	168	49.37.225.47	unknown	unknown	t	2025-06-19 06:08:33	\N	unknown	2025-06-19 11:38:33	2025-06-19 11:38:33	2025-06-19 06:08:33	2025-06-19 06:08:33
386	167	49.37.225.47	unknown	unknown	t	2025-06-19 06:08:48	\N	unknown	2025-06-19 11:38:49	2025-06-19 11:38:49	2025-06-19 06:08:48	2025-06-19 06:08:48
387	153	49.37.225.47	unknown	unknown	t	2025-06-19 06:09:19	\N	unknown	2025-06-19 11:39:19	2025-06-19 11:39:19	2025-06-19 06:09:19	2025-06-19 06:09:19
388	149	111.92.48.178	unknown	unknown	t	2025-06-19 06:13:08	\N	unknown	2025-06-19 11:43:08	2025-06-19 11:43:08	2025-06-19 06:13:08	2025-06-19 06:13:08
389	151	103.121.26.203	unknown	unknown	t	2025-06-19 06:14:20	\N	unknown	2025-06-19 11:44:21	2025-06-19 11:44:21	2025-06-19 06:14:20	2025-06-19 06:14:20
390	167	49.37.225.47	unknown	unknown	t	2025-06-19 06:27:53	\N	unknown	2025-06-19 11:57:54	2025-06-19 11:57:54	2025-06-19 06:27:53	2025-06-19 06:27:53
391	160	103.149.158.25	unknown	unknown	t	2025-06-19 06:30:02	\N	unknown	2025-06-19 12:00:03	2025-06-19 12:00:03	2025-06-19 06:30:02	2025-06-19 06:30:02
392	148	103.142.31.200	unknown	unknown	t	2025-06-19 06:44:28	\N	unknown	2025-06-19 12:14:29	2025-06-19 12:14:29	2025-06-19 06:44:28	2025-06-19 06:44:28
393	147	106.222.177.225	unknown	unknown	t	2025-06-19 06:49:24	\N	unknown	2025-06-19 12:19:25	2025-06-19 12:19:25	2025-06-19 06:49:24	2025-06-19 06:49:24
394	180	106.222.177.225	unknown	unknown	t	2025-06-19 06:55:36	\N	unknown	2025-06-19 12:25:36	2025-06-19 12:25:36	2025-06-19 06:55:36	2025-06-19 06:55:36
395	157	111.92.48.178	unknown	unknown	t	2025-06-19 06:57:13	\N	unknown	2025-06-19 12:27:13	2025-06-19 12:27:13	2025-06-19 06:57:13	2025-06-19 06:57:13
396	151	103.70.199.60	unknown	unknown	t	2025-06-19 07:16:39	\N	unknown	2025-06-19 12:46:39	2025-06-19 12:46:39	2025-06-19 07:16:39	2025-06-19 07:16:39
397	157	103.155.222.43	unknown	unknown	t	2025-06-19 08:02:39	\N	unknown	2025-06-19 13:32:40	2025-06-19 13:32:40	2025-06-19 08:02:39	2025-06-19 08:02:39
398	160	103.155.222.43	unknown	unknown	t	2025-06-19 08:09:25	\N	unknown	2025-06-19 13:39:25	2025-06-19 13:39:25	2025-06-19 08:09:25	2025-06-19 08:09:25
399	157	103.155.222.43	unknown	unknown	t	2025-06-19 08:12:22	\N	unknown	2025-06-19 13:42:23	2025-06-19 13:42:23	2025-06-19 08:12:22	2025-06-19 08:12:22
400	157	103.155.222.43	unknown	unknown	t	2025-06-19 08:14:37	\N	unknown	2025-06-19 13:44:38	2025-06-19 13:44:38	2025-06-19 08:14:37	2025-06-19 08:14:37
401	159	103.155.222.43	unknown	unknown	t	2025-06-19 08:17:51	\N	unknown	2025-06-19 13:47:52	2025-06-19 13:47:52	2025-06-19 08:17:51	2025-06-19 08:17:51
402	157	103.155.222.43	unknown	unknown	t	2025-06-19 08:24:22	\N	unknown	2025-06-19 13:54:23	2025-06-19 13:54:23	2025-06-19 08:24:22	2025-06-19 08:24:22
403	157	103.155.222.43	unknown	unknown	t	2025-06-19 08:30:38	\N	unknown	2025-06-19 14:00:39	2025-06-19 14:00:39	2025-06-19 08:30:38	2025-06-19 08:30:38
404	158	103.155.223.7	unknown	unknown	t	2025-06-19 08:53:17	\N	unknown	2025-06-19 14:23:17	2025-06-19 14:23:17	2025-06-19 08:53:17	2025-06-19 08:53:17
405	157	103.155.223.7	unknown	unknown	t	2025-06-19 08:58:00	\N	unknown	2025-06-19 14:28:00	2025-06-19 14:28:00	2025-06-19 08:58:00	2025-06-19 08:58:00
406	150	103.142.31.200	unknown	unknown	t	2025-06-19 09:04:55	\N	unknown	2025-06-19 14:34:55	2025-06-19 14:34:55	2025-06-19 09:04:55	2025-06-19 09:04:55
407	168	49.37.225.47	unknown	unknown	t	2025-06-19 09:29:18	\N	unknown	2025-06-19 14:59:18	2025-06-19 14:59:18	2025-06-19 09:29:18	2025-06-19 09:29:18
408	149	103.121.26.203	unknown	unknown	t	2025-06-19 11:19:25	\N	unknown	2025-06-19 16:49:26	2025-06-19 16:49:26	2025-06-19 11:19:25	2025-06-19 11:19:25
409	157	103.155.223.7	unknown	unknown	t	2025-06-19 11:27:28	\N	unknown	2025-06-19 16:57:28	2025-06-19 16:57:28	2025-06-19 11:27:28	2025-06-19 11:27:28
410	159	103.155.223.7	unknown	unknown	t	2025-06-19 11:58:39	\N	unknown	2025-06-19 17:28:40	2025-06-19 17:28:40	2025-06-19 11:58:39	2025-06-19 11:58:39
411	158	103.155.223.7	unknown	unknown	t	2025-06-19 12:02:17	\N	unknown	2025-06-19 17:32:17	2025-06-19 17:32:17	2025-06-19 12:02:17	2025-06-19 12:02:17
412	157	103.155.223.7	unknown	unknown	t	2025-06-19 12:03:10	\N	unknown	2025-06-19 17:33:11	2025-06-19 17:33:11	2025-06-19 12:03:10	2025-06-19 12:03:10
413	159	103.155.223.7	unknown	unknown	t	2025-06-19 12:03:42	\N	unknown	2025-06-19 17:33:43	2025-06-19 17:33:43	2025-06-19 12:03:42	2025-06-19 12:03:42
414	151	103.121.26.203	unknown	unknown	t	2025-06-20 04:16:44	\N	unknown	2025-06-20 09:46:44	2025-06-20 09:46:44	2025-06-20 04:16:44	2025-06-20 04:16:44
415	182	111.92.48.178	unknown	unknown	t	2025-06-20 04:25:44	\N	unknown	2025-06-20 09:55:45	2025-06-20 09:55:45	2025-06-20 04:25:44	2025-06-20 04:25:44
416	157	103.155.223.7	unknown	unknown	t	2025-06-20 05:54:34	\N	unknown	2025-06-20 11:24:35	2025-06-20 11:24:35	2025-06-20 05:54:34	2025-06-20 05:54:34
417	180	106.205.165.241	unknown	unknown	t	2025-06-20 06:01:00	\N	unknown	2025-06-20 11:31:00	2025-06-20 11:31:00	2025-06-20 06:01:00	2025-06-20 06:01:00
418	182	111.92.48.178	unknown	unknown	t	2025-06-20 07:11:59	\N	unknown	2025-06-20 12:42:00	2025-06-20 12:42:00	2025-06-20 07:11:59	2025-06-20 07:11:59
419	158	103.155.223.7	unknown	unknown	t	2025-06-20 08:31:43	\N	unknown	2025-06-20 14:01:43	2025-06-20 14:01:43	2025-06-20 08:31:43	2025-06-20 08:31:43
420	180	106.205.165.241	unknown	unknown	t	2025-06-20 09:16:20	\N	unknown	2025-06-20 14:46:21	2025-06-20 14:46:21	2025-06-20 09:16:20	2025-06-20 09:16:20
421	180	106.205.165.241	unknown	unknown	t	2025-06-20 09:19:06	\N	unknown	2025-06-20 14:49:06	2025-06-20 14:49:06	2025-06-20 09:19:06	2025-06-20 09:19:06
422	157	103.155.223.7	unknown	unknown	t	2025-06-20 09:19:39	\N	unknown	2025-06-20 14:49:39	2025-06-20 14:49:39	2025-06-20 09:19:39	2025-06-20 09:19:39
423	149	111.92.48.178	unknown	unknown	t	2025-06-20 09:25:20	\N	unknown	2025-06-20 14:55:20	2025-06-20 14:55:20	2025-06-20 09:25:20	2025-06-20 09:25:20
424	149	111.92.48.178	unknown	unknown	t	2025-06-20 10:08:23	\N	unknown	2025-06-20 15:38:24	2025-06-20 15:38:24	2025-06-20 10:08:23	2025-06-20 10:08:23
425	180	106.205.165.241	unknown	unknown	t	2025-06-20 10:10:58	\N	unknown	2025-06-20 15:40:58	2025-06-20 15:40:58	2025-06-20 10:10:58	2025-06-20 10:10:58
426	182	111.92.48.178	unknown	unknown	t	2025-06-20 11:15:48	\N	unknown	2025-06-20 16:45:48	2025-06-20 16:45:48	2025-06-20 11:15:48	2025-06-20 11:15:48
427	150	27.63.192.119	unknown	unknown	t	2025-06-20 12:02:49	\N	unknown	2025-06-20 17:32:50	2025-06-20 17:32:50	2025-06-20 12:02:49	2025-06-20 12:02:49
428	159	103.155.223.7	unknown	unknown	t	2025-06-20 12:14:37	\N	unknown	2025-06-20 17:44:38	2025-06-20 17:44:38	2025-06-20 12:14:37	2025-06-20 12:14:37
429	180	27.63.192.119	unknown	unknown	t	2025-06-20 12:26:15	\N	unknown	2025-06-20 17:56:16	2025-06-20 17:56:16	2025-06-20 12:26:15	2025-06-20 12:26:15
430	162	27.63.192.119	unknown	unknown	t	2025-06-20 12:26:30	\N	unknown	2025-06-20 17:56:30	2025-06-20 17:56:30	2025-06-20 12:26:30	2025-06-20 12:26:30
431	157	103.155.223.7	unknown	unknown	t	2025-06-20 12:27:57	\N	unknown	2025-06-20 17:57:58	2025-06-20 17:57:58	2025-06-20 12:27:57	2025-06-20 12:27:57
432	159	103.155.223.7	unknown	unknown	t	2025-06-20 12:28:21	\N	unknown	2025-06-20 17:58:21	2025-06-20 17:58:21	2025-06-20 12:28:21	2025-06-20 12:28:21
\.


--
-- Data for Name: media; Type: TABLE DATA; Schema: public; Owner: meetxy
--

COPY public.media (id, user_id, type, thumbnail_path, caption, is_profile_picture, is_blurred, status, created_at, updated_at, "created_By", "updated_By") FROM stdin;
159	146	image	uploads/profile_photos/profile-photo-464.jpg	\N	t	f	1	2025-05-29 11:24:11	2025-05-29 11:24:11	146	146
160	147	image	uploads/profile_photos/profile-photo-514.jpg	\N	t	f	1	2025-05-29 11:28:29	2025-05-29 11:28:29	147	147
161	148	image	uploads/profile_photos/profile-photo-272.jpg	\N	t	f	1	2025-05-29 12:11:51	2025-05-29 12:11:51	148	148
162	149	image	uploads/profile_photos/profile-photo-572.jpg	\N	t	f	1	2025-05-30 05:08:47	2025-05-30 05:08:47	149	149
163	150	image	uploads/profile_photos/profile-photo-737.png	\N	t	f	1	2025-05-30 05:51:56	2025-05-30 05:51:56	150	150
164	151	image	uploads/profile_photos/profile-photo-428.png	\N	t	f	1	2025-05-30 05:57:28	2025-05-30 05:57:28	151	151
165	152	image	uploads/profile_photos/profile-photo-632.jpg	\N	t	f	1	2025-05-30 12:16:46	2025-05-30 12:16:46	152	152
166	153	image	uploads/profile_photos/profile-photo-291.jpg	\N	t	f	1	2025-06-04 06:58:48	2025-06-04 06:58:48	153	153
167	153	image	uploads/profile-photos/39592025Jun040707525081.jpg	\N	t	f	1	2025-06-04 07:07:52	2025-06-04 07:07:52	153	153
168	154	image	uploads/profile_photos/profile-photo-853.jpg	\N	t	f	1	2025-06-05 09:40:39	2025-06-05 09:40:39	154	154
169	155	image	uploads/profile_photos/profile-photo-475.jpg	\N	t	f	1	2025-06-05 16:52:53	2025-06-05 16:52:53	155	155
170	155	image	uploads/profile-photos/31122025Jun061736388139.jpg	\N	t	f	1	2025-06-06 17:36:38	2025-06-06 17:36:38	155	155
171	155	image	uploads/profile-photos/23482025Jun061736387165.jpg	\N	t	f	1	2025-06-06 17:36:38	2025-06-06 17:36:38	155	155
172	155	image	uploads/profile-photos/45232025Jun061736381568.jpg	\N	t	f	1	2025-06-06 17:36:38	2025-06-06 17:36:38	155	155
173	155	image	uploads/profile-photos/11472025Jun061736386243.jpg	\N	t	f	1	2025-06-06 17:36:38	2025-06-06 17:36:38	155	155
174	155	image	uploads/profile-photos/24892025Jun061736384498.jpg	\N	t	f	1	2025-06-06 17:36:38	2025-06-06 17:36:38	155	155
175	156	image	uploads/profile_photos/profile-photo-932.jpg	\N	t	f	1	2025-06-08 06:43:07	2025-06-08 06:43:07	156	156
176	157	image	uploads/profile_photos/profile-photo-964.png	\N	t	f	1	2025-06-09 05:01:00	2025-06-09 05:01:00	157	157
177	158	image	uploads/profile_photos/profile-photo-456.png	\N	t	f	1	2025-06-09 05:10:08	2025-06-09 05:10:08	158	158
178	159	image	uploads/profile_photos/profile-photo-388.jpg	\N	t	f	1	2025-06-09 09:02:11	2025-06-09 09:02:11	159	159
179	160	image	uploads/profile_photos/profile-photo-545.jpg	\N	t	f	1	2025-06-09 10:57:18	2025-06-09 10:57:18	160	160
180	161	image	uploads/profile_photos/profile-photo-260.jpg	\N	t	f	1	2025-06-10 09:42:49	2025-06-10 09:42:49	161	161
181	162	image	uploads/profile_photos/profile-photo-350.jpg	\N	t	f	1	2025-06-11 04:57:22	2025-06-11 04:57:22	162	162
182	163	image	uploads/profile_photos/profile-photo-172.jpg	\N	t	f	1	2025-06-11 05:57:51	2025-06-11 05:57:51	163	163
183	164	image	uploads/profile_photos/profile-photo-804.jpg	\N	t	f	1	2025-06-11 06:03:16	2025-06-11 06:03:16	164	164
184	165	image	uploads/profile_photos/profile-photo-478.jpg	\N	t	f	1	2025-06-11 08:57:51	2025-06-11 08:57:51	165	165
185	166	image	uploads/profile_photos/profile-photo-174.png	\N	t	f	1	2025-06-11 09:00:19	2025-06-11 09:00:19	166	166
186	167	image	uploads/profile_photos/profile-photo-770.jpg	\N	t	f	1	2025-06-12 05:56:25	2025-06-12 05:56:25	167	167
187	168	image	uploads/profile_photos/profile-photo-242.jpg	\N	t	f	1	2025-06-12 06:17:01	2025-06-12 06:17:01	168	168
188	169	image	uploads/profile_photos/profile-photo-762.jpg	\N	t	f	1	2025-06-12 07:54:08	2025-06-12 07:54:08	169	169
189	170	image	uploads/profile_photos/profile-photo-832.jpg	\N	t	f	1	2025-06-12 07:57:01	2025-06-12 07:57:01	170	170
190	171	image	uploads/profile_photos/profile-photo-702.jpg	\N	t	f	1	2025-06-12 08:00:08	2025-06-12 08:00:08	171	171
191	172	image	uploads/profile_photos/profile-photo-241.jpg	\N	t	f	1	2025-06-12 08:07:00	2025-06-12 08:07:00	172	172
192	173	image	uploads/profile_photos/profile-photo-606.jpg	\N	t	f	1	2025-06-12 09:13:12	2025-06-12 09:13:12	173	173
193	174	image	uploads/profile_photos/profile-photo-240.jpg	\N	t	f	1	2025-06-12 09:15:19	2025-06-12 09:15:19	174	174
194	171	image	uploads/profile-photos/49362025Jun120950576927.jpg	\N	t	f	1	2025-06-12 09:50:57	2025-06-12 09:50:57	171	171
195	174	image	uploads/profile-photos/29512025Jun121041004002.jpg	\N	t	f	1	2025-06-12 10:41:00	2025-06-12 10:41:00	174	174
196	174	image	uploads/profile-photos/36512025Jun121041332952.jpg	\N	t	f	1	2025-06-12 10:41:33	2025-06-12 10:41:33	174	174
197	174	image	uploads/profile-photos/17162025Jun121041338266.jpg	\N	t	f	1	2025-06-12 10:41:33	2025-06-12 10:41:33	174	174
198	174	image	uploads/profile-photos/26252025Jun121041334579.png	\N	t	f	1	2025-06-12 10:41:33	2025-06-12 10:41:33	174	174
199	174	image	uploads/profile-photos/49252025Jun121041334594.png	\N	t	f	1	2025-06-12 10:41:33	2025-06-12 10:41:33	174	174
200	175	image	uploads/profile_photos/profile-photo-352.jpg	\N	t	f	1	2025-06-12 10:58:17	2025-06-12 10:58:17	175	175
201	176	image	uploads/profile_photos/profile-photo-962.png	\N	t	f	1	2025-06-13 06:46:05	2025-06-13 06:46:05	176	176
202	177	image	uploads/profile_photos/profile-photo-334.jpg	\N	t	f	1	2025-06-13 07:37:39	2025-06-13 07:37:39	177	177
204	179	image	uploads/profile_photos/profile-photo-916.jpg	\N	t	f	1	2025-06-13 08:23:30	2025-06-13 08:23:30	179	179
205	180	image	uploads/profile_photos/profile-photo-121.jpg	\N	t	f	1	2025-06-13 08:30:50	2025-06-13 08:30:50	180	180
209	182	image	uploads/profile_photos/profile-photo-505.jpg	\N	t	f	1	2025-06-13 10:21:49	2025-06-13 10:21:49	182	182
206	180	image	uploads/profile-photos/18752025Jun171038277625.jpg	\N	t	f	1	2025-06-13 08:31:55	2025-06-17 10:38:27	180	180
208	181	image	uploads/profile_photos/profile-photo-542.jpg	\N	t	f	1	2025-06-13 09:04:02	2025-06-13 09:04:02	181	181
210	183	image	uploads/profile_photos/profile-photo-514.jpg	\N	t	f	1	2025-06-13 11:36:55	2025-06-13 11:36:55	183	183
211	167	image	uploads/profile-photos/18892025Jun131148127792.jpg	\N	t	f	1	2025-06-13 11:48:12	2025-06-13 11:48:12	167	167
212	184	image	uploads/profile_photos/profile-photo-987.jpg	\N	t	f	1	2025-06-13 12:53:12	2025-06-13 12:53:12	184	184
215	185	image	uploads/profile_photos/profile-photo-307.jpg	\N	t	f	1	2025-06-15 14:53:15	2025-06-15 14:53:15	185	185
223	151	image	uploads/profile-photos/28002025Jun160805307304.png	\N	t	f	1	2025-06-16 08:05:30	2025-06-16 08:05:30	151	151
224	151	image	uploads/profile-photos/21972025Jun160851434021.png	\N	t	f	1	2025-06-16 08:51:43	2025-06-16 08:51:43	151	151
225	151	image	uploads/profile-photos/42542025Jun160854087475.png	\N	t	f	1	2025-06-16 08:54:08	2025-06-16 08:54:08	151	151
226	186	image	uploads/profile_photos/profile-photo-584.jpg	\N	t	f	1	2025-06-16 11:19:56	2025-06-16 11:19:56	186	186
234	149	image	uploads/profile-photos/28062025Jun171038202745.jpg	\N	t	f	1	2025-06-17 10:38:20	2025-06-17 10:38:20	149	149
235	180	image	uploads/profile-photos/37702025Jun171038274761.jpg	\N	t	f	1	2025-06-17 10:38:27	2025-06-17 10:38:27	180	180
236	165	image	uploads/profile-photos/34112025Jun171039347352.jpg	\N	t	f	1	2025-06-17 10:39:34	2025-06-17 10:39:34	165	165
237	165	image	uploads/profile-photos/13022025Jun171039347766.jpg	\N	t	f	1	2025-06-17 10:39:34	2025-06-17 10:39:34	165	165
238	180	image	uploads/profile-photos/46632025Jun190656302273.jpg	\N	t	f	1	2025-06-19 06:56:30	2025-06-19 06:56:30	180	180
239	180	image	uploads/profile-photos/21422025Jun190656364774.jpg	\N	t	f	1	2025-06-19 06:56:36	2025-06-19 06:56:36	180	180
240	180	image	uploads/profile-photos/48722025Jun190656493136.jpg	\N	t	f	1	2025-06-19 06:56:49	2025-06-19 06:56:49	180	180
241	160	image	uploads/profile-photos/17322025Jun190831254374.jpg	\N	t	f	1	2025-06-19 08:31:25	2025-06-19 08:31:25	160	160
242	149	image	uploads/profile-photos/46542025Jun190836063759.jpg	\N	t	f	1	2025-06-19 08:36:06	2025-06-19 08:36:06	149	149
243	149	image	uploads/profile-photos/44732025Jun190836066791.jpg	\N	t	f	1	2025-06-19 08:36:06	2025-06-19 08:36:06	149	149
246	149	image	uploads/profile-photos/17242025Jun191102552137.jpg	\N	t	f	1	2025-06-19 11:02:55	2025-06-19 11:02:55	149	149
247	149	image	uploads/profile-photos/32432025Jun191102557065.jpg	\N	t	f	1	2025-06-19 11:02:55	2025-06-19 11:02:55	149	149
248	157	image	uploads/profile-photos/29232025Jun191112356917.png	\N	t	f	1	2025-06-19 11:12:35	2025-06-19 11:12:35	157	157
249	151	image	uploads/profile-photos/32252025Jun200418071440.png	\N	t	f	1	2025-06-20 04:18:07	2025-06-20 04:18:07	151	151
251	151	image	uploads/profile-photos/15192025Jun200423471199.png	\N	t	f	1	2025-06-20 04:23:47	2025-06-20 04:23:47	151	151
250	151	image	uploads/profile-photos/25752025Jun200425268285.png	\N	t	f	1	2025-06-20 04:23:19	2025-06-20 04:25:26	151	151
253	151	image	uploads/profile-photos/33682025Jun200425268737.png	\N	t	f	1	2025-06-20 04:25:26	2025-06-20 04:25:26	151	151
\.


--
