-- Data for Name: orders_deliveryboys; Type: TABLE DATA; Schema: public; Owner: postgres
--

COPY public.orders_deliveryboys (id, team_member_name, phone_number, status, created_date, updated_date, delivery_boy_status) FROM stdin;
1	Manu	8745896589	verified	2024-12-06 16:40:56.75932+05:30	2025-01-07 15:45:57.846742+05:30	assigned
\.


--
-- Data for Name: orders_deliveryslot; Type: TABLE DATA; Schema: public; Owner: postgres
--

COPY public.orders_deliveryslot (id, start_time, end_time, is_available, status, created_at) FROM stdin;
3	10:00:00	12:00:00	t	active	2024-11-18 15:10:15.102501+05:30
2	12:00:00	14:00:00	t	active	2024-11-18 15:09:56.023772+05:30
6	14:00:00	16:00:00	t	inactive	2024-12-10 09:59:43.356238+05:30
4	14:00:00	16:00:00	t	active	2024-12-06 16:59:45.243087+05:30
\.


--
-- Data for Name: orders_discount; Type: TABLE DATA; Schema: public; Owner: postgres
--

COPY public.orders_discount (id, "DiscountName", "DiscountCode", "DiscountDescription", "DiscountOn", created_at, "DiscountPercentage") FROM stdin;
3	Cakes Discount	CK01	Special discounts applicable for cakes	Category	2025-01-08 09:56:42.314872+05:30	10.00
\.


--
-- Data for Name: orders_discount_ApplicableCategory; Type: TABLE DATA; Schema: public; Owner: postgres
--

COPY public."orders_discount_ApplicableCategory" (id, discount_id, productcategory_id) FROM stdin;
9	3	e8a4ef2c-3f4c-4afa-9022-675daba58733
10	3	9464725d-c6f3-4660-aa3d-81bbbc38696e
\.


--
-- Data for Name: orders_discount_ApplicableProduct; Type: TABLE DATA; Schema: public; Owner: postgres
--

COPY public."orders_discount_ApplicableProduct" (id, discount_id, products_id) FROM stdin;
\.


--
-- Data for Name: orders_discount_ApplicableSku; Type: TABLE DATA; Schema: public; Owner: postgres
--

COPY public."orders_discount_ApplicableSku" (id, discount_id, sku_id) FROM stdin;
\.


--
-- Data for Name: orders_discount_ApplicableSubCategory; Type: TABLE DATA; Schema: public; Owner: postgres
--

COPY public."orders_discount_ApplicableSubCategory" (id, discount_id, productsubcategory_id) FROM stdin;
\.


--
-- Data for Name: orders_dropaddress; Type: TABLE DATA; Schema: public; Owner: postgres
--

COPY public.orders_dropaddress (uuid, name, house_number_or_name, street, land_mark, city, district, state_or_province, pin_code, latitude, longitude, address_type, contact_number) FROM stdin;
9eea35b8-c9e7-42bb-9329-277141c41bfb	Jithya Anand	Gayathri Building	3rd floor	\N	User's City	\N	User's State	0	8.559253	76.877722	Work	9846988509
5639c89d-7c9b-47c8-8f6c-6e83b785ad45	Admin A	abc	ahbdhdh	\N	User's City	\N	User's State	0	8.576189	76.887906	Work	0123456789
354b0b38-ae60-443e-a98a-7c86282f49b0	Jithya Anand	Gayathri Building	3rd floor	\N	User's City	\N	User's State	0	8.559253	76.877722	Work	9846988509
5a6ffe87-d5c5-4ba6-b5b6-e114117faa60	Jithya Anand	Gayathri Building	3rd floor	\N	User's City	\N	User's State	0	8.559253	76.877722	Work	9846988509
5b235072-2f5e-408d-ade3-b9805a30fe1e	Jithya Anand	Gayathri Building	3rd floor	\N	User's City	\N	User's State	0	8.559253	76.877722	Work	9846988509
03632ef8-c7be-40c7-a08a-9cf483a1ae97	Abhi None	xx	xc	\N	User's City	\N	User's State	0	8.614436	76.834754	Home	1234567890
3b68c2a4-ecd0-41e5-b7ce-f8f685e730ec	Abhi None	xx	xc	\N	User's City	\N	User's State	0	8.614436	76.834754	Home	1234567890
ca6e8fe3-4738-4080-8c8d-d3a7868674ae	Abhi None	xx	xc	\N	User's City	\N	User's State	0	8.614436	76.834754	Home	1234567890
9efcdb6e-50e6-4e1a-be86-6bb90000923f	Abhi None	xx	xc	\N	User's City	\N	User's State	0	8.614436	76.834754	Home	1234567890
0bf999d0-3f46-48b6-90aa-6a5198c09481	Abhi None	xx	xc	\N	User's City	\N	User's State	0	8.614436	76.834754	Home	1234567890
520716de-8b6e-4588-9afe-e44e09f1149c	Abhi None	cfgv. d VVS cc ha cc df	xx DC vf FB hhhg ra DC.	\N	User's City	\N	User's State	0	8.559303	76.877736	Home	1234567890
9c798e8a-fc65-46bf-bea4-802fc3ef00f0	Jithya Anand	Jithya Nivas Murukkumpuzha P.O	Trivandrum, 695302	\N	User's City	\N	User's State	0	8.614687	76.834755	Home	9846988509
4ccef90b-69b2-498b-b6a2-9a7f4df5ed76	 None	agshshvjk	ruefgij.	\N	User's City	\N	User's State	0	8.614658	76.834755	Home	1234567888
53526144-5e1d-4a30-a49a-5386efb689e9	Neena Joseph	Flat 13 G	Near Railway	\N	User's City	\N	User's State	0	9.979	76.2967	other	+91 9526029109
4070f6f0-24c6-4931-aa1f-6d40525c3eef	Neena Joseph	Flat 13 G	Near Railway	\N	User's City	\N	User's State	0	9.979	76.2967	other	+91 9526029109
926a1b27-95a5-485a-a6d6-fe1c4b36aecd	Neena Joseph	Flat 13 G	Near Railway	\N	User's City	\N	User's State	0	9.979	76.2967	other	+91 9526029109
ec22eeff-60b0-419f-81f4-c0a8c387fd7c	Neena Joseph	Flat 13 G	Near Railway	\N	User's City	\N	User's State	0	9.979	76.2967	other	+91 9526029109
a6d904ef-840a-4af5-bc77-dcbfd3f08953	Neena Joseph	Flat 13 G	Near Railway	\N	User's City	\N	User's State	0	9.979	76.2967	other	+91 9526029109
6fb815ce-b483-41d7-b675-52e35dad3a64	 None	12	121	\N	User's City	\N	User's State	0	8.5381	76.8907	other	7037388383
e49c161c-dc31-46e4-9a01-1f527d9417f9	Neena Joseph	willa 23	medical colege	\N	User's City	\N	User's State	0	8.5236	76.937	home	+91 9526029109
73ba43e6-19d1-4d71-bde5-e96749f6c98f	Neena Joseph	willa 23	medical colege	\N	User's City	\N	User's State	0	8.5236	76.937	home	+91 9526029109
0b6b8868-2d29-431b-831e-a3952a7dda3b	Neena Joseph	willa 23	medical colege	\N	User's City	\N	User's State	0	8.5236	76.937	home	+91 9526029109
5d08f078-bf2a-446c-ab2e-4e0d3e112ad8	Neena Joseph	Flat 13 G	Near Railway	\N	User's City	\N	User's State	0	9.979	76.2967	other	+91 9526029109
62bf846e-c4f3-4cb9-9730-f878561363f6	Neena Joseph	willa 23	medical colege	\N	User's City	\N	User's State	0	8.5236	76.937	home	+91 9526029109
3e10c87d-b0d5-4918-bc14-cdc410cc899f	Neena Joseph	willa 23	medical colege	\N	User's City	\N	User's State	0	8.5236	76.937	home	+91 9526029109
5a0aa2fb-c1c3-41d7-94d6-c82417cc538c	Neena Joseph	willa 23	medical colege	\N	User's City	\N	User's State	0	8.5236	76.937	home	+91 9526029109
0113a54a-da7f-4a7c-9b97-3d576892f212	Neena Joseph	willa 23	medical colege	\N	User's City	\N	User's State	0	8.5236	76.937	home	+91 9526029109
2755dd4c-6056-45af-8510-f29ad78d9840	 None	89	46	\N	User's City	\N	User's State	0	9.9709	76.2961	home	8598569858
85055daf-37ed-4668-930b-1299b0b659a2	Neena Joseph	willa 23	medical colege	\N	User's City	\N	User's State	0	8.5236	76.937	home	+91 9526029109
a0cf6578-4778-4580-9db8-6f5b062d840a	Neena Joseph	willa 23	medical colege	\N	User's City	\N	User's State	0	8.5236	76.937	home	+91 9526029109
6f8c4626-b64c-44a4-bad5-2f16c8594141	Neena Joseph	willa 23	medical colege	\N	User's City	\N	User's State	0	8.5236	76.937	home	+91 9526029109
ab332684-70d9-4ec0-9b27-9e0be731d445	Neena Joseph	willa 23	medical colege	\N	User's City	\N	User's State	0	8.5236	76.937	home	+91 9526029109
a132df45-7495-4064-8c48-d56715058837	Arun VV	12	56	\N	User's City	\N	User's State	0	9.9673	76.3113	home	+91 8574589623
47b123d7-4e28-42ec-a542-a2822bbf1de8	Arun VV	12	56	\N	User's City	\N	User's State	0	9.9673	76.3113	home	+91 8574589623
40d1caf6-94ed-40de-b3b9-3598ed29654d	Arun VV	12	56	\N	User's City	\N	User's State	0	9.9673	76.3113	home	+91 8574589623
1ecc109a-a62d-4818-8724-267f142e8eeb	Neena Joseph	willa 23	medical colege	\N	User's City	\N	User's State	0	8.5236	76.937	home	+91 9526029109
6bea9c34-0c74-4de8-b091-10276c50f062	Neena Joseph	willa 23	medical colege	\N	User's City	\N	User's State	0	8.5236	76.937	home	+91 9526029109
3066a170-775a-4b36-aec7-6dcff5997191	Neena Joseph	willa 23	medical colege	\N	User's City	\N	User's State	0	8.5236	76.937	home	+91 9526029109
c211a9f9-e506-434d-9781-7fab683d29ca	Abhi None	bvcjcj	User's Street	jcjccj	User's City	\N	User's State	0	10.527639	76.214435	Home	1234567890
382b1f58-733c-4890-9b91-b4cd20d67797	Abhi None	bvcjcj	User's Street	jcjccj	User's City	\N	User's State	0	10.527639	76.214435	Home	1234567890
a5cd78b0-2fdb-4384-8465-977a3e1e48dd	Abhi None	bvcjcj	User's Street	jcjccj	User's City	\N	User's State	0	10.527639	76.214435	Home	1234567890
1fe10c58-d5fd-4350-a210-66a520384598	 None	bvcjcj	User's Street	jcjccj	User's City	\N	User's State	0	10.527639	76.214435	Home	1243878456
984ab58b-fc9f-4611-baaf-11ce8f1cbed6	 None	bvcjcj	User's Street	jcjccj	User's City	\N	User's State	0	10.527639	76.214435	Home	1243878456
8e72ea32-5c75-488e-84b9-10193b1342c7	 None	bvcjcj	User's Street	jcjccj	User's City	\N	User's State	0	10.527639	76.214435	Home	1243878456
46366b2f-a34a-425a-8569-0dffd7316015	Arun vv	123	User's Street	jkhhlhl	User's City	\N	User's State	0	9.9845	76.2932	work	+91 8596587458
2ff5ed11-55c9-41e8-b4a9-2c64b6905703	Arun vv	123	User's Street	jkhhlhl	User's City	\N	User's State	0	9.9845	76.2932	work	+91 8596587458
f7033b13-8c87-4c60-87d8-1b0c6d1c5b44	Arun vv	123	User's Street	jkhhlhl	User's City	\N	User's State	0	9.9845	76.2932	work	+91 8596587458
e7ac7f41-5887-4dee-b36e-460c30ce616b	 None	12, Gandhi nagar	User's Street	kaduthuruty	User's City	\N	User's State	0	9.76815	76.500199	Work	7985236523
15480104-282a-4e9c-b69f-40c391ecc094	 None	12, Gandhi nagar	User's Street	kaduthuruty	User's City	\N	User's State	0	9.76815	76.500199	Work	7985236523
3dd3e2cf-c9bc-4ce2-9816-842782b51366	 None	12, Gandhi nagar	User's Street	kaduthuruty	User's City	\N	User's State	0	9.76815	76.500199	Work	7985236523
5af4ef93-2f24-45bd-af99-70a9db699b01	 None	12, Gandhi nagar	User's Street	kaduthuruty	User's City	\N	User's State	0	9.76815	76.500199	Work	7985236523
b7d230ce-97b2-4ca7-be22-d763383cde33	 None	12, Gandhi nagar	User's Street	kaduthuruty	User's City	\N	User's State	0	9.76815	76.500199	Work	7985236523
4e53ed45-12c2-42de-a394-16597aa386ac	 None	12, Gandhi nagar	User's Street	kaduthuruty	User's City	\N	User's State	0	9.76815	76.500199	Work	7985236523
1efc2a7b-57b0-4ef0-a45e-c9ac14c58407	Arun vv	123	User's Street	jkhhlhl	User's City	\N	User's State	0	9.9845	76.2932	work	+91 8596587458
afbad3c5-b645-434d-a96f-37ad56fa9f89	 None	34/227	User's Street	kazhakkoottam	User's City	\N	User's State	0	8.557573	76.872591	Other	9447139231
b3798277-5ce3-40d6-a958-d17c917bd861	 None	Dulcet 13 G	User's Street	sdf	User's City	\N	User's State	0	11.6014	75.9911	home	+91 9526029109
e1ce0c43-8d62-4ac0-82f3-49ae13bb13c8	 None	31.	street	kvv	city	\N	state	0	9.9786	76.3002	home	+91 8965478589
95688a29-5935-4800-ab52-ba1e8ac23a7c	 None	Kaloor road	street	kadavanthra	city	\N	state	0	9.9843	76.3039	home	+91 9090909090
76ffebba-7f34-42f5-80a6-fa3519af53ef	Arun VV	31.	street	kvv	city	\N	state	0	9.9786	76.3002	home	+91 8965478589
fa65987e-28cf-4a11-a1d7-6acd4c115547	Arun VV	31.	street	kvv	city	\N	state	0	9.9786	76.3002	home	+91 8965478589
ba169992-d962-4c7d-82ce-31b850ddf82c	 None	Anna Nagar	street	Amar villa	city	\N	state	0	9.954152	76.302398	Home	8645454364
68c282c8-83ff-4fbd-8af8-9ce228785626	 None	Anna Nagar	street	Amar villa	city	\N	state	0	9.954152	76.302398	Home	8645454364
986f9c78-f33b-4971-b83f-eb3dd1b15c2d	 None	Anna Nagar	street	Amar villa	city	\N	state	0	9.954152	76.302398	Home	8645454364
5284a4e9-98e5-4ccc-8c89-17dbe3a973fa	 None	Anna Nagar	street	Amar villa	city	\N	state	0	9.954152	76.302398	Home	8645454364
7a0bcf44-e69a-4483-bb49-76cd723f3997	Arun VV	Ganga Nivas 123	street	Near Kakkanad	city	\N	state	0	10.0159	76.3419	home	+91 8965478589
3586ed66-220e-4178-9ba8-42a3cf316f6e	Arun VV	Ganga Nivas 123	street	Near Kakkanad	city	\N	state	0	10.0159	76.3419	home	+91 8965478589
4344db04-79ce-4c8c-81b9-68af31a16355	 None	Anna Nagar	street	Amar villa	city	\N	state	0	9.954152	76.302398	Home	8645454364
31502739-2306-42ba-82b2-65dac5982dbf	Arun VV	AMMU NIVAS	street	125	city	\N	state	0	9.9487	76.3464	home	+91 8965478589
6ddfdb23-63c2-4731-a85b-299c2002b000	 None	Anna Nagar	street	Amar villa	city	\N	state	0	9.954152	76.302398	Home	8645454364
81871c7a-8400-4e56-851c-f73c0fed42c5	 None	Anna Nagar	street	Amar villa	city	\N	state	0	9.954152	76.302398	Home	8645454364
092c9b5c-6090-4ff4-bef8-3404fdca9c6f	Arun VV	AMMU NIVAS	street	125	city	\N	state	0	9.9487	76.3464	home	+91 8965478589
9b470555-690b-419c-be09-cb673e766230	 None	Aaaa	street	ghhh	city	\N	state	0	9.237485	76.702625	Home	8078171617
271b08a0-e94f-49a4-b7cb-e6f2f1d08915	 None	Aaaa	street	ghhh	city	\N	state	0	9.237485	76.702625	Home	8078171617
6f8b7e2b-dec9-4c25-bbb0-f90bcb2d33f0	 None	Aaaa	street	ghhh	city	\N	state	0	9.237485	76.702625	Home	8645454364
df666e3c-f0f4-4007-a2e1-72ba8666cff1	 None	Aaaa	street	ghhh	city	\N	state	0	9.237485	76.702625	Home	8078171617
ee018f57-7dd9-46fa-afee-167459836557	 None	Aaaa	street	ghhh	city	\N	state	0	9.237485	76.702625	Home	8078171617
2db6ccf7-168f-4133-b117-73e1cfa0fcfd	 None	Aaaa	street	ghhh	city	\N	state	0	9.237485	76.702625	Home	8078171617
7f51ba60-ed9e-4d10-8db6-5a3d640c644e	 None	Aaaa	street	ghhh	city	\N	state	0	9.237485	76.702625	Home	8078171617
d02429e0-4ebf-4887-8e9c-a651dbf53c5e	 None	Aaaa	street	ghhh	city	\N	state	0	9.237485	76.702625	Home	8078171617
3e20914d-f57f-439c-98cf-548a3ab2b8d0	 None	Aaaa	street	ghhh	city	\N	state	0	9.237485	76.702625	Home	8078171617
e82cb1c8-2743-460f-8ab2-8cea1aca5def	 None	abc	street	hshh	city	\N	state	0	9.968197	76.318234	Other	4543458484
39683553-8d17-4a46-b329-b39d09cc2e5b	Arun VV	vaikom	street	kottayan	city	\N	state	0	10.012667	76.362891	Home	7994035508
a3ce4d16-ad08-417a-b49c-628e0eda23db	Arun VV	vaikom	street	kottayan	city	\N	state	0	10.012667	76.362891	Home	7994035508
9ed787f7-6b36-488a-a054-bb578795a0ea	Arun VV	vaikom	street	kottayan	city	\N	state	0	10.012667	76.362891	Home	7994035508
deb19ac4-7ae3-4a7c-bc2e-48fcdd972ac9	Arun VV	vaikom	street	kottayan	city	\N	state	0	10.012667	76.362891	Home	7994035508
fe9f1e2e-8e2f-4430-9322-14c813458498	Arun VV	vaikom	street	kottayan	city	\N	state	0	10.012667	76.362891	Home	7994035508
033e1d23-5d83-497d-8ac7-05d15f9839e6	Arun VV	vaikom	street	kottayan	city	\N	state	0	10.012667	76.362891	Home	7994035508
2ad6dc8b-e6e2-488b-bf8e-f4707d7975ea	Arun VV	vaikom	street	kottayan	city	\N	state	0	10.012667	76.362891	Home	7994035508
29af0c6e-23b9-4520-b420-cda94f0643a9	Arun VV	31.	street	kvv	city	\N	state	0	9.9786	76.3002	home	+91 8965478589
7f99b036-17a3-49cd-bf76-5d84e5da25c3	 None	cff	street	ggg	city	\N	state	0	10.015857	76.341866	Other	9555448444
03c6a122-60e8-4711-80a6-892480c4aab9	 None	cff	street	ggg	city	\N	state	0	10.015857	76.341866	Other	9555448444
dc09d6c2-f535-43c2-89b8-e373fa059cd4	Arun VV	vaikom	street	kottayan	city	\N	state	0	10.012667	76.362891	Home	7994035508
617ab961-c7bb-4c99-9bee-d7793abda17f	Arun VV	vaikom	street	kottayan	city	\N	state	0	10.012667	76.362891	Home	7994035508
d668a179-21c8-407a-82a4-ac117a338467	Arun VV	vaikom	street	kottayan	city	\N	state	0	10.012667	76.362891	Home	7994035508
4955c266-2101-4840-9ed3-abacbd07ba97	Arun VV	vaikom	street	kottayan	city	\N	state	0	10.012667	76.362891	Home	7994035508
3fdec35b-e37e-43ca-a652-d035971007fa	 None	cff	street	ggg	city	\N	state	0	10.015857	76.341866	Other	9555448444
6f4a719f-1233-44f9-b2a2-c2c74b208aaa	Arun VV	vaikom	street	kottayan	city	\N	state	0	10.012667	76.362891	Home	7994035508
87abf68f-0dfa-49f5-ab5b-e4fb0407d6ca	 None	cff	street	ggg	city	\N	state	0	10.015857	76.341866	Other	9555448444
1c718808-4fcd-47bb-9330-75038a34a3ae	 None	cff	street	ggg	city	\N	state	0	10.015857	76.341866	Other	9555448444
4a46b9c8-0ccf-43cb-aede-fcb0618be76d	 None	cff	street	ggg	city	\N	state	0	10.015857	76.341866	Other	9555448444
763550c5-3658-44ba-88b1-c9d42ff5bdcf	 None	cff	street	ggg	city	\N	state	0	10.015857	76.341866	Other	9555448444
490653f6-abf5-477a-8a45-439a544f2181	Arun VV	vaikom	street	kottayan	city	\N	state	0	10.012667	76.362891	Home	7994035508
db66e19a-c9f5-4e53-bbe2-d4b57d2dd6e7	 None	cff	street	ggg	city	\N	state	0	10.015857	76.341866	Other	9555448444
1403e94e-3a55-482c-ad43-831edef1a4ac	 None	Anna Nagar	street	Aminity villa	city	\N	state	0	9.968189	76.318234	Home	6666669888
3f4b77b5-6bb6-4932-b801-00e2adf75fdb	 None	Anna Nagar	street	Aminity villa	city	\N	state	0	9.968189	76.318234	Home	6666669888
e8653b0b-bebb-4033-8304-4a3d7d187ce1	 None	Anna Nagar	street	Aminity villa	city	\N	state	0	9.968189	76.318234	Home	6666669888
49fe674c-a083-4b3f-b1c1-4b5f001a89df	 None	Anna Nagar	street	Aminity villa	city	\N	state	0	9.968189	76.318234	Home	6666669888
90ac5150-46af-47b7-951a-1d7f0c58c96e	 None	Anna Nagar	street	Aminity villa	city	\N	state	0	9.968189	76.318234	Home	6666669888
7ef12262-ea2c-43fb-8660-c2d35bf1d4e7	 None	Anna Nagar	street	Aminity villa	city	\N	state	0	9.968189	76.318234	Home	6666669888
23e137c2-83a6-4c3c-9a21-4c3314306412	 None	Anna Nagar	street	Aminity villa	city	\N	state	0	9.968189	76.318234	Home	6666669888
c2f49a76-ee4d-4898-900f-083a29eb7df7	 None	Anna Nagar	street	Aminity villa	city	\N	state	0	9.968189	76.318234	Home	6666669888
d76289f2-63fe-4360-a281-62e319a324aa	Arun VV	vaikom	street	kottayan	city	\N	state	0	10.012667	76.362891	Home	7994035508
7fe94f2e-cfea-4c76-be81-017d8edc6dd5	 None	Anna Nagar	street	Aminity villa	city	\N	state	0	9.968189	76.318234	Home	6666669888
684b50d2-89e9-4b81-9c1d-0d1daa168c62	 None	Anna Nagar	street	Aminity villa	city	\N	state	0	9.968189	76.318234	Home	6666669888
cd8eee69-44b0-49e6-8032-30493aa7d605	 None	Anna Nagar	street	Aminity villa	city	\N	state	0	9.968189	76.318234	Home	6666669888
798c06ab-46e6-49b3-aafe-bdc2a5ef0b0c	 None	Anna Nagar	street	Aminity villa	city	\N	state	0	9.968189	76.318234	Home	6666669888
1cdd4414-7baa-49ee-8a88-258dd706b498	 None	Anna Nagar	street	Aminity villa	city	\N	state	0	9.968189	76.318234	Home	6666669888
8b5aac59-058c-42c5-a39e-be67cb189db0	 None	Anna Nagar	street	Aminity villa	city	\N	state	0	9.968189	76.318234	Home	6666669888
0205c2f5-b30d-47e4-92b4-eeba5c20f655	 None	Anna Nagar	street	Aminity villa	city	\N	state	0	9.968189	76.318234	Home	6666669888
db29b93e-a05c-4d18-a476-9cef11040e97	 None	Anna Nagar	street	Aminity villa	city	\N	state	0	9.968189	76.318234	Home	6666669888
de1b24d8-c6a7-4c97-9395-dc355579c783	 None	Anna Nagar	street	Aminity villa	city	\N	state	0	9.968189	76.318234	Home	6666669888
6f3451a6-1af2-4a70-a8c5-e4d901caf5aa	 None	Anna Nagar	street	Aminity villa	city	\N	state	0	9.968189	76.318234	Home	6666669888
979f3886-aaa0-4ca9-bec0-627e6c351f18	Arun VV	vaikom	street	kottayan	city	\N	state	0	10.012667	76.362891	Home	7994035508
525e12be-7959-47f3-a363-1896761067dd	Arun VV	12 B	street	Vettath house	city	\N	state	0	9.7679	76.4907	home	+91 8965478589
98c29e76-0b6a-49c4-8572-e7bf911f1358	Arun VV	vaikom	street	kottayan	city	\N	state	0	10.012667	76.362891	Home	7994035508
b464d543-d6d2-4652-ac23-da7d485ed149	Arun VV	vaikom	street	kottayan	city	\N	state	0	10.012667	76.362891	Home	7994035508
06275ad2-5c7c-4a60-99b6-575accfcdef6	Arun VV	vaikom	street	kottayan	city	\N	state	0	10.012667	76.362891	Home	7994035508
705b5cc3-b5df-461b-a22e-4cd8055e7258	Arun VV	vaikom	street	kottayan	city	\N	state	0	10.012667	76.362891	Home	7994035508
c018a94a-3b0f-4476-8ed8-648bb1f9697d	 None	Anna Nagar	street	Aminity villa	city	\N	state	0	9.968189	76.318234	Home	6666669888
fac7ee7c-5daf-44d5-b1b5-49a46b55f399	 None	Dulcet 13 G	street	sdf	city	\N	state	0	11.6014	75.9911	home	+91 9526029109
180d4187-caa0-4bd9-b3d6-173962fac516	 None	Dulcet 13 G	street	sdf	city	\N	state	0	11.6014	75.9911	home	+91 9526029109
01e78d2d-68c2-4d03-aa2f-8cc6df473ce0	 None	Dulcet 13 G	street	sdf	city	\N	state	0	11.6014	75.9911	home	+91 9526029109
b46f896c-b72b-4d15-97f8-235e1dfe6823	 None	Dulcet 13 G	street	sdf	city	\N	state	0	11.6014	75.9911	home	+91 9526029109
054994dc-dd78-475d-b664-9f1257355e68	 None	Dulcet 13 G	street	sdf	city	\N	state	0	11.6014	75.9911	home	+91 9526029109
19b2f3b4-80b4-41d6-a114-8ae5e080c63a	 None	Dulcet 13 G	street	sdf	city	\N	state	0	11.6014	75.9911	home	+91 9526029109
d4a8924f-c110-4c70-8f5d-607952324088	 None	Dulcet 13 G	street	sdf	city	\N	state	0	11.6014	75.9911	home	+91 9526029109
7c41af7a-f89d-41d5-9a8d-2d584f143e97	 None	Dulcet 13 G	street	sdf	city	\N	state	0	11.6014	75.9911	home	+91 9526029109
be76ff7a-0896-4824-84dd-a792ebaeae0e	 None	Dulcet 13 G	street	sdf	city	\N	state	0	11.6014	75.9911	home	+91 9526029109
6434bb32-5e66-42b5-9103-ad6de7379792	 None	Dulcet 13 G	street	sdf	city	\N	state	0	11.6014	75.9911	home	+91 9526029109
44ff463c-b2d8-4a73-930e-e7f460e142c9	 None	Dulcet 13 G	street	sdf	city	\N	state	0	11.6014	75.9911	home	+91 9526029109
2f05dc2f-e82e-4c2c-a165-c57f1635b2c7	 None	Dulcet 13 G	street	sdf	city	\N	state	0	11.6014	75.9911	home	+91 9526029109
ea984c09-3ee9-4348-a618-0b51f3641f14	 None	Dulcet 13 G	street	sdf	city	\N	state	0	11.6014	75.9911	home	+91 9526029109
ceabde18-d65c-43b0-9cef-7ec933c1c323	 None	Dulcet 13 G	street	sdf	city	\N	state	0	11.6014	75.9911	home	+91 9526029109
cbc586dc-b6e1-4596-90bf-62e15dbf295a	 None	xxsddsss	street	xzx	city	\N	state	0	8.559296	76.87772	Other	6886689556
11d8a423-f8e7-41bd-b852-059a52ad6a8d	 None	xxsddsss	street	xzx	city	\N	state	0	8.559296	76.87772	Other	6886689556
9662ac74-c1f7-4900-bb9d-34ce7fac2879	 None	Dulcet 13 G	street	sdf	city	\N	state	0	11.6014	75.9911	home	+91 9526029109
082c7563-4eae-4f33-8710-4f2a779b8984	 None	Dulcet 13 G	street	sdf	city	\N	state	0	11.6014	75.9911	home	+91 9526029109
c32e50ef-954a-4f68-bc4f-6b4b96e363a2	 None	Dulcet 13 G	street	sdf	city	\N	state	0	11.6014	75.9911	home	+91 9526029109
f5926278-855e-48a8-b0bc-ce6b2cc89f18	 None	Dulcet 13 G	street	sdf	city	\N	state	0	11.6014	75.9911	home	+91 9526029109
9f0a270d-6ef0-4a98-badb-c2695a23aeb8	 None	xxsddsss	street	xzx	city	\N	state	0	8.559296	76.87772	Other	6886689556
b49d0554-fcde-4cc5-a80c-08a8f1884001	 None	Dulcet 13 G	street	sdf	city	\N	state	0	11.6014	75.9911	home	+91 9526029109
cf65ccba-1321-41a1-a30a-ec2797886448	 None	Dulcet 13 G	street	sdf	city	\N	state	0	11.6014	75.9911	home	+91 9526029109
48cab17d-6570-4dfe-894b-8855739b0512	 None	Dulcet 13 G	street	sdf	city	\N	state	0	11.6014	75.9911	home	+91 9526029109
a2b3e487-f5c2-4b75-9b50-6b6d01d652ec	 None	Dulcet 13 G	street	sdf	city	\N	state	0	11.6014	75.9911	home	+91 9526029109
9cc69b20-2173-49bf-b5cc-2a3fd8d9da56	 None	Dulcet 13 G	street	sdf	city	\N	state	0	11.6014	75.9911	home	+91 9526029109
7a1f924b-6983-4c06-98e4-9f4f38f1c58c	 None	xxsddsss	street	xzx	city	\N	state	0	8.559296	76.87772	Other	6886689556
7b5aca54-d332-4c87-9fca-bfbba0e3aa7c	Arun VV	vaikom	street	kottayan	city	\N	state	0	10.012667	76.362891	Home	7994035508
71d5d6ff-a6fe-4411-8584-693ffead353e	Arun VV	vaikom	street	kottayan	city	\N	state	0	10.012667	76.362891	Home	7994035508
5e095a30-6d2b-40e4-bdca-a65df5cb20ce	Arun VV	vaikom	street	kottayan	city	\N	state	0	10.012667	76.362891	Home	7994035508
f5b9617e-9ad7-474e-9fd8-84c604cc778c	 None	xxsddsss	street	xzx	city	\N	state	0	8.559296	76.87772	Other	6886689556
406e1a3d-0e8e-48f9-abaa-f3c7207fb832	Arun VV	vaikom	street	kottayan	city	\N	state	0	10.012667	76.362891	Home	7994035508
cd0cd598-7301-4786-b5dc-7937345ba717	Arun VV	vaikom	street	kottayan	city	\N	state	0	10.012667	76.362891	Home	7994035508
a68d1bac-2513-4243-ab31-a6557519ecde	Arun VV	vaikom	street	kottayan	city	\N	state	0	10.012667	76.362891	Home	7994035508
deda522a-ed6f-4a29-b3ae-7755641fd1d6	Arun VV	vaikom	street	kottayan	city	\N	state	0	10.012667	76.362891	Home	7994035508
8d4451b0-ff83-4632-aeef-5de4173932a8	Arun VV	vaikom	street	kottayan	city	\N	state	0	10.012667	76.362891	Home	7994035508
9e3feabb-f070-4553-ba92-33ba92fd1694	Arun VV	vaikom	street	kottayan	city	\N	state	0	10.012667	76.362891	Home	7994035508
33f748a3-dd40-402e-8f69-40bc8d6afc3d	Arun VV	vaikom	street	kottayan	city	\N	state	0	10.012667	76.362891	Home	7994035508
e66b3cef-d62b-4776-b91e-b88fc8728a83	 None	xxsddsss	street	xzx	city	\N	state	0	8.559296	76.87772	Other	6886689556
98285f6f-fd67-4ca4-bb91-e62299a3dc47	Arun VV	vaikom	street	kottayan	city	\N	state	0	10.012667	76.362891	Home	7994035508
ff8a98f4-438e-4a01-a377-5a5c18588d98	Arun VV	vaikom	street	kottayan	city	\N	state	0	10.012667	76.362891	Home	7994035508
6aaada96-d4d3-44a1-b3f5-7faaed41120c	Arun VV	vaikom	street	kottayan	city	\N	state	0	10.012667	76.362891	Home	7994035508
dbc6a1f4-4c1c-4997-9fbe-623d55017825	Arun VV	vaikom	street	kottayan	city	\N	state	0	10.012667	76.362891	Home	7994035508
c3bcc068-d36a-4a8f-a06d-ac2e8e254cf3	 None	xxsddsss	street	xzx	city	\N	state	0	8.559296	76.87772	Other	6886689556
9b76578c-96aa-402b-b270-ed03db3c0cf7	Arun VV	vaikom	street	kottayan	city	\N	state	0	10.012667	76.362891	Home	7994035508
7ae03c01-8d61-4326-9481-1d2da1d1dabf	Arun VV	vaikom	street	kottayan	city	\N	state	0	10.012667	76.362891	Home	7994035508
a4e642e3-4202-456b-864f-2bcdf243f4d0	 None	xxsddsss	street	xzx	city	\N	state	0	8.559296	76.87772	Other	6886689556
3859638b-711e-48ef-b3e8-8ac20c683cec	 None	345	street	etyuu	city	\N	state	0	9.809007	76.498148	Other	5236524523
001f2599-d755-48e2-a352-657ad52e7e63	 None	345	street	etyuu	city	\N	state	0	9.809007	76.498148	Other	5236524523
41216a32-d4c5-4de0-8872-305905f10524	 None	Dulcet 13 G	street	sdf	city	\N	state	0	11.6014	75.9911	home	+91 9526029109
2d55e0c3-0391-48ac-87e8-caa67f68a728	 None	Dulcet 13 G	street	sdf	city	\N	state	0	11.6014	75.9911	home	+91 9526029109
89adce18-9971-4b3d-8480-7582281a3060	 None	Arun	street	vv	city	\N	state	0	9.9544	76.3034	other	+91 7994035508
cb39abd5-1bfb-41f1-a539-b832f4921ce6	 None	Janii	street	123	city	\N	state	0	9.9815	76.3009	work	+91 7994035508
164d581b-483e-4a39-9b79-8626f9cccd3c	 None	123 Mathuri	street	Near Temple	city	\N	state	0	9.9487	76.3464	other	+91 7994035508
82efbdcf-80b8-4275-b13f-3445cbea8ba7	 None	123 Mathuri	street	Near Temple	city	\N	state	0	9.9487	76.3464	other	+91 7994035508
ec98fb17-0f9d-4d44-9a8d-b24bc019b098	 None	ahvsjD	street	HGADJ	city	\N	state	0	11.5867	76.1074	other	+919526029109
f0fa3b87-6b78-48d3-9fc6-d77333ad190d	 None	345	street	etyuu	city	\N	state	0	9.809007	76.498148	Other	5236524523
55776826-0e7c-4c89-b58c-aa7b512de836	 None	345	street	etyuu	city	\N	state	0	9.809007	76.498148	Other	5236524523
d8b0a65d-605d-4cef-96be-2d6617378769	Gayathri G Panicker Arun V v G	345	street	etyuu	city	\N	state	0	9.809007	76.498148	Other	5236524523
62337115-a1fa-44ec-a3ee-9f7907b74db4	Arun VV	vaikom	street	kottayan	city	\N	state	0	10.012667	76.362891	Home	7994035508
c1b295da-4227-42ca-a686-47511621dcbd	Arun VV	vaikom	street	kottayan	city	\N	state	0	10.012667	76.362891	Home	7994035508
a703cd27-e522-41b7-af33-3c3211954179	Arun VV	vaikom	street	kottayan	city	\N	state	0	10.012667	76.362891	Home	7994035508
2fbe722c-3012-4010-85cd-0062fc1d039f	 None	Dulcet 13 G	street	sdf	city	\N	state	0	11.6014	75.9911	home	+91 9526029109
27f4c09c-b327-4572-9ede-d9a7ec8e96d7	ARUN VV	5698	street	2588	city	\N	state	0	9.9536	76.3046	other	+91 7994035508
11792486-e1a4-4c4a-84f6-c3350efca198	 None	xtmjgxxjg	street	jttxktx	city	\N	state	0	8.614693	76.834747	Other	8075124450
2e9a2a16-99d8-477b-82bc-9a4d06dae869	 None	xtmjgxxjg	street	jttxktx	city	\N	state	0	8.614693	76.834747	Other	8075124450
e9852bf2-d105-42e1-8898-3bb9ce999343	 None	2325852	street	5872	city	\N	state	0	9.9487	76.3464	other	9586587458
d08bc0b9-e2dd-425e-b344-f255b4dbd3b8	 None	896587STAR	street	89566	city	\N	state	0	9.9542	76.3024	other	9586587458
b0980851-730e-4768-bf81-23031509ae06	 None	2325852	street	5872	city	\N	state	0	9.9487	76.3464	other	9586587458
fcccead2-31f2-4087-8a00-ad563c5af244	ARUN VV	Prasanth	street	125	city	\N	state	0	9.9802	76.2988	home	+91 7994035508
2660334a-0839-4eb8-97d3-7c84343e1810	Arun VV	vaikom	street	kottayan	city	\N	state	0	10.012667	76.362891	Home	7994035508
3108bc0f-f508-424b-9a15-fa034475cbd0	 None	xtmjgxxjg	street	jttxktx	city	\N	state	0	8.614693	76.834747	Other	8075124450
b1d7aa35-ad4a-492b-b7ac-116d18e3f777	 None	xtmjgxxjg	street	jttxktx	city	\N	state	0	8.614693	76.834747	Other	8075124450
ece4063e-1778-45db-8207-7e42e9cbb9b2	 None	xtmjgxxjg	street	jttxktx	city	\N	state	0	8.614693	76.834747	Other	8075124450
54837bf0-423c-40ff-8734-e1a1c0d543f9	 None	xtmjgxxjg	street	jttxktx	city	\N	state	0	8.614693	76.834747	Other	8075124450
bb588a95-3e59-47e8-9c30-4ca66153fbe2	 None	hcf	street	gxgh	city	\N	state	0	8.614695	76.834746	Other	8566555888
d8117e8e-09d9-498f-b002-8d38f310cf6c	 None	hcf	street	gxgh	city	\N	state	0	8.614695	76.834746	Other	8566555888
100ffcc0-dc83-4df8-a346-81c91b05d46b	 None	hcf	street	gxgh	city	\N	state	0	8.614695	76.834746	Other	8566555888
ebb0055f-04a6-4b6d-bc29-6ab2cf204b1a	 None	hcf	street	gxgh	city	\N	state	0	8.614695	76.834746	Other	8566555888
acaf2c60-0b7d-4579-9036-343267a52d36	 None	hcf	street	gxgh	city	\N	state	0	8.614695	76.834746	Other	8566555888
fd2fb2c2-0fa4-4739-bbbe-985965f938a1	 None	hcf	street	gxgh	city	\N	state	0	8.614695	76.834746	Other	8566555888
dad790ab-bee2-4275-a6ec-af87c5ef9c00	 None	hcf	street	gxgh	city	\N	state	0	8.614695	76.834746	Other	8566555888
1e7242ae-0f78-428d-85b8-b770119946a5	 None	hcf	street	gxgh	city	\N	state	0	8.614695	76.834746	Other	8566555888
c7dd5a50-1b7c-46bd-892b-be4c2462e1b1	 None	hcf	street	gxgh	city	\N	state	0	8.614695	76.834746	Other	8566555888
a1ea9883-c7a4-42b5-b07d-851cadbe243c	 None	hcf	street	gxgh	city	\N	state	0	8.614695	76.834746	Other	8566555888
571010c3-0e63-4f0b-b450-c8835ba992f0	 None	hcf	street	gxgh	city	\N	state	0	8.614695	76.834746	Other	8566555888
0d487d04-1eb7-420d-b359-395b27146acd	 None	hcf	street	gxgh	city	\N	state	0	8.614695	76.834746	Other	8566555888
c690b1b7-7219-476a-8172-5712a8d50d9d	 None	hcf	street	gxgh	city	\N	state	0	8.614695	76.834746	Other	8566555888
aa36fda7-19f2-4cf9-8299-d642498c3f5c	 None	hcf	street	gxgh	city	\N	state	0	8.614695	76.834746	Other	8566555888
9371a08f-e818-4b48-bb21-589edf5c33e6	 None	hcf	street	gxgh	city	\N	state	0	8.614695	76.834746	Other	8566555888
8860b44b-7dba-4fed-b0f3-c7d485f1b5da	 None	hcf	street	gxgh	city	\N	state	0	8.614695	76.834746	Other	8566555888
d55e188b-53fa-4285-bb40-a3916c6aa97c	 None	hcf	street	gxgh	city	\N	state	0	8.614695	76.834746	Other	8566555888
7283a790-9572-4a1f-bad2-a028a6a0ee49	 None	hcf	street	gxgh	city	\N	state	0	8.614695	76.834746	Other	8566555888
e40a52eb-3844-4703-8601-e71ec7ca6823	Amal VV	Gayathri Bhavan	street	Near School	city	\N	state	0	10.0159	76.3419	other	+91 7994035508
9342651d-9d97-4958-b216-8b412a404a43	 None	hcf	street	gxgh	city	\N	state	0	8.614695	76.834746	Other	8566555888
dde92787-2f08-4604-a208-479d89dc442d	 None	hcf	street	gxgh	city	\N	state	0	8.614695	76.834746	Other	8566555888
15eae20b-94f1-41c4-8e30-cc3774252f34	 None	hcf	street	gxgh	city	\N	state	0	8.614695	76.834746	Other	8566555888
11237a7f-fb30-48e6-9700-a55311621ebf	 None	hcf	street	gxgh	city	\N	state	0	8.614695	76.834746	Other	8566555888
4a600259-b57e-442c-b625-8e93870d0fe2	Amal VV	Amal Nivas	street	Near school junction	city	\N	state	0	10.0159	76.3419	home	+91 7994035508
d0da3dff-3063-47ff-91e0-ed6405bd838e	Shahanas Khan	aaa	street	aaa	city	\N	state	0	8.5656	76.8934	other	+91 7025456506
18d695a2-bdae-4551-83d9-24f7249f2873	Shahanas Khan	aaa	street	aaa	city	\N	state	0	8.5656	76.8934	other	+91 7025456506
eb95a60c-b5fb-433b-9d2d-506cb7634ba7	 None	11	street	11	city	\N	state	0	8.5557	76.8836	home	+91 7025456577
45050689-babb-41a7-ba5f-b4cfd452805f	 None	Dulcet 13 G	street	infopark	city	\N	state	0	9.9721	76.2984	home	+91 9496134703
53b5fd30-1e6e-4267-a55e-8435a1910af0	Shahanas Khan	333	street	1111	city	\N	state	0	8.5656	76.8934	other	+91 7025456506
d1364d75-61c7-4a36-91b8-766d77678947	Shahanas Khan	333	street	1111	city	\N	state	0	8.5656	76.8934	other	+91 7025456506
d91a85f9-c0db-4d44-b685-fc98112a7df9	 None	Dulcet 13 G	street	infopark	city	\N	state	0	9.9721	76.2984	home	+91 9496134703
27e47f82-68c9-4930-b780-7c5f8027ce4f	Shahanas Khan	1111	street	2222	city	\N	state	0	9.0927	76.8612	home	+91 7025456506
9925ac1c-94c1-4352-87db-4b869ecd55e6	 None	Jithya Nivas	street	Murukkumpuzha P.O	city	\N	state	0	8.559301	76.877728	Home	9846988509
ae984ad2-22e7-424e-bc07-fcdd437aa767	 None	Jithya Nivas	street	Murukkumpuzha P.O	city	\N	state	0	8.559301	76.877728	Home	9846988509
6bb330d0-dd09-414c-825a-1013b191ab91	 None	Jithya Nivas	street	Murukkumpuzha P.O	city	\N	state	0	8.559301	76.877728	Home	9846988509
d2fb4d86-abd0-4c83-85f1-397c27c81340	 None	Jithya Nivas	street	Murukkumpuzha P.O	city	\N	state	0	8.559301	76.877728	Home	9846988509
17598f8f-eac3-41ff-98fc-93fa4ca89b8b	 None	sbbsb	street	svsvsv	city	\N	state	0	8.559313	76.877726	Other	7646764646
f76447ea-8cce-4660-aa8e-7ca47a33212f	 None	sbbsb	street	svsvsv	city	\N	state	0	8.559313	76.877726	Other	7646764646
1f131615-7010-40a1-a3dd-d15d7c6254c5	Amal VV	Amal Nivas	street	Near school junction	city	\N	state	0	10.0159	76.3419	home	+91 7994035508
97dfcf98-5f5e-46f6-b41c-ad523fae0f60	Shahanas Khan	oiginl	street	ads	city	\N	state	0	9.9542	76.3024	other	+91 7025456506
9ce1bcd8-50da-4e3d-9ef8-fe17f34abfd3	Shahanas Khan	kadavanthra	street	ss	city	\N	state	0	9.9542	76.3024	home	+91 7025456506
57f5ef01-ddaf-4631-b341-d9096e2529fc	Shahanas Khan	kadavanthra	street	ss	city	\N	state	0	9.9542	76.3024	home	+91 7025456506
0fc99b05-28b7-4261-85e4-3eaaae3a2e82	Shahanas Khan	kadavanthra	street	ss	city	\N	state	0	9.9542	76.3024	home	+91 7025456506
9b0c574e-a434-4ed6-b579-9c852edef63c	Shahanas Khan	kadavanthra	street	ss	city	\N	state	0	9.9542	76.3024	home	+91 7025456506
7719c7b9-1801-483d-924d-58b14e7066aa	Shahanas Khan	kadavanthra	street	ss	city	\N	state	0	9.9542	76.3024	home	+91 7025456506
f0c60c86-9d16-445b-87da-bd014f829ad4	 None	Dulcet 13 G	street	sdf	city	\N	state	0	11.6014	75.9911	home	+91 9526029109
ae23519e-20e7-4fb1-97c1-84ac6d53d661	 None	Anita Bhavan	street	Ak Nagar	city	\N	state	0	9.968193	76.318234	Other	1235489084
3b49434d-01aa-4d32-8300-1e2b2fbfc4e9	 None	Dulcet 13 G	street	Infopark	city	\N	state	0	8.4946	76.9415	home	+91 9496134709
ded65e4a-ddc1-462f-9e11-153ad2196cef	 None	Anita Bhavan	street	Ak Nagar, 123	city	\N	state	0	8.559294	76.877725	Home	1253958454
1277d4d7-1d96-4434-b1d8-39ae072989a6	 None	Anita Bhavan	street	Ak Nagar, 123	city	\N	state	0	8.559294	76.877725	Home	1253958454
97462184-0df6-4a96-916d-6398c976e9be	 None	Anita Bhavan	street	Ak Nagar, 123	city	\N	state	0	8.559294	76.877725	Home	1253958454
1ac8a3f3-f4a6-4b6c-885f-1a84c3df1eac	 None	Anita Bhavan	street	Ak Nagar, 123	city	\N	state	0	8.559294	76.877725	Home	1253958454
03e7f1e8-5284-40b1-bc27-cfcf5d24dcda	 None	Anita Bhavan	street	Ak Nagar, 123	city	\N	state	0	8.559294	76.877725	Home	1253958454
951d78b3-6b54-46eb-bf27-e421a9f45f33	 None	Anita Bhavan	street	Ak Nagar, 123	city	\N	state	0	8.559294	76.877725	Home	1253958454
c38fdced-3ea6-4f73-a0ec-9f2fd3d10e87	 None	Anita Bhavan	street	Ak Nagar, 123	city	\N	state	0	8.559294	76.877725	Home	1253958454
101c6d76-4a90-4d49-a7c7-2215bedad4de	 None	avav	street	avavs	city	\N	state	0	8.614698	76.834743	Other	4846466454
f8e16628-c912-4838-9c67-42bddba76644	 None	avav	street	avavs	city	\N	state	0	8.614698	76.834743	Other	4846466454
3846b2d8-f749-48e8-b223-96aaa393db83	 None	avav	street	avavs	city	\N	state	0	8.614698	76.834743	Other	4846466454
95cde7d0-4c0e-454a-bc07-b0ae6f66f83a	 None	cgh	street	ff	city	\N	state	0	10.012668	76.362878	Other	9526680779
42298df3-5969-42f5-b6ec-4463175cb250	 None	Trial	street	Address 1	city	\N	state	0	9.968197	76.318234	Work	9846646464
42c60456-0e3d-4992-9181-cef84b1cbb3f	 None	Trial	street	Address 1	city	\N	state	0	9.968197	76.318234	Work	9846646464
42c84c60-966d-4086-9261-9c90f1dfd097	 None	ahsb	street	ababh	city	\N	state	0	9.968194	76.318234	Other	4946455464
6d780616-c443-47bd-a32f-0bba90abf7b6	Shahanas Khan	aaa	street	aaa	city	\N	state	0	8.5656	76.8934	other	+91 7025456506
ea3114af-95ac-454c-b707-50c50fac462c	Amal VV	Aswin Nivas	street	Near temple, maithri Nagar	city	\N	state	0	9.9487	76.3464	other	+91 7994035508
87379686-2470-43a8-8b0d-fc78cd56cab1	Arun VV	vaikom	street	kottayan	city	\N	state	0	10.012667	76.362891	Home	7994035508
79cd164f-9944-4138-9bff-d33785c74570	Arun VV	vaikom	street	kottayan	city	\N	state	0	10.012667	76.362891	Home	7994035508
5af1683e-c258-4554-a785-310d2f2e8d98	 None	vsxaaah	street	v	city	\N	state	0	10.015805	76.341866	Home	9526680779
943c254a-a7fb-4e87-ada8-c350475eef38	Shahanas Khan	sds	street	sdsd	city	\N	state	0	8.5557	76.8901	other	+91 7025456506
1a806d85-b970-451d-950b-cf7afa600bfd	Shahanas Khan	aaa	street	aaa	city	\N	state	0	8.5656	76.8934	other	+91 7025456506
5b73ff0e-c5b5-4a2c-8229-289d6d39b5a1	Shahanas Khan	aaa	street	aaa	city	\N	state	0	8.5656	76.8934	other	+91 7025456506
152a67f9-8aea-4a2c-95c5-4ac193b8d5eb	Shahanas Khan	aaa	street	aaa	city	\N	state	0	8.5656	76.8934	other	+91 7025456506
711c4055-3c01-440f-b671-7d8478bb78a0	Shahanas Khan	aaa	street	aaa	city	\N	state	0	8.5656	76.8934	other	+91 7025456506
4344a427-5ec2-4903-8f39-a8e806c44031	Shahanas Khan	xxxx	street	xxxx	city	\N	state	0	14.4673	78.8242	work	+91 7025456506
5e864991-b10c-42d0-b683-8b032da956a6	Shahanas Khan	xxxx	street	xxxx	city	\N	state	0	14.4673	78.8242	work	+91 7025456506
478ee28a-11cc-4e4c-ab3a-1a14dbee4598	Shahanas Khan	xxxx	street	xxxx	city	\N	state	0	14.4673	78.8242	work	+91 7025456506
1d71db79-51dc-4da4-8366-089bab235b8d	Shahanas Khan	xxxx	street	xxxx	city	\N	state	0	14.4673	78.8242	work	+91 7025456506
59ad8771-0104-4d67-8b76-e76df6b6fe6a	Shahanas Khan	kadavanthra	street	ss	city	\N	state	0	9.9542	76.3024	home	+91 7025456506
6cd88bcd-8271-44de-88b5-32f201d05028	Shahanas Khan	aaa	street	aaa	city	\N	state	0	8.5656	76.8934	other	+91 7025456506
c804e8ac-6c15-4e10-adea-3c65abcb3375	Shahanas Khan	aaa	street	aaa	city	\N	state	0	8.5656	76.8934	other	+91 7025456506
cd6f14ec-8682-4aba-9cfb-04e36869f539	Shahanas Khan	kadavanthra	street	ss	city	\N	state	0	9.9542	76.3024	home	+91 7025456506
76700c24-fdf4-4e7f-b96f-a47509e39cb5	Shahanas Khan	sds	street	sdsd	city	\N	state	0	8.5557	76.8901	other	+91 7025456506
d57fd10a-afd1-475a-8411-338c88d3207b	Shahanas Khan	sds	street	sdsd	city	\N	state	0	8.5557	76.8901	other	+91 7025456506
7ca573ab-1e22-4449-a596-d932a5c73626	Shahanas Khan	aaa	street	aaa	city	\N	state	0	8.5656	76.8934	other	+91 7025456506
bab3acf6-b8ae-4ee7-a532-96e0febbb308	Shahanas Khan	aaa	street	aaa	city	\N	state	0	8.5656	76.8934	other	+91 7025456506
c9cd5823-d1d3-442e-844e-27c4fc68191b	Shahanas Khan	aaa	street	aaa	city	\N	state	0	8.5656	76.8934	other	+91 7025456506
66879068-3376-4ff9-848c-3e2f6e5d42a9	Arun VV	g	street	g	city	\N	state	0	10.01269	76.362883	Other	7994035508
97897802-e4f6-45d3-9e4f-83ecc77401dd	Shahanas Khan	aaa	street	aaa	city	\N	state	0	8.5656	76.8934	other	+91 7025456506
b810d4f9-aff5-49bb-bafd-45c4ab556c33	Shahanas Khan	vytila	street	ads	city	\N	state	0	9.9682	76.3182	work	+91 7025456506
7c002d03-a624-4d63-92df-21c6f91a647b	 None	abababa	street	gagah	city	\N	state	0	9.96819	76.318234	Other	4545161818
1a81ea17-ec0a-4bb2-a986-bb57d3bc6a99	 None	sjsj	street	gzgzgsnns	city	\N	state	0	9.966638	76.319269	Other	5757575757
1f9a18e2-a99a-4698-8006-67cca49fff36	 None	d	street	sds	city	\N	state	0	37.421961	-122.083998	Home	9526680779
e74cf7ae-e210-4571-b1c5-0dd27a695975	Amal R	Rajaji Road	street	Divan Lane	city	\N	state	0	9.968139	76.318234	Home	8456789546
1e11f9dd-d2c7-40a6-8c30-e970b590f3a5	Shahanas Khan	test	street	123	city	\N	state	0	9.9788	76.2936	other	+91 7025456503
b0d7470f-4516-4358-8295-856c1e08c7f8	Shahanas Khan	test	street	123	city	\N	state	0	9.9788	76.2936	other	+91 7025456503
7bcc1eff-8f97-4741-8cc1-7378f7af79db	Shahanas Khan	test	street	123	city	\N	state	0	9.9788	76.2936	other	+91 7025456503
f242fddb-03fb-455e-967c-f87d79c6646e	 None	111	street	111	city	\N	state	0	8.5524	76.8868	other	+91 7025456504
a9edb2bc-d35c-476d-9804-0f033016abb0	 None	111	street	111	city	\N	state	0	8.5524	76.8868	other	+91 7025456504
760dc8ad-fab7-4ed5-8ebd-8e920b8559d4	 None	111	street	111	city	\N	state	0	8.5524	76.8868	other	+91 7025456504
3e604f80-ca51-4187-a1c1-e5299c9962bb	 None	111	street	111	city	\N	state	0	8.5524	76.8868	other	+91 7025456504
01e7e725-9599-4534-8885-f875578c5dfc	 None	111	street	111	city	\N	state	0	8.5524	76.8868	other	+91 7025456504
c31638b1-ecd3-434b-beb8-a8599bfd00be	 None	111	street	111	city	\N	state	0	8.5524	76.8868	other	+91 7025456504
2608dcc6-738b-4e76-a870-f01b104d1566	 None	111	street	111	city	\N	state	0	8.5524	76.8868	other	+91 7025456504
78e4e107-bafe-4748-8ed2-7fbf5f0fe011	 None	111	street	111	city	\N	state	0	8.5524	76.8868	other	+91 7025456504
f30a96f7-b2c3-4b30-a0e3-082e888abf3f	 None	111	street	111	city	\N	state	0	8.5524	76.8868	other	+91 7025456504
92bcdd27-5088-474a-818a-f62a82de8496	 None	111	street	111	city	\N	state	0	8.5524	76.8868	other	+91 7025456504
b3128014-cfc9-4075-9140-384a8bb10728	 None	111	street	111	city	\N	state	0	8.5524	76.8868	other	+91 7025456504
c9ab4f05-78ec-4ac2-ba41-1cb7d7e0f0b5	 None	111	street	111	city	\N	state	0	8.5524	76.8868	other	+91 7025456504
ebdbc2c2-2aaa-4cdd-b6f5-691ec72d793b	 None	111	street	111	city	\N	state	0	8.5524	76.8868	other	+91 7025456504
11be0fb0-bafb-4c8b-a38c-f6dc258c1c92	 None	111	street	111	city	\N	state	0	8.5524	76.8868	other	+91 7025456504
8e4bad12-0dc3-4eac-bca9-0ab478e061af	 None	111	street	111	city	\N	state	0	8.5524	76.8868	other	+91 7025456504
6246f5a1-5cbf-41ee-b805-1ac7e3c1dcb9	Neena Joseph	Dulcet 13 G	street	sdf	city	\N	state	0	11.6014	75.9911	home	+91 9526029109
69e244bf-e45f-46d1-a2d2-413202f2e6bd	Neena Joseph	Dulcet 13 G	street	sdf	city	\N	state	0	11.6014	75.9911	home	+91 9526029109
3b4f46a1-9ae3-4629-a3e6-d260c164e961	Neena Joseph	Dulcet 13 G	street	sdf	city	\N	state	0	11.6014	75.9911	home	+91 9526029109
f5deb0a9-918a-4ab7-b5af-8419bea61d09	Neena Joseph	Dulcet 13 G	street	sdf	city	\N	state	0	11.6014	75.9911	home	+91 9526029109
840cc6e8-d2aa-488d-b73d-52880b704ec1	 None	111	street	111	city	\N	state	0	8.5524	76.8868	other	+91 7025456504
c20a7d3b-2f3d-4b6a-b386-a1f49d8cb7d4	Arun VV	g	street	g	city	\N	state	0	10.01269	76.362883	Other	7994035508
032ff910-61ab-4d69-a9dc-c97b9f7108fa	Arun VV	g	street	g	city	\N	state	0	10.01269	76.362883	Other	7994035508
dc530fb7-eae7-42ce-bb50-c5e055415792	Arun VV	g	street	g	city	\N	state	0	10.01269	76.362883	Other	7994035508
486fa92f-1803-4e56-a346-ccd6ad219a84	 None	vettath	street	jouse	city	\N	state	0	9.768241	76.500183	Work	7852365696
1ab8f7d8-3e78-47f7-87a5-f3360047624c	 None	vettath	street	jouse	city	\N	state	0	9.768241	76.500183	Work	7852365696
e220a242-1214-416a-98de-2e830622cfd0	Amal VV	Amal Nivas	street	Near school junction	city	\N	state	0	10.0159	76.3419	home	+91 7994035508
42134323-5e99-4e7b-8135-4cc8e1d41354	Amal VV	Amal Nivas	street	Near school junction	city	\N	state	0	10.0159	76.3419	home	+91 7994035508
7cb5ef1a-e4f0-48b7-91fc-e091c55d7c3a	 None	abc	street	dff	city	\N	state	0	8.625448	76.859288	Other	8258954448
69e47e23-9d85-44ab-9bf8-106866e71499	 None	12 st2	street	232	city	\N	state	0	8.5524	76.8868	other	+91 8989898989
e4277858-9146-4005-b857-e57c7c8428a5	Amal VV	Amal Nivas	street	Near school junction	city	\N	state	0	10.0159	76.3419	home	+91 7994035508
f4e53b8f-9050-450e-af8f-ced690a8d287	Amal VV	Amal Nivas	street	Near school junction	city	\N	state	0	10.0159	76.3419	home	+91 7994035508
9eefb2b0-c31e-4b37-8793-d90ceb43d96c	Amal VV	Door  number 589	street	896	city	\N	state	0	9.9682	76.3182	work	+91 7994035508
5cb12cf7-97e1-428e-96a1-2aa376306ae4	Amal VV	Door  number 589	street	896	city	\N	state	0	9.9682	76.3182	work	+91 7994035508
be2b6bf8-1c32-495e-ab85-b3b204ab2a30	 None	aaa	street	bbb	city	\N	state	0	9.96819	76.318234	Work	4872346481
a6a073e8-f8bc-4a80-aebc-d2ccec6d2639	 None	aaa	street	bbb	city	\N	state	0	9.96819	76.318234	Work	4872346481
db87ba54-9421-4a04-8c49-9bdd96a33087	 None	gbn	street	c	city	\N	state	0	10.328431	76.129222	Other	9526680779
de689f3f-606d-49ca-bbf0-86253f300e06	 None	Dulcet 13 G	street	infopark	city	\N	state	0	9.9721	76.2984	home	+91 9496134703
6d9d48b7-d09e-4e6d-9362-fc268d9ff770	 None	Dulcet 13 G	street	infopark	city	\N	state	0	9.9721	76.2984	home	+91 9496134703
42070012-04db-4e9c-8bf0-6f5f17cc5949	Amal VV	Aswin Nivas	street	Near temple, maithri Nagar	city	\N	state	0	9.9487	76.3464	other	+91 7994035508
5de0fb63-e119-44c8-ba3c-9e2982bb32fc	Amal VV	Aswin Nivas	street	Near temple, maithri Nagar	city	\N	state	0	9.9487	76.3464	other	+91 7994035508
037d6ab4-f5cc-46dc-92e7-a6c30a0938a6	 None	sdd	street	zddd	city	\N	state	0	8.614694	76.834742	Other	8464458745
5fda33e3-e0dd-4f6b-b972-b7a7b934455d	 None	Amar Villa	street	Ambedkar Colony	city	\N	state	0	9.968184	76.318234	Home	7976488484
0a4e549d-b6de-4f70-ad88-9613a1617660	 None	Amar Villa	street	Ambedkar Colony	city	\N	state	0	9.968184	76.318234	Home	7976488484
872a5c88-c0a7-48c3-9abe-cef45fc188b5	Amal VV	Amal Nivas	street	Near school junction	city	\N	state	0	10.0159	76.3419	home	+91 7994035508
1003deff-caa8-4035-80f9-8bb8695f8057	Amal VV	Amal Nivas	street	Near school junction	city	\N	state	0	10.0159	76.3419	home	+91 7994035508
64dc59ef-d1b1-4ab9-88cc-4af6228b0775	Arun VV	g	street	g	city	\N	state	0	10.01269	76.362883	Other	7994035508
8f4d8ad8-5a76-4507-9dd7-02cb53c98dee	Arun VV	vshshs	street	nhh	city	\N	state	0	12.978348	77.602037	Work	7994035508
67a12a44-897b-466e-a90b-bdc9e413a74e	Arun vv	flat24	street	flat23	city	\N	state	0	12.97159	77.5946	Work	6325632563
2c984ca8-f565-4541-b60e-d84e3ec5d8a6	Arun VV	flat 123	street	flat fhhn	city	\N	state	0	9.768007	76.500568	Work	7994035508
87c92012-27a1-441a-9553-f75545a96b54	Arun VV	ghggjjjhj1314252783	street	gfyuii	city	\N	state	0	10.017045	76.36516	Other	7994035508
c39f4d26-9ad6-4675-81ac-32e834935944	Arun VV	ghggjjjhj1314252783	street	gfyuii	city	\N	state	0	10.017045	76.36516	Other	7994035508
1de71190-63d2-4c84-bb42-9e8120389dae	Arun VV	vxbn	street	bcnki	city	\N	state	0	9.968194	76.318234	Work	7994035508
c159eafc-4df9-4487-ac34-ea0243840c68	Arun VV	ghggjjjhj1314252783	street	gfyuii	city	\N	state	0	10.017045	76.36516	Other	7994035508
4af35b7d-0319-4020-9554-c03c0e65df8f	Arun VV	flat abc	street	bfvv	city	\N	state	0	10.01585	76.341866	Home	7994035508
15cff04d-ffa2-4060-ae32-937a71aea69c	 None	Zinha Street	street	MD Nagar	city	\N	state	0	9.971753	76.32261	Home	9846988509
7923fd38-989e-47d1-9a20-4d1782ac2603	 None	Sarovaram	street	Kadavantara	city	\N	state	0	9.9784	76.3004	home	8965478589
fc4af333-92eb-473b-9c1e-b8bc03acc496	 None	Sarovaram	street	Kadavantara	city	\N	state	0	9.9784	76.3004	home	8965478589
23a7e222-ea0f-4905-bf05-e69e115ebb94	 None	Sarovaram	street	Kadavantara	city	\N	state	0	9.9784	76.3004	home	8965478589
3d50ef7b-d52b-4a71-a3a1-3bf004cfb154	 None	Sarovaram	street	Kadavantara	city	\N	state	0	9.9784	76.3004	home	8965478589
c3761064-245b-4d68-9bdc-6a8ec4fc3035	 None	Sarovaram	street	Kadavantara	city	\N	state	0	9.9784	76.3004	home	8965478589
68523146-0820-4b9c-848e-a8838ca845f8	 None	Sarovaram	street	Kadavantara	city	\N	state	0	9.9784	76.3004	home	8965478589
c5c87ea0-e4bc-4e04-ac3b-c0e688f6c679	Amal VV	Amal Nivas	street	Near school junction	city	\N	state	0	10.0159	76.3419	home	+91 7994035508
11330a3e-873c-4d15-a27e-a0200c492c09	Shahanas Khan	vytila	street	ads	city	\N	state	0	9.9682	76.3182	work	+91 7025456506
b25d0911-f9c6-4a37-8849-2868a47cf0ba	Shahanas Khan	test address	street	ss	city	\N	state	0	9.9692	76.3217	other	+91 7025456506
9b895fe9-9b21-4dd4-91f8-8a976d0d7a90	 None	jhgjh	street	jhkh	city	\N	state	0	9.9542	76.3024	work	+91 9496134703
21518a86-b61e-481a-bd02-b124282c70a3	 None	1111	street	1111	city	\N	state	0	8.3974	77.1313	other	+91 7025456555
e4832aeb-9664-48c3-9d85-019fb8d2b302	 None	fh	street	dyft	city	\N	state	0	11.6173	75.9911	home	+91 9496134703
163d9767-a402-4bcb-b7ae-b50f1ce5d7bf	 None	fh	street	dyft	city	\N	state	0	11.6173	75.9911	home	+91 9496134703
49ea242d-a85b-4465-803e-061a83af18a8	 None	fh	street	dyft	city	\N	state	0	11.6173	75.9911	home	+91 9496134703
a8485d00-4a79-4242-b06c-68a8f833b2ed	Amal VV	Aswin Nivas	street	Near temple, maithri Nagar	city	\N	state	0	9.9487	76.3464	other	+91 7994035508
266d7197-46c3-48cc-833c-e90fe4066ea6	Amal VV	Aswin Nivas	street	Near temple, maithri Nagar	city	\N	state	0	9.9487	76.3464	other	+91 7994035508
a42b7fdd-3c58-455f-bf6c-013527bc6ca7	Arun VV	ghggjjjhj1314252783	street	gfyuii	city	\N	state	0	10.017045	76.36516	Other	7994035508
a9a35307-bae4-451b-9d58-52ba4a2f479e	Arun VV	ghggjjjhj1314252783	street	gfyuii	city	\N	state	0	10.017045	76.36516	Other	7994035508
65593cb4-6961-447c-8e60-b4e8f96f400f	Arun VV	gxffxfxx	street	guczz	city	\N	state	0	10.022163	76.334243	Home	7994035508
8d07eb40-c94d-4a3b-bb67-ceaeb050c7ca	Arun VV	gxffxfxx	street	guczz	city	\N	state	0	10.022163	76.334243	Home	7994035508
46315b0a-862b-45ec-81ae-628987a93bef	Arun VV	gxffxfxx	street	guczz	city	\N	state	0	10.022163	76.334243	Home	7994035508
e4c90162-456b-44a3-b2ac-61a88a70ddaf	Arun VV	gxffxfxx	street	guczz	city	\N	state	0	10.022163	76.334243	Home	7994035508
1052a863-a80c-476f-b833-6267b5883574	Arun VV	gxffxfxx	street	guczz	city	\N	state	0	10.022163	76.334243	Home	7994035508
b33b24e9-9d64-41d0-8577-b18581fa11b0	Arun VV	gxffxfxx	street	guczz	city	\N	state	0	10.022163	76.334243	Home	7994035508
d4b11c6f-a881-450b-804c-569a3e66e1bb	Arun VV	gayathri nivad	street	ndbdndj	city	\N	state	0	10.015852	76.341866	Other	7994035508
4d73b45e-e548-425d-844e-0c82ba278c42	Arun VV	gxffxfxx	street	guczz	city	\N	state	0	10.022163	76.334243	Home	7994035508
\.


--
-- Data for Name: orders_orderdelivery; Type: TABLE DATA; Schema: public; Owner: postgres
--

COPY public.orders_orderdelivery (id, delivery_type, courier_service_name, package_number, expected_date_of_delivery, tracking_link, delivery_boy_id, order_id) FROM stdin;
1	Local Orders	\N	\N	\N	\N	1	b6c8dc6c-9be7-4712-a3dc-492ac86e89ff
2	Local Orders	\N	\N	\N	\N	1	5abc94e3-488f-47be-933a-f8053024bec3
3	Local Orders	\N	\N	\N	\N	1	6a1903be-e301-436d-a4fd-3bb788ca407f
4	Local Orders	\N	\N	\N	\N	1	6f6ec739-82e1-4c5d-8384-1bfb945a6d93
5	Local Orders	\N	\N	\N	\N	1	9ca88e9b-c6d0-4eb2-8f2d-e5c88d64bb5b
6	Local Orders	\N	\N	\N	\N	1	e1b6b788-444f-46d2-a49d-39f1e47dec66
7	Local Orders	\N	\N	\N	\N	1	fbcd9d06-3984-48d3-8164-bafb73cf1f47
8	Local Orders	\N	\N	\N	\N	1	6ed816a8-2b75-4f5f-85ef-32175463c217
9	Local Orders	\N	\N	\N	\N	1	59490073-0373-4745-8978-32af12da36d8
10	Local Orders	\N	\N	\N	\N	1	47567b49-10d4-4c07-93d1-7ee7b1ab05a6
11	Local Orders	\N	\N	\N	\N	1	73009359-7e1b-43bb-923d-e33269520aa1
12	Local Orders	\N	\N	\N	\N	1	554a7f72-0dd2-413a-856d-6064e5ce8dc3
13	Local Orders	\N	\N	\N	\N	1	a02b6b68-7740-4384-9fa7-19a03ea2d564
14	Local Orders	\N	\N	\N	\N	1	a6bf1cb7-9187-435d-994e-b687cd6fdba8
15	Local Orders	\N	\N	\N	\N	1	8054a260-f8f0-4b05-aeff-93a17aa6ec54
\.


--
-- Data for Name: orders_orderproducts; Type: TABLE DATA; Schema: public; Owner: postgres
--

COPY public.orders_orderproducts (order_product_id, quantity, price, order_id, product_name, sku_id) FROM stdin;
13d44178-809c-4eeb-9a66-d54a9ad9566c	4	3580	b6c8dc6c-9be7-4712-a3dc-492ac86e89ff	Strawberry Cream Cake	75
77a21048-566a-4c50-bf6a-fa10517d21ab	3	450	b6c8dc6c-9be7-4712-a3dc-492ac86e89ff	Cheese Cream Cake	86
b4cdf104-6579-458e-bd53-5da85622280d	1	1050	5abc94e3-488f-47be-933a-f8053024bec3	Almond Cream Cake	74
0e13eda9-c93a-4245-8fa2-26a68dcb3cf8	1	895	5abc94e3-488f-47be-933a-f8053024bec3	Strawberry Cream Cake	75
fe527403-fe25-48da-a488-f64ef4b62b69	3	3750	50b97a3c-e5ba-438f-92da-5ba08fe652e4	Cheese Cream Cake	77
8938ce50-c478-48b2-93ed-a1b5f161b5d8	1	1000	50b97a3c-e5ba-438f-92da-5ba08fe652e4	Dates Plum Cake with choclates	83
bcd054b3-aa60-46ee-beaf-513172200828	4	3160	c20a724d-8001-4ccf-a277-0e169a8dd364	Large Fresh Cream Cake	76
d1320563-e6ca-4533-a3c2-5fd3e0e6728b	1	1050	cd7016b5-19d8-4e43-972a-90702fc5475f	Almond Cream Cake	74
be04ad93-3bf2-445b-b05c-7c9001919000	1	1250	cd7016b5-19d8-4e43-972a-90702fc5475f	Cheese Cream Cake	77
3d008771-1c52-4c2a-9e26-8792f922717a	1	1750	cd7016b5-19d8-4e43-972a-90702fc5475f	Mixed Dry Fruit Cake	80
86631ee5-a3b6-4ad6-a1f0-e1f4d7fbd7cf	1	950	cd7016b5-19d8-4e43-972a-90702fc5475f	Mixed Fruit Cake	78
5efa8f32-b9da-4991-bef9-1bd40a2d08b6	1	650	8422b59d-6492-4405-bd86-74685b3c17e7	Choclate Cream Cake	73
1e3f1ef3-65d7-45ff-b5f8-053b03c43702	1	650	64380380-4a08-4b29-99ac-3f592bf2582a	Choclate Cream Cake	73
6afc31b6-f583-4191-9e61-64d3afdc30c9	1	650	0ddfe12c-da84-4fe3-b629-9cbc49b3d5aa	Choclate Cream Cake	73
e41a918c-7abb-4bc9-b0a0-35424af9f1e9	4	5000	948ff382-0812-4f49-9de6-03b15f6af970	Cheese Cream Cake	77
3236d5c4-b819-4948-b819-ebccf02a2b99	3	3150	948ff382-0812-4f49-9de6-03b15f6af970	Almond Cream Cake	74
c44117f7-3a56-4bff-b6cb-7ad7a185211b	2	400	5dea4598-dd35-4e2b-9b4f-efef434f3eae	Cheese Cream Cake	84
0a06c08e-d845-493e-a009-12f5e9bca33c	3	5250	5dea4598-dd35-4e2b-9b4f-efef434f3eae	Mixed Dry Fruit Cake	80
e93469fa-7cea-43c7-93ec-818d51787590	1	650	e03c8a0b-50cc-44cf-b989-839d9a964bdc	Choclate Cream Cake	73
304ad391-43fa-4511-8fdb-2d842ac2dacd	1	650	f03cce63-71b5-4a0d-b442-9479d925990b	Choclate Cream Cake	73
d828e343-3cdb-4b64-ab4f-5a7f3d282807	1	1050	edc071ff-fd0f-4293-8227-16cae092b026	Almond Cream Cake	74
f7bbdf74-2eec-4658-adbe-40bed6b2c183	1	1050	6f6ec739-82e1-4c5d-8384-1bfb945a6d93	Almond Cream Cake	74
df741587-5bda-47a5-afe8-5f490d4679be	1	650	2bfa5387-7044-471b-b288-ac09c60491fb	Choclate Cream Cake	73
0efbc6b4-e148-4947-b088-f404844d678b	1	1050	574ef124-4e0e-4f96-9428-95d90aab5add	Almond Cream Cake	74
4fa42242-9bed-429b-94ab-d37a50e64d57	1	650	9ae25c7f-392b-462a-80f6-2ba8dabd329c	Choclate Cream Cake	73
cea54065-ace2-4072-9454-54ae7da465c6	1	1050	9ae25c7f-392b-462a-80f6-2ba8dabd329c	Almond Cream Cake	74
206596af-b529-41db-9022-0609eb7db91b	10	15000	cc68c6cf-b5c0-4612-9a32-3740eda26aff	Exotic Fruit Fusion Cake	79
6dc41afb-106b-4f79-b551-a1048125c915	4	600	dc58e2ed-b27f-4b6c-8408-8a12e2d23691	Cheese Cream Cake	86
24c4e994-3e63-40f5-9a00-0302fb8ec9f3	3	150	dc58e2ed-b27f-4b6c-8408-8a12e2d23691	Donuts	87
a0bda22e-3fa3-4b83-992c-c960476a7263	4	6000	41120b3b-c5b1-473b-9c92-d7660eacb7f3	Exotic Fruit Fusion Cake	79
2c7de7ef-adc8-4949-b5f8-5b8c6d998437	3	2370	3b643eaf-b16b-42bf-96d9-37f0238b5b8c	Large Fresh Cream Cake	76
f1a859de-6864-421c-8690-ae0148629af1	1	1050	eb12b797-3912-40ff-9c37-99cdcabbb61b	Almond Cream Cake	74
167bd412-1e62-4a89-94cb-be0d966b1a5d	3	3150	5775cf4c-892d-4b94-aa23-310abead0db1	Almond Cream Cake	74
141f561c-45a8-4acb-b8a2-cb2687b0447e	2	1790	5775cf4c-892d-4b94-aa23-310abead0db1	Strawberry Cream Cake	75
30e5e914-c1cc-4c1f-bcb8-2064149efef9	1	1050	adf180fe-0590-48c7-9310-ead2502dfd91	Almond Cream Cake	74
2bc02c79-4305-47e3-a1ee-cd3f711772a9	2	1300	bfe010da-7ad2-446f-92c8-2eebedb16557	Choclate Cream Cake	73
35bb7774-9037-4683-8dc3-d3a4e54f9f10	4	4200	516917ae-20fc-4330-83f0-996dd5cc2495	Almond Cream Cake	74
10b4633d-a2ee-42e5-912f-cf875fde6f90	5	5250	3387adb1-52cd-4213-b8d9-592300dfcccc	Almond Cream Cake	74
f4544f74-ac13-4bd2-a3e0-d6f39efd3762	2	2100	07b45968-110e-4242-acfd-8075f8b7be12	Almond Cream Cake	74
d0f91957-267a-4c96-8ad9-5db3b8634950	3	1950	07b45968-110e-4242-acfd-8075f8b7be12	Choclate Cream Cake	73
c9089089-c094-43a5-90ae-15a7174b5fca	4	4200	0cd9d115-5c48-4ec2-8a44-89a07e338e95	Almond Cream Cake	74
7d4b5c95-1750-40d5-ba4c-4d844e5fc1ae	1	650	12dbeb9f-2227-4160-b905-f3218ee72eca	Choclate Cream Cake	73
875830f4-4e6c-4c8f-9a87-fd3c0b3f5a0b	3	1950	b278c8f3-8d0d-476e-8373-5f24f996ab70	Choclate Cream Cake	73
7242fdc6-85ef-4526-8e0a-f3de51f976cc	8	8400	b278c8f3-8d0d-476e-8373-5f24f996ab70	Almond Cream Cake	74
c0fe8386-96e5-427b-ae58-e2faa76c032b	1	650	7802b804-ee81-41f3-913d-9af509e87b96	Choclate Cream Cake	73
7b3b751f-c421-4751-bd44-cec49d6c7e32	2	1300	4bec0b66-a04b-4590-9c5c-fc77bdfa5d39	Choclate Cream Cake	73
f6e23566-c4e7-4e99-b9f3-b91647263347	1	650	85f40035-cf62-4ef5-9e1c-6e29a264f1e5	Choclate Cream Cake	73
6034ce8f-afc5-497d-999a-c596e4deba04	1	650	f0cb3730-47bf-4e4c-ae5e-13f6d1bac49d	Choclate Cream Cake	73
d5647326-e334-437e-92d9-0248cb62cbde	10	500	5267893c-60eb-4868-a152-528402f73fe0	Donuts	87
65543dba-2e61-4709-9fd7-bc3e61c48889	4	2600	5267893c-60eb-4868-a152-528402f73fe0	Choclate Cream Cake	73
01f8cc80-0bb6-4bbc-801e-4b57782fc12a	5	3950	5267893c-60eb-4868-a152-528402f73fe0	Large Fresh Cream Cake	76
86d234bb-ca84-4313-921b-021c99a19db4	2	2100	3ce40376-e53a-45ea-80e5-399ec1fecfe3	Almond Cream Cake	74
77d63358-4117-4a99-afd5-1a793ddc12be	1	1050	6a1903be-e301-436d-a4fd-3bb788ca407f	Almond Cream Cake	74
91a1b408-fb3a-4e9e-8a11-e51050e5f1cd	1	650	11f53478-2091-40e9-820d-d8dfae669b44	Choclate Cream Cake	73
c5ec0511-d064-4d08-b4ce-9dea06163276	1	650	b65e4bae-1bdd-435f-8d9c-eb3393c0814d	Choclate Cream Cake	73
b037847b-3cef-4953-9e28-0122c28c5629	1	1050	744dfff2-ab91-4cc3-bf4e-14bfb1f38a8a	Almond Cream Cake	74
5b32d6a7-c44a-4389-9d4a-6f1890203285	1	650	e1b6b788-444f-46d2-a49d-39f1e47dec66	Choclate Cream Cake	73
a458ee47-1214-4f39-b04e-ac8ed2c919a4	1	1050	fbcd9d06-3984-48d3-8164-bafb73cf1f47	Almond Cream Cake	74
c7e0888d-8f4f-4bfb-813a-15df4255d441	2	2100	6ed816a8-2b75-4f5f-85ef-32175463c217	Almond Cream Cake	74
87525b75-3b8d-4585-af63-ab073c72d094	1	650	b5be4943-9b26-4098-9760-3a358371c6bc	Choclate Cream Cake	73
5464e44c-24c3-437d-b83f-3743ce10a7b8	1	650	d711af47-4c78-4054-8df6-9b21e2997666	Choclate Cream Cake	73
df99f794-2445-4443-8718-2ea41109e832	1	1050	ea060f5f-e0d7-4919-bced-cf541be40452	Almond Cream Cake	74
4ec624d4-6914-4a15-881a-85baf4aa0dce	1	650	54a2dd38-1637-415a-ae42-db9ac01a298e	Choclate Cream Cake	73
d6c6bb82-6fc6-47ea-9a53-31a0c2d60ddf	1	1050	338a46d8-62b6-4f5d-8a73-6f4e89179628	Almond Cream Cake	74
2ec221d7-524d-4acb-ba40-fdf2b7d3e7fb	2	2100	4eb1fe92-f217-4623-b41a-787c164cd209	Almond Cream Cake	74
db095c01-b22d-40c4-a1be-cf719ddb1e3e	1	1050	cbdb32c2-9cad-4f83-a309-8ef8478ff563	Almond Cream Cake	74
92c21fbe-97cc-4b45-ad6f-82c18633ac8f	1	1050	072d8f0e-3779-4c3d-a529-54a4a987daf2	Almond Cream Cake	74
ef30e08c-7a00-4366-9107-3f02fe675008	2	2100	29a64b58-a8cb-423e-bee8-c9c40382b2e0	Almond Cream Cake	74
964b270f-46be-4dad-900c-4b392b5b8441	1	650	59e48249-7988-4943-9749-0d79d0c101d1	Choclate Cream Cake	73
6277aa80-efed-4ca7-9882-30358aed8223	6	6300	8060b3ef-7761-4dbe-af06-45855d13bb54	Almond Cream Cake	74
0fad061c-351d-454f-af52-057ba75f4ab7	7	1050	1cbcfa3f-7010-4aa0-8bca-a476bdefbe98	Cheese Cream Cake	86
ce83a8d6-6f3c-4e52-bc60-dd9a879fa6aa	4	5000	1cbcfa3f-7010-4aa0-8bca-a476bdefbe98	Cheese Cream Cake	77
36f0b7b5-430f-4fba-ba12-94cd2661b097	1	1050	ebbfa500-0f33-434d-8e44-57f0903ede90	Almond Cream Cake	74
b2e814de-49a8-43f1-ac74-f54281e745b0	1	895	798c6534-a8a7-4435-9774-fa17a7049121	Strawberry Cream Cake	75
0246128a-05b9-4b6c-8f0b-095ea303d0ac	1	790	80ae05cd-48d0-4fd7-9876-3641c01de5fb	Large Fresh Cream Cake	76
61972d91-5897-46a5-aad4-39727fa1424e	1	1050	6b1493cd-e4d5-4156-acd9-046a7d49e028	Almond Cream Cake	74
484b91b0-5bd9-4ef8-8592-4d594c1db513	1	1050	0660fbb0-13be-4239-99f6-5067f7a1cc81	Almond Cream Cake	74
66f0621d-44f4-4b83-a81c-ef64ab7b5334	1	1050	40670f60-3f28-4e9d-bad4-3c0c70d02e9d	Almond Cream Cake	74
41d1325e-db08-4980-885b-bf4e806c085f	1	895	7b8aa101-fb58-4801-a75a-bbdd1e97d324	Strawberry Cream Cake	75
cd382906-522f-4cbb-b2ea-c9264683d920	1	790	48ce46d4-d14f-4ade-b13a-0328b5d352d5	Large Fresh Cream Cake	76
80c33d5c-5ca3-4168-935b-00da5b2c9865	1	895	541c22aa-9ff6-47bc-989f-656399fb51a9	Strawberry Cream Cake	75
8200ed99-6124-48a9-842e-ceec27feae94	1	895	98f92c53-d80e-4ff0-ae58-5c17073e36d7	Strawberry Cream Cake	75
472da997-54da-4b6d-b16c-2d29a2a963ff	1	200	ba7e95e8-4eb0-406c-8f9c-18887538ef6e	Cheese Cream Cake	84
2d1ca35c-244b-4e3b-9295-ecac39669243	1	895	f9552040-70d5-441d-9741-9394874e73d2	Strawberry Cream Cake	75
0e41da94-5f2c-423d-b411-e9943a5221b9	1	895	e8e96227-44a7-498b-939a-451513b82606	Strawberry Cream Cake	75
e8e985b0-602d-4461-9d8a-b463b6b1faee	1	1750	ea9aa437-3240-472b-8325-67613d26f927	Mixed Dry Fruit Cake	80
676414ac-b542-41eb-9f58-03d2a3b8c667	1	1750	1852bb49-aebe-41bf-871b-79cc01a71e34	Mixed Dry Fruit Cake	80
70bd2fd0-2342-4d28-9fe1-98397ee3732e	1	790	6007320e-c8f4-477b-a21e-2b45c90212bb	Large Fresh Cream Cake	76
ec8fefbd-5981-457d-b9ad-118ada2a2131	1	150	6007320e-c8f4-477b-a21e-2b45c90212bb	Cheese Cream Cake	86
480e2727-0f7f-459f-8d81-8b66e5608c35	1	650	6007320e-c8f4-477b-a21e-2b45c90212bb	Choclate Cream Cake	73
6a3232f4-85f4-412d-83ae-668ffcd7c37a	1	895	6bd23694-058b-4364-bd8b-b635e9e9b7ab	Strawberry Cream Cake	75
f6d0c806-87ff-41fb-8282-98747bebce64	1	895	29c5b86f-7dbd-4ef1-9a5b-2054808383d7	Strawberry Cream Cake	75
11f2c370-6a13-42f7-97a5-8ae4a8a7315f	1	895	bcbc3203-0910-4f8f-975e-253fc8927d73	Strawberry Cream Cake	75
bed84e07-74b7-491e-a341-703fef968de9	1	895	b62b1687-1785-409c-8e7f-42d5ad1ed4f5	Strawberry Cream Cake	75
73d74a3c-4bec-48f1-9f3d-8cac84da9d43	1	895	8347049f-f33f-44f1-b91a-bd27473ecf39	Strawberry Cream Cake	75
372ee555-63f7-4302-a721-5f5dd76be513	1	550	cac45cbb-1407-47ae-a303-1961a0bafbb9	Dates Plum Cake	89
3172fd6c-a5ef-4e50-8cf1-314847132bb5	1	760	cac45cbb-1407-47ae-a303-1961a0bafbb9	Fresh Fruit Cream Cake	81
d1f2ad26-3303-43a7-92e1-2063bda6f0f9	1	650	e8e7ba60-feeb-4541-b2b1-bae3d2fea536	Choclate Cream Cake	73
9ca55708-5591-4457-bc6a-2a966e08bedb	1	550	bac85c7f-e78b-4916-b1ca-b513039de2b5	Dates Plum Cake	89
31aa7b73-26b5-4e40-a75a-2c7ead665d4a	2	1580	e8de4ab0-f4b3-45cc-b0a0-5ad3c5752506	Large Fresh Cream Cake	76
72c4af8b-dac0-4dc6-871c-4edcdb6e56ec	1	950	e8de4ab0-f4b3-45cc-b0a0-5ad3c5752506	Mixed Fruit Cake	78
d2c1dea0-da06-47b9-a711-7e4d31648f30	1	550	83e02713-a307-4e19-8fa8-7735ed69412e	Dates Plum Cake	89
0c6213d3-50d4-47ef-9b8d-925ee260d257	2	2100	a5dd4adb-57ae-4207-89c3-25360da2db65	Almond Cream Cake	74
19ba74c7-7cca-4798-a9d2-39ab00692f4c	2	100	a5dd4adb-57ae-4207-89c3-25360da2db65	Donuts	87
cd25e903-ef68-45ed-bdfc-51a833a7a2dd	2	2100	086d9b02-23f8-4071-a0de-07fd5768b139	Almond Cream Cake	74
88778c81-7164-4a8c-ae59-ae0861e8e94a	1	1050	a7bf24b2-d337-4d0e-9859-d002da067716	Almond Cream Cake	74
19ab9d83-7ff4-4657-8e17-41137aaee352	1	895	b62d4d1f-8de1-4caa-93ef-dcf4c16a933d	Strawberry Cream Cake	75
1378a607-353a-40b0-9e61-bcf1c24dc7c9	1	895	d323e9e7-8bc8-4d24-83a8-b6b486e3bbbb	Strawberry Cream Cake	75
225de94c-c2a1-4d03-92a8-a55e8d31a602	4	200	d98fcc13-e07f-4ebf-8003-19a8ef1eec07	Donuts	87
fe09ad8d-71f1-4e98-8494-2599a7334cd1	4	3400	d98fcc13-e07f-4ebf-8003-19a8ef1eec07	Donuts	88
31adbfc4-5531-49d5-b308-91833f3be1bf	4	3800	d98fcc13-e07f-4ebf-8003-19a8ef1eec07	Mixed Fruit Cake	78
f73c6dbd-6ab1-4b32-869d-81ddbd583d7a	4	800	d98fcc13-e07f-4ebf-8003-19a8ef1eec07	Cheese Cream Cake	84
ae43a6b6-9c6c-41ff-982f-eb78eaf31eb8	4	4200	d98fcc13-e07f-4ebf-8003-19a8ef1eec07	Almond Cream Cake	74
1853a4d7-7629-402f-9692-28bef2038e91	5	3950	d98fcc13-e07f-4ebf-8003-19a8ef1eec07	Large Fresh Cream Cake	76
d0a120d2-7c68-4658-865a-d374ab2b0b01	3	2685	ee94326f-9975-4adb-aab6-e857c1d358a5	Strawberry Cream Cake	75
8981b915-4447-45ee-88bb-0b2251261814	3	2850	b39cda93-10ca-4571-9fa6-82c7ea6330a8	Kitkat Cake	90
e40e0d95-52a2-433f-8f70-2a42833fd992	2	1900	9e7626ad-bd3d-4115-86da-501e25756605	Kitkat Cake	90
a8883c6f-22d2-43b9-8c36-d8b74484c055	1	895	75ae8e87-4bda-483f-a244-2bef2b6d7014	Strawberry Cream Cake	75
c15febac-b960-4be6-90f3-86e8f406c139	3	2370	d49486f2-8d5f-4e3e-a569-898eb57420f0	Large Fresh Cream Cake	76
e8323f46-4a49-4739-bf80-468d3f841e1c	6	4740	4a4401bf-33a5-494e-a31d-d3267aa8017f	Large Fresh Cream Cake	76
ce0f4eea-f10d-4342-b05c-1020f5fc5aec	3	2370	1a264645-eadc-43de-9231-bb1bcb40c86f	Large Fresh Cream Cake	76
e0b6cd90-3e67-4fd0-a1e7-babaf1bcda2f	3	150	e0e82e93-a768-4ae5-a99f-22f29cb8ac8c	Donuts	87
42385b2a-1987-4212-aa2e-56c541f2f95f	3	2850	eaa8aec8-da30-4f47-83a0-adf1395bd2f8	Mixed Fruit Cake	78
801eb228-6adc-4fc2-8375-e2c123181dfd	1	1750	b29748b0-1537-49ae-97ee-5cec7bc2aa86	Mixed Dry Fruit Cake	80
8e37c183-179f-4b25-b3e2-ee0ecab9dd04	2	1300	b3d8e291-9b78-4f84-8b12-53f39a64a35e	Choclate Cream Cake	73
e348e4de-a4c3-425a-9add-d4a91d96fe54	2	1580	9c1966d1-e0bb-4de0-9c7c-35a48eb97b0a	Large Fresh Cream Cake	76
aa068232-91c6-401b-beb7-5b9f1f71b34d	4	3400	c2e88cec-08af-46d2-910b-dccb80c30e58	Donuts	88
fec639bb-194d-4f68-aa35-db7ad1741890	3	3750	0b435464-4845-4e72-9926-5589c30f7804	Cheese Cream Cake	77
2ed11fc5-ac04-4804-a631-acd3684f7337	3	2370	0b435464-4845-4e72-9926-5589c30f7804	Large Fresh Cream Cake	76
553e6895-9ac5-472b-90d5-c49a78d6ea93	3	3750	ce06b643-efc2-4c2a-b124-e94bc472e5db	Cheese Cream Cake	77
e96bf120-7fbd-48e4-ad01-606256ae43bb	5	1000	49a3471d-c5cf-48ef-b7ae-23ff8945ab61	Cheese Cream Cake	84
6a607ead-9e81-444e-b792-0d51b0d5a28c	1	200	30bd62aa-d922-4055-9fb9-3cad7155294e	Cheese Cream Cake	84
dfad346a-b4fb-4972-9f4e-9d2e75c4d1ce	3	2370	30bd62aa-d922-4055-9fb9-3cad7155294e	Large Fresh Cream Cake	76
cb9e6fdf-b152-439d-86c7-7c59e0e74cae	1	790	117e08a5-4a6a-4b55-ad99-11ca976ccf59	Large Fresh Cream Cake	76
ee046c56-7cca-4505-921d-9a36b00d5fd6	14	11060	2f3c6385-afed-478a-939b-7d8ca738f3a2	Large Fresh Cream Cake	76
8a2d0f74-d72e-4b97-b52b-d207ce5f1314	2	3000	2f3c6385-afed-478a-939b-7d8ca738f3a2	Exotic Fruit Fusion Cake	79
10119cee-7f7a-49a5-b76d-ea014b9d38f1	1	895	2f3c6385-afed-478a-939b-7d8ca738f3a2	Strawberry Cream Cake	75
4fe01da1-9626-4978-9bc2-77dea0638e93	1	790	e50b24c9-e925-4739-9290-8d268bce50d7	Large Fresh Cream Cake	76
09832903-3986-459f-b4dd-a3986ecfe48c	1	1050	e50b24c9-e925-4739-9290-8d268bce50d7	Almond Cream Cake	74
569d844d-e580-4122-9759-4c583605e5d9	1	1050	4d3b5cea-0cc1-467e-a224-76c4a545febd	Almond Cream Cake	74
5a8b6538-e77f-4cdc-9d4a-2d8e381ecbb1	1	790	69fb7207-d88c-4fbe-afe4-b4ace70069d3	Large Fresh Cream Cake	76
a75accc6-2e3f-486b-950f-5eb23e66c389	1	790	5e1072cd-6234-443e-9f32-221c575a5112	Large Fresh Cream Cake	76
ca058351-e718-4f16-95a8-cfd5f33fd6d4	1	790	fa7f18b8-0486-441d-a4c6-14bedcfc6cdd	Large Fresh Cream Cake	76
eb56cc9b-b189-46b1-bfad-73b9fac13ec8	1	1500	4fb61c80-024e-4a1a-8e83-c40e4eb58b59	Exotic Fruit Fusion Cake	79
044cbff0-0c4a-4635-8ac2-b32deaf0b911	1	790	e934e792-e73f-414a-9c1d-875a31a741e1	Large Fresh Cream Cake	76
3641d9af-1660-4cbd-8968-e75860b0d2fa	1	1500	ad0f9b15-dafd-49f0-938c-88765e2ed783	Exotic Fruit Fusion Cake	79
f1ef90c9-c955-4cb2-8a29-dcf56ed97a3c	1	790	4d612682-209a-48e1-95fb-d3b599b6ea63	Large Fresh Cream Cake	76
b6ad2268-d298-4c3a-9af1-f63352175424	1	790	fb82f415-2df4-454a-b2f4-5f13e85d5141	Large Fresh Cream Cake	76
f90239c4-010d-4e14-8708-eba93e7e16ff	1	790	b930edce-08aa-467c-8e79-2fd768db07f8	Large Fresh Cream Cake	76
5f9c7c0f-8ee3-426b-af2f-1221bb6c32dc	1	790	6d57c54d-89b3-4cc3-8f81-186cd49a4204	Large Fresh Cream Cake	76
b1a3c235-eace-445e-b7cf-df5fd22bdaea	1	790	c343a8d2-b597-4644-b87e-a40af3f3387b	Large Fresh Cream Cake	76
898a1c5c-20aa-4a9b-9ee2-d41bbdb4fe0d	1	790	355f9bad-9f6e-4384-ab21-d788bd8dde32	Large Fresh Cream Cake	76
761d41b3-4c85-4db2-a570-e8070d35551d	1	790	adba0d9f-3fab-43a9-965d-0809ff770d64	Large Fresh Cream Cake	76
55c14529-ac2c-4b0c-95e9-1398597e373c	1	790	994869a4-fc5f-47a8-b404-285c6948e655	Large Fresh Cream Cake	76
6bda9a60-2690-4fcb-87bd-bc2dea8260b2	1	790	de5ce64e-ad14-4616-93eb-f24a010fa1d0	Large Fresh Cream Cake	76
cb548e7d-b7c6-44eb-a4b8-a2844eeedc64	1	790	0b193412-30cf-42d9-8942-7c5a1ccf66cc	Large Fresh Cream Cake	76
61dae336-e01c-4bbd-9e27-f615f1a23a0f	1	790	fb8550f6-c9c6-40a4-8852-e6ce7174c88d	Large Fresh Cream Cake	76
456af4e5-7ef3-40fa-bba9-0631bc23c8c2	1	790	2172588c-40d9-489c-b315-b9f790071229	Large Fresh Cream Cake	76
33fea49a-0026-4b6e-b326-54935defe3e3	13	11635	17c4498a-c908-4e04-8b1f-be4b9d8ccff9	Strawberry Cream Cake	75
4af328a7-56ad-4c24-8166-4bc9044a38e7	5	1000	17c4498a-c908-4e04-8b1f-be4b9d8ccff9	Cheese Cream Cake	84
24dddf54-d6e5-4e5b-abdb-a70e0384423b	4	5000	17c4498a-c908-4e04-8b1f-be4b9d8ccff9	Cheese Cream Cake	77
76c597b0-6bf2-4ac2-a1d8-d383b2355860	1	790	62281af4-7673-4904-9354-4f113f25ceb3	Large Fresh Cream Cake	76
d5b348fd-bc32-4278-b957-cfba001a5aea	1	790	3e7d6d83-be80-42fa-9689-2464b5ef07f2	Large Fresh Cream Cake	76
a141a505-c9a3-4f49-aa99-2172b471c2fb	1	1500	4c825d5b-96d5-496c-a4d6-7bf18fa20df3	Exotic Fruit Fusion Cake	79
0ece53bd-cb9b-4d4e-8479-379cf48cdc6f	1	790	efa9daaa-6ef6-4291-bc07-d22aaddaef3b	Large Fresh Cream Cake	76
e99a8836-e1cf-4093-8934-e7f84e24f6c3	40	8000	866697a9-9e14-43bc-b075-5757e587d861	Cheese Cream Cake	84
fdd75a18-37cb-47d5-ab4e-868cd1eea815	23	28750	866697a9-9e14-43bc-b075-5757e587d861	Cheese Cream Cake	77
8d0d157e-4f58-4071-8a01-a79308221414	1	950	68e5c51d-f8b5-465d-9697-e6714076f227	Mixed Fruit Cake	78
d09d6bb2-cf10-453a-9aef-65a282056275	1	950	c1518f75-8c9f-4b9d-9151-6526133ff422	Mixed Fruit Cake	78
e24a32fe-c5fa-4782-af48-74b0bb9bd431	33	21450	8bc28f1d-c839-4195-9dde-c11adb7a28bb	Choclate Cream Cake	73
065c6683-6dae-47e3-accc-215ece5b72ae	1	1050	8bc28f1d-c839-4195-9dde-c11adb7a28bb	Almond Cream Cake	74
1f37112f-fb5e-48b1-8a1f-019a1ebdae22	1	790	8bc28f1d-c839-4195-9dde-c11adb7a28bb	Large Fresh Cream Cake	76
df38ac25-c510-43f3-9715-e9e7120fa0cc	1	950	3e22146c-d98a-4392-984a-0c09395d99e3	Mixed Fruit Cake	78
7b8c4ae4-19c4-4362-9484-3ba0c9602593	1	950	97e88ed0-fce2-4d91-8cf3-131266a9088a	Mixed Fruit Cake	78
a623dead-d2a3-4937-b449-cac8385dc650	33	21450	ba9da18b-cebb-4f4a-b384-2e644b4a41c8	Choclate Cream Cake	73
b8ee6e6e-a141-46cd-a488-975664de08c4	1	1050	ba9da18b-cebb-4f4a-b384-2e644b4a41c8	Almond Cream Cake	74
d436df1e-e9ab-40e4-901f-98274d08837a	1	790	ba9da18b-cebb-4f4a-b384-2e644b4a41c8	Large Fresh Cream Cake	76
f846a1db-c9f9-45ab-8541-044cab4f7efb	1	1050	67c10a6f-1a37-497a-b687-1dbd8418adf9	Almond Cream Cake	74
113588d7-5e3c-4e52-8e16-c32eab1e0c86	1	790	9f54638a-d4eb-4926-8ed9-9edd96a6d954	Large Fresh Cream Cake	76
3ea78d50-dc18-45bb-9016-a0f58ba1f72f	1	895	9f54638a-d4eb-4926-8ed9-9edd96a6d954	Strawberry Cream Cake	75
bc829fac-fd25-49a4-885a-c7e96936e8e4	1	650	9f54638a-d4eb-4926-8ed9-9edd96a6d954	Choclate Cream Cake	73
2324dcaa-d291-4d1b-9e3f-6531f5be533f	1	790	9ca88e9b-c6d0-4eb2-8f2d-e5c88d64bb5b	Large Fresh Cream Cake	76
a87fd45c-ae29-41b4-a19f-16e6f410381e	1	895	9ca88e9b-c6d0-4eb2-8f2d-e5c88d64bb5b	Strawberry Cream Cake	75
022df56c-9cf6-4722-b4bd-dbbf7883de07	1	650	9ca88e9b-c6d0-4eb2-8f2d-e5c88d64bb5b	Choclate Cream Cake	73
63c62751-be59-4edd-ae8b-58ca5778b6c4	1	790	52baebe9-2e9e-4918-9f82-c5f6a8ea8212	Large Fresh Cream Cake	76
f9efefc0-95bb-44cf-9ebb-5c9f5666f630	1	895	52baebe9-2e9e-4918-9f82-c5f6a8ea8212	Strawberry Cream Cake	75
dfaf6269-9b6a-49ec-902c-28ba94b9c43e	1	650	52baebe9-2e9e-4918-9f82-c5f6a8ea8212	Choclate Cream Cake	73
e34dc58f-ba12-4998-af79-8df315284243	1	790	0df154e3-78f1-449e-9c81-5da541a471f5	Large Fresh Cream Cake	76
04dbafaa-5b05-401d-9c7a-a398754162ca	1	790	dd18c094-d0c9-4ebd-93e7-4359e530e959	Large Fresh Cream Cake	76
c02a4cb6-1968-43e6-aa52-cd5defff8819	1	790	7348242d-b386-4bdb-bfc9-cb9e47680b97	Large Fresh Cream Cake	76
2bee8eb3-b095-4ee6-8621-fb6d05038d0c	2	400	5d4b827a-ecca-4630-aaab-7f8ab3223f58	Cheese Cream Cake	84
a5745f57-dc80-4fdb-a031-eaddd00a405b	1	1250	5cbb8d7e-8d1d-4448-9e92-1bd0c892e60a	Cheese Cream Cake	77
aed63708-5f53-434c-91c0-0b5ee5398f02	1	790	97919f05-bf4c-45df-a11c-d2ac75fba646	Large Fresh Cream Cake	76
44c69a65-1c95-4ccd-bb1e-274021e74ea7	1	790	298397cf-3ea5-46a0-b7c4-85ad0bd997d6	Large Fresh Cream Cake	76
63dd5f7f-80c6-4bd9-807d-a08d37d5efed	1	895	1bfce886-e4b5-4d86-9747-28097bdf0119	Strawberry Cream Cake	75
3185e2c9-9da9-4b31-9a16-1fd9f9736fe0	1	1050	0a577504-19da-4fe6-a27d-1cdfbd996658	Almond Cream Cake	74
c2ab5f05-4433-48ff-afa3-71f3d4dcfbf7	1	650	79c66fe3-9d89-4b80-9e3f-8ffeccb4117c	Choclate Cream Cake	73
23d5c90c-26df-47fc-9426-4534f82aeb26	1	1050	a9e5817e-07c6-479b-8b6b-c3dfae3c0883	Almond Cream Cake	74
92496dba-5dbf-4b38-90dc-f6094bd1dd3e	1	1200	aab34c24-153c-426b-897d-9f9df5399199	Oreo Cake	91
1a46a351-2818-481b-ba2e-be143dee74df	2	1580	d02ae9cf-5854-48ee-869a-cb08de5387ba	Large Fresh Cream Cake	76
40c06dbe-caa0-458a-93ed-201b35be7a3a	1	895	4f13151d-0c8f-46a4-a3cd-3ad55f1023e9	Strawberry Cream Cake	75
753a9f44-2008-4ff3-a93d-71dbfb60f7c5	1	895	76a0f056-abc1-4911-857e-16ff84b8f4e9	Strawberry Cream Cake	75
f996d40f-89a4-4368-95a0-e0ed38911301	1	790	c88cc410-11ff-4065-b6bf-e03b6b35271b	Large Fresh Cream Cake	76
0a19a55f-4dfa-44db-bfe2-4fdca82b7c14	2	1580	952afa0c-4ab9-41c8-b01f-3dc793cb6b92	Large Fresh Cream Cake	76
2b048470-8f6b-490e-bfd0-96438d794a6b	2	1790	952afa0c-4ab9-41c8-b01f-3dc793cb6b92	Strawberry Cream Cake	75
65571305-088d-4ee9-8d14-fe26ead09f99	1	1750	952afa0c-4ab9-41c8-b01f-3dc793cb6b92	Mixed Dry Fruit Cake	80
43b855d8-b0d4-4cc8-b1d0-7f6522404387	1	790	66cad305-89c4-45d2-9a86-1e9fb07f7828	Large Fresh Cream Cake	76
3f5dc34e-4f1c-472b-83b1-56110069b25c	2	1790	66cad305-89c4-45d2-9a86-1e9fb07f7828	Strawberry Cream Cake	75
472033d9-e975-4cbc-8b03-4abf1aa36040	1	200	66cad305-89c4-45d2-9a86-1e9fb07f7828	Cheese Cream Cake	84
d75466e2-98a8-45a1-b4ee-886fcc57264c	2	1790	fffea379-7eed-462c-aa8e-b87cb26d5183	Strawberry Cream Cake	75
6455fb15-fba8-436e-9544-27bf7d8ad104	3	2370	80ae6db7-1a0e-4479-99b3-4a592882e582	Large Fresh Cream Cake	76
fb2ae4e9-bd69-46f6-b9e7-0c304295b485	2	5000	80ae6db7-1a0e-4479-99b3-4a592882e582	Honey Cake	92
9f0f1dfb-bf45-4886-8b38-f3c62030af2a	1	760	9aaff37b-49ed-42c4-9724-ffb412f07f5a	Fresh Fruit Cream Cake	81
65b99b9d-934b-4932-bc8e-420bdd6ef6db	3	2370	9aaff37b-49ed-42c4-9724-ffb412f07f5a	Large Fresh Cream Cake	76
359aebf7-70db-4093-a68d-37aaf11b5db4	2	1790	9aaff37b-49ed-42c4-9724-ffb412f07f5a	Strawberry Cream Cake	75
714b5d41-1fd9-4627-9bca-861b35fc125f	1	1750	9aaff37b-49ed-42c4-9724-ffb412f07f5a	Mixed Dry Fruit Cake	80
c13a1d9f-887e-4aea-9ad5-389f84f40eb0	1	1050	9aaff37b-49ed-42c4-9724-ffb412f07f5a	Almond Cream Cake	74
e78bc980-d3ab-4a0f-a840-1f0249595a19	1	50	9aaff37b-49ed-42c4-9724-ffb412f07f5a	Donuts	87
a5eddb3e-3503-4161-9b91-40a1da076965	1	850	9aaff37b-49ed-42c4-9724-ffb412f07f5a	Donuts	88
a417cd2b-81e2-4140-bb02-75e349658f68	1	895	dee51841-b890-4837-b0bd-f6cf26e8a2c4	Strawberry Cream Cake	75
dff96157-d2e9-4a16-b35f-98dafdee9fcf	5	5250	dee51841-b890-4837-b0bd-f6cf26e8a2c4	Almond Cream Cake	74
b5f3d7ee-14f1-4052-ad14-55e19afe53d6	2	1580	2e2ea6bd-5ed6-40c3-8c0c-93caf338f83d	Large Fresh Cream Cake	76
4f338f41-f042-4e3e-8875-f88681f19463	1	1750	2e2ea6bd-5ed6-40c3-8c0c-93caf338f83d	Mixed Dry Fruit Cake	80
4fc7fc60-1fc2-4b78-8751-ed07eaa91bce	1	550	2e2ea6bd-5ed6-40c3-8c0c-93caf338f83d	Dates Plum Cake	89
bb69114d-d422-4b2a-91cd-b6a2b0e18872	2	1580	c142d67a-0412-4bf1-9e13-ceeb1281712c	Large Fresh Cream Cake	76
515db80c-f54e-4ff4-be38-1fdbaaf2d57d	1	1750	c142d67a-0412-4bf1-9e13-ceeb1281712c	Mixed Dry Fruit Cake	80
699c220c-13d8-4edf-af0f-26084b3a80c0	1	550	c142d67a-0412-4bf1-9e13-ceeb1281712c	Dates Plum Cake	89
da709b5c-c2ac-44e3-8666-ed301af43ab5	1	650	0a0a28b5-c541-4c04-8a99-525b39d247d5	Choclate Cream Cake	73
595d5aed-dc93-418b-b4ba-e00a0eb89f6c	1	650	c0869fe7-1ec6-4fe3-9aec-f1a129134e5d	Choclate Cream Cake	73
b3b6a7d6-4c1c-4b6c-a469-ffdf6caa93ec	18	17100	94ad04e3-2397-4133-9a83-07be53578b5b	Mixed Fruit Cake	78
1c3ada22-6eb1-4d27-a5b6-691fa754e673	20	4000	94ad04e3-2397-4133-9a83-07be53578b5b	Cheese Cream Cake	84
86e83aa6-fcfa-406e-a0e3-87c4421a654b	11	2200	b442a0da-9d96-4f84-82b3-a121bda6a6a5	Cheese Cream Cake	84
4060db8b-d6f7-42fa-b90f-ae899500b128	11	2200	e27b4833-3739-4d18-ab8e-3c30c8870c8e	Cheese Cream Cake	84
a0ba4bb6-d3bf-46d9-a74e-ab65f3c8afc8	1	895	d72328de-a4fd-4152-a9a9-c36ccd67929a	Strawberry Cream Cake	75
9ca0de58-1a9e-4fab-bb4f-346c7c85bf1f	1	1050	e732b1c4-4180-452c-8f12-dee96b292ef3	Almond Cream Cake	74
549290df-a687-4d82-bd80-ad9eb9fdac65	1	895	3c5c344d-4f76-49f4-b3e1-679f0d43d810	Strawberry Cream Cake	75
be1793d8-ea75-4e64-b4f4-473db9c52d66	1	895	1d2f0424-8014-4603-8201-082d00752131	Strawberry Cream Cake	75
1af64631-9970-4dcd-97c8-adb10e39ee1a	1	650	34e5a2c4-eefa-4206-a213-28aa322116be	Choclate Cream Cake	73
5377d237-bb07-44e2-86f9-7de2d48b27b0	1	1050	2b8d9577-6edf-4a2f-8275-9c3505833041	Almond Cream Cake	74
eb07b91a-df3d-40f9-8c0d-700c6118c014	1	1050	fc01bc0f-fa36-4159-99ac-3812d9a7c4b0	Almond Cream Cake	74
6f625da4-25a0-4c8b-8d6a-1911a5584d29	1	1050	d43a72b2-c6f9-4674-a9f5-55173e238278	Almond Cream Cake	74
0d7e9094-7a13-450c-93de-34a5d4962c1e	1	1050	42cf1b31-98a8-44c4-87ba-a8797144ecc0	Almond Cream Cake	74
c719a12e-fbbb-49be-995d-7f47ec1b7ca1	1	1050	00fbb428-857c-4599-a481-8fe56266b022	Almond Cream Cake	74
511646d1-2bc8-4f2e-b32a-4c9c2bb5e7be	1	1050	0d1b7a83-4872-4793-811e-3681acd13ed4	Almond Cream Cake	74
4cde5565-e5a0-4b60-b74c-3a59ae509bdf	1	1050	fb75f75d-89fd-4f03-b010-ba476214e329	Almond Cream Cake	74
9fb583f9-5bd4-429d-840c-f6c70ceab515	1	1050	38e32283-9762-4b34-947e-8735ce306c9f	Almond Cream Cake	74
1060bd75-bdb3-4625-b829-f450cb9ddc84	1	1050	8972d841-e702-41e3-829b-270c697aa55d	Almond Cream Cake	74
73fc5ba9-52a0-4d53-aaa8-77cf51ac68c1	2	1790	e6f5bcf8-8cb6-42cd-be4a-57bd3bd61683	Strawberry Cream Cake	75
0b343a26-cfb2-4439-a4a4-08f2c07e5055	2	1790	36275b1f-2e82-43fb-adc3-40b5b1e5ab17	Strawberry Cream Cake	75
58e7a898-d486-4e78-9564-0c014857aa37	1	650	077fb7a5-3273-43ad-a60e-54ab9bdcd0a1	Choclate Cream Cake	73
9413ecae-61fa-45c7-b86e-a4fd0ed0fcbd	1	1050	077fb7a5-3273-43ad-a60e-54ab9bdcd0a1	Almond Cream Cake	74
ae282968-f930-47e1-b901-3c90df14b6bd	2	1790	a6c4bc3b-21d4-4b00-98c1-dcd65950c88c	Strawberry Cream Cake	75
d3c071b3-e3fe-438f-a5be-a62ffad7156c	2	1790	c1d2c3d7-2238-4a1c-806a-bc2e804154b0	Strawberry Cream Cake	75
941c303d-8924-4cd2-8602-5ee700fd2013	2	1790	49fe1fdf-6e97-4021-aaff-39bdb19a5e1c	Strawberry Cream Cake	75
aa81a03a-346b-4279-92c5-f188724482bc	1	200	f7c71216-7a92-4b9f-a0fb-4b4094ee9bf3	Cheese Cream Cake	84
baaa5e2d-4a67-43f1-94eb-f8226d2564fc	2	1790	2d41674f-297e-42df-a6a5-6b846b31f553	Strawberry Cream Cake	75
9529e490-0edf-4c21-beee-4658741025cd	1	790	a8fca0fb-bd54-4cce-811f-4d8ef0d980af	Large Fresh Cream Cake	76
b98bc71b-a1a6-4a52-a85e-33a96a2dd8f5	1	790	b9e2f9b3-5514-476e-bd86-e6832626eb3b	Large Fresh Cream Cake	76
b6d4129a-57d3-46b6-b78b-ed5a4376d24d	2	1790	b9e2f9b3-5514-476e-bd86-e6832626eb3b	Strawberry Cream Cake	75
ccadb412-2e81-4f79-887d-a9a9769014c9	1	895	c46d2cca-2086-4c9f-8e84-6c3ddc395b83	Strawberry Cream Cake	75
b2c260b3-dc1e-4830-ad63-cecd514dbbdc	1	895	0b68d327-d2d8-4421-bfc9-9fe1dc80e1d6	Strawberry Cream Cake	75
cedd9de3-9a2b-4d98-a96c-296dd7f60c91	2	400	92e9d41e-359c-41dc-9520-f0259e2aaf71	Cheese Cream Cake	84
16be15b0-d352-483c-bb1a-967967037c29	2	1580	92e9d41e-359c-41dc-9520-f0259e2aaf71	Large Fresh Cream Cake	76
7063a801-7e2b-4d94-b2e8-2a666675c188	2	1790	92e9d41e-359c-41dc-9520-f0259e2aaf71	Strawberry Cream Cake	75
1d6b4520-cc80-4093-80ab-83ff047f5d40	3	4500	92e9d41e-359c-41dc-9520-f0259e2aaf71	Exotic Fruit Fusion Cake	79
66fbed67-78bb-4412-a931-dcbcb136d71e	1	1250	9708e9a7-0978-452d-9488-69a4c8e0b122	Cheese Cream Cake	77
93d80fc6-d6cc-4ed8-84ce-bc16dd92358d	1	1250	e581ca50-c30a-456a-8c38-e0170574cfbe	Cheese Cream Cake	77
cc779119-4312-439d-84a9-a88f5e760536	1	1250	2f3f6095-e05a-4a50-b68e-88638b7ee168	Cheese Cream Cake	77
a55043f8-fec4-4763-885e-8279c28612e5	3	1950	4b370b63-ebe5-40a6-89c3-47c35434207e	Choclate Cream Cake	73
38a081e8-7c8a-4cc5-a2c1-9361e4694ae4	1	790	48fe6fb8-ea33-4927-8155-6e7ce1c1eac1	Large Fresh Cream Cake	76
0810cd47-bf26-4f4d-9070-00fc54c0a939	2	1300	051b8a85-0ab9-43f0-90ab-eac3d7159542	Choclate Cream Cake	73
e2439d98-dafc-4da1-beb9-028da02328c5	2	1300	d3854071-c22f-4fad-a0c8-5dbe0366292a	Choclate Cream Cake	73
972ce471-41f7-4446-8588-27b0158d3176	2	1300	de62ffad-4b75-4da9-b2ff-5ca01f9e1718	Choclate Cream Cake	73
158a2a7a-8935-458e-a3fd-056d4221cb66	2	1300	0a76ef44-f18d-44c9-812e-380c45846eb2	Choclate Cream Cake	73
287a9b53-42cc-4724-9eab-41f90d4136bb	2	1300	f3e50309-c5ac-4840-a999-97b045f3c7c4	Choclate Cream Cake	73
e99e3332-57e4-45ff-8e45-0fe04b759d25	2	1300	e627cdd9-3306-4d9b-a450-22ee0a90e695	Choclate Cream Cake	73
b90eda8c-10c0-4155-9be8-cb345281c02e	2	1300	2de92cc9-ccd2-4247-bb97-4f12e3b573a1	Choclate Cream Cake	73
c232e0b2-790f-4a16-bf4e-b76e05f0caf2	2	1300	34fb538a-94f8-4d95-9adc-374dfcbb353a	Choclate Cream Cake	73
6014a12a-e8fa-4cce-adcc-62fe70e2e254	2	1300	2996b731-612e-4a38-a29c-f2bae1374131	Choclate Cream Cake	73
ddac3db1-61a6-4332-801d-8a918dd1962d	2	1300	a3a7c014-d966-49ed-b996-46f428035084	Choclate Cream Cake	73
5108b24e-1d71-4fb7-8d9d-560b7bae4d72	2	1790	87cd8f8b-8687-4bcb-9f1f-4399d19ba9e3	Strawberry Cream Cake	75
5be7e98f-0c56-47c5-ae39-1d863fc7fc12	2	1790	c17a466d-5c7f-4f53-8b88-609213db45e1	Strawberry Cream Cake	75
f5d70af1-1065-4715-9e4d-5271b42663e8	2	1790	4b3972c2-49a3-4fb8-8c48-9c811ce19faf	Strawberry Cream Cake	75
f26d80b6-1f25-4459-98b3-6f1b5c2275d9	1	1050	f39468f3-101d-4d88-81d8-305585f762b6	Almond Cream Cake	74
fa01c3f4-61fd-4cb5-a3d3-12cac9bb8489	1	1050	db9391c9-d2a6-403d-880c-d5be1c545b52	Almond Cream Cake	74
8b4a55d0-d6e2-4088-88d6-0a332b5be353	1	1050	9dcd7a1a-e6e1-4c48-a301-46fe019ff0c5	Almond Cream Cake	74
497dd626-0fd0-444e-8200-f4161bb80c35	1	1050	500c5491-83c8-4fc8-a9f9-3299e0fe2968	Almond Cream Cake	74
84c6a749-fa18-4b30-82bb-a41004b8c453	2	400	37a1e6c9-0bf4-4e53-834a-432868fc2675	Cheese Cream Cake	84
fb66391b-e331-4793-abca-cd503a7205e1	4	7000	4abfc6bd-97bb-47e1-99c3-316c6b2114f4	Mixed Dry Fruit Cake	80
0c6a3b0b-7cce-4c09-99ac-a36085df4cb9	4	7000	cb261ab3-9a38-4305-b2d2-378bbdc1d899	Mixed Dry Fruit Cake	80
0a5eb5c4-0184-4322-b49c-b963bd5a0d9a	1	1750	64626411-301e-44e5-8c3d-2494a5c2a6cb	Mixed Dry Fruit Cake	80
9218f068-8fc5-4384-9c4e-e78285b3c0b3	3	3150	64626411-301e-44e5-8c3d-2494a5c2a6cb	Almond Cream Cake	74
612fdc04-41ca-4546-9a47-8d44af33aa8d	3	2370	64626411-301e-44e5-8c3d-2494a5c2a6cb	Large Fresh Cream Cake	76
ad2442ee-3a6c-44b7-a118-cb269b671f24	1	850	64626411-301e-44e5-8c3d-2494a5c2a6cb	Donuts	88
f51777d2-e0bc-49e7-88fa-aa6805e89acd	2	2100	61c2ad12-6fe9-4e02-b3b2-aab2b8e1d393	Almond Cream Cake	74
214116b8-b796-4f9d-bd3d-101ce5b9bcff	3	4500	61c2ad12-6fe9-4e02-b3b2-aab2b8e1d393	Exotic Fruit Fusion Cake	79
b4617242-1ccf-4d57-ba05-50dc19f2cca3	2	5000	61c2ad12-6fe9-4e02-b3b2-aab2b8e1d393	Honey Cake	92
49a038a9-f5b6-4e0a-92b1-bb7fa8af8c71	3	3150	1bd5b3e2-1b0e-42bd-a756-9738e64cfea0	Almond Cream Cake	74
6194ae44-9ff3-431c-8d85-64c4a083ed57	3	2850	1bd5b3e2-1b0e-42bd-a756-9738e64cfea0	Mixed Fruit Cake	78
a6f33293-8f92-4d3c-868a-e0459041926a	1	1000	1bd5b3e2-1b0e-42bd-a756-9738e64cfea0	Dates Plum Cake with choclates	83
5608a6b0-a498-40a9-aca7-9b10f34b1daf	4	4200	f7ecaa76-09dd-420f-9f2a-ff5b75e7f361	Almond Cream Cake	74
3a339715-a857-405f-9006-218d7131074a	4	3400	f7ecaa76-09dd-420f-9f2a-ff5b75e7f361	Donuts	88
df5b06c9-ff61-4f0f-8567-ecf592465452	2	2400	f7ecaa76-09dd-420f-9f2a-ff5b75e7f361	Oreo Cake	91
971ee746-c044-4e85-b3eb-df675cb956cf	4	4200	1e66b50b-d844-44aa-bec0-2927ede8cce3	Almond Cream Cake	74
b081a71a-91ca-4919-9418-3514d0c0eef6	2	1700	1e66b50b-d844-44aa-bec0-2927ede8cce3	Donuts	88
d7aa57a6-cf22-4183-aa61-47654df86a3c	2	2400	1e66b50b-d844-44aa-bec0-2927ede8cce3	Oreo Cake	91
91a0cf07-e6bf-47d5-a809-aa107ed21e9d	18	17100	4754b682-67c0-4155-a26b-be09b67c5328	Mixed Fruit Cake	78
f1daf225-42fb-44d6-a2b0-ff38946fd071	20	4000	4754b682-67c0-4155-a26b-be09b67c5328	Cheese Cream Cake	84
9eb43163-f683-4598-8a9a-7296335e5ed6	2	2500	4754b682-67c0-4155-a26b-be09b67c5328	Cheese Cream Cake	77
4ff98ff9-7749-46a2-9030-8a9d8996ca60	18	17100	5592b902-6a23-44c1-ac80-fd6dced14e06	Mixed Fruit Cake	78
c1fb3b11-5a32-4ea3-845d-1e403f949269	20	4000	5592b902-6a23-44c1-ac80-fd6dced14e06	Cheese Cream Cake	84
c5f6e2ab-5f3b-4e33-b18e-8788551dfdf4	2	2500	5592b902-6a23-44c1-ac80-fd6dced14e06	Cheese Cream Cake	77
7ca032cc-4415-43f6-93f7-8ec513dafc46	1	650	e418fbca-4702-4504-87db-d7fe794a122d	Choclate Cream Cake	73
4bc2c167-f4a1-4fb4-a585-0632aae07818	1	1050	e1b863ff-0429-4ed4-b293-d6c049d49fd2	Almond Cream Cake	74
efdcae6d-6e70-4a32-9890-7bb200ec6e9a	18	17100	48afe2f1-e902-4a80-9f4a-9c58dc55d506	Mixed Fruit Cake	78
87ccb626-6eeb-4649-9f87-a3800157af2d	19	3800	48afe2f1-e902-4a80-9f4a-9c58dc55d506	Cheese Cream Cake	84
aa797284-139d-443c-aad1-59bc7fe2a8e5	2	2500	48afe2f1-e902-4a80-9f4a-9c58dc55d506	Cheese Cream Cake	77
684947dc-bc94-4b01-be5d-3d9f00fd461d	18	17100	80312357-fbb5-4119-93a3-df934864eb9d	Mixed Fruit Cake	78
aafc1083-7313-4ae5-b260-e03655048b19	19	3800	80312357-fbb5-4119-93a3-df934864eb9d	Cheese Cream Cake	84
57e01bed-a6fd-4fb2-a711-a3fcbd6efc19	2	2500	80312357-fbb5-4119-93a3-df934864eb9d	Cheese Cream Cake	77
3e3beaf5-aa85-4087-a996-67214c30dbc5	4	800	59490073-0373-4745-8978-32af12da36d8	Cheese Cream Cake	84
a1aa55b1-fcdd-45e0-88f7-734f0ba320df	2	1790	59490073-0373-4745-8978-32af12da36d8	Strawberry Cream Cake	75
642e47db-7153-419b-ae69-890703129d09	2	5000	47567b49-10d4-4c07-93d1-7ee7b1ab05a6	Honey Cake	92
05b54b49-5396-47bd-94e9-029d4b4e74ab	2	1580	df160234-6ed9-4c7d-9b51-55e25a30b032	Large Fresh Cream Cake	76
a4efcbdb-ed97-4625-b676-beaa3e6c29de	1	790	d6847fff-878d-4233-b1c3-dd321da0dff3	Large Fresh Cream Cake	76
756088e6-b6eb-46fc-a8ab-08ecb21f9d93	1	1750	1caf9aba-85c9-4faa-99dc-b8d8a058f587	Mixed Dry Fruit Cake	80
4d2d3e81-7434-4974-b9ea-410eabfd1ba0	1	1750	15a1e403-3bdf-4fda-bb77-d97d3aa2af45	Mixed Dry Fruit Cake	80
293b8467-ea4c-42cc-88ee-94d7a2bda421	1	1750	c7b7e0aa-6c07-4d10-97dd-73cedc082dd9	Mixed Dry Fruit Cake	80
534e3b02-8018-4d7f-a229-1846ea22ce39	1	950	df2756eb-838e-413a-87eb-f1f735055f23	Mixed Fruit Cake	78
368a953a-8572-4c6f-8a0a-def1f29288f0	1	950	33e3119e-cd06-43c9-91a0-d474312b9c2e	Mixed Fruit Cake	78
ddfe37f9-add5-4d8a-ad2d-bd088ab90576	6	5370	3bb21de6-09c8-4724-a27f-7f2c8d0027ec	Strawberry Cream Cake	75
706153f9-8248-44a4-b5b4-78aeb4af49fb	6	5370	984ddac2-4314-449a-bdaa-43f50482efb3	Strawberry Cream Cake	75
ea95fba8-1065-498b-a1d1-62987963edc8	1	895	99ceefda-a3b4-49a2-938e-4abe855f4678	Strawberry Cream Cake	75
8744d7a7-d90a-4541-a3ce-7d3cfc2bafd6	1	650	f7247d4d-3729-4163-ad0a-539ccd12b272	Choclate Cream Cake	73
b1ecee62-ae37-4d52-9335-497214132cc3	1	790	89a3d6aa-ad70-49df-a0a0-f8a1fe6a7304	Large Fresh Cream Cake	76
4f638ac2-91ec-49b5-b592-30134808d76c	1	790	c0a742df-e45b-4b0c-8a7b-8676a2ececa4	Large Fresh Cream Cake	76
e7755816-ae1e-4286-9a7b-0bbd8e8596b1	2	1790	37cbcc47-8c20-43f0-b9bf-e07f8d5f5f5c	Strawberry Cream Cake	75
4df310d3-d2ac-489c-b100-0e615445a83a	2	1790	a0171ded-cdd1-4e37-a692-2e098da49f1e	Strawberry Cream Cake	75
e439231a-2cdb-49f5-840a-b6123f5e988f	5	3250	ae62a7a0-322b-4ef0-8087-0a05579fbb30	Choclate Cream Cake	73
248a2583-e4b5-4c9b-86ab-8981e4af5d3e	6	3900	a9b0f7ee-79cd-4b2f-b7ef-b880cbbf876a	Choclate Cream Cake	73
b40fff40-3f53-450f-ba34-5d2fb2c8477a	1	1050	628497b3-565c-4690-936b-d1fc1e28fbd6	Almond Cream Cake	74
68fd0a12-7663-4f4c-9d3b-f273fa6b8bf2	2	1790	bd6213d2-c17e-4f37-95ef-987830fc2856	Strawberry Cream Cake	75
daccc1e6-4fac-414a-8081-c86f77e22d61	3	3150	6780c22c-08a7-43db-8e84-4c53d270b521	Almond Cream Cake	74
eb7eb933-c482-4727-8c8f-de52e8288f0f	1	895	0a200c00-e925-4ff6-b693-65af5bb386b9	Strawberry Cream Cake	75
29286a46-19c4-4069-9bfc-10c98d59fc7b	6	5700	79b11cfe-620c-4dc1-9ab1-cf982ef96e10	Mixed Fruit Cake	78
ec059672-cd01-4ad3-87b1-555edead6fe1	2	3000	73009359-7e1b-43bb-923d-e33269520aa1	Exotic Fruit Fusion Cake	79
e99bbee4-ea8e-4e74-be72-f33720d911f0	2	3000	4047c968-c441-48e1-82fd-a827541ee6dd	Exotic Fruit Fusion Cake	79
1a3a0c7f-d68b-4861-8ca9-b62fd1f4d2cb	1	790	4047c968-c441-48e1-82fd-a827541ee6dd	Large Fresh Cream Cake	76
fae58f72-b11f-4a8e-931e-961dcb418312	1	1050	a76f9bb1-632d-4006-adea-2fc3effae00a	Almond Cream Cake	74
f7705e03-4368-4805-802f-363a38ab3082	1	895	a76f9bb1-632d-4006-adea-2fc3effae00a	Strawberry Cream Cake	75
7e5366b2-aead-4593-b910-6e079795b68a	1	1050	6c1d47d1-ee05-413a-97f4-b2917b6ee0d2	Almond Cream Cake	74
958484c2-39ac-4837-8775-aae25bcf8fe0	1	790	6c1d47d1-ee05-413a-97f4-b2917b6ee0d2	Large Fresh Cream Cake	76
15381db3-2197-42fe-bb2e-03c3e7b46677	1	200	6c1d47d1-ee05-413a-97f4-b2917b6ee0d2	Cheese Cream Cake	84
dddb917a-e07e-46fb-b774-bcea78d3515e	1	650	26ce1f8c-857b-4246-bf10-59446a140029	Choclate Cream Cake	73
b15bf3a4-ce66-4baa-ae54-3903b411fe82	3	2280	73dc2b3c-a8c4-40ff-9f88-565886713094	Fresh Fruit Cream Cake	81
6746e067-7f37-4f46-a342-b85a6fcbff7f	3	4500	73dc2b3c-a8c4-40ff-9f88-565886713094	Choclate Plum Cake	82
ddd57761-8b83-457b-8a00-6f110e638305	2	1580	73dc2b3c-a8c4-40ff-9f88-565886713094	Large Fresh Cream Cake	76
1ddead15-aceb-484d-b6f7-9739042805de	4	3580	0261e2f8-d53e-4b0f-8bd7-cb708119dc8d	Strawberry Cream Cake	75
8cc2278e-da05-41ea-a7f5-2e6f092d9fa7	4	3580	40e0beef-b671-40a3-862a-64d33e611faf	Strawberry Cream Cake	75
4f5972bb-5b1e-409b-8f50-ea45ae0b4d21	4	3580	554a7f72-0dd2-413a-856d-6064e5ce8dc3	Strawberry Cream Cake	75
8c785c59-a434-41eb-a18d-504b9f54c122	3	2685	a02b6b68-7740-4384-9fa7-19a03ea2d564	Strawberry Cream Cake	75
3221ba40-aa16-4e76-bbd1-4fcfe6866386	3	2685	6ef24bc5-20b8-45f3-81d4-f3173e20cf21	Strawberry Cream Cake	75
90643f76-61c7-4632-92fa-fac10cc5951f	4	3580	de9daa32-29e7-4666-861e-01fd4a423f10	Strawberry Cream Cake	75
8cee9c30-4bae-42e6-b10c-5599e92e3f7e	1	790	0957c2d7-0b83-4e39-a6f4-59596816c14f	Large Fresh Cream Cake	76
2676e18f-aabc-4444-b05e-575cd5c257e2	1	790	1d1dab8b-4f37-45b5-aaa4-0fcf090b5a58	Large Fresh Cream Cake	76
05b44292-8e9a-4902-b5d6-a409679ae62c	2	1790	361f897c-be72-4b4f-bb14-939b9dd2e39c	Strawberry Cream Cake	75
1b9a90c1-c0e0-4f1d-98b1-ea9a36e755b0	1	790	cbfa8de6-93f4-44a7-aeff-6c454b8228f2	Large Fresh Cream Cake	76
2c9ae42d-42f9-4897-ae9c-305d19f72526	1	1500	fe63942f-7ed9-4b38-beac-5a08a8090ebd	Exotic Fruit Fusion Cake	79
81f58763-e187-4505-a784-3f574876c367	1	1500	b7b6c216-df12-43d4-b4e9-e048db15ba27	Exotic Fruit Fusion Cake	79
6a9f90d9-a960-4a24-8206-85fe31591d2c	1	1500	ddbd42c4-86dc-4979-8f00-e5f52d1a3382	Exotic Fruit Fusion Cake	79
d138ee9e-1142-42a3-8fff-eb5063d83124	2	1790	a6bf1cb7-9187-435d-994e-b687cd6fdba8	Strawberry Cream Cake	75
c772090e-a9b0-41d1-b54d-9f7f5b6ad050	3	2850	8054a260-f8f0-4b05-aeff-93a17aa6ec54	Mixed Fruit Cake	78
379491e2-33b9-4341-962c-71302da2ac17	4	3580	b326dfca-7519-4980-bd71-14da0b2ef054	Strawberry Cream Cake	75
8c26a9a0-99b6-445c-8789-b70fa328df25	2	3500	b326dfca-7519-4980-bd71-14da0b2ef054	Mixed Dry Fruit Cake	80
b76f9195-990c-492d-b96b-dad4991ead64	10	7900	b326dfca-7519-4980-bd71-14da0b2ef054	Large Fresh Cream Cake	76
33463a6b-b2b1-4abd-8059-1030b5b9b3fc	2	1900	b326dfca-7519-4980-bd71-14da0b2ef054	Mixed Fruit Cake	78
e822671d-bbbc-4b7a-b93b-c0e9456baad0	4	2600	cc9f368d-09bb-4866-af27-02390474a13a	Choclate Cream Cake	73
d1c4e422-5479-4281-8cd6-8f019ec4a02c	3	2370	cc9f368d-09bb-4866-af27-02390474a13a	Large Fresh Cream Cake	76
9094e3ba-006b-4ab8-9469-8e17c47aaf75	4	200	cc9f368d-09bb-4866-af27-02390474a13a	Donuts	87
574c66dd-277d-4043-b132-9026eb263980	4	7000	cc9f368d-09bb-4866-af27-02390474a13a	Mixed Dry Fruit Cake	80
dcfbcbc0-a50e-42a1-ab56-fe6c0654e927	3	1500	cc9f368d-09bb-4866-af27-02390474a13a	Mixed Dry Fruit Cake	94
3c2d62ff-0d85-4e67-9485-f865f1f63719	12	12000	cc9f368d-09bb-4866-af27-02390474a13a	Dates Plum Cake with choclates	83
86613dce-3cc2-42f3-8675-c90411cb021e	4	2200	cc9f368d-09bb-4866-af27-02390474a13a	Dates Plum Cake	89
0d06baa1-82a9-45b8-aa7f-8c710ae24676	10	10000	e02435a4-ace6-46a9-a9b9-3e6d93d569fb	Dates Plum Cake with choclates	83
eadef127-71f8-416f-9c12-4bd04430ec50	3	1650	e02435a4-ace6-46a9-a9b9-3e6d93d569fb	Dates Plum Cake	89
9f91c775-6532-49cd-8ec2-f5bb692abc3f	10	10000	98889db9-c7a3-45c1-b650-cc718d8f286f	Dates Plum Cake with choclates	83
0c7ea24f-7d14-4536-97f8-bdfdcd00ebb4	3	1650	98889db9-c7a3-45c1-b650-cc718d8f286f	Dates Plum Cake	89
3f0590d0-e9ab-45d8-a42c-11c2e7d3a2fb	10	10000	9af0ce5f-c89f-4dfa-909b-59257abc00aa	Dates Plum Cake with choclates	83
5bd4690c-92c8-425f-9ca8-564c8f86e05c	3	1650	9af0ce5f-c89f-4dfa-909b-59257abc00aa	Dates Plum Cake	89
d051ec01-6df3-4344-8489-7361374c4f03	10	10000	7b680daf-3b5e-45cb-8c1c-1e1bbf2fecf1	Dates Plum Cake with choclates	83
8b6e6d64-dffc-446a-9753-a4812aab32e0	3	1650	7b680daf-3b5e-45cb-8c1c-1e1bbf2fecf1	Dates Plum Cake	89
770350d5-9c93-49d3-9224-45dfa7fc43c0	10	10000	427ff27a-124e-4e92-9a2f-898c674d5f54	Dates Plum Cake with choclates	83
b90ce0ad-d6b1-46bf-aa89-e396950e27c8	3	1650	427ff27a-124e-4e92-9a2f-898c674d5f54	Dates Plum Cake	89
bbac9ca0-d336-4ea6-807f-bded632fbfa9	10	10000	038acbbb-77ed-4d29-a0f3-e1e4d9ea20fc	Dates Plum Cake with choclates	83
4587e0b7-0a3e-41c6-bea9-7ded2ca24ecb	3	1650	038acbbb-77ed-4d29-a0f3-e1e4d9ea20fc	Dates Plum Cake	89
0311c9de-95bd-46d8-90bc-49294b8d8f7f	10	10000	13b8fe5a-765c-4b14-ae31-0e0732e1112d	Dates Plum Cake with choclates	83
ff4f920d-60aa-4a5e-81dd-761cd9440099	3	1650	13b8fe5a-765c-4b14-ae31-0e0732e1112d	Dates Plum Cake	89
93f0bc8c-9845-4c72-a597-8eef905f6716	2	3000	7b70ad2d-31c4-4411-b0a1-aac3534c44ae	Exotic Fruit Fusion Cake	79
ec176023-0e3d-48b6-ab70-9810ad0403fe	3	5250	7b70ad2d-31c4-4411-b0a1-aac3534c44ae	Mixed Dry Fruit Cake	80
b980d628-d8f3-44ff-97f4-732f3b27ae83	3	1500	7b70ad2d-31c4-4411-b0a1-aac3534c44ae	Mixed Dry Fruit Cake	94
cab47870-a13a-4ba9-9c4e-d1c24bfe598f	2	1580	7b70ad2d-31c4-4411-b0a1-aac3534c44ae	Large Fresh Cream Cake	76
68a108bb-294a-4e71-848a-1356d51379fb	1	895	7b70ad2d-31c4-4411-b0a1-aac3534c44ae	Strawberry Cream Cake	75
\.


--
-- Data for Name: orders_orders; Type: TABLE DATA; Schema: public; Owner: postgres
--

COPY public.orders_orders (uuid, "order_ID", order_type, grand_total, order_status, delivery_instruction, cooking_instruction, order_assigntime, order_delivered_time, created_date, updated_date, drop_address_id, store_uuid_id, user_uuid_id, pu_uuid_id, color_status, color_status_updation_time, delivery_boy, delivery_slot_date, delivery_slot_time, delivery_charges, sub_total, taxes_and_charges) FROM stdin;
b6c8dc6c-9be7-4712-a3dc-492ac86e89ff	ID686PZ	Local Orders	4050	Delivered			2024-12-06 16:43:18.649635+05:30	\N	2024-12-06 16:39:41.459927+05:30	2024-12-06 16:43:36.011683+05:30	e1ce0c43-8d62-4ac0-82f3-49ae13bb13c8	cf03618d-eaf7-4a8d-87ef-9ae17806b6d2	05a4d0cf-eab2-48f4-a00a-be8cfddf60ee	\N	\N	2024-12-06 16:39:41.45991+05:30	1	\N	12:39:22	20	3507.8	522.2
df31b1c0-09ef-43af-9f7f-e3b1ec00146f	ID812WX	Local Orders	20	New Order			\N	\N	2024-12-10 15:10:14.15288+05:30	2024-12-10 15:10:14.159386+05:30	fe9f1e2e-8e2f-4430-9322-14c813458498	3bda6216-51f9-4aea-bf57-6d8f1823db74	45696072-b4a6-4157-9fa5-fd74a9e8b204	\N	\N	2024-12-10 15:10:14.152864+05:30	\N	\N	12:00:00	20	0	0
7e4af070-eb77-46d2-8ade-84204243f3a6	ID827IB	Local Orders	20	Viewed			\N	\N	2024-12-10 12:09:25.447295+05:30	2024-12-10 12:10:46.924965+05:30	31502739-2306-42ba-82b2-65dac5982dbf	cf03618d-eaf7-4a8d-87ef-9ae17806b6d2	05a4d0cf-eab2-48f4-a00a-be8cfddf60ee	\N	\N	2024-12-10 12:09:25.447278+05:30	\N	\N	14:00:00	20	0	0
0ddfe12c-da84-4fe3-b629-9cbc49b3d5aa	ID716RX	Local Orders	670	Viewed			\N	\N	2024-12-10 11:34:11.769348+05:30	2024-12-10 12:13:22.859298+05:30	5284a4e9-98e5-4ccc-8c89-17dbe3a973fa	20585010-dc17-44e5-a7cc-375152d62dad	65b46b90-d694-4366-9769-7ed66327c835	\N	\N	2024-12-10 11:34:11.769333+05:30	\N	\N	10:00:00	20	533	117
948ff382-0812-4f49-9de6-03b15f6af970	ID130CV	Local Orders	8170	Viewed			\N	\N	2024-12-10 11:40:03.732878+05:30	2024-12-10 12:13:23.473963+05:30	7a0bcf44-e69a-4483-bb49-76cd723f3997	cf03618d-eaf7-4a8d-87ef-9ae17806b6d2	05a4d0cf-eab2-48f4-a00a-be8cfddf60ee	\N	\N	2024-12-10 11:40:03.732861+05:30	\N	\N	12:00:00	20	7849	301
5dea4598-dd35-4e2b-9b4f-efef434f3eae	ID880UZ	Local Orders	5670	Viewed			\N	\N	2024-12-10 12:07:32.911447+05:30	2024-12-10 12:13:23.979774+05:30	3586ed66-220e-4178-9ba8-42a3cf316f6e	cf03618d-eaf7-4a8d-87ef-9ae17806b6d2	05a4d0cf-eab2-48f4-a00a-be8cfddf60ee	\N	\N	2024-12-10 12:07:32.911396+05:30	\N	\N	12:00:00	20	5412	238
e03c8a0b-50cc-44cf-b989-839d9a964bdc	ID224BZ	Local Orders	670	Viewed			\N	\N	2024-12-10 12:08:00.642322+05:30	2024-12-10 12:13:24.645711+05:30	4344db04-79ce-4c8c-81b9-68af31a16355	20585010-dc17-44e5-a7cc-375152d62dad	65b46b90-d694-4366-9769-7ed66327c835	\N	\N	2024-12-10 12:08:00.642305+05:30	\N	\N	14:00:00	20	533	117
5abc94e3-488f-47be-933a-f8053024bec3	ID820IC	Local Orders	1965	Delivered			2024-12-06 17:19:57.00061+05:30	\N	2024-12-06 17:09:13.69224+05:30	2024-12-06 17:20:13.518586+05:30	95688a29-5935-4800-ab52-ba1e8ac23a7c	cf03618d-eaf7-4a8d-87ef-9ae17806b6d2	742e5b82-e205-42ac-8e31-6bbf55fd5d73	\N	\N	2024-12-06 17:09:13.692224+05:30	1	\N	10:00:00	20	1317.8	627.2
edc071ff-fd0f-4293-8227-16cae092b026	ID174NT	Local Orders	1070	Viewed			\N	\N	2024-12-10 12:21:52.852511+05:30	2024-12-16 11:40:43.999497+05:30	81871c7a-8400-4e56-851c-f73c0fed42c5	20585010-dc17-44e5-a7cc-375152d62dad	65b46b90-d694-4366-9769-7ed66327c835	\N	\N	2024-12-10 12:21:52.852495+05:30	\N	\N	12:00:00	20	924	126
50b97a3c-e5ba-438f-92da-5ba08fe652e4	ID664IF	Local Orders	4770	New Order			\N	\N	2024-12-09 15:09:08.551881+05:30	2024-12-09 15:09:08.573454+05:30	76ffebba-7f34-42f5-80a6-fa3519af53ef	cf03618d-eaf7-4a8d-87ef-9ae17806b6d2	05a4d0cf-eab2-48f4-a00a-be8cfddf60ee	\N	\N	2024-12-09 15:09:08.551865+05:30	\N	\N	16:00:00	20	3525	1225
574ef124-4e0e-4f96-9428-95d90aab5add	ID824EH	Local Orders	1070	Viewed			\N	\N	2024-12-10 12:45:10.57785+05:30	2024-12-16 11:40:46.879831+05:30	3e20914d-f57f-439c-98cf-548a3ab2b8d0	20585010-dc17-44e5-a7cc-375152d62dad	bb4f83aa-2d34-4052-8b64-f6fbde1327ad	\N	\N	2024-12-10 12:45:10.577834+05:30	\N	\N	14:00:00	20	924	126
c20a724d-8001-4ccf-a277-0e169a8dd364	ID734OG	Local Orders	3180	New Order			\N	\N	2024-12-10 10:24:11.281569+05:30	2024-12-10 10:24:11.294079+05:30	fa65987e-28cf-4a11-a1d7-6acd4c115547	cf03618d-eaf7-4a8d-87ef-9ae17806b6d2	05a4d0cf-eab2-48f4-a00a-be8cfddf60ee	\N	\N	2024-12-10 10:24:11.281553+05:30	\N	\N	12:00:00	20	3002	158
5a78152e-0f87-4db2-802c-57c60fc02908	ID986KB	Local Orders	20	New Order			\N	\N	2024-12-10 12:34:08.352923+05:30	2024-12-10 12:34:08.355972+05:30	092c9b5c-6090-4ff4-bef8-3404fdca9c6f	cf03618d-eaf7-4a8d-87ef-9ae17806b6d2	05a4d0cf-eab2-48f4-a00a-be8cfddf60ee	\N	\N	2024-12-10 12:34:08.352906+05:30	\N	\N	14:00:00	20	0	0
f03cce63-71b5-4a0d-b442-9479d925990b	ID410FW	Local Orders	670	Viewed			\N	\N	2024-12-10 12:17:32.318968+05:30	2024-12-16 11:40:03.194062+05:30	6ddfdb23-63c2-4731-a85b-299c2002b000	20585010-dc17-44e5-a7cc-375152d62dad	65b46b90-d694-4366-9769-7ed66327c835	\N	\N	2024-12-10 12:17:32.318951+05:30	\N	\N	12:00:00	20	533	117
cd7016b5-19d8-4e43-972a-90702fc5475f	ID243ZX	Local Orders	5020	Viewed			\N	\N	2024-12-10 10:59:10.359808+05:30	2024-12-16 11:22:28.48774+05:30	ba169992-d962-4c7d-82ce-31b850ddf82c	20585010-dc17-44e5-a7cc-375152d62dad	65b46b90-d694-4366-9769-7ed66327c835	\N	\N	2024-12-10 10:59:10.359792+05:30	\N	\N	12:00:00	20	4337	663
8422b59d-6492-4405-bd86-74685b3c17e7	ID284SN	Local Orders	670	New Order			\N	\N	2024-12-10 11:19:20.933951+05:30	2024-12-10 11:19:20.941327+05:30	68c282c8-83ff-4fbd-8af8-9ce228785626	20585010-dc17-44e5-a7cc-375152d62dad	65b46b90-d694-4366-9769-7ed66327c835	\N	\N	2024-12-10 11:19:20.933936+05:30	\N	\N	14:00:00	20	533	117
64380380-4a08-4b29-99ac-3f592bf2582a	ID728CB	Local Orders	670	New Order			\N	\N	2024-12-10 11:31:08.775544+05:30	2024-12-10 11:31:08.78344+05:30	986f9c78-f33b-4971-b83f-eb3dd1b15c2d	20585010-dc17-44e5-a7cc-375152d62dad	65b46b90-d694-4366-9769-7ed66327c835	\N	\N	2024-12-10 11:31:08.775526+05:30	\N	\N	14:00:00	20	533	117
07b45968-110e-4242-acfd-8075f8b7be12	ID124EA	Local Orders	4070	Viewed			\N	\N	2024-12-10 15:57:08.075016+05:30	2025-01-07 15:45:36.529811+05:30	d668a179-21c8-407a-82a4-ac117a338467	3bda6216-51f9-4aea-bf57-6d8f1823db74	45696072-b4a6-4157-9fa5-fd74a9e8b204	\N	\N	2024-12-10 15:57:08.075+05:30	\N	\N	14:00:00	20	3807	243
2bfa5387-7044-471b-b288-ac09c60491fb	ID706GP	Local Orders	670	New Order			\N	\N	2024-12-10 12:41:12.604147+05:30	2024-12-10 12:41:12.611952+05:30	d02429e0-4ebf-4887-8e9c-a651dbf53c5e	20585010-dc17-44e5-a7cc-375152d62dad	bb4f83aa-2d34-4052-8b64-f6fbde1327ad	\N	\N	2024-12-10 12:41:12.60413+05:30	\N	\N	10:00:00	20	533	117
4bec0b66-a04b-4590-9c5c-fc77bdfa5d39	ID574VF	Local Orders	1320	Viewed			\N	\N	2024-12-10 16:11:33.999271+05:30	2024-12-16 12:39:22.679562+05:30	1c718808-4fcd-47bb-9330-75038a34a3ae	20585010-dc17-44e5-a7cc-375152d62dad	8dde8133-7aa4-425f-8b5a-ef0d7e9d8522	\N	\N	2024-12-10 16:11:33.999253+05:30	\N	\N	14:00:00	20	1183	117
9ae25c7f-392b-462a-80f6-2ba8dabd329c	ID246ZO	Local Orders	1720	New Order			\N	\N	2024-12-10 13:51:50.348335+05:30	2024-12-10 13:51:50.359795+05:30	e82cb1c8-2743-460f-8ab2-8cea1aca5def	20585010-dc17-44e5-a7cc-375152d62dad	50b0a43a-9727-47ff-b6cf-475f959c5c25	\N	\N	2024-12-10 13:51:50.348318+05:30	\N	\N	14:00:00	20	1457	243
cc68c6cf-b5c0-4612-9a32-3740eda26aff	ID207DR	Local Orders	15020	New Order			\N	\N	2024-12-10 14:24:57.228919+05:30	2024-12-10 14:24:57.236649+05:30	39683553-8d17-4a46-b329-b39d09cc2e5b	3bda6216-51f9-4aea-bf57-6d8f1823db74	45696072-b4a6-4157-9fa5-fd74a9e8b204	\N	\N	2024-12-10 14:24:57.228902+05:30	\N	\N	12:00:00	20	14010	990
dc58e2ed-b27f-4b6c-8408-8a12e2d23691	ID321AH	Local Orders	770	New Order			\N	\N	2024-12-10 14:34:57.16328+05:30	2024-12-10 14:34:57.175543+05:30	a3ce4d16-ad08-417a-b49c-628e0eda23db	3bda6216-51f9-4aea-bf57-6d8f1823db74	45696072-b4a6-4157-9fa5-fd74a9e8b204	\N	\N	2024-12-10 14:34:57.163263+05:30	\N	\N	12:00:00	20	650.2	99.8
41120b3b-c5b1-473b-9c92-d7660eacb7f3	ID294CT	Local Orders	6020	New Order			\N	\N	2024-12-10 14:42:24.925408+05:30	2024-12-10 14:42:24.932508+05:30	9ed787f7-6b36-488a-a054-bb578795a0ea	3bda6216-51f9-4aea-bf57-6d8f1823db74	45696072-b4a6-4157-9fa5-fd74a9e8b204	\N	\N	2024-12-10 14:42:24.925392+05:30	\N	\N	14:00:00	20	5010	990
3b643eaf-b16b-42bf-96d9-37f0238b5b8c	ID293VL	Local Orders	2390	New Order			\N	\N	2024-12-10 14:56:28.30776+05:30	2024-12-10 14:56:28.31575+05:30	deb19ac4-7ae3-4a7c-bc2e-48fcdd972ac9	3bda6216-51f9-4aea-bf57-6d8f1823db74	45696072-b4a6-4157-9fa5-fd74a9e8b204	\N	\N	2024-12-10 14:56:28.307743+05:30	\N	\N	10:00:00	20	2212	158
b6bf4108-7511-4ef3-b34b-751a3cdea5d2	ID356LM	Local Orders	20	New Order			\N	\N	2024-12-10 15:10:35.883148+05:30	2024-12-10 15:10:35.885729+05:30	033e1d23-5d83-497d-8ac7-05d15f9839e6	3bda6216-51f9-4aea-bf57-6d8f1823db74	45696072-b4a6-4157-9fa5-fd74a9e8b204	\N	\N	2024-12-10 15:10:35.883131+05:30	\N	\N	14:00:00	20	0	0
eb12b797-3912-40ff-9c37-99cdcabbb61b	ID129UW	Local Orders	1070	New Order			\N	\N	2024-12-10 15:11:47.145805+05:30	2024-12-10 15:11:47.153215+05:30	2ad6dc8b-e6e2-488b-bf8e-f4707d7975ea	3bda6216-51f9-4aea-bf57-6d8f1823db74	45696072-b4a6-4157-9fa5-fd74a9e8b204	\N	\N	2024-12-10 15:11:47.145788+05:30	\N	\N	12:00:00	20	924	126
5775cf4c-892d-4b94-aa23-310abead0db1	ID716IM	Local Orders	4960	New Order			\N	\N	2024-12-10 15:20:37.761724+05:30	2024-12-10 15:20:37.772659+05:30	29af0c6e-23b9-4520-b420-cda94f0643a9	cf03618d-eaf7-4a8d-87ef-9ae17806b6d2	05a4d0cf-eab2-48f4-a00a-be8cfddf60ee	\N	\N	2024-12-10 15:20:37.761708+05:30	\N	\N	10:00:00	20	4312.8	627.2
adf180fe-0590-48c7-9310-ead2502dfd91	ID862LN	Local Orders	1070	New Order			\N	\N	2024-12-10 15:32:39.766791+05:30	2024-12-10 15:32:39.774368+05:30	7f99b036-17a3-49cd-bf76-5d84e5da25c3	3bda6216-51f9-4aea-bf57-6d8f1823db74	8dde8133-7aa4-425f-8b5a-ef0d7e9d8522	\N	\N	2024-12-10 15:32:39.766775+05:30	\N	\N	14:00:00	20	924	126
bfe010da-7ad2-446f-92c8-2eebedb16557	ID386BC	Local Orders	1320	New Order			\N	\N	2024-12-10 15:52:15.648203+05:30	2024-12-10 15:52:15.654766+05:30	03c6a122-60e8-4711-80a6-892480c4aab9	3bda6216-51f9-4aea-bf57-6d8f1823db74	8dde8133-7aa4-425f-8b5a-ef0d7e9d8522	\N	\N	2024-12-10 15:52:15.648186+05:30	\N	\N	14:00:00	20	1183	117
516917ae-20fc-4330-83f0-996dd5cc2495	ID576CU	Local Orders	4220	New Order			\N	\N	2024-12-10 15:55:35.34287+05:30	2024-12-10 15:55:35.350681+05:30	dc09d6c2-f535-43c2-89b8-e373fa059cd4	3bda6216-51f9-4aea-bf57-6d8f1823db74	45696072-b4a6-4157-9fa5-fd74a9e8b204	\N	\N	2024-12-10 15:55:35.342853+05:30	\N	\N	14:00:00	20	4074	126
3387adb1-52cd-4213-b8d9-592300dfcccc	ID307ER	Local Orders	5270	New Order			\N	\N	2024-12-10 15:56:25.933044+05:30	2024-12-10 15:56:25.940814+05:30	617ab961-c7bb-4c99-9bee-d7793abda17f	3bda6216-51f9-4aea-bf57-6d8f1823db74	45696072-b4a6-4157-9fa5-fd74a9e8b204	\N	\N	2024-12-10 15:56:25.933027+05:30	\N	\N	14:00:00	20	5124	126
0cd9d115-5c48-4ec2-8a44-89a07e338e95	ID726IF	Local Orders	4220	New Order			\N	\N	2024-12-10 15:59:13.374621+05:30	2024-12-10 15:59:13.3817+05:30	4955c266-2101-4840-9ed3-abacbd07ba97	3bda6216-51f9-4aea-bf57-6d8f1823db74	45696072-b4a6-4157-9fa5-fd74a9e8b204	\N	\N	2024-12-10 15:59:13.374604+05:30	\N	\N	14:00:00	20	4074	126
12dbeb9f-2227-4160-b905-f3218ee72eca	ID696OP	Local Orders	670	New Order			\N	\N	2024-12-10 16:00:15.533832+05:30	2024-12-10 16:00:15.541943+05:30	3fdec35b-e37e-43ca-a652-d035971007fa	3bda6216-51f9-4aea-bf57-6d8f1823db74	8dde8133-7aa4-425f-8b5a-ef0d7e9d8522	\N	\N	2024-12-10 16:00:15.533813+05:30	\N	\N	14:00:00	20	533	117
b278c8f3-8d0d-476e-8373-5f24f996ab70	ID563LV	Local Orders	10370	New Order			\N	\N	2024-12-10 16:01:34.142905+05:30	2024-12-10 16:01:34.15948+05:30	6f4a719f-1233-44f9-b2a2-c2c74b208aaa	3bda6216-51f9-4aea-bf57-6d8f1823db74	45696072-b4a6-4157-9fa5-fd74a9e8b204	\N	\N	2024-12-10 16:01:34.142885+05:30	\N	\N	10:00:00	20	10107	243
7802b804-ee81-41f3-913d-9af509e87b96	ID832AW	Local Orders	670	New Order			\N	\N	2024-12-10 16:05:30.518212+05:30	2024-12-10 16:05:30.526782+05:30	87abf68f-0dfa-49f5-ab5b-e4fb0407d6ca	3bda6216-51f9-4aea-bf57-6d8f1823db74	8dde8133-7aa4-425f-8b5a-ef0d7e9d8522	\N	\N	2024-12-10 16:05:30.518194+05:30	\N	\N	14:00:00	20	533	117
6787fe02-6175-40cc-8ae8-06ab5229cd73	ID404XV	Local Orders	20	Viewed			\N	\N	2024-12-10 12:35:07.241694+05:30	2024-12-23 13:03:15.393506+05:30	6f8b7e2b-dec9-4c25-bbb0-f90bcb2d33f0	20585010-dc17-44e5-a7cc-375152d62dad	65b46b90-d694-4366-9769-7ed66327c835	\N	\N	2024-12-10 12:35:07.241676+05:30	\N	\N	14:00:00	20	0	0
f0cb3730-47bf-4e4c-ae5e-13f6d1bac49d	ID723GV	Local Orders	670	New Order			\N	\N	2024-12-10 16:20:27.378031+05:30	2024-12-10 16:20:27.385721+05:30	763550c5-3658-44ba-88b1-c9d42ff5bdcf	20585010-dc17-44e5-a7cc-375152d62dad	8dde8133-7aa4-425f-8b5a-ef0d7e9d8522	\N	\N	2024-12-10 16:20:27.378015+05:30	\N	\N	14:00:00	20	533	117
5267893c-60eb-4868-a152-528402f73fe0	ID415NO	Local Orders	7070	New Order			\N	\N	2024-12-10 16:24:01.877929+05:30	2024-12-10 16:24:01.896457+05:30	490653f6-abf5-477a-8a45-439a544f2181	3bda6216-51f9-4aea-bf57-6d8f1823db74	45696072-b4a6-4157-9fa5-fd74a9e8b204	\N	\N	2024-12-10 16:24:01.877909+05:30	\N	\N	14:00:00	20	6696.2	353.8
3ce40376-e53a-45ea-80e5-399ec1fecfe3	ID194VW	Local Orders	2120	New Order			\N	\N	2024-12-10 16:42:18.020915+05:30	2024-12-10 16:42:18.030822+05:30	db66e19a-c9f5-4e53-bbe2-d4b57d2dd6e7	20585010-dc17-44e5-a7cc-375152d62dad	8dde8133-7aa4-425f-8b5a-ef0d7e9d8522	\N	\N	2024-12-10 16:42:18.020898+05:30	\N	\N	14:00:00	20	1974	126
744dfff2-ab91-4cc3-bf4e-14bfb1f38a8a	ID871TU	Local Orders	1070	Viewed			\N	\N	2024-12-10 17:05:39.926295+05:30	2024-12-16 11:41:24.235772+05:30	90ac5150-46af-47b7-951a-1d7f0c58c96e	20585010-dc17-44e5-a7cc-375152d62dad	6e8da82f-e573-412f-b8e0-82442a0dc0dc	\N	\N	2024-12-10 17:05:39.926277+05:30	\N	\N	14:00:00	20	924	126
11f53478-2091-40e9-820d-d8dfae669b44	ID889MZ	Local Orders	670	New Order			\N	\N	2024-12-10 16:58:34.817224+05:30	2024-12-10 16:58:34.82528+05:30	e8653b0b-bebb-4033-8304-4a3d7d187ce1	20585010-dc17-44e5-a7cc-375152d62dad	6e8da82f-e573-412f-b8e0-82442a0dc0dc	\N	\N	2024-12-10 16:58:34.817207+05:30	\N	\N	14:00:00	20	533	117
b65e4bae-1bdd-435f-8d9c-eb3393c0814d	ID348NG	Local Orders	670	New Order			\N	\N	2024-12-10 17:03:06.989172+05:30	2024-12-10 17:03:06.997471+05:30	49fe674c-a083-4b3f-b1c1-4b5f001a89df	20585010-dc17-44e5-a7cc-375152d62dad	6e8da82f-e573-412f-b8e0-82442a0dc0dc	\N	\N	2024-12-10 17:03:06.989155+05:30	\N	\N	14:00:00	20	533	117
6ed816a8-2b75-4f5f-85ef-32175463c217	ID276SB	Local Orders	2120	Delivered			2024-12-16 13:31:02.750016+05:30	\N	2024-12-10 17:24:39.88186+05:30	2024-12-16 13:31:09.93093+05:30	c2f49a76-ee4d-4898-900f-083a29eb7df7	20585010-dc17-44e5-a7cc-375152d62dad	6e8da82f-e573-412f-b8e0-82442a0dc0dc	\N	\N	2024-12-10 17:24:39.881844+05:30	1	\N	10:00:00	20	1974	126
ebbfa500-0f33-434d-8e44-57f0903ede90	ID134NN	Local Orders	1070	Order Packed			\N	\N	2024-12-11 10:34:25.168906+05:30	2024-12-13 16:22:13.591238+05:30	c018a94a-3b0f-4476-8ed8-648bb1f9697d	20585010-dc17-44e5-a7cc-375152d62dad	6e8da82f-e573-412f-b8e0-82442a0dc0dc	\N	\N	2024-12-11 10:34:25.16889+05:30	\N	\N	14:00:00	20	924	126
fbcd9d06-3984-48d3-8164-bafb73cf1f47	ID347SR	Local Orders	1070	Delivered			2024-12-16 11:42:52.600209+05:30	\N	2024-12-10 17:13:20.63664+05:30	2024-12-16 11:43:02.244087+05:30	23e137c2-83a6-4c3c-9a21-4c3314306412	20585010-dc17-44e5-a7cc-375152d62dad	6e8da82f-e573-412f-b8e0-82442a0dc0dc	\N	\N	2024-12-10 17:13:20.636624+05:30	1	\N	14:00:00	20	924	126
338a46d8-62b6-4f5d-8a73-6f4e89179628	ID553MY	Local Orders	1070	Viewed			\N	\N	2024-12-10 17:39:25.80153+05:30	2024-12-23 17:28:52.437785+05:30	1cdd4414-7baa-49ee-8a88-258dd706b498	20585010-dc17-44e5-a7cc-375152d62dad	6e8da82f-e573-412f-b8e0-82442a0dc0dc	\N	\N	2024-12-10 17:39:25.801513+05:30	\N	\N	10:00:00	20	924	126
b5be4943-9b26-4098-9760-3a358371c6bc	ID525TE	Local Orders	670	New Order			\N	\N	2024-12-10 17:29:23.063205+05:30	2024-12-10 17:29:23.070922+05:30	7fe94f2e-cfea-4c76-be81-017d8edc6dd5	20585010-dc17-44e5-a7cc-375152d62dad	6e8da82f-e573-412f-b8e0-82442a0dc0dc	\N	\N	2024-12-10 17:29:23.063189+05:30	\N	\N	10:00:00	20	533	117
d711af47-4c78-4054-8df6-9b21e2997666	ID813NT	Local Orders	670	New Order			\N	\N	2024-12-10 17:31:29.216637+05:30	2024-12-10 17:31:29.224439+05:30	684b50d2-89e9-4b81-9c1d-0d1daa168c62	20585010-dc17-44e5-a7cc-375152d62dad	6e8da82f-e573-412f-b8e0-82442a0dc0dc	\N	\N	2024-12-10 17:31:29.21662+05:30	\N	\N	10:00:00	20	533	117
ea060f5f-e0d7-4919-bced-cf541be40452	ID865YG	Local Orders	1070	New Order			\N	\N	2024-12-10 17:34:21.504318+05:30	2024-12-10 17:34:21.511314+05:30	cd8eee69-44b0-49e6-8032-30493aa7d605	20585010-dc17-44e5-a7cc-375152d62dad	6e8da82f-e573-412f-b8e0-82442a0dc0dc	\N	\N	2024-12-10 17:34:21.5043+05:30	\N	\N	14:00:00	20	924	126
54a2dd38-1637-415a-ae42-db9ac01a298e	ID487TU	Local Orders	670	New Order			\N	\N	2024-12-10 17:36:31.2706+05:30	2024-12-10 17:36:31.280173+05:30	798c06ab-46e6-49b3-aafe-bdc2a5ef0b0c	20585010-dc17-44e5-a7cc-375152d62dad	6e8da82f-e573-412f-b8e0-82442a0dc0dc	\N	\N	2024-12-10 17:36:31.270583+05:30	\N	\N	14:00:00	20	533	117
4eb1fe92-f217-4623-b41a-787c164cd209	ID644XU	Local Orders	2120	New Order			\N	\N	2024-12-10 17:40:57.601067+05:30	2024-12-10 17:40:57.609365+05:30	8b5aac59-058c-42c5-a39e-be67cb189db0	20585010-dc17-44e5-a7cc-375152d62dad	6e8da82f-e573-412f-b8e0-82442a0dc0dc	\N	\N	2024-12-10 17:40:57.601051+05:30	\N	\N	12:00:00	20	1974	126
cbdb32c2-9cad-4f83-a309-8ef8478ff563	ID761UV	Local Orders	1070	New Order			\N	\N	2024-12-10 17:46:38.054288+05:30	2024-12-10 17:46:38.062398+05:30	0205c2f5-b30d-47e4-92b4-eeba5c20f655	20585010-dc17-44e5-a7cc-375152d62dad	6e8da82f-e573-412f-b8e0-82442a0dc0dc	\N	\N	2024-12-10 17:46:38.05427+05:30	\N	\N	14:00:00	20	924	126
072d8f0e-3779-4c3d-a529-54a4a987daf2	ID499TG	Local Orders	1070	New Order			\N	\N	2024-12-10 17:50:43.235137+05:30	2024-12-10 17:50:43.243784+05:30	db29b93e-a05c-4d18-a476-9cef11040e97	20585010-dc17-44e5-a7cc-375152d62dad	6e8da82f-e573-412f-b8e0-82442a0dc0dc	\N	\N	2024-12-10 17:50:43.23512+05:30	\N	\N	10:00:00	20	924	126
29a64b58-a8cb-423e-bee8-c9c40382b2e0	ID414LL	Local Orders	2120	New Order			\N	\N	2024-12-10 17:53:43.644293+05:30	2024-12-10 17:53:43.651625+05:30	de1b24d8-c6a7-4c97-9395-dc355579c783	20585010-dc17-44e5-a7cc-375152d62dad	6e8da82f-e573-412f-b8e0-82442a0dc0dc	\N	\N	2024-12-10 17:53:43.644276+05:30	\N	\N	14:00:00	20	1974	126
59e48249-7988-4943-9749-0d79d0c101d1	ID356MT	Local Orders	670	New Order			\N	\N	2024-12-10 17:54:59.835568+05:30	2024-12-10 17:54:59.841958+05:30	6f3451a6-1af2-4a70-a8c5-e4d901caf5aa	20585010-dc17-44e5-a7cc-375152d62dad	6e8da82f-e573-412f-b8e0-82442a0dc0dc	\N	\N	2024-12-10 17:54:59.835551+05:30	\N	\N	14:00:00	20	533	117
8060b3ef-7761-4dbe-af06-45855d13bb54	ID332AC	Local Orders	6320	New Order			\N	\N	2024-12-11 10:01:41.845114+05:30	2024-12-11 10:01:41.862175+05:30	979f3886-aaa0-4ca9-bec0-627e6c351f18	3bda6216-51f9-4aea-bf57-6d8f1823db74	45696072-b4a6-4157-9fa5-fd74a9e8b204	\N	\N	2024-12-11 10:01:41.845097+05:30	\N	\N	14:00:00	20	6174	126
1cbcfa3f-7010-4aa0-8bca-a476bdefbe98	ID334RI	Local Orders	6070	New Order			\N	\N	2024-12-11 10:15:13.469356+05:30	2024-12-11 10:15:13.482385+05:30	525e12be-7959-47f3-a363-1896761067dd	3bda6216-51f9-4aea-bf57-6d8f1823db74	05a4d0cf-eab2-48f4-a00a-be8cfddf60ee	\N	\N	2024-12-11 10:15:13.469339+05:30	\N	\N	12:00:00	20	5854	196
6a1903be-e301-436d-a4fd-3bb788ca407f	ID117LL	Local Orders	1070	Delivered			2024-12-13 16:21:53.105177+05:30	\N	2024-12-10 16:52:19.070483+05:30	2024-12-13 16:22:04.358421+05:30	3f4b77b5-6bb6-4932-b801-00e2adf75fdb	20585010-dc17-44e5-a7cc-375152d62dad	6e8da82f-e573-412f-b8e0-82442a0dc0dc	\N	\N	2024-12-10 16:52:19.070466+05:30	1	\N	14:00:00	20	924	126
7b8aa101-fb58-4801-a75a-bbdd1e97d324	ID838GW	Local Orders	915	New Order			\N	\N	2024-12-11 12:44:09.556839+05:30	2024-12-11 12:44:09.565124+05:30	44ff463c-b2d8-4a73-930e-e7f460e142c9	cf03618d-eaf7-4a8d-87ef-9ae17806b6d2	8f46b505-02e6-42d9-84b2-8efafe705d43	\N	\N	2024-12-11 12:44:09.556822+05:30	\N	2024-12-12	10:00:00	20	393.8	501.20000000000005
80ae05cd-48d0-4fd7-9876-3641c01de5fb	ID799KG	Local Orders	810	New Order			\N	\N	2024-12-11 12:30:52.276069+05:30	2024-12-11 12:30:52.283151+05:30	d4a8924f-c110-4c70-8f5d-607952324088	cf03618d-eaf7-4a8d-87ef-9ae17806b6d2	8f46b505-02e6-42d9-84b2-8efafe705d43	\N	\N	2024-12-11 12:30:52.276053+05:30	\N	2024-12-11	14:00:00	20	632	158
798c6534-a8a7-4435-9774-fa17a7049121	ID350VW	Local Orders	915	New Order			\N	\N	2024-12-11 12:06:51.123598+05:30	2024-12-11 12:06:51.131151+05:30	b46f896c-b72b-4d15-97f8-235e1dfe6823	cf03618d-eaf7-4a8d-87ef-9ae17806b6d2	8f46b505-02e6-42d9-84b2-8efafe705d43	\N	\N	2024-12-11 12:06:51.123582+05:30	\N	2024-12-11	14:00:00	20	393.8	501.20000000000005
6b1493cd-e4d5-4156-acd9-046a7d49e028	ID912XH	Local Orders	1070	New Order			\N	\N	2024-12-11 12:38:27.599948+05:30	2024-12-11 12:38:27.608174+05:30	7c41af7a-f89d-41d5-9a8d-2d584f143e97	cf03618d-eaf7-4a8d-87ef-9ae17806b6d2	8f46b505-02e6-42d9-84b2-8efafe705d43	\N	\N	2024-12-11 12:38:27.599931+05:30	\N	2024-12-11	14:00:00	20	924	126
0660fbb0-13be-4239-99f6-5067f7a1cc81	ID114ZU	Local Orders	1070	New Order			\N	\N	2024-12-11 12:40:29.369579+05:30	2024-12-11 12:40:29.377425+05:30	be76ff7a-0896-4824-84dd-a792ebaeae0e	cf03618d-eaf7-4a8d-87ef-9ae17806b6d2	8f46b505-02e6-42d9-84b2-8efafe705d43	\N	\N	2024-12-11 12:40:29.369564+05:30	\N	2024-12-11	14:00:00	20	924	126
40670f60-3f28-4e9d-bad4-3c0c70d02e9d	ID628XM	Local Orders	1070	New Order			\N	\N	2024-12-11 12:42:15.59517+05:30	2024-12-11 12:42:15.602753+05:30	6434bb32-5e66-42b5-9103-ad6de7379792	cf03618d-eaf7-4a8d-87ef-9ae17806b6d2	8f46b505-02e6-42d9-84b2-8efafe705d43	\N	\N	2024-12-11 12:42:15.595154+05:30	\N	2024-12-11	14:00:00	20	924	126
48ce46d4-d14f-4ade-b13a-0328b5d352d5	ID290CO	Local Orders	810	New Order			\N	\N	2024-12-11 13:07:20.889719+05:30	2024-12-11 13:07:20.897056+05:30	2f05dc2f-e82e-4c2c-a165-c57f1635b2c7	cf03618d-eaf7-4a8d-87ef-9ae17806b6d2	8f46b505-02e6-42d9-84b2-8efafe705d43	\N	\N	2024-12-11 13:07:20.889702+05:30	\N	2024-12-13	14:00:00	20	632	158
541c22aa-9ff6-47bc-989f-656399fb51a9	ID945QV	Local Orders	915	New Order			\N	\N	2024-12-11 13:14:39.796426+05:30	2024-12-11 13:14:39.80504+05:30	ea984c09-3ee9-4348-a618-0b51f3641f14	cf03618d-eaf7-4a8d-87ef-9ae17806b6d2	8f46b505-02e6-42d9-84b2-8efafe705d43	\N	\N	2024-12-11 13:14:39.796409+05:30	\N	2024-12-11	14:00:00	20	393.8	501.20000000000005
98f92c53-d80e-4ff0-ae58-5c17073e36d7	ID616MV	Local Orders	915	New Order			\N	\N	2024-12-11 13:21:31.448874+05:30	2024-12-11 13:21:31.457434+05:30	ceabde18-d65c-43b0-9cef-7ec933c1c323	cf03618d-eaf7-4a8d-87ef-9ae17806b6d2	8f46b505-02e6-42d9-84b2-8efafe705d43	\N	\N	2024-12-11 13:21:31.448858+05:30	\N	2024-12-11	14:00:00	20	393.8	501.20000000000005
ba7e95e8-4eb0-406c-8f9c-18887538ef6e	ID428PW	Local Orders	220	New Order			\N	\N	2024-12-11 13:41:55.044658+05:30	2024-12-11 13:41:55.052236+05:30	11d8a423-f8e7-41bd-b852-059a52ad6a8d	20585010-dc17-44e5-a7cc-375152d62dad	5bb8c021-dce9-40d0-bedd-fab1b37ad70d	\N	\N	2024-12-11 13:41:55.044637+05:30	\N	\N	14:00:00	20	172	28
f9552040-70d5-441d-9741-9394874e73d2	ID264HA	Local Orders	915	New Order			\N	\N	2024-12-11 13:47:33.694405+05:30	2024-12-11 13:47:33.703758+05:30	9662ac74-c1f7-4900-bb9d-34ce7fac2879	cf03618d-eaf7-4a8d-87ef-9ae17806b6d2	8f46b505-02e6-42d9-84b2-8efafe705d43	\N	\N	2024-12-11 13:47:33.69439+05:30	\N	2024-12-11	14:00:00	20	393.8	501.20000000000005
e8e96227-44a7-498b-939a-451513b82606	ID559ZZ	Local Orders	915	New Order			\N	\N	2024-12-11 14:01:16.507701+05:30	2024-12-11 14:01:16.515493+05:30	082c7563-4eae-4f33-8710-4f2a779b8984	cf03618d-eaf7-4a8d-87ef-9ae17806b6d2	8f46b505-02e6-42d9-84b2-8efafe705d43	\N	\N	2024-12-11 14:01:16.507685+05:30	\N	2024-12-12	14:00:00	20	393.8	501.20000000000005
ea9aa437-3240-472b-8325-67613d26f927	ID175BK	Local Orders	1770	New Order			\N	\N	2024-12-11 14:03:24.051462+05:30	2024-12-11 14:03:24.059266+05:30	c32e50ef-954a-4f68-bc4f-6b4b96e363a2	cf03618d-eaf7-4a8d-87ef-9ae17806b6d2	8f46b505-02e6-42d9-84b2-8efafe705d43	\N	\N	2024-12-11 14:03:24.051446+05:30	\N	2024-12-12	14:00:00	20	1540	210
85f40035-cf62-4ef5-9e1c-6e29a264f1e5	ID298UD	Local Orders	670	Viewed			\N	\N	2024-12-10 16:17:07.609061+05:30	2024-12-16 11:23:14.184061+05:30	4a46b9c8-0ccf-43cb-aede-fcb0618be76d	20585010-dc17-44e5-a7cc-375152d62dad	8dde8133-7aa4-425f-8b5a-ef0d7e9d8522	\N	\N	2024-12-10 16:17:07.609045+05:30	\N	\N	14:00:00	20	533	117
1852bb49-aebe-41bf-871b-79cc01a71e34	ID179SS	Local Orders	1770	New Order			\N	\N	2024-12-11 14:48:41.629609+05:30	2024-12-11 14:48:41.638249+05:30	f5926278-855e-48a8-b0bc-ce6b2cc89f18	cf03618d-eaf7-4a8d-87ef-9ae17806b6d2	8f46b505-02e6-42d9-84b2-8efafe705d43	\N	\N	2024-12-11 14:48:41.629594+05:30	\N	2024-12-12	14:00:00	20	1540	210
6007320e-c8f4-477b-a21e-2b45c90212bb	ID112GO	Local Orders	1610	New Order			\N	\N	2024-12-11 15:04:10.147972+05:30	2024-12-11 15:04:10.163334+05:30	9f0a270d-6ef0-4a98-badb-c2695a23aeb8	3bda6216-51f9-4aea-bf57-6d8f1823db74	5bb8c021-dce9-40d0-bedd-fab1b37ad70d	\N	\N	2024-12-11 15:04:10.147955+05:30	\N	\N	12:00:00	20	1294	296
6bd23694-058b-4364-bd8b-b635e9e9b7ab	ID968PL	Local Orders	915	New Order			\N	\N	2024-12-11 15:08:19.010127+05:30	2024-12-11 15:08:19.020663+05:30	b49d0554-fcde-4cc5-a80c-08a8f1884001	cf03618d-eaf7-4a8d-87ef-9ae17806b6d2	8f46b505-02e6-42d9-84b2-8efafe705d43	\N	\N	2024-12-11 15:08:19.01011+05:30	\N	2024-12-12	14:00:00	20	393.8	501.20000000000005
29c5b86f-7dbd-4ef1-9a5b-2054808383d7	ID844UE	Local Orders	915	New Order			\N	\N	2024-12-11 15:10:50.23411+05:30	2024-12-11 15:10:50.242689+05:30	cf65ccba-1321-41a1-a30a-ec2797886448	cf03618d-eaf7-4a8d-87ef-9ae17806b6d2	8f46b505-02e6-42d9-84b2-8efafe705d43	\N	\N	2024-12-11 15:10:50.234093+05:30	\N	2024-12-12	14:00:00	20	393.8	501.20000000000005
bcbc3203-0910-4f8f-975e-253fc8927d73	ID910HK	Local Orders	915	New Order			\N	\N	2024-12-11 15:15:18.241396+05:30	2024-12-11 15:15:18.248956+05:30	48cab17d-6570-4dfe-894b-8855739b0512	cf03618d-eaf7-4a8d-87ef-9ae17806b6d2	8f46b505-02e6-42d9-84b2-8efafe705d43	\N	\N	2024-12-11 15:15:18.24138+05:30	\N	2024-12-12	14:00:00	20	393.8	501.20000000000005
b62b1687-1785-409c-8e7f-42d5ad1ed4f5	ID254RC	Local Orders	915	New Order			\N	\N	2024-12-11 15:17:19.494715+05:30	2024-12-11 15:17:19.503658+05:30	a2b3e487-f5c2-4b75-9b50-6b6d01d652ec	cf03618d-eaf7-4a8d-87ef-9ae17806b6d2	8f46b505-02e6-42d9-84b2-8efafe705d43	\N	\N	2024-12-11 15:17:19.494698+05:30	\N	2024-12-12	14:00:00	20	393.8	501.20000000000005
8347049f-f33f-44f1-b91a-bd27473ecf39	ID266OD	Local Orders	915	New Order			\N	\N	2024-12-11 15:20:14.675343+05:30	2024-12-11 15:20:14.683541+05:30	9cc69b20-2173-49bf-b5cc-2a3fd8d9da56	cf03618d-eaf7-4a8d-87ef-9ae17806b6d2	8f46b505-02e6-42d9-84b2-8efafe705d43	\N	\N	2024-12-11 15:20:14.675327+05:30	\N	2024-12-12	14:00:00	20	393.8	501.20000000000005
cac45cbb-1407-47ae-a303-1961a0bafbb9	ID285FU	Local Orders	1330	New Order			\N	\N	2024-12-11 15:55:54.256155+05:30	2024-12-11 15:55:54.268033+05:30	7a1f924b-6983-4c06-98e4-9f4f38f1c58c	3bda6216-51f9-4aea-bf57-6d8f1823db74	5bb8c021-dce9-40d0-bedd-fab1b37ad70d	\N	\N	2024-12-11 15:55:54.256137+05:30	\N	\N	14:00:00	20	-185.9	1495.9
bac85c7f-e78b-4916-b1ca-b513039de2b5	ID780LO	Local Orders	570	New Order			\N	\N	2024-12-11 15:59:30.073278+05:30	2024-12-11 15:59:30.081487+05:30	e66b3cef-d62b-4776-b91e-b88fc8728a83	3bda6216-51f9-4aea-bf57-6d8f1823db74	5bb8c021-dce9-40d0-bedd-fab1b37ad70d	\N	\N	2024-12-11 15:59:30.073262+05:30	\N	\N	14:00:00	20	-687.5	1237.5
e8e7ba60-feeb-4541-b2b1-bae3d2fea536	ID368QH	Local Orders	670	New Order			\N	\N	2024-12-11 15:57:42.054345+05:30	2024-12-11 15:57:42.062982+05:30	f5b9617e-9ad7-474e-9fd8-84c604cc778c	3bda6216-51f9-4aea-bf57-6d8f1823db74	5bb8c021-dce9-40d0-bedd-fab1b37ad70d	\N	\N	2024-12-11 15:57:42.054327+05:30	\N	\N	14:00:00	20	533	117
d98fcc13-e07f-4ebf-8003-19a8ef1eec07	ID959IC	Local Orders	16370	New Order			\N	\N	2024-12-11 17:56:01.599068+05:30	2024-12-11 17:56:01.634744+05:30	89adce18-9971-4b3d-8480-7582281a3060	cf03618d-eaf7-4a8d-87ef-9ae17806b6d2	936b6a39-8375-4428-b4df-eb7e5083c65e	\N	\N	2024-12-11 17:56:01.599042+05:30	\N	2024-12-13	14:00:00	20	14467.6	1882.3999999999999
ee94326f-9975-4adb-aab6-e857c1d358a5	ID887GV	Local Orders	2705	New Order			\N	\N	2024-12-11 18:03:07.453546+05:30	2024-12-11 18:03:07.462741+05:30	cb39abd5-1bfb-41f1-a539-b832f4921ce6	cf03618d-eaf7-4a8d-87ef-9ae17806b6d2	936b6a39-8375-4428-b4df-eb7e5083c65e	\N	\N	2024-12-11 18:03:07.45353+05:30	\N	2024-12-12	10:00:00	20	2183.8	501.20000000000005
e8de4ab0-f4b3-45cc-b0a0-5ad3c5752506	ID648BL	Local Orders	2550	New Order			\N	\N	2024-12-11 16:01:32.491836+05:30	2024-12-11 16:01:32.504086+05:30	dbc6a1f4-4c1c-4997-9fbe-623d55017825	20585010-dc17-44e5-a7cc-375152d62dad	45696072-b4a6-4157-9fa5-fd74a9e8b204	\N	\N	2024-12-11 16:01:32.49182+05:30	\N	\N	14:00:00	20	2220	310
83e02713-a307-4e19-8fa8-7735ed69412e	ID198GN	Local Orders	570	New Order			\N	\N	2024-12-11 16:02:49.815062+05:30	2024-12-11 16:02:49.821946+05:30	c3bcc068-d36a-4a8f-a06d-ac2e8e254cf3	3bda6216-51f9-4aea-bf57-6d8f1823db74	5bb8c021-dce9-40d0-bedd-fab1b37ad70d	\N	\N	2024-12-11 16:02:49.815044+05:30	\N	\N	10:00:00	20	-687.5	1237.5
a5dd4adb-57ae-4207-89c3-25360da2db65	ID950UI	Local Orders	2220	New Order			\N	\N	2024-12-11 16:05:47.248952+05:30	2024-12-11 16:05:47.260252+05:30	9b76578c-96aa-402b-b270-ed03db3c0cf7	3bda6216-51f9-4aea-bf57-6d8f1823db74	45696072-b4a6-4157-9fa5-fd74a9e8b204	\N	\N	2024-12-11 16:05:47.248936+05:30	\N	\N	12:00:00	20	1995.2	204.8
086d9b02-23f8-4071-a0de-07fd5768b139	ID985SX	Local Orders	2120	New Order			\N	\N	2024-12-11 16:08:51.191924+05:30	2024-12-11 16:08:51.198756+05:30	7ae03c01-8d61-4326-9481-1d2da1d1dabf	3bda6216-51f9-4aea-bf57-6d8f1823db74	45696072-b4a6-4157-9fa5-fd74a9e8b204	\N	\N	2024-12-11 16:08:51.191908+05:30	\N	\N	12:00:00	20	1974	126
a7bf24b2-d337-4d0e-9859-d002da067716	ID838TM	Local Orders	1070	New Order			\N	\N	2024-12-11 16:08:58.627814+05:30	2024-12-11 16:08:58.634719+05:30	a4e642e3-4202-456b-864f-2bcdf243f4d0	3bda6216-51f9-4aea-bf57-6d8f1823db74	5bb8c021-dce9-40d0-bedd-fab1b37ad70d	\N	\N	2024-12-11 16:08:58.627798+05:30	\N	\N	10:00:00	20	924	126
b39cda93-10ca-4571-9fa6-82c7ea6330a8	ID637EM	Local Orders	2870	New Order			\N	\N	2024-12-12 09:34:48.910534+05:30	2024-12-12 09:34:48.928182+05:30	164d581b-483e-4a39-9b79-8626f9cccd3c	66cc5d03-81a0-46b7-ab24-6417cc8b5b8c	936b6a39-8375-4428-b4df-eb7e5083c65e	\N	\N	2024-12-12 09:34:48.910517+05:30	\N	2024-12-13	10:00:00	20	1862	988
b62d4d1f-8de1-4caa-93ef-dcf4c16a933d	ID325JC	Local Orders	915	New Order			\N	\N	2024-12-11 17:29:03.606753+05:30	2024-12-11 17:29:03.626045+05:30	41216a32-d4c5-4de0-8872-305905f10524	cf03618d-eaf7-4a8d-87ef-9ae17806b6d2	8f46b505-02e6-42d9-84b2-8efafe705d43	\N	\N	2024-12-11 17:29:03.606734+05:30	\N	2024-12-13	10:00:00	20	393.8	501.20000000000005
d323e9e7-8bc8-4d24-83a8-b6b486e3bbbb	ID749XP	Local Orders	915	New Order			\N	\N	2024-12-11 17:30:48.363281+05:30	2024-12-11 17:30:48.373761+05:30	2d55e0c3-0391-48ac-87e8-caa67f68a728	cf03618d-eaf7-4a8d-87ef-9ae17806b6d2	8f46b505-02e6-42d9-84b2-8efafe705d43	\N	\N	2024-12-11 17:30:48.363265+05:30	\N	2024-12-13	14:00:00	20	393.8	501.20000000000005
9e7626ad-bd3d-4115-86da-501e25756605	ID949HV	Local Orders	1920	New Order			\N	\N	2024-12-12 09:45:11.020206+05:30	2024-12-12 09:45:11.029733+05:30	82efbdcf-80b8-4275-b13f-3445cbea8ba7	66cc5d03-81a0-46b7-ab24-6417cc8b5b8c	936b6a39-8375-4428-b4df-eb7e5083c65e	\N	\N	2024-12-12 09:45:11.020191+05:30	\N	2024-12-12	12:00:00	20	912	988
75ae8e87-4bda-483f-a244-2bef2b6d7014	ID545RO	Local Orders	915	New Order			\N	\N	2024-12-12 10:18:02.721598+05:30	2024-12-12 10:18:02.729295+05:30	ec98fb17-0f9d-4d44-9a8d-b24bc019b098	cf03618d-eaf7-4a8d-87ef-9ae17806b6d2	b6876b99-05f3-4baa-8b1b-930403f0680c	\N	\N	2024-12-12 10:18:02.721583+05:30	\N	2024-12-14	14:00:00	20	393.8	501.20000000000005
1a264645-eadc-43de-9231-bb1bcb40c86f	ID709CC	Local Orders	2390	New Order			\N	\N	2024-12-12 11:40:46.670339+05:30	2024-12-12 11:40:46.677259+05:30	62337115-a1fa-44ec-a3ee-9f7907b74db4	3bda6216-51f9-4aea-bf57-6d8f1823db74	45696072-b4a6-4157-9fa5-fd74a9e8b204	\N	\N	2024-12-12 11:40:46.670294+05:30	\N	\N	12:00:00	20	2212	158
d49486f2-8d5f-4e3e-a569-898eb57420f0	ID944IG	Local Orders	2390	New Order			\N	\N	2024-12-12 11:20:29.567215+05:30	2024-12-12 11:20:29.574812+05:30	55776826-0e7c-4c89-b58c-aa7b512de836	cf03618d-eaf7-4a8d-87ef-9ae17806b6d2	c59d810f-960b-4e50-8fa7-52d16b24307b	\N	\N	2024-12-12 11:20:29.567199+05:30	\N	\N	14:00:00	20	2212	158
4a4401bf-33a5-494e-a31d-d3267aa8017f	ID227MC	Local Orders	4760	New Order			\N	\N	2024-12-12 11:36:01.412358+05:30	2024-12-12 11:36:01.426387+05:30	d8b0a65d-605d-4cef-96be-2d6617378769	cf03618d-eaf7-4a8d-87ef-9ae17806b6d2	c59d810f-960b-4e50-8fa7-52d16b24307b	\N	\N	2024-12-12 11:36:01.412298+05:30	\N	\N	12:00:00	20	4582	158
e0e82e93-a768-4ae5-a99f-22f29cb8ac8c	ID818FB	Local Orders	170	New Order			\N	\N	2024-12-12 12:11:55.907861+05:30	2024-12-12 12:11:55.918561+05:30	c1b295da-4227-42ca-a686-47511621dcbd	3bda6216-51f9-4aea-bf57-6d8f1823db74	45696072-b4a6-4157-9fa5-fd74a9e8b204	\N	\N	2024-12-12 12:11:55.907843+05:30	\N	\N	12:00:00	20	71.2	78.8
eaa8aec8-da30-4f47-83a0-adf1395bd2f8	ID518QO	Local Orders	2870	New Order			\N	\N	2024-12-12 12:12:24.730871+05:30	2024-12-12 12:12:24.738145+05:30	a703cd27-e522-41b7-af33-3c3211954179	3bda6216-51f9-4aea-bf57-6d8f1823db74	45696072-b4a6-4157-9fa5-fd74a9e8b204	\N	\N	2024-12-12 12:12:24.730853+05:30	\N	\N	10:00:00	20	2698	152
b29748b0-1537-49ae-97ee-5cec7bc2aa86	ID201IU	Local Orders	1770	New Order			\N	\N	2024-12-12 13:06:53.709914+05:30	2024-12-12 13:06:53.719358+05:30	2fbe722c-3012-4010-85cd-0062fc1d039f	cf03618d-eaf7-4a8d-87ef-9ae17806b6d2	8f46b505-02e6-42d9-84b2-8efafe705d43	\N	\N	2024-12-12 13:06:53.709898+05:30	\N	2024-12-12	15:17:00	20	1540	210
b3d8e291-9b78-4f84-8b12-53f39a64a35e	ID466WK	Local Orders	1320	New Order			\N	\N	2024-12-12 13:08:30.54582+05:30	2024-12-12 13:08:30.5537+05:30	27f4c09c-b327-4572-9ede-d9a7ec8e96d7	cf03618d-eaf7-4a8d-87ef-9ae17806b6d2	936b6a39-8375-4428-b4df-eb7e5083c65e	\N	\N	2024-12-12 13:08:30.545803+05:30	\N	2024-12-12	15:17:00	20	1183	117
9c1966d1-e0bb-4de0-9c7c-35a48eb97b0a	ID322XF	Local Orders	1600	New Order			\N	\N	2024-12-12 13:15:56.762289+05:30	2024-12-12 13:15:56.771006+05:30	2e9a2a16-99d8-477b-82bc-9a4d06dae869	20585010-dc17-44e5-a7cc-375152d62dad	7e803298-7c20-4c0b-a2cf-90eed0facc09	\N	\N	2024-12-12 13:15:56.762273+05:30	\N	\N	14:00:00	20	1422	158
c2e88cec-08af-46d2-910b-dccb80c30e58	ID179ME	Local Orders	3420	New Order			\N	\N	2024-12-12 14:31:50.281503+05:30	2024-12-12 14:31:50.297251+05:30	e9852bf2-d105-42e1-8898-3bb9ce999343	cf03618d-eaf7-4a8d-87ef-9ae17806b6d2	ce63eeb4-c82a-4c09-aa7f-f257a4b27273	\N	\N	2024-12-12 14:31:50.281483+05:30	\N	2024-12-13	15:17:00	20	2060.4	1339.6
0b435464-4845-4e72-9926-5589c30f7804	ID764SG	Local Orders	6140	New Order			\N	\N	2024-12-12 14:48:08.609975+05:30	2024-12-12 14:48:08.623708+05:30	d08bc0b9-e2dd-425e-b344-f255b4dbd3b8	66cc5d03-81a0-46b7-ab24-6417cc8b5b8c	ce63eeb4-c82a-4c09-aa7f-f257a4b27273	\N	\N	2024-12-12 14:48:08.609959+05:30	\N	2024-12-14	15:17:00	20	5787	333
ce06b643-efc2-4c2a-b124-e94bc472e5db	ID116IO	Local Orders	3770	New Order			\N	\N	2024-12-12 14:50:01.26299+05:30	2024-12-12 14:50:01.271199+05:30	b0980851-730e-4768-bf81-23031509ae06	66cc5d03-81a0-46b7-ab24-6417cc8b5b8c	ce63eeb4-c82a-4c09-aa7f-f257a4b27273	\N	\N	2024-12-12 14:50:01.262972+05:30	\N	2024-12-14	10:00:00	20	3575	175
49a3471d-c5cf-48ef-b7ae-23ff8945ab61	ID821VG	Local Orders	1020	New Order			\N	\N	2024-12-12 15:23:21.539345+05:30	2024-12-12 15:23:21.54887+05:30	fcccead2-31f2-4087-8a00-ad563c5af244	3bda6216-51f9-4aea-bf57-6d8f1823db74	936b6a39-8375-4428-b4df-eb7e5083c65e	\N	\N	2024-12-12 15:23:21.539328+05:30	\N	2024-12-13	10:00:00	20	972	28
30bd62aa-d922-4055-9fb9-3cad7155294e	ID305TM	Local Orders	2590	New Order			\N	\N	2024-12-12 15:32:23.983346+05:30	2024-12-12 15:32:23.995831+05:30	2660334a-0839-4eb8-97d3-7c84343e1810	3bda6216-51f9-4aea-bf57-6d8f1823db74	45696072-b4a6-4157-9fa5-fd74a9e8b204	\N	\N	2024-12-12 15:32:23.983328+05:30	\N	\N	15:17:00	20	2384	186
117e08a5-4a6a-4b55-ad99-11ca976ccf59	ID239DQ	Local Orders	810	New Order			\N	\N	2024-12-12 15:43:00.784188+05:30	2024-12-12 15:43:00.79615+05:30	3108bc0f-f508-424b-9a15-fa034475cbd0	20585010-dc17-44e5-a7cc-375152d62dad	7e803298-7c20-4c0b-a2cf-90eed0facc09	\N	\N	2024-12-12 15:43:00.78417+05:30	\N	\N	12:00:00	20	632	158
2f3c6385-afed-478a-939b-7d8ca738f3a2	ID421EQ	Local Orders	14975	New Order			\N	\N	2024-12-12 17:28:49.432757+05:30	2024-12-12 17:28:49.446996+05:30	b1d7aa35-ad4a-492b-b7ac-116d18e3f777	\N	7e803298-7c20-4c0b-a2cf-90eed0facc09	\N	\N	2024-12-12 17:28:49.432741+05:30	\N	\N	14:00:00	20	13305.8	1649.2
e50b24c9-e925-4739-9290-8d268bce50d7	ID426QS	Local Orders	1860	New Order			\N	\N	2024-12-12 17:42:57.205293+05:30	2024-12-12 17:42:57.216785+05:30	ece4063e-1778-45db-8207-7e42e9cbb9b2	\N	7e803298-7c20-4c0b-a2cf-90eed0facc09	\N	\N	2024-12-12 17:42:57.205276+05:30	\N	\N	10:00:00	20	1556	284
4d3b5cea-0cc1-467e-a224-76c4a545febd	ID990WB	Local Orders	1070	New Order			\N	\N	2024-12-12 17:44:54.291204+05:30	2024-12-12 17:44:54.298587+05:30	54837bf0-423c-40ff-8734-e1a1c0d543f9	\N	7e803298-7c20-4c0b-a2cf-90eed0facc09	\N	\N	2024-12-12 17:44:54.291188+05:30	\N	\N	10:00:00	20	924	126
69fb7207-d88c-4fbe-afe4-b4ace70069d3	ID524MS	Local Orders	810	New Order			\N	\N	2024-12-12 17:52:00.840915+05:30	2024-12-12 17:52:00.849461+05:30	bb588a95-3e59-47e8-9c30-4ca66153fbe2	\N	57433a43-d42b-4c6e-adb3-e90f8d00c323	\N	\N	2024-12-12 17:52:00.840899+05:30	\N	\N	10:00:00	20	632	158
5e1072cd-6234-443e-9f32-221c575a5112	ID675ZV	Local Orders	810	New Order			\N	\N	2024-12-12 17:53:23.601418+05:30	2024-12-12 17:53:23.608557+05:30	d8117e8e-09d9-498f-b002-8d38f310cf6c	\N	57433a43-d42b-4c6e-adb3-e90f8d00c323	\N	\N	2024-12-12 17:53:23.601402+05:30	\N	\N	10:00:00	20	632	158
fa7f18b8-0486-441d-a4c6-14bedcfc6cdd	ID337BI	Local Orders	810	New Order			\N	\N	2024-12-12 17:59:35.756983+05:30	2024-12-12 17:59:35.766349+05:30	100ffcc0-dc83-4df8-a346-81c91b05d46b	\N	57433a43-d42b-4c6e-adb3-e90f8d00c323	\N	\N	2024-12-12 17:59:35.756966+05:30	\N	\N	10:00:00	20	632	158
4fb61c80-024e-4a1a-8e83-c40e4eb58b59	ID608MM	Local Orders	1520	New Order			\N	\N	2024-12-12 18:03:09.410774+05:30	2024-12-12 18:03:09.419543+05:30	ebb0055f-04a6-4b6d-bc29-6ab2cf204b1a	\N	57433a43-d42b-4c6e-adb3-e90f8d00c323	\N	\N	2024-12-12 18:03:09.410757+05:30	\N	\N	10:00:00	20	510	990
e934e792-e73f-414a-9c1d-875a31a741e1	ID927QR	Local Orders	810	New Order			\N	\N	2024-12-12 18:04:39.297501+05:30	2024-12-12 18:04:39.305265+05:30	acaf2c60-0b7d-4579-9036-343267a52d36	\N	57433a43-d42b-4c6e-adb3-e90f8d00c323	\N	\N	2024-12-12 18:04:39.297484+05:30	\N	\N	14:00:00	20	632	158
ad0f9b15-dafd-49f0-938c-88765e2ed783	ID606RP	Local Orders	1520	New Order			\N	\N	2024-12-12 18:10:26.761723+05:30	2024-12-12 18:10:26.769256+05:30	fd2fb2c2-0fa4-4739-bbbe-985965f938a1	\N	57433a43-d42b-4c6e-adb3-e90f8d00c323	\N	\N	2024-12-12 18:10:26.761706+05:30	\N	\N	14:00:00	20	510	990
4d612682-209a-48e1-95fb-d3b599b6ea63	ID438OH	Local Orders	810	New Order			\N	\N	2024-12-12 18:12:38.172425+05:30	2024-12-12 18:12:38.180492+05:30	dad790ab-bee2-4275-a6ec-af87c5ef9c00	\N	57433a43-d42b-4c6e-adb3-e90f8d00c323	\N	\N	2024-12-12 18:12:38.17241+05:30	\N	\N	14:00:00	20	632	158
fb82f415-2df4-454a-b2f4-5f13e85d5141	ID708KT	Local Orders	810	New Order			\N	\N	2024-12-12 18:16:55.538382+05:30	2024-12-12 18:16:55.545478+05:30	1e7242ae-0f78-428d-85b8-b770119946a5	\N	57433a43-d42b-4c6e-adb3-e90f8d00c323	\N	\N	2024-12-12 18:16:55.538364+05:30	\N	\N	10:00:00	20	632	158
b930edce-08aa-467c-8e79-2fd768db07f8	ID254EZ	Local Orders	810	New Order			\N	\N	2024-12-12 18:37:05.998808+05:30	2024-12-12 18:37:06.008291+05:30	c7dd5a50-1b7c-46bd-892b-be4c2462e1b1	\N	57433a43-d42b-4c6e-adb3-e90f8d00c323	\N	\N	2024-12-12 18:37:05.998791+05:30	\N	\N	10:00:00	20	632	158
de5ce64e-ad14-4616-93eb-f24a010fa1d0	ID740LG	Local Orders	810	New Order			\N	\N	2024-12-13 09:53:51.706211+05:30	2024-12-13 09:54:38.37326+05:30	9371a08f-e818-4b48-bb21-589edf5c33e6	3bda6216-51f9-4aea-bf57-6d8f1823db74	57433a43-d42b-4c6e-adb3-e90f8d00c323	\N	\N	2024-12-13 09:53:51.706194+05:30	\N	\N	10:00:00	20	632	158
6d57c54d-89b3-4cc3-8f81-186cd49a4204	ID894VC	Local Orders	810	New Order			\N	\N	2024-12-12 18:39:47.556822+05:30	2024-12-12 18:45:35.519464+05:30	a1ea9883-c7a4-42b5-b07d-851cadbe243c	\N	57433a43-d42b-4c6e-adb3-e90f8d00c323	\N	\N	2024-12-12 18:39:47.556804+05:30	\N	\N	14:00:00	20	632	158
c343a8d2-b597-4644-b87e-a40af3f3387b	ID695VF	Local Orders	810	New Order			\N	\N	2024-12-12 18:47:38.025517+05:30	2024-12-12 18:47:38.034212+05:30	571010c3-0e63-4f0b-b450-c8835ba992f0	20585010-dc17-44e5-a7cc-375152d62dad	57433a43-d42b-4c6e-adb3-e90f8d00c323	\N	\N	2024-12-12 18:47:38.0255+05:30	\N	\N	10:00:00	20	632	158
355f9bad-9f6e-4384-ab21-d788bd8dde32	ID224XQ	Local Orders	810	New Order			\N	\N	2024-12-12 18:51:34.317791+05:30	2024-12-12 18:51:34.326858+05:30	0d487d04-1eb7-420d-b359-395b27146acd	3bda6216-51f9-4aea-bf57-6d8f1823db74	57433a43-d42b-4c6e-adb3-e90f8d00c323	\N	\N	2024-12-12 18:51:34.317775+05:30	\N	\N	10:00:00	20	632	158
0b193412-30cf-42d9-8942-7c5a1ccf66cc	ID720JG	Local Orders	810	New Order			\N	\N	2024-12-13 09:57:52.746835+05:30	2024-12-13 09:58:36.593424+05:30	8860b44b-7dba-4fed-b0f3-c7d485f1b5da	3bda6216-51f9-4aea-bf57-6d8f1823db74	57433a43-d42b-4c6e-adb3-e90f8d00c323	\N	\N	2024-12-13 09:57:52.746818+05:30	\N	\N	10:00:00	20	632	158
adba0d9f-3fab-43a9-965d-0809ff770d64	ID171TH	Local Orders	810	New Order			\N	\N	2024-12-12 18:54:14.549267+05:30	2024-12-12 18:58:31.656719+05:30	c690b1b7-7219-476a-8172-5712a8d50d9d	3bda6216-51f9-4aea-bf57-6d8f1823db74	57433a43-d42b-4c6e-adb3-e90f8d00c323	\N	\N	2024-12-12 18:54:14.54925+05:30	\N	\N	14:00:00	20	632	158
994869a4-fc5f-47a8-b404-285c6948e655	ID763FO	Local Orders	810	New Order			\N	\N	2024-12-12 18:59:18.183168+05:30	2024-12-12 19:00:05.327534+05:30	aa36fda7-19f2-4cf9-8299-d642498c3f5c	3bda6216-51f9-4aea-bf57-6d8f1823db74	57433a43-d42b-4c6e-adb3-e90f8d00c323	\N	\N	2024-12-12 18:59:18.183151+05:30	\N	\N	10:00:00	20	632	158
4c825d5b-96d5-496c-a4d6-7bf18fa20df3	ID426NA	Local Orders	1520	New Order			\N	\N	2024-12-13 10:25:08.709889+05:30	2024-12-13 10:25:49.748012+05:30	15eae20b-94f1-41c4-8e30-cc3774252f34	3bda6216-51f9-4aea-bf57-6d8f1823db74	57433a43-d42b-4c6e-adb3-e90f8d00c323	\N	\N	2024-12-13 10:25:08.709872+05:30	\N	\N	14:00:00	20	510	990
fb8550f6-c9c6-40a4-8852-e6ce7174c88d	ID245TM	Local Orders	810	New Order			\N	\N	2024-12-13 10:00:26.455276+05:30	2024-12-13 10:01:01.405416+05:30	d55e188b-53fa-4285-bb40-a3916c6aa97c	3bda6216-51f9-4aea-bf57-6d8f1823db74	57433a43-d42b-4c6e-adb3-e90f8d00c323	\N	\N	2024-12-13 10:00:26.455258+05:30	\N	\N	14:00:00	20	632	158
3e22146c-d98a-4392-984a-0c09395d99e3	ID622LG	Local Orders	970	New Order			\N	\N	2024-12-13 13:21:27.344252+05:30	2024-12-13 13:21:27.352552+05:30	53b5fd30-1e6e-4267-a55e-8435a1910af0	\N	87ab7283-83ad-41b7-a33b-0315511ab13e	\N	\N	2024-12-13 13:21:27.344237+05:30	\N	2024-12-13	14:00:00	20	798	152
2172588c-40d9-489c-b315-b9f790071229	ID738VG	Local Orders	810	New Order			\N	\N	2024-12-13 10:02:17.82881+05:30	2024-12-13 10:04:43.538051+05:30	7283a790-9572-4a1f-bad2-a028a6a0ee49	3bda6216-51f9-4aea-bf57-6d8f1823db74	57433a43-d42b-4c6e-adb3-e90f8d00c323	\N	\N	2024-12-13 10:02:17.828793+05:30	\N	\N	14:00:00	20	632	158
17c4498a-c908-4e04-8b1f-be4b9d8ccff9	ID596UT	Local Orders	17655	New Order			\N	\N	2024-12-13 10:07:58.77468+05:30	2024-12-13 10:07:58.790354+05:30	e40a52eb-3844-4703-8601-e71ec7ca6823	cf03618d-eaf7-4a8d-87ef-9ae17806b6d2	936b6a39-8375-4428-b4df-eb7e5083c65e	\N	\N	2024-12-13 10:07:58.774664+05:30	\N	2024-12-14	10:00:00	20	16930.8	704.2
efa9daaa-6ef6-4291-bc07-d22aaddaef3b	ID206JF	Local Orders	810	New Order			\N	\N	2024-12-13 10:28:59.179226+05:30	2024-12-13 10:29:38.670859+05:30	11237a7f-fb30-48e6-9700-a55311621ebf	3bda6216-51f9-4aea-bf57-6d8f1823db74	57433a43-d42b-4c6e-adb3-e90f8d00c323	\N	\N	2024-12-13 10:28:59.17921+05:30	\N	\N	14:00:00	20	632	158
62281af4-7673-4904-9354-4f113f25ceb3	ID742IY	Local Orders	810	New Order			\N	\N	2024-12-13 10:08:29.147252+05:30	2024-12-13 10:09:43.250096+05:30	9342651d-9d97-4958-b216-8b412a404a43	3bda6216-51f9-4aea-bf57-6d8f1823db74	57433a43-d42b-4c6e-adb3-e90f8d00c323	\N	\N	2024-12-13 10:08:29.147236+05:30	\N	\N	12:00:00	20	632	158
3e7d6d83-be80-42fa-9689-2464b5ef07f2	ID860XO	Local Orders	810	New Order			\N	\N	2024-12-13 10:11:50.251792+05:30	2024-12-13 10:13:14.349912+05:30	dde92787-2f08-4604-a208-479d89dc442d	3bda6216-51f9-4aea-bf57-6d8f1823db74	57433a43-d42b-4c6e-adb3-e90f8d00c323	\N	\N	2024-12-13 10:11:50.251775+05:30	\N	\N	14:00:00	20	632	158
866697a9-9e14-43bc-b075-5757e587d861	ID782IO	Local Orders	36770	New Order			\N	\N	2024-12-13 11:08:26.036486+05:30	2024-12-13 11:08:26.046979+05:30	4a600259-b57e-442c-b625-8e93870d0fe2	cf03618d-eaf7-4a8d-87ef-9ae17806b6d2	936b6a39-8375-4428-b4df-eb7e5083c65e	\N	\N	2024-12-13 11:08:26.03647+05:30	\N	2024-12-15	10:00:00	20	36547	203
68e5c51d-f8b5-465d-9697-e6714076f227	ID203BZ	Local Orders	970	New Order			\N	\N	2024-12-13 13:08:33.308833+05:30	2024-12-13 13:08:33.3183+05:30	d0da3dff-3063-47ff-91e0-ed6405bd838e	\N	87ab7283-83ad-41b7-a33b-0315511ab13e	\N	\N	2024-12-13 13:08:33.308817+05:30	\N	2024-12-14	10:00:00	20	798	152
c1518f75-8c9f-4b9d-9151-6526133ff422	ID186JC	Local Orders	970	New Order			\N	\N	2024-12-13 13:17:07.666008+05:30	2024-12-13 13:17:07.676325+05:30	18d695a2-bdae-4551-83d9-24f7249f2873	\N	87ab7283-83ad-41b7-a33b-0315511ab13e	\N	\N	2024-12-13 13:17:07.665992+05:30	\N	2024-12-14	10:00:00	20	798	152
8bc28f1d-c839-4195-9dde-c11adb7a28bb	ID845GY	Local Orders	23310	New Order			\N	\N	2024-12-13 13:21:14.211504+05:30	2024-12-13 13:21:14.229003+05:30	45050689-babb-41a7-ba5f-b4cfd452805f	cf03618d-eaf7-4a8d-87ef-9ae17806b6d2	d000500b-e1f9-46f3-b536-1fef3b643446	\N	\N	2024-12-13 13:21:14.211489+05:30	\N	2024-12-13	14:00:00	20	22889	401
97e88ed0-fce2-4d91-8cf3-131266a9088a	ID867MQ	Local Orders	970	New Order			\N	\N	2024-12-13 13:27:53.513239+05:30	2024-12-13 13:27:53.522383+05:30	d1364d75-61c7-4a36-91b8-766d77678947	\N	87ab7283-83ad-41b7-a33b-0315511ab13e	\N	\N	2024-12-13 13:27:53.513223+05:30	\N	2024-12-13	14:00:00	20	798	152
ba9da18b-cebb-4f4a-b384-2e644b4a41c8	ID450ZX	Local Orders	23310	New Order			\N	\N	2024-12-13 13:35:01.90924+05:30	2024-12-13 13:35:01.928092+05:30	d91a85f9-c0db-4d44-b685-fc98112a7df9	cf03618d-eaf7-4a8d-87ef-9ae17806b6d2	d000500b-e1f9-46f3-b536-1fef3b643446	\N	\N	2024-12-13 13:35:01.909222+05:30	\N	2024-12-15	10:00:00	20	22889	401
67c10a6f-1a37-497a-b687-1dbd8418adf9	ID721EM	Local Orders	1070	New Order			\N	\N	2024-12-13 13:52:01.777864+05:30	2024-12-13 13:52:01.788946+05:30	27e47f82-68c9-4930-b780-7c5f8027ce4f	\N	87ab7283-83ad-41b7-a33b-0315511ab13e	\N	\N	2024-12-13 13:52:01.777847+05:30	\N	2024-12-13	14:00:00	20	924	126
9ca88e9b-c6d0-4eb2-8f2d-e5c88d64bb5b	ID558RC	Local Orders	2355	Delivered			2024-12-14 14:08:21.848494+05:30	\N	2024-12-13 14:54:03.558575+05:30	2024-12-14 14:08:26.489852+05:30	ae984ad2-22e7-424e-bc07-fcdd437aa767	20585010-dc17-44e5-a7cc-375152d62dad	36ce9ef8-098e-4ee5-8ffc-c6fdc01e2c22	\N	\N	2024-12-13 14:54:03.558559+05:30	1	\N	14:00:00	20	1558.8	776.2
52baebe9-2e9e-4918-9f82-c5f6a8ea8212	ID234TU	Local Orders	2355	New Order			\N	\N	2024-12-13 14:55:30.98603+05:30	2024-12-13 14:55:30.999504+05:30	6bb330d0-dd09-414c-825a-1013b191ab91	20585010-dc17-44e5-a7cc-375152d62dad	36ce9ef8-098e-4ee5-8ffc-c6fdc01e2c22	\N	\N	2024-12-13 14:55:30.986012+05:30	\N	\N	12:00:00	20	1558.8	776.2
0df154e3-78f1-449e-9c81-5da541a471f5	ID979HE	Local Orders	810	New Order			\N	\N	2024-12-13 14:57:53.962283+05:30	2024-12-13 14:57:53.970241+05:30	d2fb4d86-abd0-4c83-85f1-397c27c81340	20585010-dc17-44e5-a7cc-375152d62dad	36ce9ef8-098e-4ee5-8ffc-c6fdc01e2c22	\N	\N	2024-12-13 14:57:53.962266+05:30	\N	\N	10:00:00	20	632	158
dd18c094-d0c9-4ebd-93e7-4359e530e959	ID588BK	Local Orders	810	New Order			\N	\N	2024-12-13 15:00:30.724761+05:30	2024-12-13 15:00:30.73177+05:30	17598f8f-eac3-41ff-98fc-93fa4ca89b8b	20585010-dc17-44e5-a7cc-375152d62dad	534cd95e-b082-4267-9400-ce4b205e4cfd	\N	\N	2024-12-13 15:00:30.724745+05:30	\N	\N	10:00:00	20	632	158
7348242d-b386-4bdb-bfc9-cb9e47680b97	ID836UB	Local Orders	810	New Order			\N	\N	2024-12-13 15:26:38.083528+05:30	2024-12-13 15:26:38.090274+05:30	f76447ea-8cce-4660-aa8e-7ca47a33212f	20585010-dc17-44e5-a7cc-375152d62dad	534cd95e-b082-4267-9400-ce4b205e4cfd	\N	\N	2024-12-13 15:26:38.08351+05:30	\N	\N	10:00:00	20	632	158
9f54638a-d4eb-4926-8ed9-9edd96a6d954	ID399HA	Local Orders	2355	Viewed			\N	\N	2024-12-13 14:52:33.080993+05:30	2024-12-14 14:07:44.331281+05:30	9925ac1c-94c1-4352-87db-4b869ecd55e6	\N	36ce9ef8-098e-4ee5-8ffc-c6fdc01e2c22	\N	\N	2024-12-13 14:52:33.080977+05:30	\N	\N	12:00:00	20	1558.8	776.2
5d4b827a-ecca-4630-aaab-7f8ab3223f58	ID900SP	Local Orders	420	New Order			\N	\N	2024-12-13 16:07:38.899356+05:30	2024-12-13 16:07:38.911022+05:30	1f131615-7010-40a1-a3dd-d15d7c6254c5	cf03618d-eaf7-4a8d-87ef-9ae17806b6d2	936b6a39-8375-4428-b4df-eb7e5083c65e	\N	\N	2024-12-13 16:07:38.899341+05:30	\N	2024-12-15	10:00:00	20	372	28
5cbb8d7e-8d1d-4448-9e92-1bd0c892e60a	ID300SY	Local Orders	1270	New Order			\N	\N	2024-12-13 16:08:09.266202+05:30	2024-12-13 16:08:09.280199+05:30	97dfcf98-5f5e-46f6-b41c-ad523fae0f60	\N	87ab7283-83ad-41b7-a33b-0315511ab13e	\N	\N	2024-12-13 16:08:09.266184+05:30	\N	2024-12-15	10:00:00	20	1075	175
97919f05-bf4c-45df-a11c-d2ac75fba646	ID853EB	Local Orders	810	New Order			\N	\N	2024-12-13 16:12:57.037679+05:30	2024-12-13 16:12:57.045288+05:30	9ce1bcd8-50da-4e3d-9ef8-fe17f34abfd3	\N	87ab7283-83ad-41b7-a33b-0315511ab13e	\N	\N	2024-12-13 16:12:57.037664+05:30	\N	2024-12-14	14:00:00	20	632	158
298397cf-3ea5-46a0-b7c4-85ad0bd997d6	ID932KW	Local Orders	810	New Order			\N	\N	2024-12-13 16:15:39.202237+05:30	2024-12-13 16:15:39.209891+05:30	57f5ef01-ddaf-4631-b341-d9096e2529fc	\N	87ab7283-83ad-41b7-a33b-0315511ab13e	\N	\N	2024-12-13 16:15:39.202222+05:30	\N	2024-12-15	14:00:00	20	632	158
1bfce886-e4b5-4d86-9747-28097bdf0119	ID277NY	Local Orders	915	New Order			\N	\N	2024-12-13 16:18:52.891142+05:30	2024-12-13 16:18:52.89828+05:30	0fc99b05-28b7-4261-85e4-3eaaae3a2e82	cf03618d-eaf7-4a8d-87ef-9ae17806b6d2	87ab7283-83ad-41b7-a33b-0315511ab13e	\N	\N	2024-12-13 16:18:52.891128+05:30	\N	2024-12-15	14:00:00	20	393.8	501.20000000000005
6f6ec739-82e1-4c5d-8384-1bfb945a6d93	ID149KY	Local Orders	1070	Delivery Assigned			2024-12-13 16:22:33.865113+05:30	\N	2024-12-10 12:37:30.989615+05:30	2024-12-13 16:22:33.875643+05:30	7f51ba60-ed9e-4d10-8db6-5a3d640c644e	20585010-dc17-44e5-a7cc-375152d62dad	bb4f83aa-2d34-4052-8b64-f6fbde1327ad	\N	\N	2024-12-10 12:37:30.9896+05:30	1	\N	14:00:00	20	924	126
0a577504-19da-4fe6-a27d-1cdfbd996658	ID149VW	Local Orders	1070	New Order			\N	\N	2024-12-13 16:27:05.393092+05:30	2024-12-13 16:27:05.399534+05:30	9b0c574e-a434-4ed6-b579-9c852edef63c	cf03618d-eaf7-4a8d-87ef-9ae17806b6d2	87ab7283-83ad-41b7-a33b-0315511ab13e	\N	\N	2024-12-13 16:27:05.393077+05:30	\N	2024-12-14	14:00:00	20	924	126
79c66fe3-9d89-4b80-9e3f-8ffeccb4117c	ID807TQ	Local Orders	670	New Order			\N	\N	2024-12-13 16:30:43.082448+05:30	2024-12-13 16:30:43.090397+05:30	7719c7b9-1801-483d-924d-58b14e7066aa	cf03618d-eaf7-4a8d-87ef-9ae17806b6d2	87ab7283-83ad-41b7-a33b-0315511ab13e	\N	\N	2024-12-13 16:30:43.08243+05:30	\N	2024-12-15	14:00:00	20	533	117
a9e5817e-07c6-479b-8b6b-c3dfae3c0883	ID156EE	Local Orders	1070	New Order			\N	\N	2024-12-13 16:46:15.965209+05:30	2024-12-13 16:46:15.973688+05:30	f0c60c86-9d16-445b-87da-bd014f829ad4	cf03618d-eaf7-4a8d-87ef-9ae17806b6d2	8f46b505-02e6-42d9-84b2-8efafe705d43	\N	\N	2024-12-13 16:46:15.965193+05:30	\N	2024-12-14	12:00:00	20	924	126
aab34c24-153c-426b-897d-9f9df5399199	ID883LE	Local Orders	1220	New Order			\N	\N	2024-12-13 17:16:13.81363+05:30	2024-12-13 17:16:13.826791+05:30	ae23519e-20e7-4fb1-97c1-84ac6d53d661	20585010-dc17-44e5-a7cc-375152d62dad	599d91dc-01dd-4a3c-951c-80f1a054a411	\N	\N	2024-12-13 17:16:13.813588+05:30	\N	\N	12:00:00	20	-1536	2736
d02ae9cf-5854-48ee-869a-cb08de5387ba	ID683QD	Local Orders	1600	New Order			\N	\N	2024-12-13 17:28:44.590777+05:30	2024-12-13 17:28:44.597417+05:30	3b49434d-01aa-4d32-8300-1e2b2fbfc4e9	cf03618d-eaf7-4a8d-87ef-9ae17806b6d2	1a263d61-4548-467c-b591-8b2e5baa2ad1	\N	\N	2024-12-13 17:28:44.59076+05:30	\N	2024-12-15	14:00:00	20	1422	158
4f13151d-0c8f-46a4-a3cd-3ad55f1023e9	ID505XJ	Local Orders	915	New Order			\N	\N	2024-12-13 17:32:50.735274+05:30	2024-12-13 17:32:50.742515+05:30	ded65e4a-ddc1-462f-9e11-153ad2196cef	\N	f72be8bf-b547-4163-983a-b9aae702d7dd	\N	\N	2024-12-13 17:32:50.735256+05:30	\N	\N	12:00:00	20	393.8	501.20000000000005
76a0f056-abc1-4911-857e-16ff84b8f4e9	ID384NU	Local Orders	915	New Order			\N	\N	2024-12-13 18:04:10.07994+05:30	2024-12-13 18:04:10.087436+05:30	1277d4d7-1d96-4434-b1d8-39ae072989a6	\N	f72be8bf-b547-4163-983a-b9aae702d7dd	\N	\N	2024-12-13 18:04:10.079924+05:30	\N	\N	14:00:00	20	393.8	501.20000000000005
c88cc410-11ff-4065-b6bf-e03b6b35271b	ID900UA	Local Orders	810	New Order			\N	\N	2024-12-13 18:06:31.447803+05:30	2024-12-13 18:06:31.454959+05:30	97462184-0df6-4a96-916d-6398c976e9be	20585010-dc17-44e5-a7cc-375152d62dad	f72be8bf-b547-4163-983a-b9aae702d7dd	\N	\N	2024-12-13 18:06:31.447786+05:30	\N	\N	14:00:00	20	632	158
952afa0c-4ab9-41c8-b01f-3dc793cb6b92	ID312BX	Local Orders	5140	New Order			\N	\N	2024-12-13 18:17:49.625121+05:30	2024-12-13 18:17:49.6381+05:30	1ac8a3f3-f4a6-4b6c-885f-1a84c3df1eac	20585010-dc17-44e5-a7cc-375152d62dad	f72be8bf-b547-4163-983a-b9aae702d7dd	\N	\N	2024-12-13 18:17:49.625105+05:30	\N	\N	10:00:00	20	4250.8	869.2
66cad305-89c4-45d2-9a86-1e9fb07f7828	ID623SW	Local Orders	2800	New Order			\N	\N	2024-12-14 12:42:59.877712+05:30	2024-12-14 12:42:59.900301+05:30	03e7f1e8-5284-40b1-bc27-cfcf5d24dcda	20585010-dc17-44e5-a7cc-375152d62dad	f72be8bf-b547-4163-983a-b9aae702d7dd	\N	\N	2024-12-14 12:42:59.877694+05:30	\N	\N	14:00:00	20	2092.8	687.2
fffea379-7eed-462c-aa8e-b87cb26d5183	ID672NX	Local Orders	1810	New Order			\N	\N	2024-12-14 13:16:41.865118+05:30	2024-12-14 13:16:41.874565+05:30	c38fdced-3ea6-4f73-a0ec-9f2fd3d10e87	\N	f72be8bf-b547-4163-983a-b9aae702d7dd	\N	\N	2024-12-14 13:16:41.865069+05:30	\N	2024-12-14	14:00:00	20	1288.8	501.20000000000005
80ae6db7-1a0e-4479-99b3-4a592882e582	ID906DA	Local Orders	7390	New Order			\N	\N	2024-12-14 13:40:11.683399+05:30	2024-12-14 13:40:11.696424+05:30	101c6d76-4a90-4d49-a7c7-2215bedad4de	20585010-dc17-44e5-a7cc-375152d62dad	a76b5fd0-3dab-49ad-8b1d-df7dc7c23953	\N	\N	2024-12-14 13:40:11.683384+05:30	\N	2024-12-14	14:00:00	20	787	6583
9aaff37b-49ed-42c4-9724-ffb412f07f5a	ID864TI	Local Orders	8640	New Order			\N	\N	2024-12-14 13:46:26.255241+05:30	2024-12-14 13:46:26.286287+05:30	3846b2d8-f749-48e8-b223-96aaa393db83	20585010-dc17-44e5-a7cc-375152d62dad	a76b5fd0-3dab-49ad-8b1d-df7dc7c23953	\N	\N	2024-12-14 13:46:26.255224+05:30	\N	2024-12-14	14:00:00	20	7028	1592
dee51841-b890-4837-b0bd-f6cf26e8a2c4	ID295YH	Local Orders	6165	New Order			\N	\N	2024-12-15 08:37:29.467364+05:30	2024-12-15 08:37:29.486138+05:30	95cde7d0-4c0e-454a-bc07-b0ae6f66f83a	\N	bccabea7-1dc5-4ac3-add5-e2d3cde2145c	\N	\N	2024-12-15 08:37:29.46735+05:30	\N	2024-12-15	14:00:00	20	5517.8	627.2
2e2ea6bd-5ed6-40c3-8c0c-93caf338f83d	ID204OR	Local Orders	3900	New Order			\N	\N	2024-12-15 10:59:17.367006+05:30	2024-12-15 10:59:17.384531+05:30	42298df3-5969-42f5-b6ec-4463175cb250	20585010-dc17-44e5-a7cc-375152d62dad	fc201a0b-f00a-4286-964c-a789a6e97ef9	\N	\N	2024-12-15 10:59:17.366991+05:30	\N	2024-12-15	14:00:00	20	2274.5	1605.5
c142d67a-0412-4bf1-9e13-ceeb1281712c	ID718PT	Local Orders	3900	New Order			\N	\N	2024-12-15 11:00:28.855724+05:30	2024-12-15 11:00:28.872896+05:30	42c60456-0e3d-4992-9181-cef84b1cbb3f	20585010-dc17-44e5-a7cc-375152d62dad	fc201a0b-f00a-4286-964c-a789a6e97ef9	\N	\N	2024-12-15 11:00:28.855708+05:30	\N	2024-12-15	14:00:00	20	2274.5	1605.5
0a0a28b5-c541-4c04-8a99-525b39d247d5	ID186EN	Local Orders	670	New Order			\N	\N	2024-12-15 17:20:49.254328+05:30	2024-12-15 17:20:49.274692+05:30	42c84c60-966d-4086-9261-9c90f1dfd097	3bda6216-51f9-4aea-bf57-6d8f1823db74	e2132496-93d4-4489-b628-def82aff1dba	\N	\N	2024-12-15 17:20:49.25431+05:30	\N	2024-12-16	12:00:00	20	533	117
c0869fe7-1ec6-4fe3-9aec-f1a129134e5d	ID584RG	Local Orders	670	New Order			\N	\N	2024-12-16 09:12:48.624797+05:30	2024-12-16 09:12:48.634544+05:30	6d780616-c443-47bd-a32f-0bba90abf7b6	cf03618d-eaf7-4a8d-87ef-9ae17806b6d2	87ab7283-83ad-41b7-a33b-0315511ab13e	\N	\N	2024-12-16 09:12:48.624781+05:30	\N	2024-12-16	14:00:00	20	533	117
94ad04e3-2397-4133-9a83-07be53578b5b	ID759IM	Local Orders	21120	New Order			\N	\N	2024-12-16 09:13:44.519555+05:30	2024-12-16 09:13:44.529932+05:30	ea3114af-95ac-454c-b707-50c50fac462c	cf03618d-eaf7-4a8d-87ef-9ae17806b6d2	936b6a39-8375-4428-b4df-eb7e5083c65e	\N	\N	2024-12-16 09:13:44.519539+05:30	\N	2024-12-18	14:00:00	20	20920	180
b442a0da-9d96-4f84-82b3-a121bda6a6a5	ID403VA	Local Orders	2220	New Order			\N	\N	2024-12-16 09:36:30.551527+05:30	2024-12-16 09:36:30.561018+05:30	87379686-2470-43a8-8b0d-fc78cd56cab1	\N	45696072-b4a6-4157-9fa5-fd74a9e8b204	\N	\N	2024-12-16 09:36:30.551511+05:30	\N	2024-12-17	14:00:00	20	2172	28
e27b4833-3739-4d18-ab8e-3c30c8870c8e	ID199MH	Local Orders	2220	New Order			\N	\N	2024-12-16 09:37:04.25936+05:30	2024-12-16 09:37:04.265876+05:30	79cd164f-9944-4138-9bff-d33785c74570	\N	45696072-b4a6-4157-9fa5-fd74a9e8b204	\N	\N	2024-12-16 09:37:04.259315+05:30	\N	2024-12-17	14:00:00	20	2172	28
d72328de-a4fd-4152-a9a9-c36ccd67929a	ID655VY	Local Orders	915	New Order			\N	\N	2024-12-16 09:37:11.644387+05:30	2024-12-16 09:37:11.650843+05:30	5af1683e-c258-4554-a785-310d2f2e8d98	3bda6216-51f9-4aea-bf57-6d8f1823db74	bccabea7-1dc5-4ac3-add5-e2d3cde2145c	\N	\N	2024-12-16 09:37:11.644372+05:30	\N	2024-12-16	10:00:00	20	393.8	501.20000000000005
e732b1c4-4180-452c-8f12-dee96b292ef3	ID576UF	Local Orders	1070	New Order			\N	\N	2024-12-16 09:42:43.610611+05:30	2024-12-16 09:42:43.620255+05:30	943c254a-a7fb-4e87-ada8-c350475eef38	cf03618d-eaf7-4a8d-87ef-9ae17806b6d2	87ab7283-83ad-41b7-a33b-0315511ab13e	\N	\N	2024-12-16 09:42:43.610594+05:30	\N	2024-12-16	14:00:00	20	924	126
3c5c344d-4f76-49f4-b3e1-679f0d43d810	ID952MH	Local Orders	915	New Order			\N	\N	2024-12-16 09:49:55.084799+05:30	2024-12-16 09:49:55.09459+05:30	1a806d85-b970-451d-950b-cf7afa600bfd	cf03618d-eaf7-4a8d-87ef-9ae17806b6d2	87ab7283-83ad-41b7-a33b-0315511ab13e	\N	\N	2024-12-16 09:49:55.084783+05:30	\N	2024-12-16	14:00:00	20	393.8	501.20000000000005
1d2f0424-8014-4603-8201-082d00752131	ID166DF	Local Orders	915	New Order			\N	\N	2024-12-16 10:29:17.392394+05:30	2024-12-16 10:29:17.402574+05:30	5b73ff0e-c5b5-4a2c-8229-289d6d39b5a1	cf03618d-eaf7-4a8d-87ef-9ae17806b6d2	87ab7283-83ad-41b7-a33b-0315511ab13e	\N	\N	2024-12-16 10:29:17.392377+05:30	\N	2024-12-16	14:00:00	20	393.8	501.20000000000005
34e5a2c4-eefa-4206-a213-28aa322116be	ID286WF	Local Orders	670	New Order			\N	\N	2024-12-16 10:35:33.060179+05:30	2024-12-16 10:35:33.07176+05:30	152a67f9-8aea-4a2c-95c5-4ac193b8d5eb	cf03618d-eaf7-4a8d-87ef-9ae17806b6d2	87ab7283-83ad-41b7-a33b-0315511ab13e	\N	\N	2024-12-16 10:35:33.060163+05:30	\N	2024-12-16	14:00:00	20	533	117
2b8d9577-6edf-4a2f-8275-9c3505833041	ID707WW	Local Orders	1070	New Order			\N	\N	2024-12-16 10:42:15.705821+05:30	2024-12-16 10:42:15.714617+05:30	711c4055-3c01-440f-b671-7d8478bb78a0	cf03618d-eaf7-4a8d-87ef-9ae17806b6d2	87ab7283-83ad-41b7-a33b-0315511ab13e	\N	\N	2024-12-16 10:42:15.705802+05:30	\N	2024-12-16	14:00:00	20	924	126
fc01bc0f-fa36-4159-99ac-3812d9a7c4b0	ID926NI	Local Orders	1070	New Order			\N	\N	2024-12-16 10:45:10.335442+05:30	2024-12-16 10:45:10.34298+05:30	4344a427-5ec2-4903-8f39-a8e806c44031	cf03618d-eaf7-4a8d-87ef-9ae17806b6d2	87ab7283-83ad-41b7-a33b-0315511ab13e	\N	\N	2024-12-16 10:45:10.335427+05:30	\N	2024-12-16	14:00:00	20	924	126
d43a72b2-c6f9-4674-a9f5-55173e238278	ID813FP	Local Orders	1070	New Order			\N	\N	2024-12-16 10:47:56.911572+05:30	2024-12-16 10:47:56.920964+05:30	5e864991-b10c-42d0-b683-8b032da956a6	cf03618d-eaf7-4a8d-87ef-9ae17806b6d2	87ab7283-83ad-41b7-a33b-0315511ab13e	\N	\N	2024-12-16 10:47:56.911556+05:30	\N	2024-12-16	14:00:00	20	924	126
42cf1b31-98a8-44c4-87ba-a8797144ecc0	ID919FQ	Local Orders	1070	New Order			\N	\N	2024-12-16 10:48:02.751831+05:30	2024-12-16 10:48:02.760581+05:30	478ee28a-11cc-4e4c-ab3a-1a14dbee4598	cf03618d-eaf7-4a8d-87ef-9ae17806b6d2	87ab7283-83ad-41b7-a33b-0315511ab13e	\N	\N	2024-12-16 10:48:02.751815+05:30	\N	2024-12-16	14:00:00	20	924	126
00fbb428-857c-4599-a481-8fe56266b022	ID134NR	Local Orders	1070	New Order			\N	\N	2024-12-16 10:48:11.638482+05:30	2024-12-16 10:48:11.645412+05:30	1d71db79-51dc-4da4-8366-089bab235b8d	cf03618d-eaf7-4a8d-87ef-9ae17806b6d2	87ab7283-83ad-41b7-a33b-0315511ab13e	\N	\N	2024-12-16 10:48:11.638467+05:30	\N	2024-12-16	14:00:00	20	924	126
0d1b7a83-4872-4793-811e-3681acd13ed4	ID387FW	Local Orders	1070	New Order			\N	\N	2024-12-16 10:48:42.95462+05:30	2024-12-16 10:48:42.961659+05:30	59ad8771-0104-4d67-8b76-e76df6b6fe6a	cf03618d-eaf7-4a8d-87ef-9ae17806b6d2	87ab7283-83ad-41b7-a33b-0315511ab13e	\N	\N	2024-12-16 10:48:42.954605+05:30	\N	2024-12-17	14:00:00	20	924	126
fb75f75d-89fd-4f03-b010-ba476214e329	ID414IC	Local Orders	1070	New Order			\N	\N	2024-12-16 10:52:26.603054+05:30	2024-12-16 10:52:26.611998+05:30	6cd88bcd-8271-44de-88b5-32f201d05028	cf03618d-eaf7-4a8d-87ef-9ae17806b6d2	87ab7283-83ad-41b7-a33b-0315511ab13e	\N	\N	2024-12-16 10:52:26.603037+05:30	\N	2024-12-16	14:00:00	20	924	126
38e32283-9762-4b34-947e-8735ce306c9f	ID658IH	Local Orders	1070	New Order			\N	\N	2024-12-16 10:59:43.236213+05:30	2024-12-16 10:59:43.246362+05:30	c804e8ac-6c15-4e10-adea-3c65abcb3375	cf03618d-eaf7-4a8d-87ef-9ae17806b6d2	87ab7283-83ad-41b7-a33b-0315511ab13e	\N	\N	2024-12-16 10:59:43.236197+05:30	\N	2024-12-18	14:00:00	20	924	126
8972d841-e702-41e3-829b-270c697aa55d	ID128ML	Local Orders	1070	New Order			\N	\N	2024-12-16 11:03:15.905147+05:30	2024-12-16 11:03:15.914221+05:30	cd6f14ec-8682-4aba-9cfb-04e36869f539	cf03618d-eaf7-4a8d-87ef-9ae17806b6d2	87ab7283-83ad-41b7-a33b-0315511ab13e	\N	\N	2024-12-16 11:03:15.90513+05:30	\N	2024-12-16	14:00:00	20	924	126
36275b1f-2e82-43fb-adc3-40b5b1e5ab17	ID460NZ	Local Orders	1810	New Order			\N	\N	2024-12-16 11:11:39.172527+05:30	2024-12-16 11:11:39.17997+05:30	d57fd10a-afd1-475a-8411-338c88d3207b	20585010-dc17-44e5-a7cc-375152d62dad	87ab7283-83ad-41b7-a33b-0315511ab13e	\N	\N	2024-12-16 11:11:39.172512+05:30	\N	2024-12-17	12:00:00	20	1288.8	501.20000000000005
077fb7a5-3273-43ad-a60e-54ab9bdcd0a1	ID513DE	Pick Up	1720	New Order			\N	\N	2024-12-16 11:14:44.161536+05:30	2024-12-16 11:14:44.172062+05:30	\N	20585010-dc17-44e5-a7cc-375152d62dad	1040a658-7b25-4d92-820a-4559204e27ae	\N	\N	2024-12-16 11:14:44.16152+05:30	\N	2024-12-17	\N	20	1457	243
9708e9a7-0978-452d-9488-69a4c8e0b122	ID665LG	Local Orders	1270	New Order			\N	\N	2024-12-16 14:31:17.812382+05:30	2024-12-16 14:31:17.819892+05:30	1e11f9dd-d2c7-40a6-8c30-e970b590f3a5	20585010-dc17-44e5-a7cc-375152d62dad	291e8c25-0ca8-4ff5-852d-86e40b58bea4	\N	\N	2024-12-16 14:31:17.812365+05:30	\N	2024-12-17	14:00:00	20	1075	175
e1b6b788-444f-46d2-a49d-39f1e47dec66	ID101SL	Local Orders	670	Delivered			2024-12-16 11:23:22.886536+05:30	\N	2024-12-10 17:09:52.196782+05:30	2024-12-16 11:23:39.990376+05:30	7ef12262-ea2c-43fb-8660-c2d35bf1d4e7	20585010-dc17-44e5-a7cc-375152d62dad	6e8da82f-e573-412f-b8e0-82442a0dc0dc	\N	\N	2024-12-10 17:09:52.196764+05:30	1	\N	14:00:00	20	533	117
c1d2c3d7-2238-4a1c-806a-bc2e804154b0	ID364IF	Local Orders	1810	New Order			\N	\N	2024-12-16 11:30:07.505859+05:30	2024-12-16 11:30:07.517505+05:30	bab3acf6-b8ae-4ee7-a532-96e0febbb308	20585010-dc17-44e5-a7cc-375152d62dad	87ab7283-83ad-41b7-a33b-0315511ab13e	\N	\N	2024-12-16 11:30:07.505837+05:30	\N	2024-12-17	12:00:00	20	1288.8	501.20000000000005
49fe1fdf-6e97-4021-aaff-39bdb19a5e1c	ID146MT	Local Orders	1810	New Order			\N	\N	2024-12-16 11:30:09.2444+05:30	2024-12-16 11:30:09.252812+05:30	c9cd5823-d1d3-442e-844e-27c4fc68191b	20585010-dc17-44e5-a7cc-375152d62dad	87ab7283-83ad-41b7-a33b-0315511ab13e	\N	\N	2024-12-16 11:30:09.244385+05:30	\N	2024-12-17	12:00:00	20	1288.8	501.20000000000005
f7c71216-7a92-4b9f-a0fb-4b4094ee9bf3	ID692OG	Local Orders	220	New Order			\N	\N	2024-12-16 11:35:34.418624+05:30	2024-12-16 11:35:34.427111+05:30	66879068-3376-4ff9-848c-3e2f6e5d42a9	3bda6216-51f9-4aea-bf57-6d8f1823db74	45696072-b4a6-4157-9fa5-fd74a9e8b204	\N	\N	2024-12-16 11:35:34.418608+05:30	\N	2024-12-18	14:00:00	20	172	28
2d41674f-297e-42df-a6a5-6b846b31f553	ID178LM	Local Orders	1810	New Order			\N	\N	2024-12-16 11:40:12.582728+05:30	2024-12-16 11:40:12.589937+05:30	97897802-e4f6-45d3-9e4f-83ecc77401dd	20585010-dc17-44e5-a7cc-375152d62dad	87ab7283-83ad-41b7-a33b-0315511ab13e	\N	\N	2024-12-16 11:40:12.582712+05:30	\N	2024-12-17	12:00:00	20	1288.8	501.20000000000005
e6f5bcf8-8cb6-42cd-be4a-57bd3bd61683	ID373UK	Local Orders	1810	Viewed			\N	\N	2024-12-16 11:11:37.928697+05:30	2024-12-16 11:40:22.408735+05:30	76700c24-fdf4-4e7f-b96f-a47509e39cb5	20585010-dc17-44e5-a7cc-375152d62dad	87ab7283-83ad-41b7-a33b-0315511ab13e	\N	\N	2024-12-16 11:11:37.928682+05:30	\N	2024-12-17	12:00:00	20	1288.8	501.20000000000005
a8fca0fb-bd54-4cce-811f-4d8ef0d980af	ID312NY	Local Orders	810	New Order			\N	\N	2024-12-16 11:48:36.0847+05:30	2024-12-16 11:48:36.095603+05:30	b810d4f9-aff5-49bb-bafd-45c4ab556c33	20585010-dc17-44e5-a7cc-375152d62dad	87ab7283-83ad-41b7-a33b-0315511ab13e	\N	\N	2024-12-16 11:48:36.084684+05:30	\N	2024-12-18	14:00:00	20	632	158
b9e2f9b3-5514-476e-bd86-e6832626eb3b	ID973VJ	Local Orders	2600	New Order			\N	\N	2024-12-16 11:57:37.621015+05:30	2024-12-16 11:57:37.634513+05:30	7c002d03-a624-4d63-92df-21c6f91a647b	20585010-dc17-44e5-a7cc-375152d62dad	d9103bdf-f35c-4508-9299-83a9e38a9b94	\N	\N	2024-12-16 11:57:37.621+05:30	\N	2024-12-16	12:00:00	20	1920.8	659.2
c46d2cca-2086-4c9f-8e84-6c3ddc395b83	ID523AN	Local Orders	915	New Order			\N	\N	2024-12-16 12:02:40.096417+05:30	2024-12-16 12:02:40.105883+05:30	1a81ea17-ec0a-4bb2-a986-bb57d3bc6a99	\N	1040a658-7b25-4d92-820a-4559204e27ae	\N	\N	2024-12-16 12:02:40.096401+05:30	\N	2024-12-17	14:00:00	20	393.8	501.20000000000005
0b68d327-d2d8-4421-bfc9-9fe1dc80e1d6	ID972UL	Local Orders	915	New Order			\N	\N	2024-12-16 12:30:22.253533+05:30	2024-12-16 12:30:22.261892+05:30	1f9a18e2-a99a-4698-8006-67cca49fff36	3bda6216-51f9-4aea-bf57-6d8f1823db74	bccabea7-1dc5-4ac3-add5-e2d3cde2145c	\N	\N	2024-12-16 12:30:22.253514+05:30	\N	2024-12-17	14:00:00	20	393.8	501.20000000000005
92e9d41e-359c-41dc-9520-f0259e2aaf71	ID516CK	Local Orders	8290	New Order			\N	\N	2024-12-16 12:47:19.297363+05:30	2024-12-16 12:47:19.315737+05:30	e74cf7ae-e210-4571-b1c5-0dd27a695975	20585010-dc17-44e5-a7cc-375152d62dad	983fe460-b38b-430e-add5-6079659c15c2	\N	\N	2024-12-16 12:47:19.297317+05:30	\N	2024-12-16	14:00:00	20	6592.8	1677.2
a6c4bc3b-21d4-4b00-98c1-dcd65950c88c	ID675QZ	Local Orders	1810	Viewed			\N	\N	2024-12-16 11:18:34.494098+05:30	2024-12-16 13:30:27.572314+05:30	7ca573ab-1e22-4449-a596-d932a5c73626	20585010-dc17-44e5-a7cc-375152d62dad	87ab7283-83ad-41b7-a33b-0315511ab13e	\N	\N	2024-12-16 11:18:34.49408+05:30	\N	2024-12-17	14:00:00	20	1288.8	501.20000000000005
e581ca50-c30a-456a-8c38-e0170574cfbe	ID479WO	Local Orders	1270	New Order			\N	\N	2024-12-16 14:33:11.203343+05:30	2024-12-16 14:33:11.21063+05:30	b0d7470f-4516-4358-8295-856c1e08c7f8	20585010-dc17-44e5-a7cc-375152d62dad	291e8c25-0ca8-4ff5-852d-86e40b58bea4	\N	\N	2024-12-16 14:33:11.203307+05:30	\N	2024-12-17	14:00:00	20	1075	175
2f3f6095-e05a-4a50-b68e-88638b7ee168	ID579LP	Local Orders	1270	New Order			\N	\N	2024-12-16 14:35:06.674817+05:30	2024-12-16 14:35:06.690098+05:30	7bcc1eff-8f97-4741-8cc1-7378f7af79db	20585010-dc17-44e5-a7cc-375152d62dad	291e8c25-0ca8-4ff5-852d-86e40b58bea4	\N	\N	2024-12-16 14:35:06.674798+05:30	\N	2024-12-17	14:00:00	20	1075	175
4b370b63-ebe5-40a6-89c3-47c35434207e	ID443XP	Local Orders	1970	New Order			\N	\N	2024-12-16 14:36:49.951875+05:30	2024-12-16 14:36:49.958882+05:30	f242fddb-03fb-455e-967c-f87d79c6646e	20585010-dc17-44e5-a7cc-375152d62dad	1d4246f9-9f8c-40a1-99c3-97a1733ffeb7	\N	\N	2024-12-16 14:36:49.95186+05:30	\N	2024-12-17	14:00:00	20	1833	117
48fe6fb8-ea33-4927-8155-6e7ce1c1eac1	ID521QQ	Local Orders	810	New Order			\N	\N	2024-12-16 14:45:52.258783+05:30	2024-12-16 14:45:52.267024+05:30	a9edb2bc-d35c-476d-9804-0f033016abb0	20585010-dc17-44e5-a7cc-375152d62dad	1d4246f9-9f8c-40a1-99c3-97a1733ffeb7	\N	\N	2024-12-16 14:45:52.258767+05:30	\N	2024-12-17	14:00:00	20	632	158
051b8a85-0ab9-43f0-90ab-eac3d7159542	ID742RF	Local Orders	1320	New Order			\N	\N	2024-12-16 14:48:02.673406+05:30	2024-12-16 14:48:02.681287+05:30	760dc8ad-fab7-4ed5-8ebd-8e920b8559d4	20585010-dc17-44e5-a7cc-375152d62dad	1d4246f9-9f8c-40a1-99c3-97a1733ffeb7	\N	\N	2024-12-16 14:48:02.67339+05:30	\N	2024-12-17	14:00:00	20	1183	117
d3854071-c22f-4fad-a0c8-5dbe0366292a	ID381QG	Local Orders	1320	New Order			\N	\N	2024-12-16 14:49:47.630752+05:30	2024-12-16 14:49:47.637409+05:30	3e604f80-ca51-4187-a1c1-e5299c9962bb	20585010-dc17-44e5-a7cc-375152d62dad	1d4246f9-9f8c-40a1-99c3-97a1733ffeb7	\N	\N	2024-12-16 14:49:47.630735+05:30	\N	2024-12-18	14:00:00	20	1183	117
de62ffad-4b75-4da9-b2ff-5ca01f9e1718	ID189RF	Local Orders	1320	New Order			\N	\N	2024-12-16 14:53:47.308199+05:30	2024-12-16 14:53:47.315316+05:30	01e7e725-9599-4534-8885-f875578c5dfc	20585010-dc17-44e5-a7cc-375152d62dad	1d4246f9-9f8c-40a1-99c3-97a1733ffeb7	\N	\N	2024-12-16 14:53:47.308183+05:30	\N	2024-12-17	14:00:00	20	1183	117
0a76ef44-f18d-44c9-812e-380c45846eb2	ID261IG	Local Orders	1320	New Order			\N	\N	2024-12-16 14:56:57.678609+05:30	2024-12-16 14:56:57.685988+05:30	c31638b1-ecd3-434b-beb8-a8599bfd00be	20585010-dc17-44e5-a7cc-375152d62dad	1d4246f9-9f8c-40a1-99c3-97a1733ffeb7	\N	\N	2024-12-16 14:56:57.678594+05:30	\N	2024-12-17	14:00:00	20	1183	117
f3e50309-c5ac-4840-a999-97b045f3c7c4	ID126NJ	Local Orders	1320	New Order			\N	\N	2024-12-16 15:04:52.108357+05:30	2024-12-16 15:04:52.115933+05:30	2608dcc6-738b-4e76-a870-f01b104d1566	20585010-dc17-44e5-a7cc-375152d62dad	1d4246f9-9f8c-40a1-99c3-97a1733ffeb7	\N	\N	2024-12-16 15:04:52.10831+05:30	\N	2024-12-17	14:00:00	20	1183	117
e627cdd9-3306-4d9b-a450-22ee0a90e695	ID795DN	Local Orders	1320	New Order			\N	\N	2024-12-16 15:08:54.937733+05:30	2024-12-16 15:08:54.944858+05:30	78e4e107-bafe-4748-8ed2-7fbf5f0fe011	20585010-dc17-44e5-a7cc-375152d62dad	1d4246f9-9f8c-40a1-99c3-97a1733ffeb7	\N	\N	2024-12-16 15:08:54.937717+05:30	\N	2024-12-17	14:00:00	20	1183	117
2de92cc9-ccd2-4247-bb97-4f12e3b573a1	ID512HT	Local Orders	1320	New Order			\N	\N	2024-12-16 15:10:59.899713+05:30	2024-12-16 15:10:59.907275+05:30	f30a96f7-b2c3-4b30-a0e3-082e888abf3f	20585010-dc17-44e5-a7cc-375152d62dad	1d4246f9-9f8c-40a1-99c3-97a1733ffeb7	\N	\N	2024-12-16 15:10:59.899696+05:30	\N	2024-12-17	14:00:00	20	1183	117
34fb538a-94f8-4d95-9adc-374dfcbb353a	ID481DO	Local Orders	1320	New Order			\N	\N	2024-12-16 15:12:36.409479+05:30	2024-12-16 15:12:36.415735+05:30	92bcdd27-5088-474a-818a-f62a82de8496	20585010-dc17-44e5-a7cc-375152d62dad	1d4246f9-9f8c-40a1-99c3-97a1733ffeb7	\N	\N	2024-12-16 15:12:36.409464+05:30	\N	2024-12-17	14:00:00	20	1183	117
2996b731-612e-4a38-a29c-f2bae1374131	ID690LA	Local Orders	1320	New Order			\N	\N	2024-12-16 15:35:50.4158+05:30	2024-12-16 15:35:50.428285+05:30	b3128014-cfc9-4075-9140-384a8bb10728	20585010-dc17-44e5-a7cc-375152d62dad	1d4246f9-9f8c-40a1-99c3-97a1733ffeb7	\N	\N	2024-12-16 15:35:50.415785+05:30	\N	2024-12-17	14:00:00	20	1183	117
a3a7c014-d966-49ed-b996-46f428035084	ID959UD	Local Orders	1320	New Order			\N	\N	2024-12-16 15:46:24.115212+05:30	2024-12-16 15:46:24.1226+05:30	c9ab4f05-78ec-4ac2-ba41-1cb7d7e0f0b5	20585010-dc17-44e5-a7cc-375152d62dad	1d4246f9-9f8c-40a1-99c3-97a1733ffeb7	\N	\N	2024-12-16 15:46:24.115197+05:30	\N	2024-12-17	14:00:00	20	1183	117
87cd8f8b-8687-4bcb-9f1f-4399d19ba9e3	ID475ZQ	Local Orders	1810	New Order			\N	\N	2024-12-16 15:59:47.651544+05:30	2024-12-16 15:59:47.658681+05:30	ebdbc2c2-2aaa-4cdd-b6f5-691ec72d793b	20585010-dc17-44e5-a7cc-375152d62dad	1d4246f9-9f8c-40a1-99c3-97a1733ffeb7	\N	\N	2024-12-16 15:59:47.651527+05:30	\N	2024-12-17	10:00:00	20	1288.8	501.20000000000005
c17a466d-5c7f-4f53-8b88-609213db45e1	ID260KO	Local Orders	1810	New Order			\N	\N	2024-12-17 10:04:49.046395+05:30	2024-12-17 10:04:49.0722+05:30	11be0fb0-bafb-4c8b-a38c-f6dc258c1c92	20585010-dc17-44e5-a7cc-375152d62dad	1d4246f9-9f8c-40a1-99c3-97a1733ffeb7	\N	\N	2024-12-17 10:04:49.046375+05:30	\N	2024-12-18	14:00:00	20	1288.8	501.20000000000005
4b3972c2-49a3-4fb8-8c48-9c811ce19faf	ID201GE	Local Orders	1810	New Order			\N	\N	2024-12-17 10:05:24.020858+05:30	2024-12-17 10:05:24.034553+05:30	8e4bad12-0dc3-4eac-bca9-0ab478e061af	20585010-dc17-44e5-a7cc-375152d62dad	1d4246f9-9f8c-40a1-99c3-97a1733ffeb7	\N	\N	2024-12-17 10:05:24.02084+05:30	\N	2024-12-17	14:00:00	20	1288.8	501.20000000000005
f39468f3-101d-4d88-81d8-305585f762b6	ID945RS	Local Orders	1070	New Order			\N	\N	2024-12-17 10:28:01.953579+05:30	2024-12-17 10:28:01.962574+05:30	6246f5a1-5cbf-41ee-b805-1ac7e3c1dcb9	20585010-dc17-44e5-a7cc-375152d62dad	8f46b505-02e6-42d9-84b2-8efafe705d43	\N	\N	2024-12-17 10:28:01.953562+05:30	\N	2024-12-18	10:00:00	20	924	126
db9391c9-d2a6-403d-880c-d5be1c545b52	ID568RS	Local Orders	1070	New Order			\N	\N	2024-12-17 10:28:03.509973+05:30	2024-12-17 10:28:03.517715+05:30	69e244bf-e45f-46d1-a2d2-413202f2e6bd	20585010-dc17-44e5-a7cc-375152d62dad	8f46b505-02e6-42d9-84b2-8efafe705d43	\N	\N	2024-12-17 10:28:03.509956+05:30	\N	2024-12-18	10:00:00	20	924	126
1caf9aba-85c9-4faa-99dc-b8d8a058f587	ID389BY	Pick Up	1770	New Order			\N	\N	2024-12-24 15:09:17.502222+05:30	2024-12-24 15:09:17.518944+05:30	\N	3bda6216-51f9-4aea-bf57-6d8f1823db74	bccabea7-1dc5-4ac3-add5-e2d3cde2145c	\N	\N	2024-12-24 15:09:17.502206+05:30	\N	2024-12-24	\N	20	1540	210
500c5491-83c8-4fc8-a9f9-3299e0fe2968	ID733CC	Local Orders	1070	New Order			\N	\N	2024-12-17 10:29:01.278609+05:30	2024-12-17 10:29:01.286851+05:30	f5deb0a9-918a-4ab7-b5af-8419bea61d09	20585010-dc17-44e5-a7cc-375152d62dad	8f46b505-02e6-42d9-84b2-8efafe705d43	\N	\N	2024-12-17 10:29:01.278593+05:30	\N	2024-12-18	12:00:00	20	924	126
37a1e6c9-0bf4-4e53-834a-432868fc2675	ID170WN	Local Orders	420	New Order			\N	\N	2024-12-18 10:21:35.749593+05:30	2024-12-18 10:21:35.773467+05:30	840cc6e8-d2aa-488d-b73d-52880b704ec1	cf03618d-eaf7-4a8d-87ef-9ae17806b6d2	1d4246f9-9f8c-40a1-99c3-97a1733ffeb7	\N	\N	2024-12-18 10:21:35.749578+05:30	\N	2024-12-18	14:00:00	20	372	28
4abfc6bd-97bb-47e1-99c3-316c6b2114f4	ID974FE	Local Orders	7020	New Order			\N	\N	2024-12-18 10:24:47.598058+05:30	2024-12-18 10:24:47.605873+05:30	c20a7d3b-2f3d-4b6a-b386-a1f49d8cb7d4	\N	45696072-b4a6-4157-9fa5-fd74a9e8b204	\N	\N	2024-12-18 10:24:47.598043+05:30	\N	2024-12-19	12:00:00	20	6790	210
cb261ab3-9a38-4305-b2d2-378bbdc1d899	ID953ZW	Local Orders	7020	New Order			\N	\N	2024-12-18 10:44:52.66633+05:30	2024-12-18 10:44:52.675601+05:30	032ff910-61ab-4d69-a9dc-c97b9f7108fa	\N	45696072-b4a6-4157-9fa5-fd74a9e8b204	\N	\N	2024-12-18 10:44:52.666313+05:30	\N	2024-12-20	10:00:00	20	6790	210
64626411-301e-44e5-8c3d-2494a5c2a6cb	ID720VI	Local Orders	8140	New Order			\N	\N	2024-12-18 13:10:31.921798+05:30	2024-12-18 13:10:31.940549+05:30	dc530fb7-eae7-42ce-bb50-c5e055415792	66cc5d03-81a0-46b7-ab24-6417cc8b5b8c	45696072-b4a6-4157-9fa5-fd74a9e8b204	\N	\N	2024-12-18 13:10:31.921783+05:30	\N	2024-12-20	12:00:00	20	7306.4	813.6
61c2ad12-6fe9-4e02-b3b2-aab2b8e1d393	ID430MF	Local Orders	11620	New Order			\N	\N	2024-12-18 16:02:42.260063+05:30	2024-12-18 16:02:42.28985+05:30	486fa92f-1803-4e56-a346-ccd6ad219a84	20585010-dc17-44e5-a7cc-375152d62dad	f3488fb0-26fa-4faf-b8cd-364d4c67daf8	\N	\N	2024-12-18 16:02:42.260038+05:30	\N	2024-12-19	12:00:00	20	4059	7541
1bd5b3e2-1b0e-42bd-a756-9738e64cfea0	ID951OI	Local Orders	7020	New Order			\N	\N	2024-12-18 16:05:59.501905+05:30	2024-12-18 16:05:59.517072+05:30	1ab8f7d8-3e78-47f7-87a5-f3360047624c	20585010-dc17-44e5-a7cc-375152d62dad	f3488fb0-26fa-4faf-b8cd-364d4c67daf8	\N	\N	2024-12-18 16:05:59.501889+05:30	\N	2024-12-19	14:00:00	20	5672	1328
f7ecaa76-09dd-420f-9f2a-ff5b75e7f361	ID824PB	Pick Up	10020	New Order			\N	\N	2024-12-18 16:08:05.650161+05:30	2024-12-18 16:08:05.663604+05:30	\N	20585010-dc17-44e5-a7cc-375152d62dad	f3488fb0-26fa-4faf-b8cd-364d4c67daf8	\N	\N	2024-12-18 16:08:05.650146+05:30	\N	2024-12-19	\N	20	6818.4	3181.6
1e66b50b-d844-44aa-bec0-2927ede8cce3	ID268RK	Pick Up	8320	New Order			\N	\N	2024-12-18 16:08:18.573808+05:30	2024-12-18 16:08:18.589171+05:30	\N	20585010-dc17-44e5-a7cc-375152d62dad	f3488fb0-26fa-4faf-b8cd-364d4c67daf8	\N	\N	2024-12-18 16:08:18.573792+05:30	\N	2024-12-19	\N	20	5118.4	3181.6
4754b682-67c0-4155-a26b-be09b67c5328	ID202CJ	Local Orders	23620	New Order			\N	\N	2024-12-19 14:48:29.61773+05:30	2024-12-19 14:48:29.643009+05:30	e220a242-1214-416a-98de-2e830622cfd0	cf03618d-eaf7-4a8d-87ef-9ae17806b6d2	936b6a39-8375-4428-b4df-eb7e5083c65e	\N	\N	2024-12-19 14:48:29.617712+05:30	\N	2024-12-22	14:00:00	20	23245	355
5592b902-6a23-44c1-ac80-fd6dced14e06	ID988HU	Local Orders	23620	New Order			\N	\N	2024-12-19 14:48:31.809076+05:30	2024-12-19 14:48:31.827784+05:30	42134323-5e99-4e7b-8135-4cc8e1d41354	cf03618d-eaf7-4a8d-87ef-9ae17806b6d2	936b6a39-8375-4428-b4df-eb7e5083c65e	\N	\N	2024-12-19 14:48:31.809059+05:30	\N	2024-12-22	14:00:00	20	23245	355
e418fbca-4702-4504-87db-d7fe794a122d	ID817CR	Local Orders	670	New Order			\N	\N	2024-12-20 13:03:01.057611+05:30	2024-12-20 13:03:01.07934+05:30	7cb5ef1a-e4f0-48b7-91fc-e091c55d7c3a	3bda6216-51f9-4aea-bf57-6d8f1823db74	ea2e13bb-0375-412e-8b78-efe6e1f21b49	\N	\N	2024-12-20 13:03:01.057594+05:30	\N	2024-12-20	14:00:00	20	533	117
e1b863ff-0429-4ed4-b293-d6c049d49fd2	ID691BP	Local Orders	1070	New Order			\N	\N	2024-12-20 14:13:25.451275+05:30	2024-12-20 14:13:25.461075+05:30	69e47e23-9d85-44ab-9bf8-106866e71499	20585010-dc17-44e5-a7cc-375152d62dad	315a2640-7cd7-4a04-b475-93f406d90a0b	\N	\N	2024-12-20 14:13:25.451258+05:30	\N	2024-12-21	14:00:00	20	924	126
48afe2f1-e902-4a80-9f4a-9c58dc55d506	ID697WU	Local Orders	23420	New Order			\N	\N	2024-12-23 09:31:59.442313+05:30	2024-12-23 09:31:59.479759+05:30	e4277858-9146-4005-b857-e57c7c8428a5	cf03618d-eaf7-4a8d-87ef-9ae17806b6d2	936b6a39-8375-4428-b4df-eb7e5083c65e	\N	\N	2024-12-23 09:31:59.442293+05:30	\N	2024-12-24	12:00:00	20	23045	355
80312357-fbb5-4119-93a3-df934864eb9d	ID231FI	Local Orders	23420	New Order			\N	\N	2024-12-23 09:32:01.137563+05:30	2024-12-23 09:32:01.15503+05:30	f4e53b8f-9050-450e-af8f-ced690a8d287	cf03618d-eaf7-4a8d-87ef-9ae17806b6d2	936b6a39-8375-4428-b4df-eb7e5083c65e	\N	\N	2024-12-23 09:32:01.137549+05:30	\N	2024-12-24	12:00:00	20	23045	355
15a1e403-3bdf-4fda-bb77-d97d3aa2af45	ID499CA	Local Orders	1770	New Order			\N	\N	2024-12-26 17:02:43.768956+05:30	2024-12-26 17:02:43.793016+05:30	db87ba54-9421-4a04-8c49-9bdd96a33087	3bda6216-51f9-4aea-bf57-6d8f1823db74	bccabea7-1dc5-4ac3-add5-e2d3cde2145c	\N	\N	2024-12-26 17:02:43.768938+05:30	\N	2024-12-27	14:00:00	20	1540	210
c7b7e0aa-6c07-4d10-97dd-73cedc082dd9	ID343NS	Pick Up	1770	New Order			\N	\N	2024-12-26 17:29:23.621664+05:30	2024-12-26 17:29:23.631377+05:30	\N	3bda6216-51f9-4aea-bf57-6d8f1823db74	bccabea7-1dc5-4ac3-add5-e2d3cde2145c	\N	\N	2024-12-26 17:29:23.621647+05:30	\N	2024-12-26	\N	20	1540	210
59490073-0373-4745-8978-32af12da36d8	ID893FQ	Local Orders	2610	Delivered			2024-12-23 13:21:50.011485+05:30	\N	2024-12-23 13:00:40.624579+05:30	2024-12-23 13:24:53.104085+05:30	9eefb2b0-c31e-4b37-8793-d90ceb43d96c	20585010-dc17-44e5-a7cc-375152d62dad	936b6a39-8375-4428-b4df-eb7e5083c65e	\N	\N	2024-12-23 13:00:40.624563+05:30	1	2024-12-25	12:00:00	20	2060.8	529.2
df2756eb-838e-413a-87eb-f1f735055f23	ID500ID	Local Orders	970	New Order			\N	\N	2024-12-30 10:24:07.276178+05:30	2024-12-30 10:24:07.302159+05:30	de689f3f-606d-49ca-bbf0-86253f300e06	\N	d000500b-e1f9-46f3-b536-1fef3b643446	\N	\N	2024-12-30 10:24:07.276159+05:30	\N	2024-12-30	14:00:00	20	798	152
33e3119e-cd06-43c9-91a0-d474312b9c2e	ID891II	Local Orders	970	New Order			\N	\N	2024-12-30 10:24:09.4178+05:30	2024-12-30 10:24:09.425587+05:30	6d9d48b7-d09e-4e6d-9362-fc268d9ff770	\N	d000500b-e1f9-46f3-b536-1fef3b643446	\N	\N	2024-12-30 10:24:09.417784+05:30	\N	2024-12-30	14:00:00	20	798	152
47567b49-10d4-4c07-93d1-7ee7b1ab05a6	ID758NA	Local Orders	5020	Delivered			2024-12-23 13:32:21.856742+05:30	\N	2024-12-23 13:27:11.608965+05:30	2024-12-23 13:32:31.314394+05:30	5cb12cf7-97e1-428e-96a1-2aa376306ae4	20585010-dc17-44e5-a7cc-375152d62dad	936b6a39-8375-4428-b4df-eb7e5083c65e	\N	\N	2024-12-23 13:27:11.60895+05:30	1	2024-12-25	12:00:00	20	-1425	6425
df160234-6ed9-4c7d-9b51-55e25a30b032	ID666BG	Local Orders	1600	New Order			\N	\N	2024-12-23 13:55:07.464036+05:30	2024-12-23 13:55:07.473125+05:30	be2b6bf8-1c32-495e-ab85-b3b204ab2a30	\N	61a4b646-df67-4272-9d53-627ae59d85eb	\N	\N	2024-12-23 13:55:07.464021+05:30	\N	2024-12-23	14:00:00	20	1422	158
d6847fff-878d-4233-b1c3-dd321da0dff3	ID771NN	Local Orders	810	New Order			\N	\N	2024-12-23 13:56:23.424977+05:30	2024-12-23 13:56:23.434743+05:30	a6a073e8-f8bc-4a80-aebc-d2ccec6d2639	20585010-dc17-44e5-a7cc-375152d62dad	61a4b646-df67-4272-9d53-627ae59d85eb	\N	\N	2024-12-23 13:56:23.424961+05:30	\N	2024-12-23	14:00:00	20	632	158
9dcd7a1a-e6e1-4c48-a301-46fe019ff0c5	ID146MB	Local Orders	1070	Viewed			\N	\N	2024-12-17 10:28:05.466189+05:30	2024-12-23 14:53:48.693981+05:30	3b4f46a1-9ae3-4629-a3e6-d260c164e961	20585010-dc17-44e5-a7cc-375152d62dad	8f46b505-02e6-42d9-84b2-8efafe705d43	\N	\N	2024-12-17 10:28:05.466174+05:30	\N	2024-12-18	10:00:00	20	924	126
3bb21de6-09c8-4724-a27f-7f2c8d0027ec	ID333ZP	Local Orders	5390	New Order			\N	\N	2024-12-30 11:47:55.117069+05:30	2024-12-30 11:47:55.128882+05:30	42070012-04db-4e9c-8bf0-6f5f17cc5949	20585010-dc17-44e5-a7cc-375152d62dad	936b6a39-8375-4428-b4df-eb7e5083c65e	\N	\N	2024-12-30 11:47:55.117053+05:30	\N	2024-12-30	14:00:00	20	4868.8	501.20000000000005
984ddac2-4314-449a-bdaa-43f50482efb3	ID328UC	Local Orders	5390	New Order			\N	\N	2024-12-30 11:47:56.754522+05:30	2024-12-30 11:47:56.76554+05:30	5de0fb63-e119-44c8-ba3c-9e2982bb32fc	20585010-dc17-44e5-a7cc-375152d62dad	936b6a39-8375-4428-b4df-eb7e5083c65e	\N	\N	2024-12-30 11:47:56.754507+05:30	\N	2024-12-30	14:00:00	20	4868.8	501.20000000000005
99ceefda-a3b4-49a2-938e-4abe855f4678	ID677QS	Pick Up	915	New Order			\N	\N	2024-12-30 13:05:24.317432+05:30	2024-12-30 13:05:24.327552+05:30	\N	3bda6216-51f9-4aea-bf57-6d8f1823db74	81e3c2f7-602c-47cb-9b3a-e939f01b89d7	\N	\N	2024-12-30 13:05:24.317415+05:30	\N	2024-12-31	\N	20	393.8	501.20000000000005
f7247d4d-3729-4163-ad0a-539ccd12b272	ID864FY	Local Orders	670	New Order			\N	\N	2024-12-30 13:07:38.074459+05:30	2024-12-30 13:07:38.085185+05:30	037d6ab4-f5cc-46dc-92e7-a6c30a0938a6	3bda6216-51f9-4aea-bf57-6d8f1823db74	81e3c2f7-602c-47cb-9b3a-e939f01b89d7	\N	\N	2024-12-30 13:07:38.074434+05:30	\N	2024-12-30	14:00:00	20	533	117
89a3d6aa-ad70-49df-a0a0-f8a1fe6a7304	ID782DD	Local Orders	810	New Order			\N	\N	2024-12-30 14:20:42.64113+05:30	2024-12-30 14:20:42.653261+05:30	5fda33e3-e0dd-4f6b-b972-b7a7b934455d	20585010-dc17-44e5-a7cc-375152d62dad	783136b3-c174-486f-9d38-b92693cc521a	\N	\N	2024-12-30 14:20:42.641114+05:30	\N	2024-12-31	14:00:00	20	632	158
c0a742df-e45b-4b0c-8a7b-8676a2ececa4	ID331ED	Local Orders	810	New Order			\N	\N	2024-12-30 14:21:57.338176+05:30	2024-12-30 14:21:57.344918+05:30	0a4e549d-b6de-4f70-ad88-9613a1617660	20585010-dc17-44e5-a7cc-375152d62dad	783136b3-c174-486f-9d38-b92693cc521a	\N	\N	2024-12-30 14:21:57.33816+05:30	\N	2024-12-31	10:00:00	20	632	158
37cbcc47-8c20-43f0-b9bf-e07f8d5f5f5c	ID750NV	Local Orders	1810	New Order			\N	\N	2024-12-30 14:48:58.501186+05:30	2024-12-30 14:48:58.511817+05:30	872a5c88-c0a7-48c3-9abe-cef45fc188b5	3bda6216-51f9-4aea-bf57-6d8f1823db74	936b6a39-8375-4428-b4df-eb7e5083c65e	\N	\N	2024-12-30 14:48:58.50117+05:30	\N	2024-12-31	12:00:00	20	1288.8	501.20000000000005
a0171ded-cdd1-4e37-a692-2e098da49f1e	ID895RJ	Local Orders	1810	New Order			\N	\N	2024-12-30 14:48:59.786406+05:30	2024-12-30 14:48:59.795941+05:30	1003deff-caa8-4035-80f9-8bb8695f8057	3bda6216-51f9-4aea-bf57-6d8f1823db74	936b6a39-8375-4428-b4df-eb7e5083c65e	\N	\N	2024-12-30 14:48:59.78639+05:30	\N	2024-12-31	12:00:00	20	1288.8	501.20000000000005
ae62a7a0-322b-4ef0-8087-0a05579fbb30	ID420JE	Local Orders	3270	New Order			\N	\N	2024-12-30 15:54:50.614801+05:30	2024-12-30 15:54:50.625284+05:30	64dc59ef-d1b1-4ab9-88cc-4af6228b0775	3bda6216-51f9-4aea-bf57-6d8f1823db74	45696072-b4a6-4157-9fa5-fd74a9e8b204	\N	\N	2024-12-30 15:54:50.614785+05:30	\N	2025-01-01	14:00:00	20	3133	117
a9b0f7ee-79cd-4b2f-b7ef-b880cbbf876a	ID490BC	Local Orders	3920	New Order			\N	\N	2024-12-30 15:56:38.401026+05:30	2024-12-30 15:56:38.410369+05:30	8f4d8ad8-5a76-4507-9dd7-02cb53c98dee	\N	45696072-b4a6-4157-9fa5-fd74a9e8b204	\N	\N	2024-12-30 15:56:38.40101+05:30	\N	2025-01-01	12:00:00	20	3783	117
628497b3-565c-4690-936b-d1fc1e28fbd6	ID195IU	Local Orders	1070	New Order			\N	\N	2024-12-31 15:02:52.961483+05:30	2024-12-31 15:02:52.975832+05:30	eb95a60c-b5fb-433b-9d2d-506cb7634ba7	cf03618d-eaf7-4a8d-87ef-9ae17806b6d2	b27b64d3-ed21-4bc6-9ab3-e7ab27f337b5	\N	\N	2024-12-31 15:02:52.961467+05:30	\N	2025-01-01	14:00:00	20	924	126
bd6213d2-c17e-4f37-95ef-987830fc2856	ID314OT	Local Orders	1810	New Order			\N	\N	2025-01-01 10:55:57.980684+05:30	2025-01-01 10:55:58.005191+05:30	67a12a44-897b-466e-a90b-bdc9e413a74e	\N	c5ad2484-59d9-4d0d-aad5-7d993fb9664b	\N	\N	2025-01-01 10:55:57.980667+05:30	\N	2025-01-01	12:00:00	20	1288.8	501.20000000000005
6780c22c-08a7-43db-8e84-4c53d270b521	ID977PB	Local Orders	3170	New Order			\N	\N	2025-01-02 09:33:10.886421+05:30	2025-01-02 09:33:10.896845+05:30	2c984ca8-f565-4541-b60e-d84e3ec5d8a6	\N	45696072-b4a6-4157-9fa5-fd74a9e8b204	\N	\N	2025-01-02 09:33:10.886405+05:30	\N	2025-01-02	12:00:00	20	3024	126
0a200c00-e925-4ff6-b693-65af5bb386b9	ID593QL	Local Orders	915	New Order			\N	\N	2025-01-03 10:52:06.355838+05:30	2025-01-03 10:52:06.378154+05:30	87c92012-27a1-441a-9553-f75545a96b54	\N	45696072-b4a6-4157-9fa5-fd74a9e8b204	\N	\N	2025-01-03 10:52:06.355822+05:30	\N	2025-01-03	12:00:00	20	393.8	501.20000000000005
79b11cfe-620c-4dc1-9ab1-cf982ef96e10	ID493CF	Local Orders	5720	New Order			\N	\N	2025-01-03 14:28:47.307696+05:30	2025-01-03 14:28:47.316905+05:30	c39f4d26-9ad6-4675-81ac-32e834935944	3bda6216-51f9-4aea-bf57-6d8f1823db74	45696072-b4a6-4157-9fa5-fd74a9e8b204	\N	\N	2025-01-03 14:28:47.307681+05:30	\N	2025-01-04	10:00:00	20	5548	152
ddbd42c4-86dc-4979-8f00-e5f52d1a3382	ID257PM	Local Orders	1520	New Order			\N	\N	2025-01-07 14:39:46.383892+05:30	2025-01-07 14:39:46.392754+05:30	49ea242d-a85b-4465-803e-061a83af18a8	3bda6216-51f9-4aea-bf57-6d8f1823db74	d000500b-e1f9-46f3-b536-1fef3b643446	\N	\N	2025-01-07 14:39:46.383876+05:30	\N	2025-01-08	12:00:00	20	510	990
a02b6b68-7740-4384-9fa7-19a03ea2d564	ID503GN	Local Orders	2705	Delivered			2025-01-06 16:23:12.668892+05:30	\N	2025-01-06 16:21:14.311254+05:30	2025-01-06 16:23:27.146406+05:30	c3761064-245b-4d68-9bdc-6a8ec4fc3035	3bda6216-51f9-4aea-bf57-6d8f1823db74	de7ed666-533a-4c8e-bb04-6b3b4dcefb56	\N	\N	2025-01-06 16:21:14.311238+05:30	1	2025-01-08	14:00:00	20	2183.8	501.20000000000005
73009359-7e1b-43bb-923d-e33269520aa1	ID370KA	Local Orders	3020	Delivered			2025-01-03 15:18:48.823919+05:30	\N	2025-01-03 14:33:00.993683+05:30	2025-01-03 15:18:59.357345+05:30	1de71190-63d2-4c84-bb42-9e8120389dae	20585010-dc17-44e5-a7cc-375152d62dad	45696072-b4a6-4157-9fa5-fd74a9e8b204	\N	\N	2025-01-03 14:33:00.993668+05:30	1	2025-01-05	10:00:00	20	2010	990
4047c968-c441-48e1-82fd-a827541ee6dd	ID510AL	Local Orders	3810	New Order			\N	\N	2025-01-06 10:19:45.822267+05:30	2025-01-06 10:19:45.842484+05:30	c159eafc-4df9-4487-ac34-ea0243840c68	\N	45696072-b4a6-4157-9fa5-fd74a9e8b204	\N	\N	2025-01-06 10:19:45.822252+05:30	\N	2025-01-06	12:00:00	20	2642	1148
a76f9bb1-632d-4006-adea-2fc3effae00a	ID149AA	Local Orders	1965	New Order			\N	\N	2025-01-06 10:22:20.145848+05:30	2025-01-06 10:22:20.159379+05:30	4af35b7d-0319-4020-9554-c03c0e65df8f	3bda6216-51f9-4aea-bf57-6d8f1823db74	45696072-b4a6-4157-9fa5-fd74a9e8b204	\N	\N	2025-01-06 10:22:20.145833+05:30	\N	2025-01-07	14:00:00	20	1317.8	627.2
6c1d47d1-ee05-413a-97f4-b2917b6ee0d2	ID981WA	Local Orders	2060	New Order	Avoid ringing bell		\N	\N	2025-01-06 15:46:33.867521+05:30	2025-01-06 15:46:33.884953+05:30	15cff04d-ffa2-4060-ae32-937a71aea69c	20585010-dc17-44e5-a7cc-375152d62dad	36ce9ef8-098e-4ee5-8ffc-c6fdc01e2c22	\N	\N	2025-01-06 15:46:33.867506+05:30	\N	2025-01-07	14:00:00	20	1728	312
26ce1f8c-857b-4246-bf10-59446a140029	ID577CU	Pick Up	670	New Order	\N		\N	\N	2025-01-06 15:49:07.677965+05:30	2025-01-06 15:49:07.68886+05:30	\N	20585010-dc17-44e5-a7cc-375152d62dad	36ce9ef8-098e-4ee5-8ffc-c6fdc01e2c22	\N	\N	2025-01-06 15:49:07.677948+05:30	\N	2025-01-07	\N	20	533	117
73dc2b3c-a8c4-40ff-9f88-565886713094	ID432JQ	Local Orders	8380	New Order			\N	\N	2025-01-06 16:10:35.744859+05:30	2025-01-06 16:10:35.767762+05:30	7923fd38-989e-47d1-9a20-4d1782ac2603	3bda6216-51f9-4aea-bf57-6d8f1823db74	de7ed666-533a-4c8e-bb04-6b3b4dcefb56	\N	\N	2025-01-06 16:10:35.744842+05:30	\N	2025-01-07	14:00:00	20	7628.6	731.4
0261e2f8-d53e-4b0f-8bd7-cb708119dc8d	ID847XQ	Local Orders	3600	New Order			\N	\N	2025-01-06 16:13:17.598029+05:30	2025-01-06 16:13:17.606987+05:30	fc4af333-92eb-473b-9c1e-b8bc03acc496	3bda6216-51f9-4aea-bf57-6d8f1823db74	de7ed666-533a-4c8e-bb04-6b3b4dcefb56	\N	\N	2025-01-06 16:13:17.598013+05:30	\N	2025-01-07	12:00:00	20	3078.8	501.20000000000005
40e0beef-b671-40a3-862a-64d33e611faf	ID986LY	Local Orders	3600	New Order			\N	\N	2025-01-06 16:13:18.743515+05:30	2025-01-06 16:13:18.750268+05:30	23a7e222-ea0f-4905-bf05-e69e115ebb94	3bda6216-51f9-4aea-bf57-6d8f1823db74	de7ed666-533a-4c8e-bb04-6b3b4dcefb56	\N	\N	2025-01-06 16:13:18.743501+05:30	\N	2025-01-07	12:00:00	20	3078.8	501.20000000000005
b326dfca-7519-4980-bd71-14da0b2ef054	ID252RK	Local Orders	16900	New Order			\N	\N	2025-01-08 12:23:49.023495+05:30	2025-01-08 12:23:49.051662+05:30	a42b7fdd-3c58-455f-bf6c-013527bc6ca7	3bda6216-51f9-4aea-bf57-6d8f1823db74	45696072-b4a6-4157-9fa5-fd74a9e8b204	\N	\N	2025-01-08 12:23:49.023478+05:30	\N	2025-01-09	14:00:00	20	15858.8	1021.2
6ef24bc5-20b8-45f3-81d4-f3173e20cf21	ID114OI	Local Orders	2705	Order Packed			\N	\N	2025-01-06 16:34:13.925094+05:30	2025-01-06 16:36:05.343571+05:30	68523146-0820-4b9c-848e-a8838ca845f8	3bda6216-51f9-4aea-bf57-6d8f1823db74	de7ed666-533a-4c8e-bb04-6b3b4dcefb56	\N	\N	2025-01-06 16:34:13.925077+05:30	\N	2025-01-07	14:00:00	20	2183.8	501.20000000000005
de9daa32-29e7-4666-861e-01fd4a423f10	ID608OY	Local Orders	3600	New Order			\N	\N	2025-01-07 10:19:08.115616+05:30	2025-01-07 10:19:08.133353+05:30	c5c87ea0-e4bc-4e04-ac3b-c0e688f6c679	3bda6216-51f9-4aea-bf57-6d8f1823db74	936b6a39-8375-4428-b4df-eb7e5083c65e	\N	\N	2025-01-07 10:19:08.115601+05:30	\N	2025-01-07	12:00:00	20	3078.8	501.20000000000005
554a7f72-0dd2-413a-856d-6064e5ce8dc3	ID980RE	Local Orders	3600	Delivered			2025-01-06 16:19:13.892983+05:30	\N	2025-01-06 16:14:42.412142+05:30	2025-01-06 16:19:23.674529+05:30	3d50ef7b-d52b-4a71-a3a1-3bf004cfb154	3bda6216-51f9-4aea-bf57-6d8f1823db74	de7ed666-533a-4c8e-bb04-6b3b4dcefb56	\N	\N	2025-01-06 16:14:42.412126+05:30	1	2025-01-07	12:00:00	20	3078.8	501.20000000000005
0957c2d7-0b83-4e39-a6f4-59596816c14f	ID906VC	Local Orders	810	New Order			\N	\N	2025-01-07 14:23:20.203736+05:30	2025-01-07 14:23:20.215695+05:30	11330a3e-873c-4d15-a27e-a0200c492c09	\N	87ab7283-83ad-41b7-a33b-0315511ab13e	\N	\N	2025-01-07 14:23:20.203719+05:30	\N	2025-01-08	14:00:00	20	632	158
1d1dab8b-4f37-45b5-aaa4-0fcf090b5a58	ID599LB	Local Orders	810	New Order			\N	\N	2025-01-07 14:26:21.01078+05:30	2025-01-07 14:26:21.021512+05:30	b25d0911-f9c6-4a37-8849-2868a47cf0ba	\N	87ab7283-83ad-41b7-a33b-0315511ab13e	\N	\N	2025-01-07 14:26:21.010762+05:30	\N	2025-01-08	10:00:00	20	632	158
361f897c-be72-4b4f-bb14-939b9dd2e39c	ID511UK	Local Orders	1810	New Order			\N	\N	2025-01-07 14:30:47.425567+05:30	2025-01-07 14:30:47.433964+05:30	9b895fe9-9b21-4dd4-91f8-8a976d0d7a90	cf03618d-eaf7-4a8d-87ef-9ae17806b6d2	d000500b-e1f9-46f3-b536-1fef3b643446	\N	\N	2025-01-07 14:30:47.425551+05:30	\N	2025-01-08	14:00:00	20	1288.8	501.20000000000005
cbfa8de6-93f4-44a7-aeff-6c454b8228f2	ID238RM	Local Orders	810	New Order			\N	\N	2025-01-07 14:34:06.639058+05:30	2025-01-07 14:34:06.647333+05:30	21518a86-b61e-481a-bd02-b124282c70a3	\N	e996a531-e941-47ce-81b8-0af54e0a7af1	\N	\N	2025-01-07 14:34:06.63904+05:30	\N	2025-01-08	14:00:00	20	632	158
fe63942f-7ed9-4b38-beac-5a08a8090ebd	ID600YA	Local Orders	1520	New Order			\N	\N	2025-01-07 14:35:46.684248+05:30	2025-01-07 14:35:46.695024+05:30	e4832aeb-9664-48c3-9d85-019fb8d2b302	3bda6216-51f9-4aea-bf57-6d8f1823db74	d000500b-e1f9-46f3-b536-1fef3b643446	\N	\N	2025-01-07 14:35:46.684232+05:30	\N	2025-01-09	14:00:00	20	510	990
b7b6c216-df12-43d4-b4e9-e048db15ba27	ID154YD	Local Orders	1520	New Order			\N	\N	2025-01-07 14:35:48.480933+05:30	2025-01-07 14:35:48.48793+05:30	163d9767-a402-4bcb-b7ae-b50f1ce5d7bf	3bda6216-51f9-4aea-bf57-6d8f1823db74	d000500b-e1f9-46f3-b536-1fef3b643446	\N	\N	2025-01-07 14:35:48.480918+05:30	\N	2025-01-09	14:00:00	20	510	990
cc9f368d-09bb-4866-af27-02390474a13a	ID712KL	Local Orders	27890	New Order			\N	\N	2025-01-08 12:43:00.91468+05:30	2025-01-08 12:43:00.943286+05:30	a9a35307-bae4-451b-9d58-52ba4a2f479e	3bda6216-51f9-4aea-bf57-6d8f1823db74	45696072-b4a6-4157-9fa5-fd74a9e8b204	\N	\N	2025-01-08 12:43:00.914661+05:30	\N	2025-01-09	10:00:00	20	25018.7	2851.3
a6bf1cb7-9187-435d-994e-b687cd6fdba8	ID391MJ	Local Orders	1810	Delivered			2025-01-07 15:42:58.243719+05:30	\N	2025-01-07 15:39:48.499815+05:30	2025-01-07 15:43:05.402842+05:30	a8485d00-4a79-4242-b06c-68a8f833b2ed	3bda6216-51f9-4aea-bf57-6d8f1823db74	936b6a39-8375-4428-b4df-eb7e5083c65e	\N	\N	2025-01-07 15:39:48.499799+05:30	1	2025-01-08	14:00:00	20	1288.8	501.20000000000005
e02435a4-ace6-46a9-a9b9-3e6d93d569fb	ID592TQ	Local Orders	11670	New Order			\N	\N	2025-01-08 14:34:23.529741+05:30	2025-01-08 14:34:23.543911+05:30	65593cb4-6961-447c-8e60-b4e8f96f400f	3bda6216-51f9-4aea-bf57-6d8f1823db74	45696072-b4a6-4157-9fa5-fd74a9e8b204	\N	\N	2025-01-08 14:34:23.529726+05:30	\N	2025-01-09	12:00:00	20	9362.5	2287.5
98889db9-c7a3-45c1-b650-cc718d8f286f	ID642MU	Local Orders	11670	New Order			\N	\N	2025-01-08 14:34:32.157216+05:30	2025-01-08 14:34:32.167183+05:30	8d07eb40-c94d-4a3b-bb67-ceaeb050c7ca	3bda6216-51f9-4aea-bf57-6d8f1823db74	45696072-b4a6-4157-9fa5-fd74a9e8b204	\N	\N	2025-01-08 14:34:32.1572+05:30	\N	2025-01-09	12:00:00	20	9362.5	2287.5
8054a260-f8f0-4b05-aeff-93a17aa6ec54	ID124OF	Local Orders	2870	Delivered			2025-01-07 15:45:57.83917+05:30	\N	2025-01-07 15:43:57.512519+05:30	2025-01-07 15:46:03.044543+05:30	266d7197-46c3-48cc-833c-e90fe4066ea6	3bda6216-51f9-4aea-bf57-6d8f1823db74	936b6a39-8375-4428-b4df-eb7e5083c65e	\N	\N	2025-01-07 15:43:57.512502+05:30	1	2025-01-08	12:00:00	20	2698	152
9af0ce5f-c89f-4dfa-909b-59257abc00aa	ID172WE	Local Orders	11670	New Order			\N	\N	2025-01-08 14:34:44.328455+05:30	2025-01-08 14:34:44.339631+05:30	46315b0a-862b-45ec-81ae-628987a93bef	3bda6216-51f9-4aea-bf57-6d8f1823db74	45696072-b4a6-4157-9fa5-fd74a9e8b204	\N	\N	2025-01-08 14:34:44.328438+05:30	\N	2025-01-09	12:00:00	20	9362.5	2287.5
7b680daf-3b5e-45cb-8c1c-1e1bbf2fecf1	ID778RJ	Local Orders	11670	New Order			\N	\N	2025-01-08 14:35:35.797895+05:30	2025-01-08 14:35:35.810462+05:30	e4c90162-456b-44a3-b2ac-61a88a70ddaf	3bda6216-51f9-4aea-bf57-6d8f1823db74	45696072-b4a6-4157-9fa5-fd74a9e8b204	\N	\N	2025-01-08 14:35:35.797879+05:30	\N	2025-01-09	12:00:00	20	9362.5	2287.5
427ff27a-124e-4e92-9a2f-898c674d5f54	ID130GI	Local Orders	11670	New Order			\N	\N	2025-01-08 14:36:01.070032+05:30	2025-01-08 14:36:01.080975+05:30	1052a863-a80c-476f-b833-6267b5883574	3bda6216-51f9-4aea-bf57-6d8f1823db74	45696072-b4a6-4157-9fa5-fd74a9e8b204	\N	\N	2025-01-08 14:36:01.070017+05:30	\N	2025-01-09	10:00:00	20	9362.5	2287.5
038acbbb-77ed-4d29-a0f3-e1e4d9ea20fc	ID439OG	Local Orders	11670	New Order			\N	\N	2025-01-08 14:37:04.090231+05:30	2025-01-08 14:37:04.101378+05:30	b33b24e9-9d64-41d0-8577-b18581fa11b0	3bda6216-51f9-4aea-bf57-6d8f1823db74	45696072-b4a6-4157-9fa5-fd74a9e8b204	\N	\N	2025-01-08 14:37:04.090216+05:30	\N	2025-01-09	10:00:00	20	9362.5	2287.5
13b8fe5a-765c-4b14-ae31-0e0732e1112d	ID211JH	Local Orders	11670	New Order			\N	\N	2025-01-08 14:40:41.098298+05:30	2025-01-08 14:40:41.110337+05:30	d4b11c6f-a881-450b-804c-569a3e66e1bb	3bda6216-51f9-4aea-bf57-6d8f1823db74	45696072-b4a6-4157-9fa5-fd74a9e8b204	\N	\N	2025-01-08 14:40:41.09828+05:30	\N	2025-01-09	14:00:00	20	9362.5	2287.5
7b70ad2d-31c4-4411-b0a1-aac3534c44ae	ID297TQ	Local Orders	12245	New Order			\N	\N	2025-01-08 14:49:30.989017+05:30	2025-01-08 14:49:31.01321+05:30	4d73b45e-e548-425d-844e-0c82ba278c42	3bda6216-51f9-4aea-bf57-6d8f1823db74	45696072-b4a6-4157-9fa5-fd74a9e8b204	\N	\N	2025-01-08 14:49:30.989003+05:30	\N	2025-01-09	12:00:00	20	10305.8	1919.2
\.


--
-- Data for Name: orders_payment; Type: TABLE DATA; Schema: public; Owner: postgres
--

COPY public.orders_payment (id, razorpay_payment_id, razorpay_order_id, payment_status, payment_date, order_id) FROM stdin;
1	\N	order_PWFytu99GZ9fNt	pending	2024-12-12 17:28:50.507747+05:30	2f3c6385-afed-478a-939b-7d8ca738f3a2
2	\N	order_PWGDoGJehZM3PA	pending	2024-12-12 17:42:57.350529+05:30	e50b24c9-e925-4739-9290-8d268bce50d7
3	\N	order_PWGFs3WzaNe8No	pending	2024-12-12 17:44:54.414404+05:30	4d3b5cea-0cc1-467e-a224-76c4a545febd
4	\N	order_PWGNOKhum8RKq0	pending	2024-12-12 17:52:01.583819+05:30	69fb7207-d88c-4fbe-afe4-b4ace70069d3
5	\N	order_PWGOpzt8nc8vRl	pending	2024-12-12 17:53:23.727592+05:30	5e1072cd-6234-443e-9f32-221c575a5112
6	\N	order_PWGVOFScwcgPOh	pending	2024-12-12 17:59:35.915533+05:30	fa7f18b8-0486-441d-a4c6-14bedcfc6cdd
7	\N	order_PWGZ9QedpTU7Ls	pending	2024-12-12 18:03:09.535523+05:30	4fb61c80-024e-4a1a-8e83-c40e4eb58b59
8	\N	order_PWGajXm6NgmBvb	pending	2024-12-12 18:04:39.4174+05:30	e934e792-e73f-414a-9c1d-875a31a741e1
9	\N	order_PWGgrRDQ8IchzA	pending	2024-12-12 18:10:27.454247+05:30	ad0f9b15-dafd-49f0-938c-88765e2ed783
10	\N	order_PWGjAInC1SoPeA	pending	2024-12-12 18:12:38.336899+05:30	4d612682-209a-48e1-95fb-d3b599b6ea63
11	\N	order_PWGnhFDxjXTk9p	pending	2024-12-12 18:16:55.73264+05:30	fb82f415-2df4-454a-b2f4-5f13e85d5141
12	\N	order_PWH91gC0TjUYQi	pending	2024-12-12 18:37:07.245725+05:30	b930edce-08aa-467c-8e79-2fd768db07f8
13	\N	order_PWHBqo1d1xEW65	pending	2024-12-12 18:39:47.681139+05:30	6d57c54d-89b3-4cc3-8f81-186cd49a4204
14	\N	order_PWHK8NDRC0qgoI	pending	2024-12-12 18:47:38.200707+05:30	c343a8d2-b597-4644-b87e-a40af3f3387b
15	\N	order_PWHOIGq1OV4kyE	pending	2024-12-12 18:51:34.449803+05:30	355f9bad-9f6e-4384-ab21-d788bd8dde32
16	\N	order_PWHR7wdDQj06ir	pending	2024-12-12 18:54:15.384166+05:30	adba0d9f-3fab-43a9-965d-0809ff770d64
17	\N	order_PWHWScDAgveBFR	pending	2024-12-12 18:59:18.324922+05:30	994869a4-fc5f-47a8-b404-285c6948e655
18	\N	order_PWWlR6kYKoR7C4	pending	2024-12-13 09:53:53.168969+05:30	de5ce64e-ad14-4616-93eb-f24a010fa1d0
19	\N	order_PWWpekop1IUWef	pending	2024-12-13 09:57:52.868368+05:30	0b193412-30cf-42d9-8942-7c5a1ccf66cc
20	\N	order_PWWsMXcyix19Dh	pending	2024-12-13 10:00:26.589117+05:30	fb8550f6-c9c6-40a4-8852-e6ce7174c88d
21	\N	order_PWWuK6dNbXdlAr	pending	2024-12-13 10:02:17.99495+05:30	2172588c-40d9-489c-b315-b9f790071229
22	\N	order_PWX0KGrtVzXy8z	pending	2024-12-13 10:07:58.912508+05:30	17c4498a-c908-4e04-8b1f-be4b9d8ccff9
23	\N	order_PWX0rQHtewUWVc	pending	2024-12-13 10:08:29.281318+05:30	62281af4-7673-4904-9354-4f113f25ceb3
24	\N	order_PWX4PXGqKKAvyu	pending	2024-12-13 10:11:50.930048+05:30	3e7d6d83-be80-42fa-9689-2464b5ef07f2
25	\N	order_PWXISWgU7jsKSq	pending	2024-12-13 10:25:08.880287+05:30	4c825d5b-96d5-496c-a4d6-7bf18fa20df3
26	\N	order_PWXMWxaqQzZ8QS	pending	2024-12-13 10:29:00.142501+05:30	efa9daaa-6ef6-4291-bc07-d22aaddaef3b
27	\N	order_PWY2CbEQKKA5zc	pending	2024-12-13 11:08:27.090683+05:30	866697a9-9e14-43bc-b075-5757e587d861
28	\N	order_PWa55PRyloJcse	pending	2024-12-13 13:08:34.160584+05:30	68e5c51d-f8b5-465d-9697-e6714076f227
29	\N	order_PWaE85R0R8c7go	pending	2024-12-13 13:17:07.79579+05:30	c1518f75-8c9f-4b9d-9151-6526133ff422
30	\N	order_PWaITDcCsRkTUc	pending	2024-12-13 13:21:14.350673+05:30	8bc28f1d-c839-4195-9dde-c11adb7a28bb
31	\N	order_PWaIhXssP0aje0	pending	2024-12-13 13:21:27.480203+05:30	3e22146c-d98a-4392-984a-0c09395d99e3
32	pay_PWaPxyaSfYuD2p	order_PWaPVf2I645y64	Paid	2024-12-13 13:27:54.191798+05:30	97e88ed0-fce2-4d91-8cf3-131266a9088a
33	\N	order_PWaX2h1gfrY5Sx	pending	2024-12-13 13:35:02.052349+05:30	ba9da18b-cebb-4f4a-b384-2e644b4a41c8
34	pay_PWapWmDcZvgjiK	order_PWap1YhQ6mpVze	Paid	2024-12-13 13:52:03.420663+05:30	67c10a6f-1a37-497a-b687-1dbd8418adf9
35	\N	order_PWbqwVqlbp3ice	pending	2024-12-13 14:52:34.016886+05:30	9f54638a-d4eb-4926-8ed9-9edd96a6d954
36	\N	order_PWbsWOfS8kndMd	pending	2024-12-13 14:54:03.691297+05:30	9ca88e9b-c6d0-4eb2-8f2d-e5c88d64bb5b
37	\N	order_PWbu3pbKrYtKn9	pending	2024-12-13 14:55:31.132688+05:30	52baebe9-2e9e-4918-9f82-c5f6a8ea8212
38	\N	order_PWbwZtMajVAhOs	pending	2024-12-13 14:57:54.08968+05:30	0df154e3-78f1-449e-9c81-5da541a471f5
39	\N	order_PWbzKzy9LfSEky	pending	2024-12-13 15:00:30.845368+05:30	dd18c094-d0c9-4ebd-93e7-4359e530e959
40	pay_PWcRTS35o6ojAD	order_PWcQwWSK80tvNO	Paid	2024-12-13 15:26:38.830359+05:30	7348242d-b386-4bdb-bfc9-cb9e47680b97
41	\N	order_PWd8GjhCqAqfQm	pending	2024-12-13 16:07:39.759697+05:30	5d4b827a-ecca-4630-aaab-7f8ab3223f58
42	pay_PWd9KsD1Vem6ki	order_PWd8n5I7JkbGyq	Paid	2024-12-13 16:08:09.39135+05:30	5cbb8d7e-8d1d-4448-9e92-1bd0c892e60a
43	pay_PWdEGiX3mCIZM7	order_PWdDrDTJi5LUjT	Paid	2024-12-13 16:12:57.185449+05:30	97919f05-bf4c-45df-a11c-d2ac75fba646
44	pay_PWdH11AkRvkuvM	order_PWdGiDOJCOXlnp	Paid	2024-12-13 16:15:39.346361+05:30	298397cf-3ea5-46a0-b7c4-85ad0bd997d6
45	pay_PWdKUlqOw97s8I	order_PWdK7djUN66SJm	Paid	2024-12-13 16:18:53.032776+05:30	1bfce886-e4b5-4d86-9747-28097bdf0119
46	pay_PWdT3EV5ARncOV	order_PWdSnpXOo5p9f9	Paid	2024-12-13 16:27:06.081418+05:30	0a577504-19da-4fe6-a27d-1cdfbd996658
47	pay_PWdX3aYfrL1zfJ	order_PWdWcpd5WOc1xK	Paid	2024-12-13 16:30:43.221772+05:30	79c66fe3-9d89-4b80-9e3f-8ffeccb4117c
48	\N	order_PWdn3ykKIeDEgl	pending	2024-12-13 16:46:16.889998+05:30	a9e5817e-07c6-479b-8b6b-c3dfae3c0883
49	pay_PWeJWeMWWplEfO	order_PWeIiIG47XEc6h	Paid	2024-12-13 17:16:14.625917+05:30	aab34c24-153c-426b-897d-9f9df5399199
50	\N	order_PWeVv3OEDczTYQ	pending	2024-12-13 17:28:44.713926+05:30	d02ae9cf-5854-48ee-869a-cb08de5387ba
51	\N	order_PWeaFj9apPThCR	pending	2024-12-13 17:32:50.852467+05:30	4f13151d-0c8f-46a4-a3cd-3ad55f1023e9
52	pay_PWf85ZLQK4RzLw	order_PWf7LjWzVbBEYI	Paid	2024-12-13 18:04:10.771029+05:30	76a0f056-abc1-4911-857e-16ff84b8f4e9
53	pay_PWfANNl0o3miqU	order_PWf9pQJQktxu5Z	Paid	2024-12-13 18:06:31.570525+05:30	c88cc410-11ff-4065-b6bf-e03b6b35271b
54	pay_PWfMP7dsCDeXGa	order_PWfLlhCePRWc52	Paid	2024-12-13 18:17:49.752303+05:30	952afa0c-4ab9-41c8-b01f-3dc793cb6b92
55	pay_PWyBpRt16fJe5T	order_PWyBDnGMXVsIY1	Paid	2024-12-14 12:43:01.405869+05:30	66cad305-89c4-45d2-9a86-1e9fb07f7828
56	\N	order_PWyko2Wou7k6sL	pending	2024-12-14 13:16:42.586485+05:30	fffea379-7eed-462c-aa8e-b87cb26d5183
57	pay_PWzAbsTu9SuX3k	order_PWz9ctnZude2wY	Paid	2024-12-14 13:40:12.386089+05:30	80ae6db7-1a0e-4479-99b3-4a592882e582
58	pay_PWzGlTdSfk8izj	order_PWzGD9P5mnAwRS	Paid	2024-12-14 13:46:26.400949+05:30	9aaff37b-49ed-42c4-9724-ffb412f07f5a
59	\N	order_PXIWzVlCv5i2VQ	pending	2024-12-15 08:37:30.180033+05:30	dee51841-b890-4837-b0bd-f6cf26e8a2c4
60	\N	order_PXKwmMn3OyoMWB	pending	2024-12-15 10:59:18.171578+05:30	2e2ea6bd-5ed6-40c3-8c0c-93caf338f83d
61	\N	order_PXKy1g0kHduOVU	pending	2024-12-15 11:00:29.023961+05:30	c142d67a-0412-4bf1-9e13-ceeb1281712c
62	\N	order_PXRRo5JN6ISZpg	pending	2024-12-15 17:20:50.25232+05:30	0a0a28b5-c541-4c04-8a99-525b39d247d5
64	\N	order_PXhgOVKLdoEYwc	pending	2024-12-16 09:13:44.647769+05:30	94ad04e3-2397-4133-9a83-07be53578b5b
63	pay_PXhg50onaeVCZm	order_PXhfQS9NSCyhqF	Paid	2024-12-16 09:12:49.635483+05:30	c0869fe7-1ec6-4fe3-9aec-f1a129134e5d
65	\N	order_PXi4SQlknCIhYI	pending	2024-12-16 09:36:31.468564+05:30	b442a0da-9d96-4f84-82b3-a121bda6a6a5
66	\N	order_PXi52NAFDaCwgD	pending	2024-12-16 09:37:04.387731+05:30	e27b4833-3739-4d18-ab8e-3c30c8870c8e
67	\N	order_PXi5AR3qMkbprt	pending	2024-12-16 09:37:11.764993+05:30	d72328de-a4fd-4152-a9a9-c36ccd67929a
68	pay_PXiBSJyJsyrb1w	order_PXiB0nMs4Y2kCC	Paid	2024-12-16 09:42:43.735094+05:30	e732b1c4-4180-452c-8f12-dee96b292ef3
69	pay_PXiJRQjWDU86cz	order_PXiIblu0hjS7Vn	Paid	2024-12-16 09:49:55.206493+05:30	3c5c344d-4f76-49f4-b3e1-679f0d43d810
70	pay_PXiyk4vwNBI0C2	order_PXiyD5iSX3v1JM	Paid	2024-12-16 10:29:18.207768+05:30	1d2f0424-8014-4603-8201-082d00752131
71	pay_PXj5DmS5Fa2lXx	order_PXj4oOWcFBNNoI	Paid	2024-12-16 10:35:33.186179+05:30	34e5a2c4-eefa-4206-a213-28aa322116be
72	\N	order_PXjBttldwHGoU6	pending	2024-12-16 10:42:15.836441+05:30	2b8d9577-6edf-4a2f-8275-9c3505833041
73	\N	order_PXjEyWkPXonyao	pending	2024-12-16 10:45:10.498095+05:30	fc01bc0f-fa36-4159-99ac-3812d9a7c4b0
74	\N	order_PXjHvOeps8g4K2	pending	2024-12-16 10:47:58.012996+05:30	d43a72b2-c6f9-4674-a9f5-55173e238278
75	\N	order_PXjI0j5Od616ze	pending	2024-12-16 10:48:02.903498+05:30	42cf1b31-98a8-44c4-87ba-a8797144ecc0
76	\N	order_PXjIAPlWedAthP	pending	2024-12-16 10:48:11.763208+05:30	00fbb428-857c-4599-a481-8fe56266b022
77	\N	order_PXjIialWn8cwEz	pending	2024-12-16 10:48:43.09641+05:30	0d1b7a83-4872-4793-811e-3681acd13ed4
78	\N	order_PXjMejD7h8hlvS	pending	2024-12-16 10:52:26.734017+05:30	fb75f75d-89fd-4f03-b010-ba476214e329
79	pay_PXjUmJVEYvQ2F6	order_PXjULKWD3SUwxp	Paid	2024-12-16 10:59:43.362357+05:30	38e32283-9762-4b34-947e-8735ce306c9f
80	pay_PXjYUBPh55icvt	order_PXjY5VHuDMaQ1N	Paid	2024-12-16 11:03:16.072068+05:30	8972d841-e702-41e3-829b-270c697aa55d
82	\N	order_PXjgwnJACDnCyA	pending	2024-12-16 11:11:39.290082+05:30	36275b1f-2e82-43fb-adc3-40b5b1e5ab17
81	pay_PXjheIt3HGmSkc	order_PXjgwJDlyHxytz	Paid	2024-12-16 11:11:38.843309+05:30	e6f5bcf8-8cb6-42cd-be4a-57bd3bd61683
83	pay_PXjl6UuH9J37lS	order_PXjkCjan8XdtPM	Paid	2024-12-16 11:14:44.296473+05:30	077fb7a5-3273-43ad-a60e-54ab9bdcd0a1
84	\N	order_PXjoG8zJ2rJ6dA	pending	2024-12-16 11:18:34.6186+05:30	a6c4bc3b-21d4-4b00-98c1-dcd65950c88c
85	\N	order_PXk0TErSrCB1CO	pending	2024-12-16 11:30:08.22083+05:30	c1d2c3d7-2238-4a1c-806a-bc2e804154b0
86	\N	order_PXk0UUN4Tv6kBC	pending	2024-12-16 11:30:09.363026+05:30	49fe1fdf-6e97-4021-aaff-39bdb19a5e1c
87	pay_PXk8UWFHUCjU8M	order_PXk6DQuitYIKOQ	Paid	2024-12-16 11:35:34.542442+05:30	f7c71216-7a92-4b9f-a0fb-4b4094ee9bf3
88	pay_PXkCUdfYNHrUie	order_PXkB73U1OCwROp	Paid	2024-12-16 11:40:12.698805+05:30	2d41674f-297e-42df-a6a5-6b846b31f553
89	pay_PXkKcDcGUdXvmc	order_PXkJzOMjONl42r	Paid	2024-12-16 11:48:36.927852+05:30	a8fca0fb-bd54-4cce-811f-4d8ef0d980af
90	pay_PXkUJHhYwEVGMA	order_PXkTVlv5XxIueA	Paid	2024-12-16 11:57:37.744158+05:30	b9e2f9b3-5514-476e-bd86-e6832626eb3b
91	\N	order_PXkYpzBKAnFi9j	pending	2024-12-16 12:02:40.297766+05:30	c46d2cca-2086-4c9f-8e84-6c3ddc395b83
92	\N	order_PXl27LwULWGLR0	pending	2024-12-16 12:30:23.391705+05:30	0b68d327-d2d8-4421-bfc9-9fe1dc80e1d6
93	pay_PXlKnKWwNVE35z	order_PXlK14zN0qZ7VD	Paid	2024-12-16 12:47:20.040057+05:30	92e9d41e-359c-41dc-9520-f0259e2aaf71
94	\N	order_PXn5qhaD47KmaV	pending	2024-12-16 14:31:18.558734+05:30	9708e9a7-0978-452d-9488-69a4c8e0b122
95	\N	order_PXn7pnHEpGSBA5	pending	2024-12-16 14:33:11.330633+05:30	e581ca50-c30a-456a-8c38-e0170574cfbe
96	\N	order_PXn9rpvLa5wMWa	pending	2024-12-16 14:35:06.799378+05:30	2f3f6095-e05a-4a50-b68e-88638b7ee168
97	pay_PXnC5v9O2sFk0K	order_PXnBgZAovUXTfI	Paid	2024-12-16 14:36:50.085569+05:30	4b370b63-ebe5-40a6-89c3-47c35434207e
98	pay_PXnLbkWIk3sisR	order_PXnLEWLEhU4zLL	Paid	2024-12-16 14:45:52.381543+05:30	48fe6fb8-ea33-4927-8155-6e7ce1c1eac1
99	\N	order_PXnNXXv680IJ4A	pending	2024-12-16 14:48:03.413142+05:30	051b8a85-0ab9-43f0-90ab-eac3d7159542
100	\N	order_PXnPNQeGgKdPw0	pending	2024-12-16 14:49:47.743791+05:30	d3854071-c22f-4fad-a0c8-5dbe0366292a
101	\N	order_PXnTb3mBaiSgbh	pending	2024-12-16 14:53:47.443636+05:30	de62ffad-4b75-4da9-b2ff-5ca01f9e1718
102	\N	order_PXnWwru6xilWGi	pending	2024-12-16 14:56:57.812629+05:30	0a76ef44-f18d-44c9-812e-380c45846eb2
103	\N	order_PXnfJXAX3QSDRK	pending	2024-12-16 15:04:52.977481+05:30	f3e50309-c5ac-4840-a999-97b045f3c7c4
104	\N	order_PXnjZljVgbB9jy	pending	2024-12-16 15:08:55.068867+05:30	e627cdd9-3306-4d9b-a450-22ee0a90e695
105	\N	order_PXnlmAktyhyFHb	pending	2024-12-16 15:11:00.022836+05:30	2de92cc9-ccd2-4247-bb97-4f12e3b573a1
106	\N	order_PXnnTXaYOXb38h	pending	2024-12-16 15:12:36.579929+05:30	34fb538a-94f8-4d95-9adc-374dfcbb353a
107	pay_PXoCVVrVRZdvNA	order_PXoC1niuJFXPsc	Paid	2024-12-16 15:35:51.144639+05:30	2996b731-612e-4a38-a29c-f2bae1374131
108	pay_PXoNbnUSpWVIqm	order_PXoNAqv2KrE8ej	Paid	2024-12-16 15:46:24.268633+05:30	a3a7c014-d966-49ed-b996-46f428035084
109	\N	order_PXobKnTJGovc2r	pending	2024-12-16 15:59:48.550765+05:30	87cd8f8b-8687-4bcb-9f1f-4399d19ba9e3
110	\N	order_PY75TxPaRnhVBQ	pending	2024-12-17 10:04:50.028756+05:30	c17a466d-5c7f-4f53-8b88-609213db45e1
111	pay_PY76ZAqVTQWNJH	order_PY765ENQF4v6j6	Paid	2024-12-17 10:05:24.162177+05:30	4b3972c2-49a3-4fb8-8c48-9c811ce19faf
112	\N	order_PY7U0GGQieVY92	pending	2024-12-17 10:28:02.849735+05:30	f39468f3-101d-4d88-81d8-305585f762b6
113	\N	order_PY7U19a6DQmHXI	pending	2024-12-17 10:28:03.632425+05:30	db9391c9-d2a6-403d-880c-d5be1c545b52
114	\N	order_PY7U3IfdtrxL1C	pending	2024-12-17 10:28:05.619546+05:30	9dcd7a1a-e6e1-4c48-a301-46fe019ff0c5
115	pay_PY7XqYEeYaTQ8S	order_PY7V2DC0wrD6eA	Paid	2024-12-17 10:29:01.410214+05:30	500c5491-83c8-4fc8-a9f9-3299e0fe2968
116	pay_PYVuqeXCtetkie	order_PYVuKBs0M7Yww6	Paid	2024-12-18 10:21:36.629958+05:30	37a1e6c9-0bf4-4e53-834a-432868fc2675
117	\N	order_PYVxgnSTBe6pEY	pending	2024-12-18 10:24:47.750845+05:30	4abfc6bd-97bb-47e1-99c3-316c6b2114f4
118	\N	order_PYWIumtpLGguzt	pending	2024-12-18 10:44:53.361733+05:30	cb261ab3-9a38-4305-b2d2-378bbdc1d899
119	\N	order_PYYmm5YAAu1QrL	pending	2024-12-18 13:10:32.630613+05:30	64626411-301e-44e5-8c3d-2494a5c2a6cb
120	\N	order_PYbieKla3twrtI	pending	2024-12-18 16:02:43.173931+05:30	61c2ad12-6fe9-4e02-b3b2-aab2b8e1d393
121	\N	order_PYbm6o6IELzXvD	pending	2024-12-18 16:05:59.658467+05:30	1bd5b3e2-1b0e-42bd-a756-9738e64cfea0
122	\N	order_PYboKVb310PTow	pending	2024-12-18 16:08:05.806035+05:30	f7ecaa76-09dd-420f-9f2a-ff5b75e7f361
123	\N	order_PYboYa1mbzd6SN	pending	2024-12-18 16:08:18.697715+05:30	1e66b50b-d844-44aa-bec0-2927ede8cce3
124	\N	order_PYyzP74pWrWNzR	pending	2024-12-19 14:48:31.964294+05:30	5592b902-6a23-44c1-ac80-fd6dced14e06
125	\N	order_PYyzOq31rsoYCa	pending	2024-12-19 14:48:32.371303+05:30	4754b682-67c0-4155-a26b-be09b67c5328
126	pay_PZLjsOIKCE0WLC	order_PZLj52A6J6dz0p	Paid	2024-12-20 13:03:01.900924+05:30	e418fbca-4702-4504-87db-d7fe794a122d
127	pay_PZMvqJxl1HDI6b	order_PZMvSSQtNrOEfU	Paid	2024-12-20 14:13:26.579487+05:30	e1b863ff-0429-4ed4-b293-d6c049d49fd2
129	\N	order_PaTjXnfXGjtsw1	pending	2024-12-23 09:32:01.280601+05:30	80312357-fbb5-4119-93a3-df934864eb9d
128	pay_PaTlSGdwwNdsOt	order_PaTjX15WczCPpW	Paid	2024-12-23 09:32:00.570045+05:30	48afe2f1-e902-4a80-9f4a-9c58dc55d506
130	pay_PaXJJu24HgD7vn	order_PaXHy2KMFtjWAH	Paid	2024-12-23 13:00:41.364132+05:30	59490073-0373-4745-8978-32af12da36d8
131	pay_PaXl1LaBHwXRGN	order_PaXjyoXxshXI89	Paid	2024-12-23 13:27:12.485098+05:30	47567b49-10d4-4c07-93d1-7ee7b1ab05a6
132	pay_PaYEDCb6p7eoZk	order_PaYDUhBW8suhg4	Paid	2024-12-23 13:55:08.899772+05:30	df160234-6ed9-4c7d-9b51-55e25a30b032
133	pay_PaYFDodle9JflF	order_PaYEoBAnkOegrv	Paid	2024-12-23 13:56:23.551842+05:30	d6847fff-878d-4233-b1c3-dd321da0dff3
134	\N	order_Pay0xU7fl3WEVz	pending	2024-12-24 15:09:18.843903+05:30	1caf9aba-85c9-4faa-99dc-b8d8a058f587
135	\N	order_Pbn11yIrWh751b	pending	2024-12-26 17:02:45.356057+05:30	15a1e403-3bdf-4fda-bb77-d97d3aa2af45
136	\N	order_PbnTBWnRHqvCXK	pending	2024-12-26 17:29:24.499938+05:30	c7b7e0aa-6c07-4d10-97dd-73cedc082dd9
137	\N	order_PdGMRH9aHAnOB5	pending	2024-12-30 10:24:08.22394+05:30	df2756eb-838e-413a-87eb-f1f735055f23
138	\N	order_PdGMSiaZVyHHJi	pending	2024-12-30 10:24:09.551514+05:30	33e3119e-cd06-43c9-91a0-d474312b9c2e
139	\N	order_PdHmx8gAk0ZqHg	pending	2024-12-30 11:47:55.837254+05:30	3bb21de6-09c8-4724-a27f-7f2c8d0027ec
140	\N	order_PdHmyJRq8wlvop	pending	2024-12-30 11:47:56.907516+05:30	984ddac2-4314-449a-bdaa-43f50482efb3
141	pay_PdJ7aDu7B386sp	order_PdJ6nxVVhjpL3A	Paid	2024-12-30 13:05:25.070482+05:30	99ceefda-a3b4-49a2-938e-4abe855f4678
142	pay_PdJ9io2OlV07K2	order_PdJ99JXFyv0quz	Paid	2024-12-30 13:07:38.209109+05:30	f7247d4d-3729-4163-ad0a-539ccd12b272
143	\N	order_PdKOM8glaIyrus	pending	2024-12-30 14:20:43.57506+05:30	89a3d6aa-ad70-49df-a0a0-f8a1fe6a7304
144	pay_PdKQ81gse3bDDK	order_PdKPenAjjp9xVb	Paid	2024-12-30 14:21:57.472821+05:30	c0a742df-e45b-4b0c-8a7b-8676a2ececa4
145	\N	order_PdKsD73HAgvCeR	pending	2024-12-30 14:48:59.320498+05:30	37cbcc47-8c20-43f0-b9bf-e07f8d5f5f5c
146	\N	order_PdKsDlY4ZS3Lqx	pending	2024-12-30 14:48:59.906465+05:30	a0171ded-cdd1-4e37-a692-2e098da49f1e
147	\N	order_PdLznNZodKmuGK	pending	2024-12-30 15:54:51.759395+05:30	ae62a7a0-322b-4ef0-8087-0a05579fbb30
148	\N	order_PdM1fx6eGJJ9p4	pending	2024-12-30 15:56:38.552304+05:30	a9b0f7ee-79cd-4b2f-b7ef-b880cbbf876a
149	pay_PdjeVscOTI3zZu	order_Pdje1VL6K87mSp	Paid	2024-12-31 15:02:53.842811+05:30	628497b3-565c-4690-936b-d1fc1e28fbd6
150	\N	order_Pe3yJxm0ZMrWCC	pending	2025-01-01 10:55:59.047038+05:30	bd6213d2-c17e-4f37-95ef-987830fc2856
151	\N	order_PeR5zhxvzflE1R	pending	2025-01-02 09:33:12.040253+05:30	6780c22c-08a7-43db-8e84-4c53d270b521
152	\N	order_PeqyTmermbUceJ	pending	2025-01-03 10:52:07.171804+05:30	0a200c00-e925-4ff6-b693-65af5bb386b9
153	pay_Peugds61fd8adS	order_PeufN1cv9reU0c	Paid	2025-01-03 14:28:48.227728+05:30	79b11cfe-620c-4dc1-9ab1-cf982ef96e10
154	pay_PeukyfQrLISEoK	order_Peujp6ysksj8oD	Paid	2025-01-03 14:33:01.23745+05:30	73009359-7e1b-43bb-923d-e33269520aa1
155	pay_Pg22b7xh0k2T8B	order_Pg21g5EaAP1W8Q	Paid	2025-01-06 10:19:46.714428+05:30	4047c968-c441-48e1-82fd-a827541ee6dd
156	pay_Pg24x8MRoNMvD6	order_Pg24NjNCICYalj	Paid	2025-01-06 10:22:20.276772+05:30	a76f9bb1-632d-4006-adea-2fc3effae00a
157	pay_Pg7cfrjoBiVRCK	order_Pg7atD5a82wxLC	Paid	2025-01-06 15:46:34.818046+05:30	6c1d47d1-ee05-413a-97f4-b2917b6ee0d2
158	pay_Pg7eCIfJ313DSa	order_Pg7daEXPtfnwXb	Paid	2025-01-06 15:49:07.818469+05:30	26ce1f8c-857b-4246-bf10-59446a140029
159	pay_Pg81NL2kg8D0o3	order_Pg80GvPYC5KaVy	Paid	2025-01-06 16:10:37.885931+05:30	73dc2b3c-a8c4-40ff-9f88-565886713094
160	\N	order_Pg836xLhqWlB67	pending	2025-01-06 16:13:17.848881+05:30	0261e2f8-d53e-4b0f-8bd7-cb708119dc8d
161	\N	order_Pg838AG5vCJnfE	pending	2025-01-06 16:13:18.928616+05:30	40e0beef-b671-40a3-862a-64d33e611faf
162	pay_Pg857CMJiOA7Hd	order_Pg84bSXUm7tw7H	Paid	2025-01-06 16:14:42.556984+05:30	554a7f72-0dd2-413a-856d-6064e5ce8dc3
163	pay_Pg8C7Qk224AYiN	order_Pg8BVDyB7dmLDx	Paid	2025-01-06 16:21:14.433255+05:30	a02b6b68-7740-4384-9fa7-19a03ea2d564
164	pay_Pg8Pr0MNvFWXLU	order_Pg8PEqFGZWZnQM	Paid	2025-01-06 16:34:14.634321+05:30	6ef24bc5-20b8-45f3-81d4-f3173e20cf21
165	pay_PgQZB3VhxWuYiO	order_PgQY8IyCg0CM82	Paid	2025-01-07 10:19:08.920941+05:30	de9daa32-29e7-4666-861e-01fd4a423f10
166	pay_PgUidhTZ88SqnO	order_PgUi5nzm3S2bBB	Paid	2025-01-07 14:23:21.076366+05:30	0957c2d7-0b83-4e39-a6f4-59596816c14f
167	pay_PgUlYhyBi3Mj4N	order_PgUlGN9xMaALDP	Paid	2025-01-07 14:26:21.155823+05:30	1d1dab8b-4f37-45b5-aaa4-0fcf090b5a58
168	pay_PgUqnqnD35Tyk7	order_PgUpxBl0XyAVL5	Paid	2025-01-07 14:30:47.585231+05:30	361f897c-be72-4b4f-bb14-939b9dd2e39c
169	pay_PgUu1D03JhfsH2	order_PgUtSauCZSEY9E	Paid	2025-01-07 14:34:06.752722+05:30	cbfa8de6-93f4-44a7-aeff-6c454b8228f2
171	\N	order_PgUvFlZfYH6Y8N	pending	2025-01-07 14:35:48.603633+05:30	b7b6c216-df12-43d4-b4e9-e048db15ba27
170	pay_PgUvnanlCbtCmj	order_PgUvDnwwQv8EEN	Paid	2025-01-07 14:35:46.807242+05:30	fe63942f-7ed9-4b38-beac-5a08a8090ebd
172	pay_PgV03F7sQXqrT8	order_PgUzRRdoxIVTfv	Paid	2025-01-07 14:39:46.502935+05:30	ddbd42c4-86dc-4979-8f00-e5f52d1a3382
173	pay_PgW1n9BnpI0rFL	order_PgW0s5cgRZY4Vr	Paid	2025-01-07 15:39:49.340255+05:30	a6bf1cb7-9187-435d-994e-b687cd6fdba8
174	pay_PgW5vhxwkaGAbX	order_PgW5F7zVPzqOk6	Paid	2025-01-07 15:43:57.637323+05:30	8054a260-f8f0-4b05-aeff-93a17aa6ec54
175	pay_PgrE0MJmfaLKQF	order_PgrCy7rq5naDJV	Paid	2025-01-08 12:23:50.387353+05:30	b326dfca-7519-4980-bd71-14da0b2ef054
176	\N	order_PgrXEphCrJve7u	pending	2025-01-08 12:43:01.698007+05:30	cc9f368d-09bb-4866-af27-02390474a13a
177	\N	order_PgtQtBgiwGHg90	pending	2025-01-08 14:34:24.28051+05:30	e02435a4-ace6-46a9-a9b9-3e6d93d569fb
178	\N	order_PgtR1vW0SWM6dV	pending	2025-01-08 14:34:32.281511+05:30	98889db9-c7a3-45c1-b650-cc718d8f286f
179	\N	order_PgtRFE4zoq3Uxg	pending	2025-01-08 14:34:44.476052+05:30	9af0ce5f-c89f-4dfa-909b-59257abc00aa
180	\N	order_PgtS9PTELsrGtB	pending	2025-01-08 14:35:35.945884+05:30	7b680daf-3b5e-45cb-8c1c-1e1bbf2fecf1
181	\N	order_PgtSayxeXnIhwq	pending	2025-01-08 14:36:01.200704+05:30	427ff27a-124e-4e92-9a2f-898c674d5f54
182	\N	order_PgtThmWfwo60lJ	pending	2025-01-08 14:37:04.256836+05:30	038acbbb-77ed-4d29-a0f3-e1e4d9ea20fc
183	\N	order_PgtXWdkdKT60Xu	pending	2025-01-08 14:40:41.222357+05:30	13b8fe5a-765c-4b14-ae31-0e0732e1112d
184	pay_PgthLeLMKqSNsR	order_Pgtgr3UI2SCyA3	Paid	2025-01-08 14:49:31.131352+05:30	7b70ad2d-31c4-4411-b0a1-aac3534c44ae
\.


--
-- Data for Name: products_customproduct; Type: TABLE DATA; Schema: public; Owner: postgres
--

COPY public.products_customproduct (id, item_name, item_code, item_description, veg_or_non_veg_status, min_size, max_size, size_unit, availability, created_date, updated_date) FROM stdin;
3	Customaised Choclate cake	CC45	Customised	Veg	1	4	kg	Available	2025-01-03 14:20:03.826726+05:30	2025-01-08 09:12:02.664371+05:30
4	Customised Macron	CM01	Customised macron	Non Veg	5	10	kg	Available	2025-01-06 09:56:29.783363+05:30	2025-01-08 11:02:35.302256+05:30
1	Customaised Cream cake	589	Customised	Non Veg	5	10	g	Available	2025-01-03 14:19:22.968799+05:30	2025-01-08 11:18:36.048756+05:30
2	Customaised Cream cake	589	Customised	Non Veg	5	10	g	Available	2025-01-03 14:19:24.37717+05:30	2025-01-08 11:18:54.697133+05:30
\.


--
-- Data for Name: products_customproductimage; Type: TABLE DATA; Schema: public; Owner: postgres
--

COPY public.products_customproductimage (id, image, created_date, custom_product_id) FROM stdin;
1	custom_product_images/Pastries.png	2025-01-03 14:19:22.976245+05:30	1
2	custom_product_images/Pastries_Bg12bVF.png	2025-01-03 14:19:24.380547+05:30	2
\.


--
-- Data for Name: products_customproductvideo; Type: TABLE DATA; Schema: public; Owner: postgres
--

COPY public.products_customproductvideo (id, video, created_date, custom_product_id) FROM stdin;
1	custom_product_videos/Cakes_plum.png	2025-01-03 14:19:22.982376+05:30	1
2	custom_product_videos/Cakes_plum_HQcBqD0.png	2025-01-03 14:19:24.383867+05:30	2
\.


--
-- Data for Name: products_dynamicfiltering; Type: TABLE DATA; Schema: public; Owner: postgres
--

COPY public.products_dynamicfiltering (id, filter_name, created_at) FROM stdin;
1	Test1	2024-10-03 13:40:55.767825+05:30
3	Test78	2024-10-03 13:42:07.647327+05:30
4	Test456	2024-10-03 13:43:45.420474+05:30
5	Test67	2024-10-03 13:44:04.03613+05:30
6	Test89	2024-10-03 13:55:23.209518+05:30
7	Test34	2024-10-03 13:55:34.079201+05:30
8	Test67	2024-10-03 13:55:45.171183+05:30
9	Test78	2024-10-03 13:55:56.178156+05:30
10	Test0	2024-10-03 13:56:04.876098+05:30
11	Test01	2024-10-03 13:56:16.327349+05:30
12	Test11	2024-10-03 13:56:28.411374+05:30
13	Test24	2024-10-03 13:56:38.520928+05:30
14	Test25	2024-10-03 13:56:49.147217+05:30
15	Test78	2024-10-03 13:57:01.3539+05:30
16	Test96	2024-10-03 13:57:26.932359+05:30
17	Test45	2024-10-03 13:57:41.100964+05:30
18	Test56	2024-10-03 16:24:47.006964+05:30
19	Test67	2024-10-03 16:25:01.331059+05:30
20	Cakes34	2024-10-18 11:00:17.466224+05:30
21	Dynamic filter	2024-12-31 14:28:00.381862+05:30
\.


--
-- Data for Name: products_dynamicfiltering_products; Type: TABLE DATA; Schema: public; Owner: postgres
--

COPY public.products_dynamicfiltering_products (id, dynamicfiltering_id, products_id) FROM stdin;
36	21	70
37	21	74
38	21	67
39	21	68
40	21	63
\.


--
-- Data for Name: products_productcategory; Type: TABLE DATA; Schema: public; Owner: postgres
--

COPY public.products_productcategory (uuid, category_name, category_code, created_at, updated_date, banner_image, icon, standard_image) FROM stdin;
e8a4ef2c-3f4c-4afa-9022-675daba58733	Cakes	Cake01	2024-09-20 16:16:44.883025+05:30	2024-12-12 16:03:05.0876+05:30	banners/Cakes_plum.png	icons/cakes.png	standard_images/Choclate_cake.png
9464725d-c6f3-4660-aa3d-81bbbc38696e	Dry fruits	Dft01	2024-10-17 16:37:53.510078+05:30	2024-12-12 16:03:32.45066+05:30	banners/product04_N9PpIho.png	icons/dryfruits.png	standard_images/product04_J4vjrak.png
6eb1c255-c928-44a2-b50f-4049a89702bd	Sweets	Swt	2024-10-17 16:33:00.950132+05:30	2024-10-17 16:33:40.533868+05:30	banners/product07.png	icons/sweets.png	standard_images/product01_HE0jrDi.png
5dadc8ed-3975-4da3-9dd2-17e02e4231ca	Snacks	Snk01	2024-10-17 16:35:38.302306+05:30	2024-10-17 16:35:49.057033+05:30	banners/snacks_LM1SwAj.png	icons/snacks1.png	standard_images/snacks_ngHzfvB.png
a7acae11-8bc8-4216-973e-81794f18558c	Breads	Bre01	2024-09-24 16:37:38.344885+05:30	2024-12-31 14:06:15.642824+05:30	banners/BREADSS.png	icons/bread.png	standard_images/breads_RDF6S1H.png
adafa29a-db76-4f17-a818-67e96e273439	Kerala specialities	Kspl01	2024-10-17 16:41:14.523336+05:30	2024-10-18 14:48:49.993704+05:30	banners/keralaspecial_a0ZIGmL.png	icons/kerala.png	standard_images/keralaspecial_qX6BiMW.png
c3a15f73-2f0d-49aa-816d-7556fef1ee3d	Muffins	Mpst01	2024-09-25 16:02:50.746844+05:30	2024-11-04 17:04:37.498911+05:30	banners/product014_RD3lSNJ.png	icons/muffins.png	standard_images/product04.png
\.


--
-- Data for Name: products_productimage; Type: TABLE DATA; Schema: public; Owner: postgres
--

COPY public.products_productimage (id, image, created_date, product_id) FROM stdin;
21	product_images/product03_tX4mDdd.png	2024-10-28 14:29:57.049383+05:30	61
22	product_images/product07.png	2024-10-28 14:58:06.555709+05:30	62
23	product_images/freshcakes.png	2024-10-28 15:37:59.432965+05:30	63
24	product_images/product011.png	2024-10-28 15:55:49.281533+05:30	64
25	product_images/product014.png	2024-10-28 15:59:43.441395+05:30	65
27	product_images/freshcakes_uKJUb6I.png	2024-10-28 16:08:53.799643+05:30	67
28	product_images/product08.png	2024-10-28 16:19:18.196953+05:30	68
29	product_images/product01.png	2024-10-28 16:46:52.182815+05:30	69
30	product_images/product07_hq0gr4k.png	2024-10-28 16:50:43.860181+05:30	70
31	product_images/product03_RoDEooe.png	2024-10-28 17:02:02.10564+05:30	71
32	product_images/product03_Puazz7D.png	2024-10-28 17:03:43.455517+05:30	72
33	product_images/freshcakes_ADqZhQ5.png	2024-11-04 15:36:21.042643+05:30	66
34	product_images/breads_KuYDU17.png	2024-11-04 15:36:55.554802+05:30	66
38	product_images/Cakes_plum_kzIWd0W.png	2024-12-06 14:54:12.937994+05:30	73
40	product_images/Choclate_cake.png	2024-12-06 15:14:58.55363+05:30	66
42	product_images/red_velvet.png	2024-12-06 15:42:28.759015+05:30	74
44	product_images/freshcakes_vl5AJrD.png	2024-12-06 15:59:40.105199+05:30	75
45	product_images/Pastries.png	2024-12-06 16:37:40.307004+05:30	76
\.


--
-- Data for Name: products_productreview; Type: TABLE DATA; Schema: public; Owner: postgres
--

COPY public.products_productreview (id, rating, review_heading, review_text, created_at, product_id, user_id) FROM stdin;
1	4	Good product	I am satisfied with the product.	2025-01-08 10:22:51.364555+05:30	66	36ce9ef8-098e-4ee5-8ffc-c6fdc01e2c22
2	2	Good product	I am satisfied with the product.	2025-01-08 10:29:26.344719+05:30	66	cd386673-0c40-45fc-a8d9-2fcfe19215ac
8	5	2	33333455	2025-01-08 17:40:05.094754+05:30	66	87ab7283-83ad-41b7-a33b-0315511ab13e
10	5	5 star	ssssssss	2025-01-08 18:12:37.999874+05:30	66	7693899d-8f1c-4571-9f49-97252edfb4b6
\.


--
-- Data for Name: products_products; Type: TABLE DATA; Schema: public; Owner: postgres
--

COPY public.products_products (id, product_type, item_name, item_code, i_gst, s_gst, c_gst, cess, item_description, veg_or_non_veg_status, created_date, updated_date, item_category_id, item_sub_category_id) FROM stdin;
64	Master Product	Large Fresh Cream Cake	LFCC01	5	5	5	5	Large Fresh Cream Cake	Veg	2024-10-28 15:55:49.275488+05:30	2024-12-06 15:51:04.671186+05:30	e8a4ef2c-3f4c-4afa-9022-675daba58733	cbcafe27-6818-4d17-9273-51b76a469f85
76	Master Product	Honey Cake	HC896	58	12	89	98	Silky and smooth, our classic Cheesecake features a creamy filling made from the finest cream cheese, set atop a buttery graham cracker crust.	Non Veg	2024-12-06 16:37:40.302576+05:30	2025-01-08 15:17:01.473233+05:30	e8a4ef2c-3f4c-4afa-9022-675daba58733	7d2d7720-2f5f-4c15-a958-4b42b2003feb
74	Master Product	Kitkat Cake	KK420	22	10	52	20	This Italian classic is a heavenly combination of layers soaked in coffee and mascarpone cheese, dusted with cocoa powder.	Veg	2024-12-06 15:42:28.750351+05:30	2024-12-12 16:05:26.316901+05:30	e8a4ef2c-3f4c-4afa-9022-675daba58733	03b37626-f943-4173-8fe9-029d8e477b02
70	Master Product	Choclate Plum Cake	CPC01	7	5	6	3	This German delight features multiple layers of chocolate sponge cake, whipped cream, and juicy cherries	Veg	2024-10-28 16:50:43.854546+05:30	2024-12-06 15:09:51.309086+05:30	e8a4ef2c-3f4c-4afa-9022-675daba58733	03b37626-f943-4173-8fe9-029d8e477b02
71	Master Product	Black Forest Delight	DPC02	87	6	7	5	Perfect for any chocolate lover's dream.	Veg	2024-10-28 17:02:02.097077+05:30	2025-01-08 16:02:41.718992+05:30	e8a4ef2c-3f4c-4afa-9022-675daba58733	03b37626-f943-4173-8fe9-029d8e477b02
72	Master Product	Dates Plum Cake	DPC01	57	56	87	25	It's a decadent masterpiece made with the finest cocoa, layered with smooth chocolate ganache, and topped with elegant truffle shavings.	Veg	2024-10-28 17:03:43.45105+05:30	2024-12-12 16:06:12.349186+05:30	e8a4ef2c-3f4c-4afa-9022-675daba58733	03b37626-f943-4173-8fe9-029d8e477b02
67	Master Product	Exotic Fruit Fusion Cake	EFF01	4	54	4	4	Made with fresh lemons, this cake has a moist, tender crumb infused with lemon syrup and a crunchy sugar topping that adds a delightful tang to each slice.	Veg	2024-10-28 16:08:53.792218+05:30	2024-12-12 16:06:28.966962+05:30	e8a4ef2c-3f4c-4afa-9022-675daba58733	7d2d7720-2f5f-4c15-a958-4b42b2003feb
63	Master Product	Strawberry Cream Cake	SCC01	44	4	4	4	Strawberry Cream Cake	Veg	2024-10-28 15:37:59.400114+05:30	2024-12-06 16:09:38.146891+05:30	e8a4ef2c-3f4c-4afa-9022-675daba58733	cbcafe27-6818-4d17-9273-51b76a469f85
73	Master Product	Chocolate Fudge Fantasy	DT200	2.3	2.3	8	25	Indulge in the rich, velvety layers of our Chocolate Truffle Cake.	Non Veg	2024-11-05 14:21:58.871092+05:30	2025-01-08 16:03:02.545579+05:30	e8a4ef2c-3f4c-4afa-9022-675daba58733	cbcafe27-6818-4d17-9273-51b76a469f85
69	Master Product	Fresh Fruit Cream Cake	FFCC01	9	8	9	8	Topped with chocolate shavings and more cherries, the Black Forest Cake offers a symphony of rich, creamy, and fruity flavors in every bite.	Non Veg	2024-10-28 16:46:52.17282+05:30	2024-12-12 16:08:28.242495+05:30	e8a4ef2c-3f4c-4afa-9022-675daba58733	7d2d7720-2f5f-4c15-a958-4b42b2003feb
62	Master Product	Almond Cream Cake	ACC01	3	3	3	3	Almond Cream Cake	Veg	2024-10-28 14:58:06.548994+05:30	2024-12-06 15:40:06.781529+05:30	e8a4ef2c-3f4c-4afa-9022-675daba58733	cbcafe27-6818-4d17-9273-51b76a469f85
61	Master Product	Choclate Cream Cake	CCC01	3	5	5	5	Choclate Cream Cake	Veg	2024-10-28 14:29:57.045494+05:30	2024-12-06 15:40:32.802074+05:30	e8a4ef2c-3f4c-4afa-9022-675daba58733	cbcafe27-6818-4d17-9273-51b76a469f85
75	Master Product	Oreo Cake	OC587	22	32	85	89	Silky and smooth, our classic Cheesecake features a creamy filling made from the finest cream cheese, set atop a buttery graham cracker crust.	Veg	2024-12-06 15:58:12.629962+05:30	2024-12-31 14:21:37.198399+05:30	e8a4ef2c-3f4c-4afa-9022-675daba58733	7d2d7720-2f5f-4c15-a958-4b42b2003feb
77	Master Product	Strawberry Swirl	SS001	22	33	15	5	A decadent combination of rich choclate sponge layers, whipped cream, and cherries.	Veg	2025-01-08 16:05:42.013778+05:30	2025-01-08 16:08:12.666565+05:30	e8a4ef2c-3f4c-4afa-9022-675daba58733	03b37626-f943-4173-8fe9-029d8e477b02
68	Master Product	Mixed Dry Fruit Cake	MDFC01	3	2	1	6	Bright and zesty, our Lemon Drizzle Cake is a refreshing treat.	Veg	2024-10-28 16:19:18.191547+05:30	2025-01-08 16:09:37.821718+05:30	e8a4ef2c-3f4c-4afa-9022-675daba58733	7d2d7720-2f5f-4c15-a958-4b42b2003feb
65	Master Product	Mixed Fruit Cake	MFC01	4	4	4	4	Mixed Fruit Cake	Non Veg	2024-10-28 15:59:43.435448+05:30	2025-01-08 16:09:56.88349+05:30	e8a4ef2c-3f4c-4afa-9022-675daba58733	7d2d7720-2f5f-4c15-a958-4b42b2003feb
66	Master Product	Cheese Cream Cake	CC01	5	6	2	1	Cheese	Non Veg	2024-10-28 16:02:20.038818+05:30	2025-01-03 11:19:55.584623+05:30	e8a4ef2c-3f4c-4afa-9022-675daba58733	cbcafe27-6818-4d17-9273-51b76a469f85
\.


--
-- Data for Name: products_productsubcategory; Type: TABLE DATA; Schema: public; Owner: postgres
--

COPY public.products_productsubcategory (uuid, sub_category_name, sub_category_code, created_at, updated_date, category_id, standard_image) FROM stdin;
73a567e1-8efa-45b1-a213-b18724305e71	Vanila cake	12	2024-09-24 16:37:57.704837+05:30	2024-09-24 16:37:57.704856+05:30	a7acae11-8bc8-4216-973e-81794f18558c	\N
39bec22a-9c2f-462a-bff1-f2dc908c7030	Banana	8965	2024-09-25 16:03:02.854432+05:30	2024-09-25 16:03:02.854455+05:30	c3a15f73-2f0d-49aa-816d-7556fef1ee3d	\N
5f714b69-b042-4e27-a23c-110a07687632	Chips	Chips	2024-10-18 14:48:28.187255+05:30	2024-10-18 14:48:28.187274+05:30	adafa29a-db76-4f17-a818-67e96e273439	\N
8520c055-a391-4ac2-8274-04dfc4018a0d	Sweet chips	Sweet chips	2024-10-18 14:48:47.722611+05:30	2024-10-18 14:48:47.72264+05:30	adafa29a-db76-4f17-a818-67e96e273439	\N
cbcafe27-6818-4d17-9273-51b76a469f85	Fresh cream cakes	Fresh02	2024-10-28 13:22:22.304649+05:30	2024-10-28 13:22:22.304668+05:30	e8a4ef2c-3f4c-4afa-9022-675daba58733	\N
7d2d7720-2f5f-4c15-a958-4b42b2003feb	Fruit cakes	Fc01	2024-10-28 14:20:26.682833+05:30	2024-10-28 14:20:26.682854+05:30	e8a4ef2c-3f4c-4afa-9022-675daba58733	\N
03b37626-f943-4173-8fe9-029d8e477b02	Plum cake	Pc01	2024-10-28 16:50:11.439862+05:30	2024-10-28 16:50:11.439883+05:30	e8a4ef2c-3f4c-4afa-9022-675daba58733	\N
\.


--
-- Data for Name: products_productvideo; Type: TABLE DATA; Schema: public; Owner: postgres
--

COPY public.products_productvideo (id, video, created_date, product_id) FROM stdin;
\.


--
-- Data for Name: products_salesunitproductselection; Type: TABLE DATA; Schema: public; Owner: postgres
--

COPY public.products_salesunitproductselection (id, status, sales_unit_id, shop_admin_status, sku_id) FROM stdin;
389	Visible	66cc5d03-81a0-46b7-ab24-6417cc8b5b8c	Visible	87
390	Visible	66cc5d03-81a0-46b7-ab24-6417cc8b5b8c	Visible	83
391	Visible	66cc5d03-81a0-46b7-ab24-6417cc8b5b8c	Visible	82
392	Visible	66cc5d03-81a0-46b7-ab24-6417cc8b5b8c	Visible	81
393	Visible	66cc5d03-81a0-46b7-ab24-6417cc8b5b8c	Visible	80
394	Visible	66cc5d03-81a0-46b7-ab24-6417cc8b5b8c	Visible	79
395	Visible	66cc5d03-81a0-46b7-ab24-6417cc8b5b8c	Visible	77
399	Visible	66cc5d03-81a0-46b7-ab24-6417cc8b5b8c	Visible	78
400	Visible	66cc5d03-81a0-46b7-ab24-6417cc8b5b8c	Visible	76
401	Visible	66cc5d03-81a0-46b7-ab24-6417cc8b5b8c	Visible	75
402	Visible	66cc5d03-81a0-46b7-ab24-6417cc8b5b8c	Visible	74
403	Visible	66cc5d03-81a0-46b7-ab24-6417cc8b5b8c	Visible	73
452	Visible	66cc5d03-81a0-46b7-ab24-6417cc8b5b8c	Visible	91
453	Visible	66cc5d03-81a0-46b7-ab24-6417cc8b5b8c	Visible	90
454	Visible	66cc5d03-81a0-46b7-ab24-6417cc8b5b8c	Visible	88
455	Visible	66cc5d03-81a0-46b7-ab24-6417cc8b5b8c	Visible	89
457	Visible	3bda6216-51f9-4aea-bf57-6d8f1823db74	Visible	91
458	Visible	3bda6216-51f9-4aea-bf57-6d8f1823db74	Visible	90
459	Visible	3bda6216-51f9-4aea-bf57-6d8f1823db74	Visible	87
460	Visible	3bda6216-51f9-4aea-bf57-6d8f1823db74	Visible	88
461	Visible	3bda6216-51f9-4aea-bf57-6d8f1823db74	Visible	89
462	Visible	3bda6216-51f9-4aea-bf57-6d8f1823db74	Visible	83
463	Visible	3bda6216-51f9-4aea-bf57-6d8f1823db74	Visible	82
464	Visible	3bda6216-51f9-4aea-bf57-6d8f1823db74	Visible	81
465	Visible	3bda6216-51f9-4aea-bf57-6d8f1823db74	Visible	80
466	Visible	3bda6216-51f9-4aea-bf57-6d8f1823db74	Visible	79
469	Visible	3bda6216-51f9-4aea-bf57-6d8f1823db74	Visible	77
426	Visible	cf03618d-eaf7-4a8d-87ef-9ae17806b6d2	Disabled	83
427	Visible	cf03618d-eaf7-4a8d-87ef-9ae17806b6d2	Disabled	82
428	Visible	cf03618d-eaf7-4a8d-87ef-9ae17806b6d2	Disabled	81
429	Visible	cf03618d-eaf7-4a8d-87ef-9ae17806b6d2	Disabled	80
430	Visible	cf03618d-eaf7-4a8d-87ef-9ae17806b6d2	Disabled	79
431	Visible	cf03618d-eaf7-4a8d-87ef-9ae17806b6d2	Disabled	77
435	Visible	cf03618d-eaf7-4a8d-87ef-9ae17806b6d2	Disabled	78
436	Visible	cf03618d-eaf7-4a8d-87ef-9ae17806b6d2	Disabled	76
437	Visible	cf03618d-eaf7-4a8d-87ef-9ae17806b6d2	Disabled	75
438	Visible	cf03618d-eaf7-4a8d-87ef-9ae17806b6d2	Disabled	74
439	Visible	cf03618d-eaf7-4a8d-87ef-9ae17806b6d2	Disabled	73
444	Visible	cf03618d-eaf7-4a8d-87ef-9ae17806b6d2	Disabled	89
425	Visible	cf03618d-eaf7-4a8d-87ef-9ae17806b6d2	Disabled	87
443	Visible	cf03618d-eaf7-4a8d-87ef-9ae17806b6d2	Disabled	88
449	Visible	cf03618d-eaf7-4a8d-87ef-9ae17806b6d2	Disabled	91
450	Visible	cf03618d-eaf7-4a8d-87ef-9ae17806b6d2	Disabled	90
470	Visible	3bda6216-51f9-4aea-bf57-6d8f1823db74	Visible	78
471	Visible	3bda6216-51f9-4aea-bf57-6d8f1823db74	Visible	76
472	Visible	3bda6216-51f9-4aea-bf57-6d8f1823db74	Visible	75
473	Visible	3bda6216-51f9-4aea-bf57-6d8f1823db74	Visible	74
474	Disabled	3bda6216-51f9-4aea-bf57-6d8f1823db74	Visible	73
398	Out of Stock	66cc5d03-81a0-46b7-ab24-6417cc8b5b8c	Out of Stock	86
477	Visible	050f3d05-4610-4899-8d19-1122c80a840b	Visible	92
467	Out of Stock	3bda6216-51f9-4aea-bf57-6d8f1823db74	Out of Stock	86
434	Out of Stock	cf03618d-eaf7-4a8d-87ef-9ae17806b6d2	Out of Stock	86
478	Visible	050f3d05-4610-4899-8d19-1122c80a840b	Visible	91
479	Visible	050f3d05-4610-4899-8d19-1122c80a840b	Visible	90
451	Out of Stock	66cc5d03-81a0-46b7-ab24-6417cc8b5b8c	Out of Stock	92
456	Out of Stock	3bda6216-51f9-4aea-bf57-6d8f1823db74	Out of Stock	92
448	Out of Stock	cf03618d-eaf7-4a8d-87ef-9ae17806b6d2	Out of Stock	92
396	Disabled	66cc5d03-81a0-46b7-ab24-6417cc8b5b8c	Disabled	84
468	Disabled	3bda6216-51f9-4aea-bf57-6d8f1823db74	Disabled	84
432	Disabled	cf03618d-eaf7-4a8d-87ef-9ae17806b6d2	Disabled	84
482	Visible	050f3d05-4610-4899-8d19-1122c80a840b	Visible	89
483	Visible	050f3d05-4610-4899-8d19-1122c80a840b	Visible	83
484	Visible	050f3d05-4610-4899-8d19-1122c80a840b	Visible	82
485	Visible	050f3d05-4610-4899-8d19-1122c80a840b	Visible	81
486	Visible	050f3d05-4610-4899-8d19-1122c80a840b	Visible	80
487	Visible	050f3d05-4610-4899-8d19-1122c80a840b	Visible	79
491	Visible	050f3d05-4610-4899-8d19-1122c80a840b	Visible	78
480	Disabled	050f3d05-4610-4899-8d19-1122c80a840b	Disabled	87
481	Disabled	050f3d05-4610-4899-8d19-1122c80a840b	Disabled	88
488	Visible	050f3d05-4610-4899-8d19-1122c80a840b	Visible	84
489	Visible	050f3d05-4610-4899-8d19-1122c80a840b	Visible	86
408	Visible	20585010-dc17-44e5-a7cc-375152d62dad	Visible	83
409	Visible	20585010-dc17-44e5-a7cc-375152d62dad	Visible	82
445	Visible	20585010-dc17-44e5-a7cc-375152d62dad	Visible	90
410	Visible	20585010-dc17-44e5-a7cc-375152d62dad	Visible	81
411	Visible	20585010-dc17-44e5-a7cc-375152d62dad	Visible	80
412	Visible	20585010-dc17-44e5-a7cc-375152d62dad	Visible	79
417	Visible	20585010-dc17-44e5-a7cc-375152d62dad	Visible	78
476	Visible	20585010-dc17-44e5-a7cc-375152d62dad	Visible	91
447	Visible	20585010-dc17-44e5-a7cc-375152d62dad	Visible	89
490	Disabled	050f3d05-4610-4899-8d19-1122c80a840b	Disabled	77
492	Disabled	050f3d05-4610-4899-8d19-1122c80a840b	Disabled	76
493	Disabled	050f3d05-4610-4899-8d19-1122c80a840b	Disabled	75
494	Disabled	050f3d05-4610-4899-8d19-1122c80a840b	Disabled	74
495	Disabled	050f3d05-4610-4899-8d19-1122c80a840b	Disabled	73
496	Visible	050f3d05-4610-4899-8d19-1122c80a840b	Visible	93
497	Visible	050f3d05-4610-4899-8d19-1122c80a840b	Visible	94
498	Visible	3bda6216-51f9-4aea-bf57-6d8f1823db74	Visible	93
499	Visible	3bda6216-51f9-4aea-bf57-6d8f1823db74	Visible	94
500	Visible	cf03618d-eaf7-4a8d-87ef-9ae17806b6d2	Visible	93
501	Visible	cf03618d-eaf7-4a8d-87ef-9ae17806b6d2	Visible	94
504	Visible	66cc5d03-81a0-46b7-ab24-6417cc8b5b8c	Visible	93
505	Visible	66cc5d03-81a0-46b7-ab24-6417cc8b5b8c	Visible	94
506	Visible	03fdefbd-d21a-4885-88bb-3206845ba655	Visible	92
507	Visible	03fdefbd-d21a-4885-88bb-3206845ba655	Visible	93
508	Visible	03fdefbd-d21a-4885-88bb-3206845ba655	Visible	91
509	Visible	03fdefbd-d21a-4885-88bb-3206845ba655	Visible	90
510	Visible	03fdefbd-d21a-4885-88bb-3206845ba655	Visible	87
511	Visible	03fdefbd-d21a-4885-88bb-3206845ba655	Visible	88
512	Visible	03fdefbd-d21a-4885-88bb-3206845ba655	Visible	89
513	Visible	03fdefbd-d21a-4885-88bb-3206845ba655	Visible	83
514	Visible	03fdefbd-d21a-4885-88bb-3206845ba655	Visible	82
515	Visible	03fdefbd-d21a-4885-88bb-3206845ba655	Visible	81
516	Visible	03fdefbd-d21a-4885-88bb-3206845ba655	Visible	80
517	Visible	03fdefbd-d21a-4885-88bb-3206845ba655	Visible	94
518	Visible	03fdefbd-d21a-4885-88bb-3206845ba655	Visible	79
519	Visible	03fdefbd-d21a-4885-88bb-3206845ba655	Visible	77
520	Visible	03fdefbd-d21a-4885-88bb-3206845ba655	Visible	84
521	Visible	03fdefbd-d21a-4885-88bb-3206845ba655	Visible	86
522	Visible	03fdefbd-d21a-4885-88bb-3206845ba655	Visible	78
523	Visible	03fdefbd-d21a-4885-88bb-3206845ba655	Visible	76
524	Visible	03fdefbd-d21a-4885-88bb-3206845ba655	Visible	75
525	Visible	03fdefbd-d21a-4885-88bb-3206845ba655	Visible	74
526	Visible	03fdefbd-d21a-4885-88bb-3206845ba655	Visible	73
528	Visible	050f3d05-4610-4899-8d19-1122c80a840b	Visible	98
475	Visible	20585010-dc17-44e5-a7cc-375152d62dad	Disabled	92
407	Visible	20585010-dc17-44e5-a7cc-375152d62dad	Visible	87
413	Visible	20585010-dc17-44e5-a7cc-375152d62dad	Visible	77
418	Visible	20585010-dc17-44e5-a7cc-375152d62dad	Visible	76
419	Visible	20585010-dc17-44e5-a7cc-375152d62dad	Visible	75
420	Visible	20585010-dc17-44e5-a7cc-375152d62dad	Visible	74
421	Visible	20585010-dc17-44e5-a7cc-375152d62dad	Visible	73
446	Visible	20585010-dc17-44e5-a7cc-375152d62dad	Visible	88
416	Out of Stock	20585010-dc17-44e5-a7cc-375152d62dad	Out of Stock	86
414	Disabled	20585010-dc17-44e5-a7cc-375152d62dad	Disabled	84
502	Visible	20585010-dc17-44e5-a7cc-375152d62dad	Visible	93
503	Visible	20585010-dc17-44e5-a7cc-375152d62dad	Visible	94
527	Visible	20585010-dc17-44e5-a7cc-375152d62dad	Visible	98
\.


--
-- Data for Name: products_sku; Type: TABLE DATA; Schema: public; Owner: postgres
--

COPY public.products_sku (id, sku_name, sku_code, sku_quantity, sku_unit, sku_mrp, sku_expiry_duration, sku_bulk_qty_limit, sku_status, product_id) FROM stdin;
92	Honey Cake	HC879	200	Kg	25000	35	5	Out of Stock	76
83	Black Forest	DPC205	5	Kg	1000	5	20	Visible	71
76	Large Fresh Cream Cake	SLFC01	6	Kg	790	60	15	Visible	64
75	Strawberry Cream Cake	SccS01	6	Kg	895	5	15	Visible	63
74	Almond Cream Cake	SACC01	6	Kg	1050	67	16	Visible	62
87	Butterscotch Burst	1228	2	Kg	50	35	3	Visible	73
98	Peanut Butter Crunch	PBC565	2	Kg	2250	5	25	Visible	77
78	Mixed Fruit Cake	MFC01	10	Kg	950	67	15	Visible	65
73	SKU Choclate Cake	SCCC01	1	Kg	650	10	10	Visible	61
91	Oreo Cake	OC587	2	Kg	1200	2	1	Visible	75
90	Kitkat with gems	KG5863	250	Kg	950	5	3	Visible	74
89	Creamy cakes	CC589	1	Kg	550	2	4	Visible	72
79	Exotic Fruit Fusion Cake	SEFC01	5	Kg	1500	2	2	Visible	67
80	Mixed Dry Fruit Cake	SMDFC01	5	Kg	1750	6	1	Visible	68
81	Fresh Fruit Cream Cake	SFFCC01	5	Kg	760	1	15	Visible	69
94	Mixed	M458	2	kg	500	1	5	Visible	68
88	Red velvet	3651	5	Kg	850	5	25	Visible	73
82	Plum Xake	SPC01	5	Kg	1500	5	60	Visible	70
77	Cheese Cake	SCC01	30	Kg	1250	5	45	Visible	66
84	weight	weightd	250	g	200	45	20	Visible	66
86	C1 Cake	derf	1	kg	150	45	24	Visible	66
93	Rainbow Cake	RC454	2	Kg	1250	3	10	Visible	76
\.


--
-- Data for Name: products_speciallist; Type: TABLE DATA; Schema: public; Owner: postgres
--

COPY public.products_speciallist (id, special_name, icon, standard_image, banner_image, created_at) FROM stdin;
3	Most loved by our customers	icons/Cakes_plum_i4i9d80.png	standard_images/favicon.png	banners/Creamy_cake_PQ7Iz1z.png	2024-10-03 12:19:35.100641+05:30
2	Newly arrived	icons/Cakes_plum.png	standard_images/Pastries_w0fArtu.png	banners/Cakes_plum_lAICENl.png	2024-10-03 12:17:40.711822+05:30
1	Featured product	icons/breads_451JEg2.png	standard_images/Bread_desert_DH3D1xa.png	banners/Choclate_bBread_FKFlXxO.png	2024-10-03 12:17:00.882543+05:30
11	Special customised cake				2024-12-31 14:29:44.052898+05:30
\.


--
-- Data for Name: products_speciallist_products; Type: TABLE DATA; Schema: public; Owner: postgres
--

COPY public.products_speciallist_products (id, speciallist_id, products_id) FROM stdin;
17	3	64
18	3	65
19	3	67
20	3	68
21	3	69
22	3	61
23	3	62
24	3	63
53	2	70
54	2	71
57	2	65
58	2	66
59	2	67
60	2	72
61	2	74
62	2	62
63	1	64
64	1	65
65	1	66
66	1	68
67	1	75
68	1	61
69	1	62
70	1	63
71	11	72
\.


--
-- Data for Name: products_tags; Type: TABLE DATA; Schema: public; Owner: postgres
--

COPY public.products_tags (id, tag_name, created_at, icon) FROM stdin;
3	Fresh cream	2024-10-03 10:57:15.268+05:30	icons/sample_test.pdff.jpg
4	Amazing	2024-10-03 10:58:10.738957+05:30	
5	Cream	2024-10-03 13:36:47.8802+05:30	
6	Creamtest	2024-10-03 13:36:59.675303+05:30	
8	Cream4	2024-10-03 13:37:35.905412+05:30	
12	Creamy waffles	2024-12-31 14:25:15.309366+05:30	
\.


--
-- Data for Name: products_tags_products; Type: TABLE DATA; Schema: public; Owner: postgres
--

COPY public.products_tags_products (id, tags_id, products_id) FROM stdin;
21	12	67
22	12	68
23	12	70
24	12	71
\.


--
-- Data for Name: shops_bankdetails; Type: TABLE DATA; Schema: public; Owner: postgres
--

COPY public.shops_bankdetails (id, account_name, bank_name, branch_name, ifsc_code, account_number, shop_id, created_date, updated_date) FROM stdin;
21	gAAAAABnV7q3sJOVdKJiq-p4izDSnQcrn9pOT0SSO5ugLsy8NpHuiOHTPx37bHXh3-BH_i0y7rlz4OGrqLmHgduA12tNQbySVA==	gAAAAABnV7q3oTycraVEge-A2ds600iAcVIn6uHInd6LlLK07D2KzRqEWvV-Wkwj9yhALmcHomCa6rvKIvp7TWaP3PSb4Ysfnw==	gAAAAABnV7q3tQ7rD8e_2NHLqTdgBovp-FJ-YAxOTYWCcLFHgjV-2IFntFsIJtX5IvzJbs9O9dAKC3kwmlUpu4z-91bL3TkXiA==	gAAAAABnV7q3ITP7uZUljROCeTm8xlZ4QoHmS9H4Hid0ZJAVjejbb5JXBrTEIR0FaLg844ua8qLtsOYINQemjIZlwV8_6gocwQ==	gAAAAABnV7q3QJFs6Si1Dl1DzOMLnpzgIqdPyJ-pHVlIu2dJaTE7rKkxy9IwPZV84jAHSAFD570A8j1OSeRYtcmTlFY_dASfFg==	03fdefbd-d21a-4885-88bb-3206845ba655	2024-12-10 09:20:50.516283+05:30	2024-12-10 09:21:19.652578+05:30
22	gAAAAABnV-EmlQ1urWs9fikL-g9dsn1rqp__OLrg5bFMaQuf4t5vmuTFwnZA3eq99e9yKTLlN0Y1wySjAUvFz7ZGgqcJrIPR6g==	gAAAAABnV-EmLKhZkRNW0XvZvoEfjGD9K3aVd8_KbNOsz2Wqn3GZfDrprNnxfCchNYwz2ziwJU9U6M1vE-4br6pBkGFfh0Hgng==	gAAAAABnV-EmQ8tnMzd8qoGMo5mgMVi7Umc4-jFC77Qs9aqXlkM5qNCK8TFsE5BZstkjIjn-4XEoaj8AX7RUnoDSxBU6grv9EQ==	gAAAAABnV-Emqr0Vdcfc795ZB7zeqRVu5qvk878KUuGjKyMvrZZ3oVqLTgGnh_ZD6JC7F7zUYPtlnJhQdYGFjcnyBnP1fNMEZQ==	gAAAAABnV-EmSEhmr1KqG8F52JsM9aJ88_TmosQTnWSnt76choPAViz7davuqiholTWHO7AIAl0qOUUJjVF07e-6S4xMqcuHlw==	3bda6216-51f9-4aea-bf57-6d8f1823db74	2024-12-10 11:37:38.969578+05:30	2024-12-10 12:05:18.274132+05:30
18	gAAAAABnUqYJiidag19wolspsvqxysf_AzKF6vACcPo7UOyPWjRVtSS6VpxBwaSHJx5uqQ48_px-hl_kf7xpHbkWOvZ9bAaf5g==	gAAAAABnUqYJhLUoCODOCv65l6BY7OAds2Czk1NQ0uw1LuSGMGzReaQA2ySNEsbdN7UFKbRMPqRhC2Tb6p9UtkQKj0YWlZT1wA==	gAAAAABnUqYJlSFyqpjP97iFD7WUNhTsJDL9u4c5Njc0-BnVD2hjCrFg4v3_FVHA-EYKFcM_uPRd_Gg9v7nw0D4XQqKgTt93nA==	gAAAAABnUqYJKYVVD2RZEOo5ts5UkODWZlXwu4054MzKd16YGoZk1_giDaJf9QAyHibFiC9Z8I_AA48o2j1F1l9JLBbQ4n5YFw==	gAAAAABnUqYJXWFz550CmQ5Tx2Epeegm_BfFW2jAfPXY0-yjDFGn7Z399C6R7mIWr1CxDiU2Urpw8g0-dceED7Xnq6nIjpXL_g==	cf03618d-eaf7-4a8d-87ef-9ae17806b6d2	2024-12-06 12:19:44.035097+05:30	2024-12-06 12:51:45.065438+05:30
20	gAAAAABnV-EwCOMQK5O_swJZ0AWu-5Z5bgLxGig6u4XvBRDVbKHAJ7eIQD-LsgJtii7V-jcj2gVRMbTUpBCWjcf2Yq3Yb9OJRw==	gAAAAABnV-Ew2TijJC6Hzl3JOKukpplBypmZDgr1dUXSETKPaJfIYBfcM_YOET28CSIVbrewZ7ve1XZravxCL12gBb8emm9--A==	gAAAAABnV-EwTyqQ-lK4yEOSYbmceRk35_HUs5rUZCn3Ic4ut7-UcY7XXJhwI82XIB8gJ4F0Mar2_TA_IObxBbPjBvKfrypWQw==	gAAAAABnV-Ewmx19ZZELnGSRFAwAZX4dd82sZSNVOaiw37eWmETcAGz0tbWDZT4n-Xu_a62ftkAvxWGheQl0y8hggER7s3HdEg==	gAAAAABnV-Ewi3VchzJGcvqxMPCMV9BRo2RWME3vPbMNGwpCYJdceHg6SB5hKzje04YmER_QmB2BNTksSPveds-EGmU34_hPkA==	66cc5d03-81a0-46b7-ab24-6417cc8b5b8c	2024-12-06 12:37:24.852085+05:30	2024-12-10 12:05:28.012386+05:30
19	gAAAAABnXBEDduu616DGOco-dEV13a81mxK1IPd5WrCAUIL_WHAFeQqFwVH5wSrMFrX_A8UV0-SxqOJV3zoMKCQQCjF_bmLyeA==	gAAAAABnXBEDii2yAzwYsRlt27WuY0D7SoJMgeXsKEBeHqPLUDeGtfp6G7WnG53fqS1p9QBYh8clDnQ3IesxekJcn5N3PkLBKQ==	gAAAAABnXBEDCEjjt7bh00rickaTnvIG99uLiB8mezlrR0b_5qJxHsrT177KnKj1fYc8eFytgxHmKFgO7B1oglvj5jVth1uQNQ==	gAAAAABnXBEDuMxkj9hFca95II5L4a08wMoC3mtwVm08CpioG58yLfaNGqHsAgJnn8MxmtJ1VeNDJaYO5RAvWshHlRTdUy-hsg==	gAAAAABnXBEDeF8Ulvb06td_n367LYNjLQ7nycDlbvwVIUeyN1EgKVt-Eq_2K2QU8XCq1bKXC_Fl0rq4uoTkN_YBtV6a5TTRpg==	20585010-dc17-44e5-a7cc-375152d62dad	2024-12-06 12:23:28.273081+05:30	2024-12-13 16:18:35.952982+05:30
23	gAAAAABnf2qgWuCi96KZckLtb40yvtSMP_YtY32b_H6EDe7NvGo4nK28jdCIskwHN-oyP78Dh_oqtcr0qWBfSqylWYqY1BuYlQ==	gAAAAABnf2qg4b-btCpWF_S6SVZ7Xn40AECYd4TqQ_y7Dr3eu_GysVHSM32469h0Xeq-HG-I39lporbzlw4g84qP_NUZgUmnMg==	gAAAAABnf2qgvI1xLhWKl6-EL-4e9v1ece0bov75MH1zB-8Ouk32rNzZh-NFrV6yHXPVRsHTI1KIPlsaxC1TkYi4Tg8-Fg5usg==	gAAAAABnf2qg1uXWY3_-Rq2grcrmmwO3Jfz2S6z7mp2dJ2w1B_P7foogGQGj8IqSwXJpyeq6IO3RX0keeE4HJmhVx4CAD0JqUA==	gAAAAABnf2qgdf2kjD9CRpMveQsuths9rclMwV3pS0W5f8cHBkek3I5MI_engmVt_Tfzjs6koaGbB9k6lxpQuo4x2oCcI8exOg==	050f3d05-4610-4899-8d19-1122c80a840b	2024-12-31 12:27:38.488477+05:30	2025-01-09 11:50:16.388153+05:30
\.


--
-- Data for Name: shops_productionunit; Type: TABLE DATA; Schema: public; Owner: postgres
--

COPY public.shops_productionunit (uuid, pu_name) FROM stdin;
\.


--
-- Data for Name: shops_shop; Type: TABLE DATA; Schema: public; Owner: postgres
--

COPY public.shops_shop (uuid, unit_name, unit_code, unit_location, street, city, district, state_or_province, pin_code, latitude, longitude, contact_no, email, status, delivery_mode, created_at, gst, updated_date, delivery_radius) FROM stdin;
66cc5d03-81a0-46b7-ab24-6417cc8b5b8c	Navya BAKE SHOP 3	555	Tripunitara	Tripunitara	Kochi	Ernakulam	Kerala	682301	9.9486828	76.34636239999999	08745896589	gayathri.g@saasvaap.com	open	shop own	2024-12-06 12:37:24.843862+05:30	27ABCDE1234F1Z	2024-12-10 12:05:27.998767+05:30	8.9
20585010-dc17-44e5-a7cc-375152d62dad	Navya Bake Shop 2	111	Vytilla	Vyttilla	Palery	Ernakulam	Kerala	673508	9.968199	76.3182346	8457858965	gayathriiiammu@gmail.com	open	shop own	2024-12-06 12:23:28.264732+05:30	27ABCDE1234F1Z	2024-12-13 16:18:35.938993+05:30	9.5
050f3d05-4610-4899-8d19-1122c80a840b	Navya Royal Shop	8965@1	Thamanam	Thamanam	Kochi	Ernakulam	Kerala	682032	9.986486099999999	76.3108383	07985698569	darfgvsgdsgxsak.gk@saasvaap.com	open	third party	2024-12-31 12:27:38.470082+05:30	27ABCDE1234F1Z	2025-01-09 11:50:16.369925+05:30	3.2
cf03618d-eaf7-4a8d-87ef-9ae17806b6d2	Navya Bake Shop 1	999	Kadavantara	Kadavantara road	Palery	Ernakulam	Kerala	673508	9.9541744	76.3023978	7896587458	gayathriiiammu@gmail.com	open	shop own	2024-12-06 12:19:43.997218+05:30	27ABCDE1234F1Z	2024-12-06 12:51:45.060427+05:30	8
03fdefbd-d21a-4885-88bb-3206845ba655	Navya Bake Shop test3	NB458	Maradu	Maradu	Kochi	Ernakulam	Kerala	682301	9.9367552	76.3180429	8745896589	gayathri.g@saasvaap.com	open	third party	2024-12-10 09:20:50.488949+05:30	27ABCDE1234F1Z	2024-12-10 09:21:19.646484+05:30	3.8
3bda6216-51f9-4aea-bf57-6d8f1823db74	Navya BAKE SHOP TEST4	KK100	Kakkanad	Kakanad	Kakkanad	Ernakulam	Kerala	682037	10.0158605	76.3418666	08745896589	gayathri.g@saasvaap.com	open	shop own	2024-12-10 11:37:38.959917+05:30	27ABCDE1234F1Z	2024-12-10 12:05:18.25751+05:30	5.5
\.


--
-- Data for Name: shops_shop_unit_admin_user; Type: TABLE DATA; Schema: public; Owner: postgres
--

COPY public.shops_shop_unit_admin_user (id, shop_id, users_id) FROM stdin;
25	cf03618d-eaf7-4a8d-87ef-9ae17806b6d2	8b673c9f-8245-4d6f-bac6-deb5677ef1f9
28	03fdefbd-d21a-4885-88bb-3206845ba655	f22d6ee3-02b9-4722-9c8b-c539a36bae60
30	3bda6216-51f9-4aea-bf57-6d8f1823db74	7b4da68e-23e4-40e5-af38-0f0173884513
31	66cc5d03-81a0-46b7-ab24-6417cc8b5b8c	7b4da68e-23e4-40e5-af38-0f0173884513
32	20585010-dc17-44e5-a7cc-375152d62dad	9aa30464-d7e8-4245-b53a-51940c28a9e5
34	050f3d05-4610-4899-8d19-1122c80a840b	7b4da68e-23e4-40e5-af38-0f0173884513
\.



--
-- Name: accounts_address accounts_address_pkey; Type: CONSTRAINT; Schema: public; Owner: postgres
--

ALTER TABLE ONLY public.accounts_address
    ADD CONSTRAINT accounts_address_pkey PRIMARY KEY (id);


--
-- Name: accounts_userlocation accounts_userlocation_pkey; Type: CONSTRAINT; Schema: public; Owner: postgres
--

ALTER TABLE ONLY public.accounts_userlocation
    ADD CONSTRAINT accounts_userlocation_pkey PRIMARY KEY (id);


--
-- Name: accounts_users_groups accounts_users_groups_pkey; Type: CONSTRAINT; Schema: public; Owner: postgres
--

ALTER TABLE ONLY public.accounts_users_groups
    ADD CONSTRAINT accounts_users_groups_pkey PRIMARY KEY (id);


--
-- Name: accounts_users_groups accounts_users_groups_users_id_group_id_8dfb39d5_uniq; Type: CONSTRAINT; Schema: public; Owner: postgres
--

ALTER TABLE ONLY public.accounts_users_groups
    ADD CONSTRAINT accounts_users_groups_users_id_group_id_8dfb39d5_uniq UNIQUE (users_id, group_id);


--
-- Name: accounts_users_user_permissions accounts_users_user_perm_users_id_permission_id_866b235f_uniq; Type: CONSTRAINT; Schema: public; Owner: postgres
--

ALTER TABLE ONLY public.accounts_users_user_permissions
    ADD CONSTRAINT accounts_users_user_perm_users_id_permission_id_866b235f_uniq UNIQUE (users_id, permission_id);


--
-- Name: accounts_users_user_permissions accounts_users_user_permissions_pkey; Type: CONSTRAINT; Schema: public; Owner: postgres
--

ALTER TABLE ONLY public.accounts_users_user_permissions
    ADD CONSTRAINT accounts_users_user_permissions_pkey PRIMARY KEY (id);


--
-- Name: auth_group auth_group_name_key; Type: CONSTRAINT; Schema: public; Owner: postgres
--

ALTER TABLE ONLY public.auth_group
    ADD CONSTRAINT auth_group_name_key UNIQUE (name);


--
-- Name: auth_group_permissions auth_group_permissions_group_id_permission_id_0cd325b0_uniq; Type: CONSTRAINT; Schema: public; Owner: postgres
--

ALTER TABLE ONLY public.auth_group_permissions
    ADD CONSTRAINT auth_group_permissions_group_id_permission_id_0cd325b0_uniq UNIQUE (group_id, permission_id);


--
-- Name: auth_group_permissions auth_group_permissions_pkey; Type: CONSTRAINT; Schema: public; Owner: postgres
--

ALTER TABLE ONLY public.auth_group_permissions
    ADD CONSTRAINT auth_group_permissions_pkey PRIMARY KEY (id);


--
-- Name: auth_group auth_group_pkey; Type: CONSTRAINT; Schema: public; Owner: postgres
--

ALTER TABLE ONLY public.auth_group
    ADD CONSTRAINT auth_group_pkey PRIMARY KEY (id);


--
-- Name: auth_permission auth_permission_content_type_id_codename_01ab375a_uniq; Type: CONSTRAINT; Schema: public; Owner: postgres
--

ALTER TABLE ONLY public.auth_permission
    ADD CONSTRAINT auth_permission_content_type_id_codename_01ab375a_uniq UNIQUE (content_type_id, codename);


--
-- Name: auth_permission auth_permission_pkey; Type: CONSTRAINT; Schema: public; Owner: postgres
--

ALTER TABLE ONLY public.auth_permission
    ADD CONSTRAINT auth_permission_pkey PRIMARY KEY (id);


--
-- Name: django_admin_log django_admin_log_pkey; Type: CONSTRAINT; Schema: public; Owner: postgres
--

ALTER TABLE ONLY public.django_admin_log
    ADD CONSTRAINT django_admin_log_pkey PRIMARY KEY (id);


--
-- Name: django_celery_beat_clockedschedule django_celery_beat_clockedschedule_pkey; Type: CONSTRAINT; Schema: public; Owner: postgres
--

ALTER TABLE ONLY public.django_celery_beat_clockedschedule
    ADD CONSTRAINT django_celery_beat_clockedschedule_pkey PRIMARY KEY (id);


--
-- Name: django_celery_beat_crontabschedule django_celery_beat_crontabschedule_pkey; Type: CONSTRAINT; Schema: public; Owner: postgres
--

ALTER TABLE ONLY public.django_celery_beat_crontabschedule
    ADD CONSTRAINT django_celery_beat_crontabschedule_pkey PRIMARY KEY (id);


--
-- Name: django_celery_beat_intervalschedule django_celery_beat_intervalschedule_pkey; Type: CONSTRAINT; Schema: public; Owner: postgres
--

ALTER TABLE ONLY public.django_celery_beat_intervalschedule
    ADD CONSTRAINT django_celery_beat_intervalschedule_pkey PRIMARY KEY (id);


--
-- Name: django_celery_beat_periodictask django_celery_beat_periodictask_name_key; Type: CONSTRAINT; Schema: public; Owner: postgres
--

ALTER TABLE ONLY public.django_celery_beat_periodictask
    ADD CONSTRAINT django_celery_beat_periodictask_name_key UNIQUE (name);


--
-- Name: django_celery_beat_periodictask django_celery_beat_periodictask_pkey; Type: CONSTRAINT; Schema: public; Owner: postgres
--

ALTER TABLE ONLY public.django_celery_beat_periodictask
    ADD CONSTRAINT django_celery_beat_periodictask_pkey PRIMARY KEY (id);


--
-- Name: django_celery_beat_periodictasks django_celery_beat_periodictasks_pkey; Type: CONSTRAINT; Schema: public; Owner: postgres
--

ALTER TABLE ONLY public.django_celery_beat_periodictasks
    ADD CONSTRAINT django_celery_beat_periodictasks_pkey PRIMARY KEY (ident);


--
-- Name: django_celery_beat_solarschedule django_celery_beat_solar_event_latitude_longitude_ba64999a_uniq; Type: CONSTRAINT; Schema: public; Owner: postgres
--

ALTER TABLE ONLY public.django_celery_beat_solarschedule
    ADD CONSTRAINT django_celery_beat_solar_event_latitude_longitude_ba64999a_uniq UNIQUE (event, latitude, longitude);


--
-- Name: django_celery_beat_solarschedule django_celery_beat_solarschedule_pkey; Type: CONSTRAINT; Schema: public; Owner: postgres
--

ALTER TABLE ONLY public.django_celery_beat_solarschedule
    ADD CONSTRAINT django_celery_beat_solarschedule_pkey PRIMARY KEY (id);


--
-- Name: django_content_type django_content_type_app_label_model_76bd3d3b_uniq; Type: CONSTRAINT; Schema: public; Owner: postgres
--

ALTER TABLE ONLY public.django_content_type
    ADD CONSTRAINT django_content_type_app_label_model_76bd3d3b_uniq UNIQUE (app_label, model);


--
-- Name: django_content_type django_content_type_pkey; Type: CONSTRAINT; Schema: public; Owner: postgres
--

ALTER TABLE ONLY public.django_content_type
    ADD CONSTRAINT django_content_type_pkey PRIMARY KEY (id);


--
-- Name: django_migrations django_migrations_pkey; Type: CONSTRAINT; Schema: public; Owner: postgres
--

ALTER TABLE ONLY public.django_migrations
    ADD CONSTRAINT django_migrations_pkey PRIMARY KEY (id);


--
-- Name: orders_ads orders_ads_pkey; Type: CONSTRAINT; Schema: public; Owner: postgres
--

ALTER TABLE ONLY public.orders_ads
    ADD CONSTRAINT orders_ads_pkey PRIMARY KEY (id);


--
-- Name: orders_cart orders_cart_pkey; Type: CONSTRAINT; Schema: public; Owner: postgres
--

ALTER TABLE ONLY public.orders_cart
    ADD CONSTRAINT orders_cart_pkey PRIMARY KEY (id);


--
-- Name: orders_cart orders_cart_user_id_key; Type: CONSTRAINT; Schema: public; Owner: postgres
--

ALTER TABLE ONLY public.orders_cart
    ADD CONSTRAINT orders_cart_user_id_key UNIQUE (user_id);


--
-- Name: orders_cartitem orders_cartitem_pkey; Type: CONSTRAINT; Schema: public; Owner: postgres
--

ALTER TABLE ONLY public.orders_cartitem
    ADD CONSTRAINT orders_cartitem_pkey PRIMARY KEY (id);


--
-- Name: orders_coupons_ApplicableCategory orders_coupons_Applicabl_coupons_id_productcatego_edf4ba95_uniq; Type: CONSTRAINT; Schema: public; Owner: postgres
--

ALTER TABLE ONLY public."orders_coupons_ApplicableCategory"
    ADD CONSTRAINT "orders_coupons_Applicabl_coupons_id_productcatego_edf4ba95_uniq" UNIQUE (coupons_id, productcategory_id);


--
-- Name: orders_coupons_ApplicableProduct orders_coupons_Applicabl_coupons_id_products_id_3160be93_uniq; Type: CONSTRAINT; Schema: public; Owner: postgres
--

ALTER TABLE ONLY public."orders_coupons_ApplicableProduct"
    ADD CONSTRAINT "orders_coupons_Applicabl_coupons_id_products_id_3160be93_uniq" UNIQUE (coupons_id, products_id);


--
-- Name: orders_coupons_ApplicableSubCategory orders_coupons_Applicabl_coupons_id_productsubcat_1114c2a3_uniq; Type: CONSTRAINT; Schema: public; Owner: postgres
--

ALTER TABLE ONLY public."orders_coupons_ApplicableSubCategory"
    ADD CONSTRAINT "orders_coupons_Applicabl_coupons_id_productsubcat_1114c2a3_uniq" UNIQUE (coupons_id, productsubcategory_id);


--
-- Name: orders_coupons_ApplicableCategory orders_coupons_ApplicableCategory_pkey; Type: CONSTRAINT; Schema: public; Owner: postgres
--

ALTER TABLE ONLY public."orders_coupons_ApplicableCategory"
    ADD CONSTRAINT "orders_coupons_ApplicableCategory_pkey" PRIMARY KEY (id);


--
-- Name: orders_coupons_ApplicableProduct orders_coupons_ApplicableProduct_pkey; Type: CONSTRAINT; Schema: public; Owner: postgres
--

ALTER TABLE ONLY public."orders_coupons_ApplicableProduct"
    ADD CONSTRAINT "orders_coupons_ApplicableProduct_pkey" PRIMARY KEY (id);


--
-- Name: orders_coupons_ApplicableSku orders_coupons_ApplicableSku_coupons_id_sku_id_441ace85_uniq; Type: CONSTRAINT; Schema: public; Owner: postgres
--

ALTER TABLE ONLY public."orders_coupons_ApplicableSku"
    ADD CONSTRAINT "orders_coupons_ApplicableSku_coupons_id_sku_id_441ace85_uniq" UNIQUE (coupons_id, sku_id);


--
-- Name: orders_coupons_ApplicableSku orders_coupons_ApplicableSku_pkey; Type: CONSTRAINT; Schema: public; Owner: postgres
--

ALTER TABLE ONLY public."orders_coupons_ApplicableSku"
    ADD CONSTRAINT "orders_coupons_ApplicableSku_pkey" PRIMARY KEY (id);


--
-- Name: orders_coupons_ApplicableSubCategory orders_coupons_ApplicableSubCategory_pkey; Type: CONSTRAINT; Schema: public; Owner: postgres
--

ALTER TABLE ONLY public."orders_coupons_ApplicableSubCategory"
    ADD CONSTRAINT "orders_coupons_ApplicableSubCategory_pkey" PRIMARY KEY (id);


--
-- Name: orders_coupons_CouponUsed orders_coupons_CouponUsed_coupons_id_users_id_b0183099_uniq; Type: CONSTRAINT; Schema: public; Owner: postgres
--

ALTER TABLE ONLY public."orders_coupons_CouponUsed"
    ADD CONSTRAINT "orders_coupons_CouponUsed_coupons_id_users_id_b0183099_uniq" UNIQUE (coupons_id, users_id);


--
-- Name: orders_coupons_CouponUsed orders_coupons_CouponUsed_pkey; Type: CONSTRAINT; Schema: public; Owner: postgres
--

ALTER TABLE ONLY public."orders_coupons_CouponUsed"
    ADD CONSTRAINT "orders_coupons_CouponUsed_pkey" PRIMARY KEY (id);


--
-- Name: orders_coupons orders_coupons_pkey; Type: CONSTRAINT; Schema: public; Owner: postgres
--

ALTER TABLE ONLY public.orders_coupons
    ADD CONSTRAINT orders_coupons_pkey PRIMARY KEY (id);


--
-- Name: orders_deliveryboys orders_deliveryboys_pkey; Type: CONSTRAINT; Schema: public; Owner: postgres
--

ALTER TABLE ONLY public.orders_deliveryboys
    ADD CONSTRAINT orders_deliveryboys_pkey PRIMARY KEY (id);


--
-- Name: orders_deliveryslot orders_deliveryslot_pkey; Type: CONSTRAINT; Schema: public; Owner: postgres
--

ALTER TABLE ONLY public.orders_deliveryslot
    ADD CONSTRAINT orders_deliveryslot_pkey PRIMARY KEY (id);


--
-- Name: orders_discount_ApplicableCategory orders_discount_Applicab_discount_id_productcateg_249d31ba_uniq; Type: CONSTRAINT; Schema: public; Owner: postgres
--

ALTER TABLE ONLY public."orders_discount_ApplicableCategory"
    ADD CONSTRAINT "orders_discount_Applicab_discount_id_productcateg_249d31ba_uniq" UNIQUE (discount_id, productcategory_id);


--
-- Name: orders_discount_ApplicableProduct orders_discount_Applicab_discount_id_products_id_39c9a435_uniq; Type: CONSTRAINT; Schema: public; Owner: postgres
--

ALTER TABLE ONLY public."orders_discount_ApplicableProduct"
    ADD CONSTRAINT "orders_discount_Applicab_discount_id_products_id_39c9a435_uniq" UNIQUE (discount_id, products_id);


--
-- Name: orders_discount_ApplicableSubCategory orders_discount_Applicab_discount_id_productsubca_0cdc1095_uniq; Type: CONSTRAINT; Schema: public; Owner: postgres
--

ALTER TABLE ONLY public."orders_discount_ApplicableSubCategory"
    ADD CONSTRAINT "orders_discount_Applicab_discount_id_productsubca_0cdc1095_uniq" UNIQUE (discount_id, productsubcategory_id);


--
-- Name: orders_discount_ApplicableCategory orders_discount_ApplicableCategory_pkey; Type: CONSTRAINT; Schema: public; Owner: postgres
--

ALTER TABLE ONLY public."orders_discount_ApplicableCategory"
    ADD CONSTRAINT "orders_discount_ApplicableCategory_pkey" PRIMARY KEY (id);


--
-- Name: orders_discount_ApplicableProduct orders_discount_ApplicableProduct_pkey; Type: CONSTRAINT; Schema: public; Owner: postgres
--

ALTER TABLE ONLY public."orders_discount_ApplicableProduct"
    ADD CONSTRAINT "orders_discount_ApplicableProduct_pkey" PRIMARY KEY (id);


--
-- Name: orders_discount_ApplicableSku orders_discount_ApplicableSku_discount_id_sku_id_9a2397f1_uniq; Type: CONSTRAINT; Schema: public; Owner: postgres
--

ALTER TABLE ONLY public."orders_discount_ApplicableSku"
    ADD CONSTRAINT "orders_discount_ApplicableSku_discount_id_sku_id_9a2397f1_uniq" UNIQUE (discount_id, sku_id);


--
-- Name: orders_discount_ApplicableSku orders_discount_ApplicableSku_pkey; Type: CONSTRAINT; Schema: public; Owner: postgres
--

ALTER TABLE ONLY public."orders_discount_ApplicableSku"
    ADD CONSTRAINT "orders_discount_ApplicableSku_pkey" PRIMARY KEY (id);


--
-- Name: orders_discount_ApplicableSubCategory orders_discount_ApplicableSubCategory_pkey; Type: CONSTRAINT; Schema: public; Owner: postgres
--

ALTER TABLE ONLY public."orders_discount_ApplicableSubCategory"
    ADD CONSTRAINT "orders_discount_ApplicableSubCategory_pkey" PRIMARY KEY (id);


--
-- Name: orders_discount orders_discount_pkey; Type: CONSTRAINT; Schema: public; Owner: postgres
--

ALTER TABLE ONLY public.orders_discount
    ADD CONSTRAINT orders_discount_pkey PRIMARY KEY (id);


--
-- Name: orders_dropaddress orders_dropaddress_pkey; Type: CONSTRAINT; Schema: public; Owner: postgres
--

ALTER TABLE ONLY public.orders_dropaddress
    ADD CONSTRAINT orders_dropaddress_pkey PRIMARY KEY (uuid);


--
-- Name: orders_orderdelivery orders_orderdelivery_pkey; Type: CONSTRAINT; Schema: public; Owner: postgres
--

ALTER TABLE ONLY public.orders_orderdelivery
    ADD CONSTRAINT orders_orderdelivery_pkey PRIMARY KEY (id);


--
-- Name: orders_orderproducts orders_orderproducts_pkey; Type: CONSTRAINT; Schema: public; Owner: postgres
--

ALTER TABLE ONLY public.orders_orderproducts
    ADD CONSTRAINT orders_orderproducts_pkey PRIMARY KEY (order_product_id);


--
-- Name: orders_orders orders_orders_drop_address_id_key; Type: CONSTRAINT; Schema: public; Owner: postgres
--

ALTER TABLE ONLY public.orders_orders
    ADD CONSTRAINT orders_orders_drop_address_id_key UNIQUE (drop_address_id);


--
-- Name: orders_orders orders_orders_pkey; Type: CONSTRAINT; Schema: public; Owner: postgres
--

ALTER TABLE ONLY public.orders_orders
    ADD CONSTRAINT orders_orders_pkey PRIMARY KEY (uuid);


--
-- Name: orders_payment orders_payment_order_id_key; Type: CONSTRAINT; Schema: public; Owner: postgres
--

ALTER TABLE ONLY public.orders_payment
    ADD CONSTRAINT orders_payment_order_id_key UNIQUE (order_id);


--
-- Name: orders_payment orders_payment_pkey; Type: CONSTRAINT; Schema: public; Owner: postgres
--

ALTER TABLE ONLY public.orders_payment
    ADD CONSTRAINT orders_payment_pkey PRIMARY KEY (id);


--
-- Name: products_customproduct products_customproduct_pkey; Type: CONSTRAINT; Schema: public; Owner: postgres
--

ALTER TABLE ONLY public.products_customproduct
    ADD CONSTRAINT products_customproduct_pkey PRIMARY KEY (id);


--
-- Name: products_customproductimage products_customproductimage_pkey; Type: CONSTRAINT; Schema: public; Owner: postgres
--

ALTER TABLE ONLY public.products_customproductimage
    ADD CONSTRAINT products_customproductimage_pkey PRIMARY KEY (id);


--
-- Name: products_customproductvideo products_customproductvideo_pkey; Type: CONSTRAINT; Schema: public; Owner: postgres
--

ALTER TABLE ONLY public.products_customproductvideo
    ADD CONSTRAINT products_customproductvideo_pkey PRIMARY KEY (id);


--
-- Name: products_dynamicfiltering_products products_dynamicfilterin_dynamicfiltering_id_prod_a14dfabc_uniq; Type: CONSTRAINT; Schema: public; Owner: postgres
--

ALTER TABLE ONLY public.products_dynamicfiltering_products
    ADD CONSTRAINT products_dynamicfilterin_dynamicfiltering_id_prod_a14dfabc_uniq UNIQUE (dynamicfiltering_id, products_id);


--
-- Name: products_dynamicfiltering products_dynamicfiltering_pkey; Type: CONSTRAINT; Schema: public; Owner: postgres
--

ALTER TABLE ONLY public.products_dynamicfiltering
    ADD CONSTRAINT products_dynamicfiltering_pkey PRIMARY KEY (id);


--
-- Name: products_dynamicfiltering_products products_dynamicfiltering_products_pkey; Type: CONSTRAINT; Schema: public; Owner: postgres
--

ALTER TABLE ONLY public.products_dynamicfiltering_products
    ADD CONSTRAINT products_dynamicfiltering_products_pkey PRIMARY KEY (id);


--
-- Name: products_productcategory products_productcategory_category_code_key; Type: CONSTRAINT; Schema: public; Owner: postgres
--

ALTER TABLE ONLY public.products_productcategory
    ADD CONSTRAINT products_productcategory_category_code_key UNIQUE (category_code);


--
-- Name: products_productcategory products_productcategory_pkey; Type: CONSTRAINT; Schema: public; Owner: postgres
--

ALTER TABLE ONLY public.products_productcategory
    ADD CONSTRAINT products_productcategory_pkey PRIMARY KEY (uuid);


--
-- Name: products_productimage products_productimage_pkey; Type: CONSTRAINT; Schema: public; Owner: postgres
--

ALTER TABLE ONLY public.products_productimage
    ADD CONSTRAINT products_productimage_pkey PRIMARY KEY (id);


--
-- Name: products_productreview products_productreview_pkey; Type: CONSTRAINT; Schema: public; Owner: postgres
--

ALTER TABLE ONLY public.products_productreview
    ADD CONSTRAINT products_productreview_pkey PRIMARY KEY (id);


--
-- Name: products_products products_products_pkey; Type: CONSTRAINT; Schema: public; Owner: postgres
--

ALTER TABLE ONLY public.products_products
    ADD CONSTRAINT products_products_pkey PRIMARY KEY (id);


--
-- Name: products_productsubcategory products_productsubcategory_pkey; Type: CONSTRAINT; Schema: public; Owner: postgres
--

ALTER TABLE ONLY public.products_productsubcategory
    ADD CONSTRAINT products_productsubcategory_pkey PRIMARY KEY (uuid);


--
-- Name: products_productsubcategory products_productsubcategory_sub_category_code_key; Type: CONSTRAINT; Schema: public; Owner: postgres
--

ALTER TABLE ONLY public.products_productsubcategory
    ADD CONSTRAINT products_productsubcategory_sub_category_code_key UNIQUE (sub_category_code);


--
-- Name: products_productvideo products_productvideo_pkey; Type: CONSTRAINT; Schema: public; Owner: postgres
--

ALTER TABLE ONLY public.products_productvideo
    ADD CONSTRAINT products_productvideo_pkey PRIMARY KEY (id);


--
-- Name: products_salesunitproductselection products_salesunitproductselection_pkey; Type: CONSTRAINT; Schema: public; Owner: postgres
--

ALTER TABLE ONLY public.products_salesunitproductselection
    ADD CONSTRAINT products_salesunitproductselection_pkey PRIMARY KEY (id);


--
-- Name: products_sku products_sku_pkey; Type: CONSTRAINT; Schema: public; Owner: postgres
--

ALTER TABLE ONLY public.products_sku
    ADD CONSTRAINT products_sku_pkey PRIMARY KEY (id);


--
-- Name: products_speciallist products_speciallist_pkey; Type: CONSTRAINT; Schema: public; Owner: postgres
--

ALTER TABLE ONLY public.products_speciallist
    ADD CONSTRAINT products_speciallist_pkey PRIMARY KEY (id);


--
-- Name: products_speciallist_products products_speciallist_pro_speciallist_id_products__e107d190_uniq; Type: CONSTRAINT; Schema: public; Owner: postgres
--

ALTER TABLE ONLY public.products_speciallist_products
    ADD CONSTRAINT products_speciallist_pro_speciallist_id_products__e107d190_uniq UNIQUE (speciallist_id, products_id);


--
-- Name: products_speciallist_products products_speciallist_products_pkey; Type: CONSTRAINT; Schema: public; Owner: postgres
--

ALTER TABLE ONLY public.products_speciallist_products
    ADD CONSTRAINT products_speciallist_products_pkey PRIMARY KEY (id);


--
-- Name: products_tags products_tags_pkey; Type: CONSTRAINT; Schema: public; Owner: postgres
--

ALTER TABLE ONLY public.products_tags
    ADD CONSTRAINT products_tags_pkey PRIMARY KEY (id);


--
-- Name: products_tags_products products_tags_products_pkey; Type: CONSTRAINT; Schema: public; Owner: postgres
--

ALTER TABLE ONLY public.products_tags_products
    ADD CONSTRAINT products_tags_products_pkey PRIMARY KEY (id);


--
-- Name: products_tags_products products_tags_products_tags_id_products_id_cc5285e9_uniq; Type: CONSTRAINT; Schema: public; Owner: postgres
--

ALTER TABLE ONLY public.products_tags_products
    ADD CONSTRAINT products_tags_products_tags_id_products_id_cc5285e9_uniq UNIQUE (tags_id, products_id);


--
-- Name: shops_bankdetails shops_bankdetails_pkey; Type: CONSTRAINT; Schema: public; Owner: postgres
--

ALTER TABLE ONLY public.shops_bankdetails
    ADD CONSTRAINT shops_bankdetails_pkey PRIMARY KEY (id);


--
-- Name: shops_bankdetails shops_bankdetails_shop_id_key; Type: CONSTRAINT; Schema: public; Owner: postgres
--

ALTER TABLE ONLY public.shops_bankdetails
    ADD CONSTRAINT shops_bankdetails_shop_id_key UNIQUE (shop_id);


--
-- Name: shops_productionunit shops_productionunit_pkey; Type: CONSTRAINT; Schema: public; Owner: postgres
--

ALTER TABLE ONLY public.shops_productionunit
    ADD CONSTRAINT shops_productionunit_pkey PRIMARY KEY (uuid);


--
-- Name: shops_shop shops_shop_pkey; Type: CONSTRAINT; Schema: public; Owner: postgres
--

ALTER TABLE ONLY public.shops_shop
    ADD CONSTRAINT shops_shop_pkey PRIMARY KEY (uuid);


--
-- Name: shops_shop_unit_admin_user shops_shop_unit_admin_user_pkey; Type: CONSTRAINT; Schema: public; Owner: postgres
--

ALTER TABLE ONLY public.shops_shop_unit_admin_user
    ADD CONSTRAINT shops_shop_unit_admin_user_pkey PRIMARY KEY (id);


--
-- Name: shops_shop_unit_admin_user shops_shop_unit_admin_user_shop_id_users_id_dc14dff0_uniq; Type: CONSTRAINT; Schema: public; Owner: postgres
--

ALTER TABLE ONLY public.shops_shop_unit_admin_user
    ADD CONSTRAINT shops_shop_unit_admin_user_shop_id_users_id_dc14dff0_uniq UNIQUE (shop_id, users_id);


--
-- Name: shops_shop shops_shop_unit_code_d0760be3_uniq; Type: CONSTRAINT; Schema: public; Owner: postgres
--

ALTER TABLE ONLY public.shops_shop
    ADD CONSTRAINT shops_shop_unit_code_d0760be3_uniq UNIQUE (unit_code);


--
-- Name: accounts_address_user_id_c8c74ddf; Type: INDEX; Schema: public; Owner: postgres
--

CREATE INDEX accounts_address_user_id_c8c74ddf ON public.accounts_address USING btree (user_id);


--
-- Name: accounts_userlocation_address_id_fb7f0194; Type: INDEX; Schema: public; Owner: postgres
--

CREATE INDEX accounts_userlocation_address_id_fb7f0194 ON public.accounts_userlocation USING btree (address_id);


--
-- Name: accounts_userlocation_shop_id_4690abe2; Type: INDEX; Schema: public; Owner: postgres
--

CREATE INDEX accounts_userlocation_shop_id_4690abe2 ON public.accounts_userlocation USING btree (shop_id);


--
-- Name: accounts_userlocation_user_id_66f94a3f; Type: INDEX; Schema: public; Owner: postgres
--

CREATE INDEX accounts_userlocation_user_id_66f94a3f ON public.accounts_userlocation USING btree (user_id);


--
-- Name: accounts_users_groups_group_id_371be490; Type: INDEX; Schema: public; Owner: postgres
--

CREATE INDEX accounts_users_groups_group_id_371be490 ON public.accounts_users_groups USING btree (group_id);


--
-- Name: accounts_users_groups_users_id_c8303f87; Type: INDEX; Schema: public; Owner: postgres
--

CREATE INDEX accounts_users_groups_users_id_c8303f87 ON public.accounts_users_groups USING btree (users_id);


--
-- Name: accounts_users_user_permissions_permission_id_5f3d0fff; Type: INDEX; Schema: public; Owner: postgres
--

CREATE INDEX accounts_users_user_permissions_permission_id_5f3d0fff ON public.accounts_users_user_permissions USING btree (permission_id);


--
-- Name: accounts_users_user_permissions_users_id_62a47b5b; Type: INDEX; Schema: public; Owner: postgres
--

CREATE INDEX accounts_users_user_permissions_users_id_62a47b5b ON public.accounts_users_user_permissions USING btree (users_id);


--
-- Name: auth_group_name_a6ea08ec_like; Type: INDEX; Schema: public; Owner: postgres
--

CREATE INDEX auth_group_name_a6ea08ec_like ON public.auth_group USING btree (name varchar_pattern_ops);


--
-- Name: auth_group_permissions_group_id_b120cbf9; Type: INDEX; Schema: public; Owner: postgres
--

CREATE INDEX auth_group_permissions_group_id_b120cbf9 ON public.auth_group_permissions USING btree (group_id);


--
-- Name: auth_group_permissions_permission_id_84c5c92e; Type: INDEX; Schema: public; Owner: postgres
--

CREATE INDEX auth_group_permissions_permission_id_84c5c92e ON public.auth_group_permissions USING btree (permission_id);


--
-- Name: auth_permission_content_type_id_2f476e4b; Type: INDEX; Schema: public; Owner: postgres
--

CREATE INDEX auth_permission_content_type_id_2f476e4b ON public.auth_permission USING btree (content_type_id);


--
-- Name: django_admin_log_content_type_id_c4bce8eb; Type: INDEX; Schema: public; Owner: postgres
--

CREATE INDEX django_admin_log_content_type_id_c4bce8eb ON public.django_admin_log USING btree (content_type_id);


--
-- Name: django_admin_log_user_id_c564eba6; Type: INDEX; Schema: public; Owner: postgres
--

CREATE INDEX django_admin_log_user_id_c564eba6 ON public.django_admin_log USING btree (user_id);


--
-- Name: django_celery_beat_periodictask_clocked_id_47a69f82; Type: INDEX; Schema: public; Owner: postgres
--

CREATE INDEX django_celery_beat_periodictask_clocked_id_47a69f82 ON public.django_celery_beat_periodictask USING btree (clocked_id);


--
-- Name: django_celery_beat_periodictask_crontab_id_d3cba168; Type: INDEX; Schema: public; Owner: postgres
--

CREATE INDEX django_celery_beat_periodictask_crontab_id_d3cba168 ON public.django_celery_beat_periodictask USING btree (crontab_id);


--
-- Name: django_celery_beat_periodictask_interval_id_a8ca27da; Type: INDEX; Schema: public; Owner: postgres
--

CREATE INDEX django_celery_beat_periodictask_interval_id_a8ca27da ON public.django_celery_beat_periodictask USING btree (interval_id);


--
-- Name: django_celery_beat_periodictask_name_265a36b7_like; Type: INDEX; Schema: public; Owner: postgres
--

CREATE INDEX django_celery_beat_periodictask_name_265a36b7_like ON public.django_celery_beat_periodictask USING btree (name varchar_pattern_ops);


--
-- Name: django_celery_beat_periodictask_solar_id_a87ce72c; Type: INDEX; Schema: public; Owner: postgres
--

CREATE INDEX django_celery_beat_periodictask_solar_id_a87ce72c ON public.django_celery_beat_periodictask USING btree (solar_id);


--
-- Name: orders_cart_coupon_id_1516a12b; Type: INDEX; Schema: public; Owner: postgres
--

CREATE INDEX orders_cart_coupon_id_1516a12b ON public.orders_cart USING btree (coupon_id);


--
-- Name: orders_cartitem_cart_id_529df5fa; Type: INDEX; Schema: public; Owner: postgres
--

CREATE INDEX orders_cartitem_cart_id_529df5fa ON public.orders_cartitem USING btree (cart_id);


--
-- Name: orders_cartitem_sku_id_8979a8b3; Type: INDEX; Schema: public; Owner: postgres
--

CREATE INDEX orders_cartitem_sku_id_8979a8b3 ON public.orders_cartitem USING btree (sku_id);


--
-- Name: orders_coupons_ApplicableCategory_coupons_id_45f7f28c; Type: INDEX; Schema: public; Owner: postgres
--

CREATE INDEX "orders_coupons_ApplicableCategory_coupons_id_45f7f28c" ON public."orders_coupons_ApplicableCategory" USING btree (coupons_id);


--
-- Name: orders_coupons_ApplicableCategory_productcategory_id_bfeddffc; Type: INDEX; Schema: public; Owner: postgres
--

CREATE INDEX "orders_coupons_ApplicableCategory_productcategory_id_bfeddffc" ON public."orders_coupons_ApplicableCategory" USING btree (productcategory_id);


--
-- Name: orders_coupons_ApplicableProduct_coupons_id_8e55e0c5; Type: INDEX; Schema: public; Owner: postgres
--

CREATE INDEX "orders_coupons_ApplicableProduct_coupons_id_8e55e0c5" ON public."orders_coupons_ApplicableProduct" USING btree (coupons_id);


--
-- Name: orders_coupons_ApplicableProduct_products_id_80bade5f; Type: INDEX; Schema: public; Owner: postgres
--

CREATE INDEX "orders_coupons_ApplicableProduct_products_id_80bade5f" ON public."orders_coupons_ApplicableProduct" USING btree (products_id);


--
-- Name: orders_coupons_ApplicableS_productsubcategory_id_a30de261; Type: INDEX; Schema: public; Owner: postgres
--

CREATE INDEX "orders_coupons_ApplicableS_productsubcategory_id_a30de261" ON public."orders_coupons_ApplicableSubCategory" USING btree (productsubcategory_id);


--
-- Name: orders_coupons_ApplicableSku_coupons_id_cadf26f0; Type: INDEX; Schema: public; Owner: postgres
--

CREATE INDEX "orders_coupons_ApplicableSku_coupons_id_cadf26f0" ON public."orders_coupons_ApplicableSku" USING btree (coupons_id);


--
-- Name: orders_coupons_ApplicableSku_sku_id_f357422c; Type: INDEX; Schema: public; Owner: postgres
--

CREATE INDEX "orders_coupons_ApplicableSku_sku_id_f357422c" ON public."orders_coupons_ApplicableSku" USING btree (sku_id);


--
-- Name: orders_coupons_ApplicableSubCategory_coupons_id_ba9e27f9; Type: INDEX; Schema: public; Owner: postgres
--

CREATE INDEX "orders_coupons_ApplicableSubCategory_coupons_id_ba9e27f9" ON public."orders_coupons_ApplicableSubCategory" USING btree (coupons_id);


--
-- Name: orders_coupons_CouponUsed_coupons_id_8e9da3a8; Type: INDEX; Schema: public; Owner: postgres
--

CREATE INDEX "orders_coupons_CouponUsed_coupons_id_8e9da3a8" ON public."orders_coupons_CouponUsed" USING btree (coupons_id);


--
-- Name: orders_coupons_CouponUsed_users_id_1e49933c; Type: INDEX; Schema: public; Owner: postgres
--

CREATE INDEX "orders_coupons_CouponUsed_users_id_1e49933c" ON public."orders_coupons_CouponUsed" USING btree (users_id);


--
-- Name: orders_discount_ApplicableCategory_discount_id_f69a9ed6; Type: INDEX; Schema: public; Owner: postgres
--

CREATE INDEX "orders_discount_ApplicableCategory_discount_id_f69a9ed6" ON public."orders_discount_ApplicableCategory" USING btree (discount_id);


--
-- Name: orders_discount_ApplicableCategory_productcategory_id_7f4f8ff1; Type: INDEX; Schema: public; Owner: postgres
--

CREATE INDEX "orders_discount_ApplicableCategory_productcategory_id_7f4f8ff1" ON public."orders_discount_ApplicableCategory" USING btree (productcategory_id);


--
-- Name: orders_discount_ApplicableProduct_discount_id_12fc963a; Type: INDEX; Schema: public; Owner: postgres
--

CREATE INDEX "orders_discount_ApplicableProduct_discount_id_12fc963a" ON public."orders_discount_ApplicableProduct" USING btree (discount_id);


--
-- Name: orders_discount_ApplicableProduct_products_id_730b5e38; Type: INDEX; Schema: public; Owner: postgres
--

CREATE INDEX "orders_discount_ApplicableProduct_products_id_730b5e38" ON public."orders_discount_ApplicableProduct" USING btree (products_id);


--
-- Name: orders_discount_ApplicableSku_discount_id_965ff66b; Type: INDEX; Schema: public; Owner: postgres
--

CREATE INDEX "orders_discount_ApplicableSku_discount_id_965ff66b" ON public."orders_discount_ApplicableSku" USING btree (discount_id);


--
-- Name: orders_discount_ApplicableSku_sku_id_42caded9; Type: INDEX; Schema: public; Owner: postgres
--

CREATE INDEX "orders_discount_ApplicableSku_sku_id_42caded9" ON public."orders_discount_ApplicableSku" USING btree (sku_id);


--
-- Name: orders_discount_ApplicableSubCategory_discount_id_ef92e1df; Type: INDEX; Schema: public; Owner: postgres
--

CREATE INDEX "orders_discount_ApplicableSubCategory_discount_id_ef92e1df" ON public."orders_discount_ApplicableSubCategory" USING btree (discount_id);


--
-- Name: orders_discount_Applicable_productsubcategory_id_0e0b7574; Type: INDEX; Schema: public; Owner: postgres
--

CREATE INDEX "orders_discount_Applicable_productsubcategory_id_0e0b7574" ON public."orders_discount_ApplicableSubCategory" USING btree (productsubcategory_id);


--
-- Name: orders_orderdelivery_delivery_boy_id_6541e35e; Type: INDEX; Schema: public; Owner: postgres
--

CREATE INDEX orders_orderdelivery_delivery_boy_id_6541e35e ON public.orders_orderdelivery USING btree (delivery_boy_id);


--
-- Name: orders_orderdelivery_order_id_a59ce03a; Type: INDEX; Schema: public; Owner: postgres
--

CREATE INDEX orders_orderdelivery_order_id_a59ce03a ON public.orders_orderdelivery USING btree (order_id);


--
-- Name: orders_orderproducts_order_id_b2226dca; Type: INDEX; Schema: public; Owner: postgres
--

CREATE INDEX orders_orderproducts_order_id_b2226dca ON public.orders_orderproducts USING btree (order_id);


--
-- Name: orders_orderproducts_sku_id_6ac0d8d1; Type: INDEX; Schema: public; Owner: postgres
--

CREATE INDEX orders_orderproducts_sku_id_6ac0d8d1 ON public.orders_orderproducts USING btree (sku_id);


--
-- Name: orders_orders_pu_uuid_id_4bedef19; Type: INDEX; Schema: public; Owner: postgres
--

CREATE INDEX orders_orders_pu_uuid_id_4bedef19 ON public.orders_orders USING btree (pu_uuid_id);


--
-- Name: orders_orders_store_uuid_id_baf70444; Type: INDEX; Schema: public; Owner: postgres
--

CREATE INDEX orders_orders_store_uuid_id_baf70444 ON public.orders_orders USING btree (store_uuid_id);


--
-- Name: orders_orders_user_uuid_id_a0d42e9d; Type: INDEX; Schema: public; Owner: postgres
--

CREATE INDEX orders_orders_user_uuid_id_a0d42e9d ON public.orders_orders USING btree (user_uuid_id);


--
-- Name: products_customproductimage_custom_product_id_0da30137; Type: INDEX; Schema: public; Owner: postgres
--

CREATE INDEX products_customproductimage_custom_product_id_0da30137 ON public.products_customproductimage USING btree (custom_product_id);


--
-- Name: products_customproductvideo_custom_product_id_212eef51; Type: INDEX; Schema: public; Owner: postgres
--

CREATE INDEX products_customproductvideo_custom_product_id_212eef51 ON public.products_customproductvideo USING btree (custom_product_id);


--
-- Name: products_dynamicfiltering_products_dynamicfiltering_id_71d2d6d2; Type: INDEX; Schema: public; Owner: postgres
--

CREATE INDEX products_dynamicfiltering_products_dynamicfiltering_id_71d2d6d2 ON public.products_dynamicfiltering_products USING btree (dynamicfiltering_id);


--
-- Name: products_dynamicfiltering_products_products_id_f465b11f; Type: INDEX; Schema: public; Owner: postgres
--

CREATE INDEX products_dynamicfiltering_products_products_id_f465b11f ON public.products_dynamicfiltering_products USING btree (products_id);


--
-- Name: products_productcategory_category_code_02fe1443_like; Type: INDEX; Schema: public; Owner: postgres
--

CREATE INDEX products_productcategory_category_code_02fe1443_like ON public.products_productcategory USING btree (category_code varchar_pattern_ops);


--
-- Name: products_productimage_product_id_e747596a; Type: INDEX; Schema: public; Owner: postgres
--

CREATE INDEX products_productimage_product_id_e747596a ON public.products_productimage USING btree (product_id);


--
-- Name: products_productreview_product_id_7e81c4a6; Type: INDEX; Schema: public; Owner: postgres
--

CREATE INDEX products_productreview_product_id_7e81c4a6 ON public.products_productreview USING btree (product_id);


--
-- Name: products_productreview_user_id_5c551aaa; Type: INDEX; Schema: public; Owner: postgres
--

CREATE INDEX products_productreview_user_id_5c551aaa ON public.products_productreview USING btree (user_id);


--
-- Name: products_products_item_category_id_4b8009b2; Type: INDEX; Schema: public; Owner: postgres
--

CREATE INDEX products_products_item_category_id_4b8009b2 ON public.products_products USING btree (item_category_id);


--
-- Name: products_products_item_sub_category_id_554c669a; Type: INDEX; Schema: public; Owner: postgres
--

CREATE INDEX products_products_item_sub_category_id_554c669a ON public.products_products USING btree (item_sub_category_id);


--
-- Name: products_productsubcategory_category_id_69ded4ff; Type: INDEX; Schema: public; Owner: postgres
--

CREATE INDEX products_productsubcategory_category_id_69ded4ff ON public.products_productsubcategory USING btree (category_id);


--
-- Name: products_productsubcategory_sub_category_code_3996df38_like; Type: INDEX; Schema: public; Owner: postgres
--

CREATE INDEX products_productsubcategory_sub_category_code_3996df38_like ON public.products_productsubcategory USING btree (sub_category_code varchar_pattern_ops);


--
-- Name: products_productvideo_product_id_872fe729; Type: INDEX; Schema: public; Owner: postgres
--

CREATE INDEX products_productvideo_product_id_872fe729 ON public.products_productvideo USING btree (product_id);


--
-- Name: products_salesunitproductselection_sales_unit_id_d26b1a54; Type: INDEX; Schema: public; Owner: postgres
--

CREATE INDEX products_salesunitproductselection_sales_unit_id_d26b1a54 ON public.products_salesunitproductselection USING btree (sales_unit_id);


--
-- Name: products_salesunitproductselection_sku_id_5c12014b; Type: INDEX; Schema: public; Owner: postgres
--

CREATE INDEX products_salesunitproductselection_sku_id_5c12014b ON public.products_salesunitproductselection USING btree (sku_id);


--
-- Name: products_sku_product_id_42b6697f; Type: INDEX; Schema: public; Owner: postgres
--

CREATE INDEX products_sku_product_id_42b6697f ON public.products_sku USING btree (product_id);


--
-- Name: products_speciallist_products_products_id_33f039e0; Type: INDEX; Schema: public; Owner: postgres
--

CREATE INDEX products_speciallist_products_products_id_33f039e0 ON public.products_speciallist_products USING btree (products_id);


--
-- Name: products_speciallist_products_speciallist_id_51692aa9; Type: INDEX; Schema: public; Owner: postgres
--

CREATE INDEX products_speciallist_products_speciallist_id_51692aa9 ON public.products_speciallist_products USING btree (speciallist_id);


--
-- Name: products_tags_products_products_id_8cf06332; Type: INDEX; Schema: public; Owner: postgres
--

CREATE INDEX products_tags_products_products_id_8cf06332 ON public.products_tags_products USING btree (products_id);


--
-- Name: products_tags_products_tags_id_fc39ee50; Type: INDEX; Schema: public; Owner: postgres
--

CREATE INDEX products_tags_products_tags_id_fc39ee50 ON public.products_tags_products USING btree (tags_id);


--
-- Name: shops_shop_unit_admin_user_shop_id_24ae0b55; Type: INDEX; Schema: public; Owner: postgres
--

CREATE INDEX shops_shop_unit_admin_user_shop_id_24ae0b55 ON public.shops_shop_unit_admin_user USING btree (shop_id);


--
-- Name: shops_shop_unit_admin_user_users_id_334f0b93; Type: INDEX; Schema: public; Owner: postgres
--

CREATE INDEX shops_shop_unit_admin_user_users_id_334f0b93 ON public.shops_shop_unit_admin_user USING btree (users_id);


--
-- Name: shops_shop_unit_code_d0760be3_like; Type: INDEX; Schema: public; Owner: postgres
--

CREATE INDEX shops_shop_unit_code_d0760be3_like ON public.shops_shop USING btree (unit_code varchar_pattern_ops);


--
-- Name: accounts_address accounts_address_user_id_c8c74ddf_fk_accounts_users_uuid; Type: FK CONSTRAINT; Schema: public; Owner: postgres
--

ALTER TABLE ONLY public.accounts_address
    ADD CONSTRAINT accounts_address_user_id_c8c74ddf_fk_accounts_users_uuid FOREIGN KEY (user_id) REFERENCES public.accounts_users(uuid) DEFERRABLE INITIALLY DEFERRED;


--
-- Name: accounts_userlocation accounts_userlocatio_address_id_fb7f0194_fk_accounts_; Type: FK CONSTRAINT; Schema: public; Owner: postgres
--

ALTER TABLE ONLY public.accounts_userlocation
    ADD CONSTRAINT accounts_userlocatio_address_id_fb7f0194_fk_accounts_ FOREIGN KEY (address_id) REFERENCES public.accounts_address(id) DEFERRABLE INITIALLY DEFERRED;


--
-- Name: accounts_userlocation accounts_userlocation_shop_id_4690abe2_fk_shops_shop_uuid; Type: FK CONSTRAINT; Schema: public; Owner: postgres
--

ALTER TABLE ONLY public.accounts_userlocation
    ADD CONSTRAINT accounts_userlocation_shop_id_4690abe2_fk_shops_shop_uuid FOREIGN KEY (shop_id) REFERENCES public.shops_shop(uuid) DEFERRABLE INITIALLY DEFERRED;


--
-- Name: accounts_userlocation accounts_userlocation_user_id_66f94a3f_fk_accounts_users_uuid; Type: FK CONSTRAINT; Schema: public; Owner: postgres
--

ALTER TABLE ONLY public.accounts_userlocation
    ADD CONSTRAINT accounts_userlocation_user_id_66f94a3f_fk_accounts_users_uuid FOREIGN KEY (user_id) REFERENCES public.accounts_users(uuid) DEFERRABLE INITIALLY DEFERRED;


--
-- Name: accounts_users_groups accounts_users_groups_group_id_371be490_fk_auth_group_id; Type: FK CONSTRAINT; Schema: public; Owner: postgres
--

ALTER TABLE ONLY public.accounts_users_groups
    ADD CONSTRAINT accounts_users_groups_group_id_371be490_fk_auth_group_id FOREIGN KEY (group_id) REFERENCES public.auth_group(id) DEFERRABLE INITIALLY DEFERRED;


--
-- Name: accounts_users_groups accounts_users_groups_users_id_c8303f87_fk_accounts_users_uuid; Type: FK CONSTRAINT; Schema: public; Owner: postgres
--

ALTER TABLE ONLY public.accounts_users_groups
    ADD CONSTRAINT accounts_users_groups_users_id_c8303f87_fk_accounts_users_uuid FOREIGN KEY (users_id) REFERENCES public.accounts_users(uuid) DEFERRABLE INITIALLY DEFERRED;


--
-- Name: accounts_users_user_permissions accounts_users_user__permission_id_5f3d0fff_fk_auth_perm; Type: FK CONSTRAINT; Schema: public; Owner: postgres
--

ALTER TABLE ONLY public.accounts_users_user_permissions
    ADD CONSTRAINT accounts_users_user__permission_id_5f3d0fff_fk_auth_perm FOREIGN KEY (permission_id) REFERENCES public.auth_permission(id) DEFERRABLE INITIALLY DEFERRED;


--
-- Name: accounts_users_user_permissions accounts_users_user__users_id_62a47b5b_fk_accounts_; Type: FK CONSTRAINT; Schema: public; Owner: postgres
--

ALTER TABLE ONLY public.accounts_users_user_permissions
    ADD CONSTRAINT accounts_users_user__users_id_62a47b5b_fk_accounts_ FOREIGN KEY (users_id) REFERENCES public.accounts_users(uuid) DEFERRABLE INITIALLY DEFERRED;


--
-- Name: auth_group_permissions auth_group_permissio_permission_id_84c5c92e_fk_auth_perm; Type: FK CONSTRAINT; Schema: public; Owner: postgres
--

ALTER TABLE ONLY public.auth_group_permissions
    ADD CONSTRAINT auth_group_permissio_permission_id_84c5c92e_fk_auth_perm FOREIGN KEY (permission_id) REFERENCES public.auth_permission(id) DEFERRABLE INITIALLY DEFERRED;


--
-- Name: auth_group_permissions auth_group_permissions_group_id_b120cbf9_fk_auth_group_id; Type: FK CONSTRAINT; Schema: public; Owner: postgres
--

ALTER TABLE ONLY public.auth_group_permissions
    ADD CONSTRAINT auth_group_permissions_group_id_b120cbf9_fk_auth_group_id FOREIGN KEY (group_id) REFERENCES public.auth_group(id) DEFERRABLE INITIALLY DEFERRED;


--
-- Name: auth_permission auth_permission_content_type_id_2f476e4b_fk_django_co; Type: FK CONSTRAINT; Schema: public; Owner: postgres
--

ALTER TABLE ONLY public.auth_permission
    ADD CONSTRAINT auth_permission_content_type_id_2f476e4b_fk_django_co FOREIGN KEY (content_type_id) REFERENCES public.django_content_type(id) DEFERRABLE INITIALLY DEFERRED;


--
-- Name: django_admin_log django_admin_log_content_type_id_c4bce8eb_fk_django_co; Type: FK CONSTRAINT; Schema: public; Owner: postgres
--

ALTER TABLE ONLY public.django_admin_log
    ADD CONSTRAINT django_admin_log_content_type_id_c4bce8eb_fk_django_co FOREIGN KEY (content_type_id) REFERENCES public.django_content_type(id) DEFERRABLE INITIALLY DEFERRED;


--
-- Name: django_admin_log django_admin_log_user_id_c564eba6_fk_accounts_users_uuid; Type: FK CONSTRAINT; Schema: public; Owner: postgres
--

ALTER TABLE ONLY public.django_admin_log
    ADD CONSTRAINT django_admin_log_user_id_c564eba6_fk_accounts_users_uuid FOREIGN KEY (user_id) REFERENCES public.accounts_users(uuid) DEFERRABLE INITIALLY DEFERRED;


--
-- Name: django_celery_beat_periodictask django_celery_beat_p_clocked_id_47a69f82_fk_django_ce; Type: FK CONSTRAINT; Schema: public; Owner: postgres
--

ALTER TABLE ONLY public.django_celery_beat_periodictask
    ADD CONSTRAINT django_celery_beat_p_clocked_id_47a69f82_fk_django_ce FOREIGN KEY (clocked_id) REFERENCES public.django_celery_beat_clockedschedule(id) DEFERRABLE INITIALLY DEFERRED;


--
-- Name: django_celery_beat_periodictask django_celery_beat_p_crontab_id_d3cba168_fk_django_ce; Type: FK CONSTRAINT; Schema: public; Owner: postgres
--

ALTER TABLE ONLY public.django_celery_beat_periodictask
    ADD CONSTRAINT django_celery_beat_p_crontab_id_d3cba168_fk_django_ce FOREIGN KEY (crontab_id) REFERENCES public.django_celery_beat_crontabschedule(id) DEFERRABLE INITIALLY DEFERRED;


--
-- Name: django_celery_beat_periodictask django_celery_beat_p_interval_id_a8ca27da_fk_django_ce; Type: FK CONSTRAINT; Schema: public; Owner: postgres
--

ALTER TABLE ONLY public.django_celery_beat_periodictask
    ADD CONSTRAINT django_celery_beat_p_interval_id_a8ca27da_fk_django_ce FOREIGN KEY (interval_id) REFERENCES public.django_celery_beat_intervalschedule(id) DEFERRABLE INITIALLY DEFERRED;


--
-- Name: django_celery_beat_periodictask django_celery_beat_p_solar_id_a87ce72c_fk_django_ce; Type: FK CONSTRAINT; Schema: public; Owner: postgres
--

ALTER TABLE ONLY public.django_celery_beat_periodictask
    ADD CONSTRAINT django_celery_beat_p_solar_id_a87ce72c_fk_django_ce FOREIGN KEY (solar_id) REFERENCES public.django_celery_beat_solarschedule(id) DEFERRABLE INITIALLY DEFERRED;


--
-- Name: orders_cart orders_cart_coupon_id_1516a12b_fk_orders_coupons_id; Type: FK CONSTRAINT; Schema: public; Owner: postgres
--

ALTER TABLE ONLY public.orders_cart
    ADD CONSTRAINT orders_cart_coupon_id_1516a12b_fk_orders_coupons_id FOREIGN KEY (coupon_id) REFERENCES public.orders_coupons(id) DEFERRABLE INITIALLY DEFERRED;


--
-- Name: orders_cart orders_cart_user_id_121a069e_fk_accounts_users_uuid; Type: FK CONSTRAINT; Schema: public; Owner: postgres
--

ALTER TABLE ONLY public.orders_cart
    ADD CONSTRAINT orders_cart_user_id_121a069e_fk_accounts_users_uuid FOREIGN KEY (user_id) REFERENCES public.accounts_users(uuid) DEFERRABLE INITIALLY DEFERRED;


--
-- Name: orders_cartitem orders_cartitem_cart_id_529df5fa_fk_orders_cart_id; Type: FK CONSTRAINT; Schema: public; Owner: postgres
--

ALTER TABLE ONLY public.orders_cartitem
    ADD CONSTRAINT orders_cartitem_cart_id_529df5fa_fk_orders_cart_id FOREIGN KEY (cart_id) REFERENCES public.orders_cart(id) DEFERRABLE INITIALLY DEFERRED;


--
-- Name: orders_cartitem orders_cartitem_sku_id_8979a8b3_fk_products_sku_id; Type: FK CONSTRAINT; Schema: public; Owner: postgres
--

ALTER TABLE ONLY public.orders_cartitem
    ADD CONSTRAINT orders_cartitem_sku_id_8979a8b3_fk_products_sku_id FOREIGN KEY (sku_id) REFERENCES public.products_sku(id) DEFERRABLE INITIALLY DEFERRED;


--
-- Name: orders_coupons_ApplicableCategory orders_coupons_Appli_coupons_id_45f7f28c_fk_orders_co; Type: FK CONSTRAINT; Schema: public; Owner: postgres
--

ALTER TABLE ONLY public."orders_coupons_ApplicableCategory"
    ADD CONSTRAINT "orders_coupons_Appli_coupons_id_45f7f28c_fk_orders_co" FOREIGN KEY (coupons_id) REFERENCES public.orders_coupons(id) DEFERRABLE INITIALLY DEFERRED;


--
-- Name: orders_coupons_ApplicableProduct orders_coupons_Appli_coupons_id_8e55e0c5_fk_orders_co; Type: FK CONSTRAINT; Schema: public; Owner: postgres
--

ALTER TABLE ONLY public."orders_coupons_ApplicableProduct"
    ADD CONSTRAINT "orders_coupons_Appli_coupons_id_8e55e0c5_fk_orders_co" FOREIGN KEY (coupons_id) REFERENCES public.orders_coupons(id) DEFERRABLE INITIALLY DEFERRED;


--
-- Name: orders_coupons_ApplicableSubCategory orders_coupons_Appli_coupons_id_ba9e27f9_fk_orders_co; Type: FK CONSTRAINT; Schema: public; Owner: postgres
--

ALTER TABLE ONLY public."orders_coupons_ApplicableSubCategory"
    ADD CONSTRAINT "orders_coupons_Appli_coupons_id_ba9e27f9_fk_orders_co" FOREIGN KEY (coupons_id) REFERENCES public.orders_coupons(id) DEFERRABLE INITIALLY DEFERRED;


--
-- Name: orders_coupons_ApplicableSku orders_coupons_Appli_coupons_id_cadf26f0_fk_orders_co; Type: FK CONSTRAINT; Schema: public; Owner: postgres
--

ALTER TABLE ONLY public."orders_coupons_ApplicableSku"
    ADD CONSTRAINT "orders_coupons_Appli_coupons_id_cadf26f0_fk_orders_co" FOREIGN KEY (coupons_id) REFERENCES public.orders_coupons(id) DEFERRABLE INITIALLY DEFERRED;


--
-- Name: orders_coupons_ApplicableCategory orders_coupons_Appli_productcategory_id_bfeddffc_fk_products_; Type: FK CONSTRAINT; Schema: public; Owner: postgres
--

ALTER TABLE ONLY public."orders_coupons_ApplicableCategory"
    ADD CONSTRAINT "orders_coupons_Appli_productcategory_id_bfeddffc_fk_products_" FOREIGN KEY (productcategory_id) REFERENCES public.products_productcategory(uuid) DEFERRABLE INITIALLY DEFERRED;


--
-- Name: orders_coupons_ApplicableProduct orders_coupons_Appli_products_id_80bade5f_fk_products_; Type: FK CONSTRAINT; Schema: public; Owner: postgres
--

ALTER TABLE ONLY public."orders_coupons_ApplicableProduct"
    ADD CONSTRAINT "orders_coupons_Appli_products_id_80bade5f_fk_products_" FOREIGN KEY (products_id) REFERENCES public.products_products(id) DEFERRABLE INITIALLY DEFERRED;


--
-- Name: orders_coupons_ApplicableSubCategory orders_coupons_Appli_productsubcategory_i_a30de261_fk_products_; Type: FK CONSTRAINT; Schema: public; Owner: postgres
--

ALTER TABLE ONLY public."orders_coupons_ApplicableSubCategory"
    ADD CONSTRAINT "orders_coupons_Appli_productsubcategory_i_a30de261_fk_products_" FOREIGN KEY (productsubcategory_id) REFERENCES public.products_productsubcategory(uuid) DEFERRABLE INITIALLY DEFERRED;


--
-- Name: orders_coupons_ApplicableSku orders_coupons_ApplicableSku_sku_id_f357422c_fk_products_sku_id; Type: FK CONSTRAINT; Schema: public; Owner: postgres
--

ALTER TABLE ONLY public."orders_coupons_ApplicableSku"
    ADD CONSTRAINT "orders_coupons_ApplicableSku_sku_id_f357422c_fk_products_sku_id" FOREIGN KEY (sku_id) REFERENCES public.products_sku(id) DEFERRABLE INITIALLY DEFERRED;


--
-- Name: orders_coupons_CouponUsed orders_coupons_Coupo_coupons_id_8e9da3a8_fk_orders_co; Type: FK CONSTRAINT; Schema: public; Owner: postgres
--

ALTER TABLE ONLY public."orders_coupons_CouponUsed"
    ADD CONSTRAINT "orders_coupons_Coupo_coupons_id_8e9da3a8_fk_orders_co" FOREIGN KEY (coupons_id) REFERENCES public.orders_coupons(id) DEFERRABLE INITIALLY DEFERRED;


--
-- Name: orders_coupons_CouponUsed orders_coupons_Coupo_users_id_1e49933c_fk_accounts_; Type: FK CONSTRAINT; Schema: public; Owner: postgres
--

ALTER TABLE ONLY public."orders_coupons_CouponUsed"
    ADD CONSTRAINT "orders_coupons_Coupo_users_id_1e49933c_fk_accounts_" FOREIGN KEY (users_id) REFERENCES public.accounts_users(uuid) DEFERRABLE INITIALLY DEFERRED;


--
-- Name: orders_discount_ApplicableProduct orders_discount_Appl_discount_id_12fc963a_fk_orders_di; Type: FK CONSTRAINT; Schema: public; Owner: postgres
--

ALTER TABLE ONLY public."orders_discount_ApplicableProduct"
    ADD CONSTRAINT "orders_discount_Appl_discount_id_12fc963a_fk_orders_di" FOREIGN KEY (discount_id) REFERENCES public.orders_discount(id) DEFERRABLE INITIALLY DEFERRED;


--
-- Name: orders_discount_ApplicableSku orders_discount_Appl_discount_id_965ff66b_fk_orders_di; Type: FK CONSTRAINT; Schema: public; Owner: postgres
--

ALTER TABLE ONLY public."orders_discount_ApplicableSku"
    ADD CONSTRAINT "orders_discount_Appl_discount_id_965ff66b_fk_orders_di" FOREIGN KEY (discount_id) REFERENCES public.orders_discount(id) DEFERRABLE INITIALLY DEFERRED;


--
-- Name: orders_discount_ApplicableSubCategory orders_discount_Appl_discount_id_ef92e1df_fk_orders_di; Type: FK CONSTRAINT; Schema: public; Owner: postgres
--

ALTER TABLE ONLY public."orders_discount_ApplicableSubCategory"
    ADD CONSTRAINT "orders_discount_Appl_discount_id_ef92e1df_fk_orders_di" FOREIGN KEY (discount_id) REFERENCES public.orders_discount(id) DEFERRABLE INITIALLY DEFERRED;


--
-- Name: orders_discount_ApplicableCategory orders_discount_Appl_discount_id_f69a9ed6_fk_orders_di; Type: FK CONSTRAINT; Schema: public; Owner: postgres
--

ALTER TABLE ONLY public."orders_discount_ApplicableCategory"
    ADD CONSTRAINT "orders_discount_Appl_discount_id_f69a9ed6_fk_orders_di" FOREIGN KEY (discount_id) REFERENCES public.orders_discount(id) DEFERRABLE INITIALLY DEFERRED;


--
-- Name: orders_discount_ApplicableCategory orders_discount_Appl_productcategory_id_7f4f8ff1_fk_products_; Type: FK CONSTRAINT; Schema: public; Owner: postgres
--

ALTER TABLE ONLY public."orders_discount_ApplicableCategory"
    ADD CONSTRAINT "orders_discount_Appl_productcategory_id_7f4f8ff1_fk_products_" FOREIGN KEY (productcategory_id) REFERENCES public.products_productcategory(uuid) DEFERRABLE INITIALLY DEFERRED;


--
-- Name: orders_discount_ApplicableProduct orders_discount_Appl_products_id_730b5e38_fk_products_; Type: FK CONSTRAINT; Schema: public; Owner: postgres
--

ALTER TABLE ONLY public."orders_discount_ApplicableProduct"
    ADD CONSTRAINT "orders_discount_Appl_products_id_730b5e38_fk_products_" FOREIGN KEY (products_id) REFERENCES public.products_products(id) DEFERRABLE INITIALLY DEFERRED;


--
-- Name: orders_discount_ApplicableSubCategory orders_discount_Appl_productsubcategory_i_0e0b7574_fk_products_; Type: FK CONSTRAINT; Schema: public; Owner: postgres
--

ALTER TABLE ONLY public."orders_discount_ApplicableSubCategory"
    ADD CONSTRAINT "orders_discount_Appl_productsubcategory_i_0e0b7574_fk_products_" FOREIGN KEY (productsubcategory_id) REFERENCES public.products_productsubcategory(uuid) DEFERRABLE INITIALLY DEFERRED;


--
-- Name: orders_discount_ApplicableSku orders_discount_Appl_sku_id_42caded9_fk_products_; Type: FK CONSTRAINT; Schema: public; Owner: postgres
--

ALTER TABLE ONLY public."orders_discount_ApplicableSku"
    ADD CONSTRAINT "orders_discount_Appl_sku_id_42caded9_fk_products_" FOREIGN KEY (sku_id) REFERENCES public.products_sku(id) DEFERRABLE INITIALLY DEFERRED;


--
-- Name: orders_orderdelivery orders_orderdelivery_delivery_boy_id_6541e35e_fk_orders_de; Type: FK CONSTRAINT; Schema: public; Owner: postgres
--

ALTER TABLE ONLY public.orders_orderdelivery
    ADD CONSTRAINT orders_orderdelivery_delivery_boy_id_6541e35e_fk_orders_de FOREIGN KEY (delivery_boy_id) REFERENCES public.orders_deliveryboys(id) DEFERRABLE INITIALLY DEFERRED;


--
-- Name: orders_orderdelivery orders_orderdelivery_order_id_a59ce03a_fk_orders_orders_uuid; Type: FK CONSTRAINT; Schema: public; Owner: postgres
--

ALTER TABLE ONLY public.orders_orderdelivery
    ADD CONSTRAINT orders_orderdelivery_order_id_a59ce03a_fk_orders_orders_uuid FOREIGN KEY (order_id) REFERENCES public.orders_orders(uuid) DEFERRABLE INITIALLY DEFERRED;


--
-- Name: orders_orderproducts orders_orderproducts_order_id_b2226dca_fk_orders_orders_uuid; Type: FK CONSTRAINT; Schema: public; Owner: postgres
--

ALTER TABLE ONLY public.orders_orderproducts
    ADD CONSTRAINT orders_orderproducts_order_id_b2226dca_fk_orders_orders_uuid FOREIGN KEY (order_id) REFERENCES public.orders_orders(uuid) DEFERRABLE INITIALLY DEFERRED;


--
-- Name: orders_orderproducts orders_orderproducts_sku_id_6ac0d8d1_fk_products_sku_id; Type: FK CONSTRAINT; Schema: public; Owner: postgres
--

ALTER TABLE ONLY public.orders_orderproducts
    ADD CONSTRAINT orders_orderproducts_sku_id_6ac0d8d1_fk_products_sku_id FOREIGN KEY (sku_id) REFERENCES public.products_sku(id) DEFERRABLE INITIALLY DEFERRED;


--
-- Name: orders_orders orders_orders_drop_address_id_3740fea6_fk_orders_dr; Type: FK CONSTRAINT; Schema: public; Owner: postgres
--

ALTER TABLE ONLY public.orders_orders
    ADD CONSTRAINT orders_orders_drop_address_id_3740fea6_fk_orders_dr FOREIGN KEY (drop_address_id) REFERENCES public.orders_dropaddress(uuid) DEFERRABLE INITIALLY DEFERRED;


--
-- Name: orders_orders orders_orders_pu_uuid_id_4bedef19_fk_shops_productionunit_uuid; Type: FK CONSTRAINT; Schema: public; Owner: postgres
--

ALTER TABLE ONLY public.orders_orders
    ADD CONSTRAINT orders_orders_pu_uuid_id_4bedef19_fk_shops_productionunit_uuid FOREIGN KEY (pu_uuid_id) REFERENCES public.shops_productionunit(uuid) DEFERRABLE INITIALLY DEFERRED;


--
-- Name: orders_orders orders_orders_store_uuid_id_baf70444_fk_shops_shop_uuid; Type: FK CONSTRAINT; Schema: public; Owner: postgres
--

ALTER TABLE ONLY public.orders_orders
    ADD CONSTRAINT orders_orders_store_uuid_id_baf70444_fk_shops_shop_uuid FOREIGN KEY (store_uuid_id) REFERENCES public.shops_shop(uuid) DEFERRABLE INITIALLY DEFERRED;


--
-- Name: orders_orders orders_orders_user_uuid_id_a0d42e9d_fk_accounts_users_uuid; Type: FK CONSTRAINT; Schema: public; Owner: postgres
--

ALTER TABLE ONLY public.orders_orders
    ADD CONSTRAINT orders_orders_user_uuid_id_a0d42e9d_fk_accounts_users_uuid FOREIGN KEY (user_uuid_id) REFERENCES public.accounts_users(uuid) DEFERRABLE INITIALLY DEFERRED;


--
-- Name: orders_payment orders_payment_order_id_bdccf250_fk_orders_orders_uuid; Type: FK CONSTRAINT; Schema: public; Owner: postgres
--

ALTER TABLE ONLY public.orders_payment
    ADD CONSTRAINT orders_payment_order_id_bdccf250_fk_orders_orders_uuid FOREIGN KEY (order_id) REFERENCES public.orders_orders(uuid) DEFERRABLE INITIALLY DEFERRED;


--
-- Name: products_customproductimage products_customprodu_custom_product_id_0da30137_fk_products_; Type: FK CONSTRAINT; Schema: public; Owner: postgres
--

ALTER TABLE ONLY public.products_customproductimage
    ADD CONSTRAINT products_customprodu_custom_product_id_0da30137_fk_products_ FOREIGN KEY (custom_product_id) REFERENCES public.products_customproduct(id) DEFERRABLE INITIALLY DEFERRED;


--
-- Name: products_customproductvideo products_customprodu_custom_product_id_212eef51_fk_products_; Type: FK CONSTRAINT; Schema: public; Owner: postgres
--

ALTER TABLE ONLY public.products_customproductvideo
    ADD CONSTRAINT products_customprodu_custom_product_id_212eef51_fk_products_ FOREIGN KEY (custom_product_id) REFERENCES public.products_customproduct(id) DEFERRABLE INITIALLY DEFERRED;


--
-- Name: products_dynamicfiltering_products products_dynamicfilt_dynamicfiltering_id_71d2d6d2_fk_products_; Type: FK CONSTRAINT; Schema: public; Owner: postgres
--

ALTER TABLE ONLY public.products_dynamicfiltering_products
    ADD CONSTRAINT products_dynamicfilt_dynamicfiltering_id_71d2d6d2_fk_products_ FOREIGN KEY (dynamicfiltering_id) REFERENCES public.products_dynamicfiltering(id) DEFERRABLE INITIALLY DEFERRED;


--
-- Name: products_dynamicfiltering_products products_dynamicfilt_products_id_f465b11f_fk_products_; Type: FK CONSTRAINT; Schema: public; Owner: postgres
--

ALTER TABLE ONLY public.products_dynamicfiltering_products
    ADD CONSTRAINT products_dynamicfilt_products_id_f465b11f_fk_products_ FOREIGN KEY (products_id) REFERENCES public.products_products(id) DEFERRABLE INITIALLY DEFERRED;


--
-- Name: products_productimage products_productimag_product_id_e747596a_fk_products_; Type: FK CONSTRAINT; Schema: public; Owner: postgres
--

ALTER TABLE ONLY public.products_productimage
    ADD CONSTRAINT products_productimag_product_id_e747596a_fk_products_ FOREIGN KEY (product_id) REFERENCES public.products_products(id) DEFERRABLE INITIALLY DEFERRED;


--
-- Name: products_productreview products_productrevi_product_id_7e81c4a6_fk_products_; Type: FK CONSTRAINT; Schema: public; Owner: postgres
--

ALTER TABLE ONLY public.products_productreview
    ADD CONSTRAINT products_productrevi_product_id_7e81c4a6_fk_products_ FOREIGN KEY (product_id) REFERENCES public.products_products(id) DEFERRABLE INITIALLY DEFERRED;


--
-- Name: products_productreview products_productreview_user_id_5c551aaa_fk_accounts_users_uuid; Type: FK CONSTRAINT; Schema: public; Owner: postgres
--

ALTER TABLE ONLY public.products_productreview
    ADD CONSTRAINT products_productreview_user_id_5c551aaa_fk_accounts_users_uuid FOREIGN KEY (user_id) REFERENCES public.accounts_users(uuid) DEFERRABLE INITIALLY DEFERRED;


--
-- Name: products_products products_products_item_category_id_4b8009b2_fk_products_; Type: FK CONSTRAINT; Schema: public; Owner: postgres
--

ALTER TABLE ONLY public.products_products
    ADD CONSTRAINT products_products_item_category_id_4b8009b2_fk_products_ FOREIGN KEY (item_category_id) REFERENCES public.products_productcategory(uuid) DEFERRABLE INITIALLY DEFERRED;


--
-- Name: products_products products_products_item_sub_category_id_554c669a_fk_products_; Type: FK CONSTRAINT; Schema: public; Owner: postgres
--

ALTER TABLE ONLY public.products_products
    ADD CONSTRAINT products_products_item_sub_category_id_554c669a_fk_products_ FOREIGN KEY (item_sub_category_id) REFERENCES public.products_productsubcategory(uuid) DEFERRABLE INITIALLY DEFERRED;


--
-- Name: products_productsubcategory products_productsubc_category_id_69ded4ff_fk_products_; Type: FK CONSTRAINT; Schema: public; Owner: postgres
--

ALTER TABLE ONLY public.products_productsubcategory
    ADD CONSTRAINT products_productsubc_category_id_69ded4ff_fk_products_ FOREIGN KEY (category_id) REFERENCES public.products_productcategory(uuid) DEFERRABLE INITIALLY DEFERRED;


--
-- Name: products_productvideo products_productvide_product_id_872fe729_fk_products_; Type: FK CONSTRAINT; Schema: public; Owner: postgres
--

ALTER TABLE ONLY public.products_productvideo
    ADD CONSTRAINT products_productvide_product_id_872fe729_fk_products_ FOREIGN KEY (product_id) REFERENCES public.products_products(id) DEFERRABLE INITIALLY DEFERRED;


--
-- Name: products_salesunitproductselection products_salesunitpr_sales_unit_id_d26b1a54_fk_shops_sho; Type: FK CONSTRAINT; Schema: public; Owner: postgres
--

ALTER TABLE ONLY public.products_salesunitproductselection
    ADD CONSTRAINT products_salesunitpr_sales_unit_id_d26b1a54_fk_shops_sho FOREIGN KEY (sales_unit_id) REFERENCES public.shops_shop(uuid) DEFERRABLE INITIALLY DEFERRED;


--
-- Name: products_salesunitproductselection products_salesunitpr_sku_id_5c12014b_fk_products_; Type: FK CONSTRAINT; Schema: public; Owner: postgres
--

ALTER TABLE ONLY public.products_salesunitproductselection
    ADD CONSTRAINT products_salesunitpr_sku_id_5c12014b_fk_products_ FOREIGN KEY (sku_id) REFERENCES public.products_sku(id) DEFERRABLE INITIALLY DEFERRED;


--
-- Name: products_sku products_sku_product_id_42b6697f_fk_products_products_id; Type: FK CONSTRAINT; Schema: public; Owner: postgres
--

ALTER TABLE ONLY public.products_sku
    ADD CONSTRAINT products_sku_product_id_42b6697f_fk_products_products_id FOREIGN KEY (product_id) REFERENCES public.products_products(id) DEFERRABLE INITIALLY DEFERRED;


--
-- Name: products_speciallist_products products_speciallist_products_id_33f039e0_fk_products_; Type: FK CONSTRAINT; Schema: public; Owner: postgres
--

ALTER TABLE ONLY public.products_speciallist_products
    ADD CONSTRAINT products_speciallist_products_id_33f039e0_fk_products_ FOREIGN KEY (products_id) REFERENCES public.products_products(id) DEFERRABLE INITIALLY DEFERRED;


--
-- Name: products_speciallist_products products_speciallist_speciallist_id_51692aa9_fk_products_; Type: FK CONSTRAINT; Schema: public; Owner: postgres
--

ALTER TABLE ONLY public.products_speciallist_products
    ADD CONSTRAINT products_speciallist_speciallist_id_51692aa9_fk_products_ FOREIGN KEY (speciallist_id) REFERENCES public.products_speciallist(id) DEFERRABLE INITIALLY DEFERRED;


--
-- Name: products_tags_products products_tags_produc_products_id_8cf06332_fk_products_; Type: FK CONSTRAINT; Schema: public; Owner: postgres
--

ALTER TABLE ONLY public.products_tags_products
    ADD CONSTRAINT products_tags_produc_products_id_8cf06332_fk_products_ FOREIGN KEY (products_id) REFERENCES public.products_products(id) DEFERRABLE INITIALLY DEFERRED;


--
-- Name: products_tags_products products_tags_products_tags_id_fc39ee50_fk_products_tags_id; Type: FK CONSTRAINT; Schema: public; Owner: postgres
--

ALTER TABLE ONLY public.products_tags_products
    ADD CONSTRAINT products_tags_products_tags_id_fc39ee50_fk_products_tags_id FOREIGN KEY (tags_id) REFERENCES public.products_tags(id) DEFERRABLE INITIALLY DEFERRED;


--
-- Name: shops_bankdetails shops_bankdetails_shop_id_aa4aabda_fk_shops_shop_uuid; Type: FK CONSTRAINT; Schema: public; Owner: postgres
--

ALTER TABLE ONLY public.shops_bankdetails
    ADD CONSTRAINT shops_bankdetails_shop_id_aa4aabda_fk_shops_shop_uuid FOREIGN KEY (shop_id) REFERENCES public.shops_shop(uuid) DEFERRABLE INITIALLY DEFERRED;


--
-- Name: shops_shop_unit_admin_user shops_shop_unit_admi_users_id_334f0b93_fk_accounts_; Type: FK CONSTRAINT; Schema: public; Owner: postgres
--

ALTER TABLE ONLY public.shops_shop_unit_admin_user
    ADD CONSTRAINT shops_shop_unit_admi_users_id_334f0b93_fk_accounts_ FOREIGN KEY (users_id) REFERENCES public.accounts_users(uuid) DEFERRABLE INITIALLY DEFERRED;


--
-- Name: shops_shop_unit_admin_user shops_shop_unit_admin_user_shop_id_24ae0b55_fk_shops_shop_uuid; Type: FK CONSTRAINT; Schema: public; Owner: postgres
--

ALTER TABLE ONLY public.shops_shop_unit_admin_user
    ADD CONSTRAINT shops_shop_unit_admin_user_shop_id_24ae0b55_fk_shops_shop_uuid FOREIGN KEY (shop_id) REFERENCES public.shops_shop(uuid) DEFERRABLE INITIALLY DEFERRED;


--
--

