--
--





--
-- Name: accounts_address; Type: TABLE; Schema: public; Owner: postgres
--

CREATE TABLE public.accounts_address (
    id bigint NOT NULL,
    latitude numeric(9,6) NOT NULL,
    longitude numeric(9,6) NOT NULL,
    flat_no character varying(100) NOT NULL,
    landmark character varying(255),
    user_id uuid NOT NULL,
    address_type character varying(10)
);


ALTER TABLE public.accounts_address OWNER TO postgres;

--
-- Name: accounts_address_id_seq; Type: SEQUENCE; Schema: public; Owner: postgres
--

ALTER TABLE public.accounts_address ALTER COLUMN id ADD GENERATED BY DEFAULT AS IDENTITY (
    SEQUENCE NAME public.accounts_address_id_seq
    START WITH 1
    INCREMENT BY 1
    NO MINVALUE
    NO MAXVALUE
    CACHE 1
);


--
-- Name: accounts_userlocation; Type: TABLE; Schema: public; Owner: postgres
--

CREATE TABLE public.accounts_userlocation (
    id bigint NOT NULL,
    latitude double precision NOT NULL,
    longitude double precision NOT NULL,
    created_at timestamp with time zone NOT NULL,
    anonymous_id uuid,
    shop_id uuid,
    user_id uuid,
    address_id bigint,
    is_selected_address boolean NOT NULL
);


ALTER TABLE public.accounts_userlocation OWNER TO postgres;

--
-- Name: accounts_userlocation_id_seq; Type: SEQUENCE; Schema: public; Owner: postgres
--

ALTER TABLE public.accounts_userlocation ALTER COLUMN id ADD GENERATED BY DEFAULT AS IDENTITY (
    SEQUENCE NAME public.accounts_userlocation_id_seq
    START WITH 1
    INCREMENT BY 1
    NO MINVALUE
    NO MAXVALUE
    CACHE 1
);

--
-- Name: accounts_users_groups; Type: TABLE; Schema: public; Owner: postgres
--

CREATE TABLE public.accounts_users_groups (
    id bigint NOT NULL,
    users_id uuid NOT NULL,
    group_id integer NOT NULL
);


ALTER TABLE public.accounts_users_groups OWNER TO postgres;

--
-- Name: accounts_users_groups_id_seq; Type: SEQUENCE; Schema: public; Owner: postgres
--

ALTER TABLE public.accounts_users_groups ALTER COLUMN id ADD GENERATED BY DEFAULT AS IDENTITY (
    SEQUENCE NAME public.accounts_users_groups_id_seq
    START WITH 1
    INCREMENT BY 1
    NO MINVALUE
    NO MAXVALUE
    CACHE 1
);


--
-- Name: accounts_users_user_permissions; Type: TABLE; Schema: public; Owner: postgres
--

CREATE TABLE public.accounts_users_user_permissions (
    id bigint NOT NULL,
    users_id uuid NOT NULL,
    permission_id integer NOT NULL
);


ALTER TABLE public.accounts_users_user_permissions OWNER TO postgres;

--
-- Name: accounts_users_user_permissions_id_seq; Type: SEQUENCE; Schema: public; Owner: postgres
--

ALTER TABLE public.accounts_users_user_permissions ALTER COLUMN id ADD GENERATED BY DEFAULT AS IDENTITY (
    SEQUENCE NAME public.accounts_users_user_permissions_id_seq
    START WITH 1
    INCREMENT BY 1
    NO MINVALUE
    NO MAXVALUE
    CACHE 1
);


--
-- Name: auth_group; Type: TABLE; Schema: public; Owner: postgres
--

CREATE TABLE public.auth_group (
    id integer NOT NULL,
    name character varying(150) NOT NULL
);


ALTER TABLE public.auth_group OWNER TO postgres;

--
-- Name: auth_group_id_seq; Type: SEQUENCE; Schema: public; Owner: postgres
--

ALTER TABLE public.auth_group ALTER COLUMN id ADD GENERATED BY DEFAULT AS IDENTITY (
    SEQUENCE NAME public.auth_group_id_seq
    START WITH 1
    INCREMENT BY 1
    NO MINVALUE
    NO MAXVALUE
    CACHE 1
);


--
-- Name: auth_group_permissions; Type: TABLE; Schema: public; Owner: postgres
--

CREATE TABLE public.auth_group_permissions (
    id bigint NOT NULL,
    group_id integer NOT NULL,
    permission_id integer NOT NULL
);


ALTER TABLE public.auth_group_permissions OWNER TO postgres;

--
-- Name: auth_group_permissions_id_seq; Type: SEQUENCE; Schema: public; Owner: postgres
--

ALTER TABLE public.auth_group_permissions ALTER COLUMN id ADD GENERATED BY DEFAULT AS IDENTITY (
    SEQUENCE NAME public.auth_group_permissions_id_seq
    START WITH 1
    INCREMENT BY 1
    NO MINVALUE
    NO MAXVALUE
    CACHE 1
);


--
-- Name: auth_permission; Type: TABLE; Schema: public; Owner: postgres
--

CREATE TABLE public.auth_permission (
    id integer NOT NULL,
    name character varying(255) NOT NULL,
    content_type_id integer NOT NULL,
    codename character varying(100) NOT NULL
);


ALTER TABLE public.auth_permission OWNER TO postgres;

--
-- Name: auth_permission_id_seq; Type: SEQUENCE; Schema: public; Owner: postgres
--

ALTER TABLE public.auth_permission ALTER COLUMN id ADD GENERATED BY DEFAULT AS IDENTITY (
    SEQUENCE NAME public.auth_permission_id_seq
    START WITH 1
    INCREMENT BY 1
    NO MINVALUE
    NO MAXVALUE
    CACHE 1
);

--
-- Name: django_admin_log; Type: TABLE; Schema: public; Owner: postgres
--

CREATE TABLE public.django_admin_log (
    id integer NOT NULL,
    action_time timestamp with time zone NOT NULL,
    object_id text,
    object_repr character varying(200) NOT NULL,
    action_flag smallint NOT NULL,
    change_message text NOT NULL,
    content_type_id integer,
    user_id uuid NOT NULL,
    CONSTRAINT django_admin_log_action_flag_check CHECK ((action_flag >= 0))
);


ALTER TABLE public.django_admin_log OWNER TO postgres;

--
-- Name: django_admin_log_id_seq; Type: SEQUENCE; Schema: public; Owner: postgres
--

ALTER TABLE public.django_admin_log ALTER COLUMN id ADD GENERATED BY DEFAULT AS IDENTITY (
    SEQUENCE NAME public.django_admin_log_id_seq
    START WITH 1
    INCREMENT BY 1
    NO MINVALUE
    NO MAXVALUE
    CACHE 1
);


--
-- Name: django_celery_beat_clockedschedule; Type: TABLE; Schema: public; Owner: postgres
--

CREATE TABLE public.django_celery_beat_clockedschedule (
    id integer NOT NULL,
    clocked_time timestamp with time zone NOT NULL
);


ALTER TABLE public.django_celery_beat_clockedschedule OWNER TO postgres;

--
-- Name: django_celery_beat_clockedschedule_id_seq; Type: SEQUENCE; Schema: public; Owner: postgres
--

ALTER TABLE public.django_celery_beat_clockedschedule ALTER COLUMN id ADD GENERATED BY DEFAULT AS IDENTITY (
    SEQUENCE NAME public.django_celery_beat_clockedschedule_id_seq
    START WITH 1
    INCREMENT BY 1
    NO MINVALUE
    NO MAXVALUE
    CACHE 1
);


--
-- Name: django_celery_beat_crontabschedule; Type: TABLE; Schema: public; Owner: postgres
--

CREATE TABLE public.django_celery_beat_crontabschedule (
    id integer NOT NULL,
    minute character varying(240) NOT NULL,
    hour character varying(96) NOT NULL,
    day_of_week character varying(64) NOT NULL,
    day_of_month character varying(124) NOT NULL,
    month_of_year character varying(64) NOT NULL,
    timezone character varying(63) NOT NULL
);


ALTER TABLE public.django_celery_beat_crontabschedule OWNER TO postgres;

--
-- Name: django_celery_beat_crontabschedule_id_seq; Type: SEQUENCE; Schema: public; Owner: postgres
--

ALTER TABLE public.django_celery_beat_crontabschedule ALTER COLUMN id ADD GENERATED BY DEFAULT AS IDENTITY (
    SEQUENCE NAME public.django_celery_beat_crontabschedule_id_seq
    START WITH 1
    INCREMENT BY 1
    NO MINVALUE
    NO MAXVALUE
    CACHE 1
);


--
-- Name: django_celery_beat_intervalschedule; Type: TABLE; Schema: public; Owner: postgres
--

CREATE TABLE public.django_celery_beat_intervalschedule (
    id integer NOT NULL,
    every integer NOT NULL,
    period character varying(24) NOT NULL
);


ALTER TABLE public.django_celery_beat_intervalschedule OWNER TO postgres;

--
-- Name: django_celery_beat_intervalschedule_id_seq; Type: SEQUENCE; Schema: public; Owner: postgres
--

ALTER TABLE public.django_celery_beat_intervalschedule ALTER COLUMN id ADD GENERATED BY DEFAULT AS IDENTITY (
    SEQUENCE NAME public.django_celery_beat_intervalschedule_id_seq
    START WITH 1
    INCREMENT BY 1
    NO MINVALUE
    NO MAXVALUE
    CACHE 1
);


--
-- Name: django_celery_beat_periodictask; Type: TABLE; Schema: public; Owner: postgres
--

CREATE TABLE public.django_celery_beat_periodictask (
    id integer NOT NULL,
    name character varying(200) NOT NULL,
    task character varying(200) NOT NULL,
    args text NOT NULL,
    kwargs text NOT NULL,
    queue character varying(200),
    exchange character varying(200),
    routing_key character varying(200),
    expires timestamp with time zone,
    enabled boolean NOT NULL,
    last_run_at timestamp with time zone,
    total_run_count integer NOT NULL,
    date_changed timestamp with time zone NOT NULL,
    description text NOT NULL,
    crontab_id integer,
    interval_id integer,
    solar_id integer,
    one_off boolean NOT NULL,
    start_time timestamp with time zone,
    priority integer,
    headers text NOT NULL,
    clocked_id integer,
    expire_seconds integer,
    CONSTRAINT django_celery_beat_periodictask_expire_seconds_check CHECK ((expire_seconds >= 0)),
    CONSTRAINT django_celery_beat_periodictask_priority_check CHECK ((priority >= 0)),
    CONSTRAINT django_celery_beat_periodictask_total_run_count_check CHECK ((total_run_count >= 0))
);


ALTER TABLE public.django_celery_beat_periodictask OWNER TO postgres;

--
-- Name: django_celery_beat_periodictask_id_seq; Type: SEQUENCE; Schema: public; Owner: postgres
--

ALTER TABLE public.django_celery_beat_periodictask ALTER COLUMN id ADD GENERATED BY DEFAULT AS IDENTITY (
    SEQUENCE NAME public.django_celery_beat_periodictask_id_seq
    START WITH 1
    INCREMENT BY 1
    NO MINVALUE
    NO MAXVALUE
    CACHE 1
);


--
-- Name: django_celery_beat_periodictasks; Type: TABLE; Schema: public; Owner: postgres
--

CREATE TABLE public.django_celery_beat_periodictasks (
    ident smallint NOT NULL,
    last_update timestamp with time zone NOT NULL
);


ALTER TABLE public.django_celery_beat_periodictasks OWNER TO postgres;

--
-- Name: django_celery_beat_solarschedule; Type: TABLE; Schema: public; Owner: postgres
--

CREATE TABLE public.django_celery_beat_solarschedule (
    id integer NOT NULL,
    event character varying(24) NOT NULL,
    latitude numeric(9,6) NOT NULL,
    longitude numeric(9,6) NOT NULL
);


ALTER TABLE public.django_celery_beat_solarschedule OWNER TO postgres;

--
-- Name: django_celery_beat_solarschedule_id_seq; Type: SEQUENCE; Schema: public; Owner: postgres
--

ALTER TABLE public.django_celery_beat_solarschedule ALTER COLUMN id ADD GENERATED BY DEFAULT AS IDENTITY (
    SEQUENCE NAME public.django_celery_beat_solarschedule_id_seq
    START WITH 1
    INCREMENT BY 1
    NO MINVALUE
    NO MAXVALUE
    CACHE 1
);


--
-- Name: django_content_type; Type: TABLE; Schema: public; Owner: postgres
--

CREATE TABLE public.django_content_type (
    id integer NOT NULL,
    app_label character varying(100) NOT NULL,
    model character varying(100) NOT NULL
);


ALTER TABLE public.django_content_type OWNER TO postgres;

--
-- Name: django_content_type_id_seq; Type: SEQUENCE; Schema: public; Owner: postgres
--

ALTER TABLE public.django_content_type ALTER COLUMN id ADD GENERATED BY DEFAULT AS IDENTITY (
    SEQUENCE NAME public.django_content_type_id_seq
    START WITH 1
    INCREMENT BY 1
    NO MINVALUE
    NO MAXVALUE
    CACHE 1
);


--
-- Name: django_migrations; Type: TABLE; Schema: public; Owner: postgres
--

CREATE TABLE public.django_migrations (
    id bigint NOT NULL,
    app character varying(255) NOT NULL,
    name character varying(255) NOT NULL,
    applied timestamp with time zone NOT NULL
);


ALTER TABLE public.django_migrations OWNER TO postgres;

--
-- Name: django_migrations_id_seq; Type: SEQUENCE; Schema: public; Owner: postgres
--

ALTER TABLE public.django_migrations ALTER COLUMN id ADD GENERATED BY DEFAULT AS IDENTITY (
    SEQUENCE NAME public.django_migrations_id_seq
    START WITH 1
    INCREMENT BY 1
    NO MINVALUE
    NO MAXVALUE
    CACHE 1
);

--
-- Name: orders_ads; Type: TABLE; Schema: public; Owner: postgres
--

CREATE TABLE public.orders_ads (
    id bigint NOT NULL,
    "AdTitle" character varying(50),
    "AdDescription" character varying(250),
    "AdPlacement" text,
    "AdType" character varying(20) NOT NULL,
    "StandardImage" character varying(100),
    "BannerImage" character varying(100),
    "AdLink" character varying(200) NOT NULL,
    "AdCommunication" character varying(20) NOT NULL,
    "AdSchedule" timestamp with time zone NOT NULL,
    created_at timestamp with time zone NOT NULL
);


ALTER TABLE public.orders_ads OWNER TO postgres;

--
-- Name: orders_ads_id_seq; Type: SEQUENCE; Schema: public; Owner: postgres
--

ALTER TABLE public.orders_ads ALTER COLUMN id ADD GENERATED BY DEFAULT AS IDENTITY (
    SEQUENCE NAME public.orders_ads_id_seq
    START WITH 1
    INCREMENT BY 1
    NO MINVALUE
    NO MAXVALUE
    CACHE 1
);


--
-- Name: orders_cart; Type: TABLE; Schema: public; Owner: postgres
--

CREATE TABLE public.orders_cart (
    id bigint NOT NULL,
    anonymous_id character varying(50),
    created_at timestamp with time zone NOT NULL,
    updated_at timestamp with time zone NOT NULL,
    user_id uuid,
    coupon_id bigint
);


ALTER TABLE public.orders_cart OWNER TO postgres;

--
-- Name: orders_cart_id_seq; Type: SEQUENCE; Schema: public; Owner: postgres
--

ALTER TABLE public.orders_cart ALTER COLUMN id ADD GENERATED BY DEFAULT AS IDENTITY (
    SEQUENCE NAME public.orders_cart_id_seq
    START WITH 1
    INCREMENT BY 1
    NO MINVALUE
    NO MAXVALUE
    CACHE 1
);


--
-- Name: orders_cartitem; Type: TABLE; Schema: public; Owner: postgres
--

CREATE TABLE public.orders_cartitem (
    id bigint NOT NULL,
    quantity integer NOT NULL,
    cart_id bigint NOT NULL,
    sku_id bigint NOT NULL,
    CONSTRAINT orders_cartitem_quantity_check CHECK ((quantity >= 0))
);


ALTER TABLE public.orders_cartitem OWNER TO postgres;

--
-- Name: orders_cartitem_id_seq; Type: SEQUENCE; Schema: public; Owner: postgres
--

ALTER TABLE public.orders_cartitem ALTER COLUMN id ADD GENERATED BY DEFAULT AS IDENTITY (
    SEQUENCE NAME public.orders_cartitem_id_seq
    START WITH 1
    INCREMENT BY 1
    NO MINVALUE
    NO MAXVALUE
    CACHE 1
);


--
-- Name: orders_coupons; Type: TABLE; Schema: public; Owner: postgres
--

CREATE TABLE public.orders_coupons (
    id bigint NOT NULL,
    "CouponName" character varying(50),
    "CouponCode" character varying(50),
    "CouponDescription" character varying(250),
    "CouponOn" character varying(40) NOT NULL,
    "TotalBillAmount" double precision,
    "CouponType" character varying(20) NOT NULL,
    "MaxNumberofUsers" integer NOT NULL,
    "Validity_start_date" timestamp with time zone NOT NULL,
    validity_end_date timestamp with time zone NOT NULL,
    "TermsAndConditions" character varying(400),
    "NotificationSchedule" timestamp with time zone,
    created_at timestamp with time zone NOT NULL,
    "Icon" character varying(100),
    "DiscountAmount" integer,
    "DiscountPercentage" integer,
    "MaxDiscountAmountForPercentage" double precision
);


ALTER TABLE public.orders_coupons OWNER TO postgres;

--
-- Name: orders_coupons_ApplicableCategory; Type: TABLE; Schema: public; Owner: postgres
--

CREATE TABLE public."orders_coupons_ApplicableCategory" (
    id bigint NOT NULL,
    coupons_id bigint NOT NULL,
    productcategory_id uuid NOT NULL
);


ALTER TABLE public."orders_coupons_ApplicableCategory" OWNER TO postgres;

--
-- Name: orders_coupons_ApplicableCategory_id_seq; Type: SEQUENCE; Schema: public; Owner: postgres
--

ALTER TABLE public."orders_coupons_ApplicableCategory" ALTER COLUMN id ADD GENERATED BY DEFAULT AS IDENTITY (
    SEQUENCE NAME public."orders_coupons_ApplicableCategory_id_seq"
    START WITH 1
    INCREMENT BY 1
    NO MINVALUE
    NO MAXVALUE
    CACHE 1
);


--
-- Name: orders_coupons_ApplicableProduct; Type: TABLE; Schema: public; Owner: postgres
--

CREATE TABLE public."orders_coupons_ApplicableProduct" (
    id bigint NOT NULL,
    coupons_id bigint NOT NULL,
    products_id bigint NOT NULL
);


ALTER TABLE public."orders_coupons_ApplicableProduct" OWNER TO postgres;

--
-- Name: orders_coupons_ApplicableProduct_id_seq; Type: SEQUENCE; Schema: public; Owner: postgres
--

ALTER TABLE public."orders_coupons_ApplicableProduct" ALTER COLUMN id ADD GENERATED BY DEFAULT AS IDENTITY (
    SEQUENCE NAME public."orders_coupons_ApplicableProduct_id_seq"
    START WITH 1
    INCREMENT BY 1
    NO MINVALUE
    NO MAXVALUE
    CACHE 1
);


--
-- Name: orders_coupons_ApplicableSku; Type: TABLE; Schema: public; Owner: postgres
--

CREATE TABLE public."orders_coupons_ApplicableSku" (
    id bigint NOT NULL,
    coupons_id bigint NOT NULL,
    sku_id bigint NOT NULL
);


ALTER TABLE public."orders_coupons_ApplicableSku" OWNER TO postgres;

--
-- Name: orders_coupons_ApplicableSku_id_seq; Type: SEQUENCE; Schema: public; Owner: postgres
--

ALTER TABLE public."orders_coupons_ApplicableSku" ALTER COLUMN id ADD GENERATED BY DEFAULT AS IDENTITY (
    SEQUENCE NAME public."orders_coupons_ApplicableSku_id_seq"
    START WITH 1
    INCREMENT BY 1
    NO MINVALUE
    NO MAXVALUE
    CACHE 1
);


--
-- Name: orders_coupons_ApplicableSubCategory; Type: TABLE; Schema: public; Owner: postgres
--

CREATE TABLE public."orders_coupons_ApplicableSubCategory" (
    id bigint NOT NULL,
    coupons_id bigint NOT NULL,
    productsubcategory_id uuid NOT NULL
);


ALTER TABLE public."orders_coupons_ApplicableSubCategory" OWNER TO postgres;

--
-- Name: orders_coupons_ApplicableSubCategory_id_seq; Type: SEQUENCE; Schema: public; Owner: postgres
--

ALTER TABLE public."orders_coupons_ApplicableSubCategory" ALTER COLUMN id ADD GENERATED BY DEFAULT AS IDENTITY (
    SEQUENCE NAME public."orders_coupons_ApplicableSubCategory_id_seq"
    START WITH 1
    INCREMENT BY 1
    NO MINVALUE
    NO MAXVALUE
    CACHE 1
);


--
-- Name: orders_coupons_CouponUsed; Type: TABLE; Schema: public; Owner: postgres
--

CREATE TABLE public."orders_coupons_CouponUsed" (
    id bigint NOT NULL,
    coupons_id bigint NOT NULL,
    users_id uuid NOT NULL
);


ALTER TABLE public."orders_coupons_CouponUsed" OWNER TO postgres;

--
-- Name: orders_coupons_CouponUsed_id_seq; Type: SEQUENCE; Schema: public; Owner: postgres
--

ALTER TABLE public."orders_coupons_CouponUsed" ALTER COLUMN id ADD GENERATED BY DEFAULT AS IDENTITY (
    SEQUENCE NAME public."orders_coupons_CouponUsed_id_seq"
    START WITH 1
    INCREMENT BY 1
    NO MINVALUE
    NO MAXVALUE
    CACHE 1
);


--
-- Name: orders_coupons_id_seq; Type: SEQUENCE; Schema: public; Owner: postgres
--

ALTER TABLE public.orders_coupons ALTER COLUMN id ADD GENERATED BY DEFAULT AS IDENTITY (
    SEQUENCE NAME public.orders_coupons_id_seq
    START WITH 1
    INCREMENT BY 1
    NO MINVALUE
    NO MAXVALUE
    CACHE 1
);


--
-- Name: orders_deliveryboys; Type: TABLE; Schema: public; Owner: postgres
--

CREATE TABLE public.orders_deliveryboys (
    id bigint NOT NULL,
    team_member_name character varying(20),
    phone_number character varying(14),
    status character varying(100) NOT NULL,
    created_date timestamp with time zone,
    updated_date timestamp with time zone,
    delivery_boy_status character varying(100) NOT NULL
);


ALTER TABLE public.orders_deliveryboys OWNER TO postgres;

--
-- Name: orders_deliveryboys_id_seq; Type: SEQUENCE; Schema: public; Owner: postgres
--

ALTER TABLE public.orders_deliveryboys ALTER COLUMN id ADD GENERATED BY DEFAULT AS IDENTITY (
    SEQUENCE NAME public.orders_deliveryboys_id_seq
    START WITH 1
    INCREMENT BY 1
    NO MINVALUE
    NO MAXVALUE
    CACHE 1
);


--
-- Name: orders_deliveryslot; Type: TABLE; Schema: public; Owner: postgres
--

CREATE TABLE public.orders_deliveryslot (
    id bigint NOT NULL,
    start_time time without time zone NOT NULL,
    end_time time without time zone NOT NULL,
    is_available boolean NOT NULL,
    status character varying(20) NOT NULL,
    created_at timestamp with time zone NOT NULL
);


ALTER TABLE public.orders_deliveryslot OWNER TO postgres;

--
-- Name: orders_deliveryslot_id_seq; Type: SEQUENCE; Schema: public; Owner: postgres
--

ALTER TABLE public.orders_deliveryslot ALTER COLUMN id ADD GENERATED BY DEFAULT AS IDENTITY (
    SEQUENCE NAME public.orders_deliveryslot_id_seq
    START WITH 1
    INCREMENT BY 1
    NO MINVALUE
    NO MAXVALUE
    CACHE 1
);


--
-- Name: orders_discount; Type: TABLE; Schema: public; Owner: postgres
--

CREATE TABLE public.orders_discount (
    id bigint NOT NULL,
    "DiscountName" character varying(50),
    "DiscountCode" character varying(50),
    "DiscountDescription" character varying(250),
    "DiscountOn" character varying(40) NOT NULL,
    created_at timestamp with time zone NOT NULL,
    "DiscountPercentage" numeric(5,2)
);


ALTER TABLE public.orders_discount OWNER TO postgres;

--
-- Name: orders_discount_ApplicableCategory; Type: TABLE; Schema: public; Owner: postgres
--

CREATE TABLE public."orders_discount_ApplicableCategory" (
    id bigint NOT NULL,
    discount_id bigint NOT NULL,
    productcategory_id uuid NOT NULL
);


ALTER TABLE public."orders_discount_ApplicableCategory" OWNER TO postgres;

--
-- Name: orders_discount_ApplicableCategory_id_seq; Type: SEQUENCE; Schema: public; Owner: postgres
--

ALTER TABLE public."orders_discount_ApplicableCategory" ALTER COLUMN id ADD GENERATED BY DEFAULT AS IDENTITY (
    SEQUENCE NAME public."orders_discount_ApplicableCategory_id_seq"
    START WITH 1
    INCREMENT BY 1
    NO MINVALUE
    NO MAXVALUE
    CACHE 1
);


--
-- Name: orders_discount_ApplicableProduct; Type: TABLE; Schema: public; Owner: postgres
--

CREATE TABLE public."orders_discount_ApplicableProduct" (
    id bigint NOT NULL,
    discount_id bigint NOT NULL,
    products_id bigint NOT NULL
);


ALTER TABLE public."orders_discount_ApplicableProduct" OWNER TO postgres;

--
-- Name: orders_discount_ApplicableProduct_id_seq; Type: SEQUENCE; Schema: public; Owner: postgres
--

ALTER TABLE public."orders_discount_ApplicableProduct" ALTER COLUMN id ADD GENERATED BY DEFAULT AS IDENTITY (
    SEQUENCE NAME public."orders_discount_ApplicableProduct_id_seq"
    START WITH 1
    INCREMENT BY 1
    NO MINVALUE
    NO MAXVALUE
    CACHE 1
);


--
-- Name: orders_discount_ApplicableSku; Type: TABLE; Schema: public; Owner: postgres
--

CREATE TABLE public."orders_discount_ApplicableSku" (
    id bigint NOT NULL,
    discount_id bigint NOT NULL,
    sku_id bigint NOT NULL
);


ALTER TABLE public."orders_discount_ApplicableSku" OWNER TO postgres;

--
-- Name: orders_discount_ApplicableSku_id_seq; Type: SEQUENCE; Schema: public; Owner: postgres
--

ALTER TABLE public."orders_discount_ApplicableSku" ALTER COLUMN id ADD GENERATED BY DEFAULT AS IDENTITY (
    SEQUENCE NAME public."orders_discount_ApplicableSku_id_seq"
    START WITH 1
    INCREMENT BY 1
    NO MINVALUE
    NO MAXVALUE
    CACHE 1
);


--
-- Name: orders_discount_ApplicableSubCategory; Type: TABLE; Schema: public; Owner: postgres
--

CREATE TABLE public."orders_discount_ApplicableSubCategory" (
    id bigint NOT NULL,
    discount_id bigint NOT NULL,
    productsubcategory_id uuid NOT NULL
);


ALTER TABLE public."orders_discount_ApplicableSubCategory" OWNER TO postgres;

--
-- Name: orders_discount_ApplicableSubCategory_id_seq; Type: SEQUENCE; Schema: public; Owner: postgres
--

ALTER TABLE public."orders_discount_ApplicableSubCategory" ALTER COLUMN id ADD GENERATED BY DEFAULT AS IDENTITY (
    SEQUENCE NAME public."orders_discount_ApplicableSubCategory_id_seq"
    START WITH 1
    INCREMENT BY 1
    NO MINVALUE
    NO MAXVALUE
    CACHE 1
);


--
-- Name: orders_discount_id_seq; Type: SEQUENCE; Schema: public; Owner: postgres
--

ALTER TABLE public.orders_discount ALTER COLUMN id ADD GENERATED BY DEFAULT AS IDENTITY (
    SEQUENCE NAME public.orders_discount_id_seq
    START WITH 1
    INCREMENT BY 1
    NO MINVALUE
    NO MAXVALUE
    CACHE 1
);


--
-- Name: orders_dropaddress; Type: TABLE; Schema: public; Owner: postgres
--

CREATE TABLE public.orders_dropaddress (
    uuid uuid NOT NULL,
    name character varying(200) NOT NULL,
    house_number_or_name character varying(200) NOT NULL,
    street character varying(100) NOT NULL,
    land_mark character varying(250),
    city character varying(100) NOT NULL,
    district character varying(50),
    state_or_province character varying(100) NOT NULL,
    pin_code integer NOT NULL,
    latitude double precision NOT NULL,
    longitude double precision NOT NULL,
    address_type character varying(100) NOT NULL,
    contact_number character varying(20) NOT NULL
);


ALTER TABLE public.orders_dropaddress OWNER TO postgres;

--
-- Name: orders_orderdelivery; Type: TABLE; Schema: public; Owner: postgres
--

CREATE TABLE public.orders_orderdelivery (
    id bigint NOT NULL,
    delivery_type character varying(50) NOT NULL,
    courier_service_name character varying(255),
    package_number character varying(255),
    expected_date_of_delivery date,
    tracking_link character varying(200),
    delivery_boy_id bigint,
    order_id uuid
);


ALTER TABLE public.orders_orderdelivery OWNER TO postgres;

--
-- Name: orders_orderdelivery_id_seq; Type: SEQUENCE; Schema: public; Owner: postgres
--

ALTER TABLE public.orders_orderdelivery ALTER COLUMN id ADD GENERATED BY DEFAULT AS IDENTITY (
    SEQUENCE NAME public.orders_orderdelivery_id_seq
    START WITH 1
    INCREMENT BY 1
    NO MINVALUE
    NO MAXVALUE
    CACHE 1
);


--
-- Name: orders_orderproducts; Type: TABLE; Schema: public; Owner: postgres
--

CREATE TABLE public.orders_orderproducts (
    order_product_id uuid NOT NULL,
    quantity character varying(255),
    price double precision,
    order_id uuid NOT NULL,
    product_name character varying(255),
    sku_id bigint
);


ALTER TABLE public.orders_orderproducts OWNER TO postgres;

--
-- Name: orders_orders; Type: TABLE; Schema: public; Owner: postgres
--

CREATE TABLE public.orders_orders (
    uuid uuid NOT NULL,
    "order_ID" character varying(255),
    order_type character varying(50) NOT NULL,
    grand_total double precision,
    order_status character varying(50) NOT NULL,
    delivery_instruction text,
    cooking_instruction text,
    order_assigntime timestamp with time zone,
    order_delivered_time timestamp with time zone,
    created_date timestamp with time zone NOT NULL,
    updated_date timestamp with time zone NOT NULL,
    drop_address_id uuid,
    store_uuid_id uuid,
    user_uuid_id uuid NOT NULL,
    pu_uuid_id uuid,
    color_status character varying(50),
    color_status_updation_time timestamp with time zone NOT NULL,
    delivery_boy character varying(255),
    delivery_slot_date date,
    delivery_slot_time time without time zone,
    delivery_charges double precision,
    sub_total double precision,
    taxes_and_charges double precision
);


ALTER TABLE public.orders_orders OWNER TO postgres;

--
-- Name: orders_payment; Type: TABLE; Schema: public; Owner: postgres
--

CREATE TABLE public.orders_payment (
    id bigint NOT NULL,
    razorpay_payment_id character varying(255),
    razorpay_order_id character varying(255),
    payment_status character varying(50) NOT NULL,
    payment_date timestamp with time zone NOT NULL,
    order_id uuid NOT NULL
);


ALTER TABLE public.orders_payment OWNER TO postgres;

--
-- Name: orders_payment_id_seq; Type: SEQUENCE; Schema: public; Owner: postgres
--

ALTER TABLE public.orders_payment ALTER COLUMN id ADD GENERATED BY DEFAULT AS IDENTITY (
    SEQUENCE NAME public.orders_payment_id_seq
    START WITH 1
    INCREMENT BY 1
    NO MINVALUE
    NO MAXVALUE
    CACHE 1
);


--
-- Name: products_customproduct; Type: TABLE; Schema: public; Owner: postgres
--

CREATE TABLE public.products_customproduct (
    id bigint NOT NULL,
    item_name character varying(120) NOT NULL,
    item_code character varying(120) NOT NULL,
    item_description text NOT NULL,
    veg_or_non_veg_status character varying(100) NOT NULL,
    min_size integer NOT NULL,
    max_size integer NOT NULL,
    size_unit character varying(20) NOT NULL,
    availability character varying(20) NOT NULL,
    created_date timestamp with time zone,
    updated_date timestamp with time zone,
    CONSTRAINT products_customproduct_max_size_check CHECK ((max_size >= 0)),
    CONSTRAINT products_customproduct_min_size_check CHECK ((min_size >= 0))
);


ALTER TABLE public.products_customproduct OWNER TO postgres;

--
-- Name: products_customproduct_id_seq; Type: SEQUENCE; Schema: public; Owner: postgres
--

ALTER TABLE public.products_customproduct ALTER COLUMN id ADD GENERATED BY DEFAULT AS IDENTITY (
    SEQUENCE NAME public.products_customproduct_id_seq
    START WITH 1
    INCREMENT BY 1
    NO MINVALUE
    NO MAXVALUE
    CACHE 1
);


--
-- Name: products_customproductimage; Type: TABLE; Schema: public; Owner: postgres
--

CREATE TABLE public.products_customproductimage (
    id bigint NOT NULL,
    image character varying(100) NOT NULL,
    created_date timestamp with time zone NOT NULL,
    custom_product_id bigint NOT NULL
);


ALTER TABLE public.products_customproductimage OWNER TO postgres;

--
-- Name: products_customproductimage_id_seq; Type: SEQUENCE; Schema: public; Owner: postgres
--

ALTER TABLE public.products_customproductimage ALTER COLUMN id ADD GENERATED BY DEFAULT AS IDENTITY (
    SEQUENCE NAME public.products_customproductimage_id_seq
    START WITH 1
    INCREMENT BY 1
    NO MINVALUE
    NO MAXVALUE
    CACHE 1
);


--
-- Name: products_customproductvideo; Type: TABLE; Schema: public; Owner: postgres
--

CREATE TABLE public.products_customproductvideo (
    id bigint NOT NULL,
    video character varying(100) NOT NULL,
    created_date timestamp with time zone NOT NULL,
    custom_product_id bigint NOT NULL
);


ALTER TABLE public.products_customproductvideo OWNER TO postgres;

--
-- Name: products_customproductvideo_id_seq; Type: SEQUENCE; Schema: public; Owner: postgres
--

ALTER TABLE public.products_customproductvideo ALTER COLUMN id ADD GENERATED BY DEFAULT AS IDENTITY (
    SEQUENCE NAME public.products_customproductvideo_id_seq
    START WITH 1
    INCREMENT BY 1
    NO MINVALUE
    NO MAXVALUE
    CACHE 1
);


--
-- Name: products_dynamicfiltering; Type: TABLE; Schema: public; Owner: postgres
--

CREATE TABLE public.products_dynamicfiltering (
    id bigint NOT NULL,
    filter_name character varying(35) NOT NULL,
    created_at timestamp with time zone NOT NULL
);


ALTER TABLE public.products_dynamicfiltering OWNER TO postgres;

--
-- Name: products_dynamicfiltering_id_seq; Type: SEQUENCE; Schema: public; Owner: postgres
--

ALTER TABLE public.products_dynamicfiltering ALTER COLUMN id ADD GENERATED BY DEFAULT AS IDENTITY (
    SEQUENCE NAME public.products_dynamicfiltering_id_seq
    START WITH 1
    INCREMENT BY 1
    NO MINVALUE
    NO MAXVALUE
    CACHE 1
);


--
-- Name: products_dynamicfiltering_products; Type: TABLE; Schema: public; Owner: postgres
--

CREATE TABLE public.products_dynamicfiltering_products (
    id bigint NOT NULL,
    dynamicfiltering_id bigint NOT NULL,
    products_id bigint NOT NULL
);


ALTER TABLE public.products_dynamicfiltering_products OWNER TO postgres;

--
-- Name: products_dynamicfiltering_products_id_seq; Type: SEQUENCE; Schema: public; Owner: postgres
--

ALTER TABLE public.products_dynamicfiltering_products ALTER COLUMN id ADD GENERATED BY DEFAULT AS IDENTITY (
    SEQUENCE NAME public.products_dynamicfiltering_products_id_seq
    START WITH 1
    INCREMENT BY 1
    NO MINVALUE
    NO MAXVALUE
    CACHE 1
);


--
-- Name: products_productcategory; Type: TABLE; Schema: public; Owner: postgres
--

CREATE TABLE public.products_productcategory (
    uuid uuid NOT NULL,
    category_name character varying(100) NOT NULL,
    category_code character varying(200) NOT NULL,
    created_at timestamp with time zone,
    updated_date timestamp with time zone,
    banner_image character varying(100),
    icon character varying(100),
    standard_image character varying(100)
);


ALTER TABLE public.products_productcategory OWNER TO postgres;

--
-- Name: products_productimage; Type: TABLE; Schema: public; Owner: postgres
--

CREATE TABLE public.products_productimage (
    id bigint NOT NULL,
    image character varying(100) NOT NULL,
    created_date timestamp with time zone NOT NULL,
    product_id bigint NOT NULL
);


ALTER TABLE public.products_productimage OWNER TO postgres;

--
-- Name: products_productimage_id_seq; Type: SEQUENCE; Schema: public; Owner: postgres
--

ALTER TABLE public.products_productimage ALTER COLUMN id ADD GENERATED BY DEFAULT AS IDENTITY (
    SEQUENCE NAME public.products_productimage_id_seq
    START WITH 1
    INCREMENT BY 1
    NO MINVALUE
    NO MAXVALUE
    CACHE 1
);


--
-- Name: products_productreview; Type: TABLE; Schema: public; Owner: postgres
--

CREATE TABLE public.products_productreview (
    id bigint NOT NULL,
    rating integer NOT NULL,
    review_heading character varying(150) NOT NULL,
    review_text text NOT NULL,
    created_at timestamp with time zone NOT NULL,
    product_id bigint NOT NULL,
    user_id uuid NOT NULL,
    CONSTRAINT products_productreview_rating_check CHECK ((rating >= 0))
);


ALTER TABLE public.products_productreview OWNER TO postgres;

--
-- Name: products_productreview_id_seq; Type: SEQUENCE; Schema: public; Owner: postgres
--

ALTER TABLE public.products_productreview ALTER COLUMN id ADD GENERATED BY DEFAULT AS IDENTITY (
    SEQUENCE NAME public.products_productreview_id_seq
    START WITH 1
    INCREMENT BY 1
    NO MINVALUE
    NO MAXVALUE
    CACHE 1
);


--
-- Name: products_products; Type: TABLE; Schema: public; Owner: postgres
--

CREATE TABLE public.products_products (
    id bigint NOT NULL,
    product_type character varying(100) NOT NULL,
    item_name character varying(120) NOT NULL,
    item_code character varying(120) NOT NULL,
    i_gst double precision,
    s_gst double precision,
    c_gst double precision,
    cess double precision,
    item_description text NOT NULL,
    veg_or_non_veg_status character varying(100) NOT NULL,
    created_date timestamp with time zone,
    updated_date timestamp with time zone,
    item_category_id uuid NOT NULL,
    item_sub_category_id uuid NOT NULL
);


ALTER TABLE public.products_products OWNER TO postgres;

--
-- Name: products_products_id_seq; Type: SEQUENCE; Schema: public; Owner: postgres
--

ALTER TABLE public.products_products ALTER COLUMN id ADD GENERATED BY DEFAULT AS IDENTITY (
    SEQUENCE NAME public.products_products_id_seq
    START WITH 1
    INCREMENT BY 1
    NO MINVALUE
    NO MAXVALUE
    CACHE 1
);


--
-- Name: products_productsubcategory; Type: TABLE; Schema: public; Owner: postgres
--

CREATE TABLE public.products_productsubcategory (
    uuid uuid NOT NULL,
    sub_category_name character varying(100) NOT NULL,
    sub_category_code character varying(200) NOT NULL,
    created_at timestamp with time zone,
    updated_date timestamp with time zone,
    category_id uuid NOT NULL,
    standard_image character varying(100)
);


ALTER TABLE public.products_productsubcategory OWNER TO postgres;

--
-- Name: products_productvideo; Type: TABLE; Schema: public; Owner: postgres
--

CREATE TABLE public.products_productvideo (
    id bigint NOT NULL,
    video character varying(100) NOT NULL,
    created_date timestamp with time zone NOT NULL,
    product_id bigint NOT NULL
);


ALTER TABLE public.products_productvideo OWNER TO postgres;

--
-- Name: products_productvideo_id_seq; Type: SEQUENCE; Schema: public; Owner: postgres
--

ALTER TABLE public.products_productvideo ALTER COLUMN id ADD GENERATED BY DEFAULT AS IDENTITY (
    SEQUENCE NAME public.products_productvideo_id_seq
    START WITH 1
    INCREMENT BY 1
    NO MINVALUE
    NO MAXVALUE
    CACHE 1
);


--
-- Name: products_salesunitproductselection; Type: TABLE; Schema: public; Owner: postgres
--

CREATE TABLE public.products_salesunitproductselection (
    id bigint NOT NULL,
    status character varying(100) NOT NULL,
    sales_unit_id uuid NOT NULL,
    shop_admin_status character varying(100) NOT NULL,
    sku_id bigint
);


ALTER TABLE public.products_salesunitproductselection OWNER TO postgres;

--
-- Name: products_salesunitproductselection_id_seq; Type: SEQUENCE; Schema: public; Owner: postgres
--

ALTER TABLE public.products_salesunitproductselection ALTER COLUMN id ADD GENERATED BY DEFAULT AS IDENTITY (
    SEQUENCE NAME public.products_salesunitproductselection_id_seq
    START WITH 1
    INCREMENT BY 1
    NO MINVALUE
    NO MAXVALUE
    CACHE 1
);


--
-- Name: products_sku; Type: TABLE; Schema: public; Owner: postgres
--

CREATE TABLE public.products_sku (
    id bigint NOT NULL,
    sku_name character varying(120) NOT NULL,
    sku_code character varying(120) NOT NULL,
    sku_quantity integer NOT NULL,
    sku_unit character varying(20) NOT NULL,
    sku_mrp double precision,
    sku_expiry_duration integer NOT NULL,
    sku_bulk_qty_limit integer NOT NULL,
    sku_status character varying(100) NOT NULL,
    product_id bigint NOT NULL,
    CONSTRAINT products_sku_sku_bulk_qty_limit_check CHECK ((sku_bulk_qty_limit >= 0)),
    CONSTRAINT products_sku_sku_expiry_duration_check CHECK ((sku_expiry_duration >= 0)),
    CONSTRAINT products_sku_sku_quantity_check CHECK ((sku_quantity >= 0))
);


ALTER TABLE public.products_sku OWNER TO postgres;

--
-- Name: products_sku_id_seq; Type: SEQUENCE; Schema: public; Owner: postgres
--

ALTER TABLE public.products_sku ALTER COLUMN id ADD GENERATED BY DEFAULT AS IDENTITY (
    SEQUENCE NAME public.products_sku_id_seq
    START WITH 1
    INCREMENT BY 1
    NO MINVALUE
    NO MAXVALUE
    CACHE 1
);


--
-- Name: products_speciallist; Type: TABLE; Schema: public; Owner: postgres
--

CREATE TABLE public.products_speciallist (
    id bigint NOT NULL,
    special_name character varying(35) NOT NULL,
    icon character varying(100),
    standard_image character varying(100),
    banner_image character varying(100),
    created_at timestamp with time zone NOT NULL
);


ALTER TABLE public.products_speciallist OWNER TO postgres;

--
-- Name: products_speciallist_id_seq; Type: SEQUENCE; Schema: public; Owner: postgres
--

ALTER TABLE public.products_speciallist ALTER COLUMN id ADD GENERATED BY DEFAULT AS IDENTITY (
    SEQUENCE NAME public.products_speciallist_id_seq
    START WITH 1
    INCREMENT BY 1
    NO MINVALUE
    NO MAXVALUE
    CACHE 1
);


--
-- Name: products_speciallist_products; Type: TABLE; Schema: public; Owner: postgres
--

CREATE TABLE public.products_speciallist_products (
    id bigint NOT NULL,
    speciallist_id bigint NOT NULL,
    products_id bigint NOT NULL
);


ALTER TABLE public.products_speciallist_products OWNER TO postgres;

--
-- Name: products_speciallist_products_id_seq; Type: SEQUENCE; Schema: public; Owner: postgres
--

ALTER TABLE public.products_speciallist_products ALTER COLUMN id ADD GENERATED BY DEFAULT AS IDENTITY (
    SEQUENCE NAME public.products_speciallist_products_id_seq
    START WITH 1
    INCREMENT BY 1
    NO MINVALUE
    NO MAXVALUE
    CACHE 1
);


--
-- Name: products_tags; Type: TABLE; Schema: public; Owner: postgres
--

CREATE TABLE public.products_tags (
    id bigint NOT NULL,
    tag_name character varying(35) NOT NULL,
    created_at timestamp with time zone NOT NULL,
    icon character varying(100)
);


ALTER TABLE public.products_tags OWNER TO postgres;

--
-- Name: products_tags_id_seq; Type: SEQUENCE; Schema: public; Owner: postgres
--

ALTER TABLE public.products_tags ALTER COLUMN id ADD GENERATED BY DEFAULT AS IDENTITY (
    SEQUENCE NAME public.products_tags_id_seq
    START WITH 1
    INCREMENT BY 1
    NO MINVALUE
    NO MAXVALUE
    CACHE 1
);


--
-- Name: products_tags_products; Type: TABLE; Schema: public; Owner: postgres
--

CREATE TABLE public.products_tags_products (
    id bigint NOT NULL,
    tags_id bigint NOT NULL,
    products_id bigint NOT NULL
);


ALTER TABLE public.products_tags_products OWNER TO postgres;

--
-- Name: products_tags_products_id_seq; Type: SEQUENCE; Schema: public; Owner: postgres
--

ALTER TABLE public.products_tags_products ALTER COLUMN id ADD GENERATED BY DEFAULT AS IDENTITY (
    SEQUENCE NAME public.products_tags_products_id_seq
    START WITH 1
    INCREMENT BY 1
    NO MINVALUE
    NO MAXVALUE
    CACHE 1
);


--
-- Name: shops_bankdetails; Type: TABLE; Schema: public; Owner: postgres
--

CREATE TABLE public.shops_bankdetails (
    id bigint NOT NULL,
    account_name text NOT NULL,
    bank_name text NOT NULL,
    branch_name text NOT NULL,
    ifsc_code text NOT NULL,
    account_number text NOT NULL,
    shop_id uuid NOT NULL,
    created_date timestamp with time zone,
    updated_date timestamp with time zone
);


ALTER TABLE public.shops_bankdetails OWNER TO postgres;

--
-- Name: shops_bankdetails_id_seq; Type: SEQUENCE; Schema: public; Owner: postgres
--

ALTER TABLE public.shops_bankdetails ALTER COLUMN id ADD GENERATED BY DEFAULT AS IDENTITY (
    SEQUENCE NAME public.shops_bankdetails_id_seq
    START WITH 1
    INCREMENT BY 1
    NO MINVALUE
    NO MAXVALUE
    CACHE 1
);


--
-- Name: shops_productionunit; Type: TABLE; Schema: public; Owner: postgres
--

CREATE TABLE public.shops_productionunit (
    uuid uuid NOT NULL,
    pu_name character varying(100) NOT NULL
);


ALTER TABLE public.shops_productionunit OWNER TO postgres;

--
-- Name: shops_shop; Type: TABLE; Schema: public; Owner: postgres
--

CREATE TABLE public.shops_shop (
    uuid uuid NOT NULL,
    unit_name character varying(100) NOT NULL,
    unit_code character varying(200) NOT NULL,
    unit_location character varying(200) NOT NULL,
    street character varying(200),
    city character varying(100),
    district character varying(50),
    state_or_province character varying(100),
    pin_code integer,
    latitude double precision NOT NULL,
    longitude double precision NOT NULL,
    contact_no character varying(20),
    email character varying(200),
    status character varying(100) NOT NULL,
    delivery_mode character varying(200) NOT NULL,
    created_at timestamp with time zone,
    gst character varying(50),
    updated_date timestamp with time zone,
    delivery_radius double precision NOT NULL
);


ALTER TABLE public.shops_shop OWNER TO postgres;

--
-- Name: shops_shop_unit_admin_user; Type: TABLE; Schema: public; Owner: postgres
--

CREATE TABLE public.shops_shop_unit_admin_user (
    id bigint NOT NULL,
    shop_id uuid NOT NULL,
    users_id uuid NOT NULL
);


ALTER TABLE public.shops_shop_unit_admin_user OWNER TO postgres;

--
-- Name: shops_shop_unit_admin_user_id_seq; Type: SEQUENCE; Schema: public; Owner: postgres
--

ALTER TABLE public.shops_shop_unit_admin_user ALTER COLUMN id ADD GENERATED BY DEFAULT AS IDENTITY (
    SEQUENCE NAME public.shops_shop_unit_admin_user_id_seq
    START WITH 1
    INCREMENT BY 1
    NO MINVALUE
    NO MAXVALUE
    CACHE 1
);


--
-- Data for Name: accounts_address; Type: TABLE DATA; Schema: public; Owner: postgres
--

COPY public.accounts_address (id, latitude, longitude, flat_no, landmark, user_id, address_type) FROM stdin;
304	11.601400	75.991100	Dulcet 13 G	sdf	8f46b505-02e6-42d9-84b2-8efafe705d43	home
308	8.559282	76.877731	Demo Address	Trial 1	ec2259d4-44c7-4160-8a6d-84bdd26be3e0	Home
309	10.527627	76.214435	Demo Address 2	Trial 2	ec2259d4-44c7-4160-8a6d-84bdd26be3e0	Other
789	8.631929	76.833481	dfrffrdd	xddd	fc201a0b-f00a-4286-964c-a789a6e97ef9	Other
311	8.568020	76.885586	M K Nivas	Eternal Colony	55f59e50-ff0e-469c-a6a7-7134a427085d	Home
312	8.559305	76.877725	AR Bhavan	CMS Nagar	aca198b7-1483-49ee-a6f3-80f167b01459	Home
313	8.569839	76.880054	MK Saini Villa	RK Colony 2nd Street	aca198b7-1483-49ee-a6f3-80f167b01459	Other
314	8.568334	76.880378	cgg	cfg	bb6aa2bc-e7d9-471a-b4e3-33a5e0944610	Other
315	9.983500	76.295900	abc	def	742e5b82-e205-42ac-8e31-6bbf55fd5d73	home
794	8.629672	76.832657	kbb	h. h	fc201a0b-f00a-4286-964c-a789a6e97ef9	Other
317	9.978600	76.300200	31.	kvv	05a4d0cf-eab2-48f4-a00a-be8cfddf60ee	home
318	8.559314	76.877719	ahahsh	sgsgsggs	5a05efbe-4c9f-4fc9-8f7b-b5ebf8fc1317	Other
799	8.615356	76.832845	vvc	cc	23a48bb6-133b-4d01-b28a-7bb26864c991	Other
320	8.559305	76.877718	hhg	ygg	5a05efbe-4c9f-4fc9-8f7b-b5ebf8fc1317	Other
321	8.559312	76.877718	cff	vvcc	73b1cf6e-20f7-4c46-ae8b-7a085cd66620	Other
322	9.984300	76.303900	Kaloor road	kadavanthra	742e5b82-e205-42ac-8e31-6bbf55fd5d73	home
323	9.954152	76.302398	Anna Nagar	Amar villa	65b46b90-d694-4366-9769-7ed66327c835	Home
324	9.968192	76.318234	Aminity Nivas	Saina Colony	65b46b90-d694-4366-9769-7ed66327c835	Other
325	9.768066	76.500188	Pulimanumanumadom	southgate vaikom po	c936bc48-9290-419b-9539-cfa667830549	Home
326	9.772757	76.486497	gandhinagar	guharat	d24724e0-32e2-4bb4-bac3-e6771917c930	Home
327	9.784979	76.502582	Pulimanumadom	southgate	d24724e0-32e2-4bb4-bac3-e6771917c930	Home
328	9.786887	76.495361	Vettath	kaduthuruty	d24724e0-32e2-4bb4-bac3-e6771917c930	Home
329	9.788315	76.508238	shivakripa, thekkeadath house gdhdbdbdbdbdbd	chanagansherry	d24724e0-32e2-4bb4-bac3-e6771917c930	Home
330	10.015900	76.341900	Ganga Nivas 123	Near Kakkanad	05a4d0cf-eab2-48f4-a00a-be8cfddf60ee	home
331	9.948700	76.346400	AMMU NIVAS	125	05a4d0cf-eab2-48f4-a00a-be8cfddf60ee	home
332	9.237485	76.702625	Aaaa	ghhh	bb4f83aa-2d34-4052-8b64-f6fbde1327ad	Home
333	9.968195	76.318234	kakkanad	kochi	bb4f83aa-2d34-4052-8b64-f6fbde1327ad	Other
334	9.968197	76.318234	abc	hshh	50b0a43a-9727-47ff-b6cf-475f959c5c25	Other
335	9.976500	76.318100	6549	+65+	05a4d0cf-eab2-48f4-a00a-be8cfddf60ee	other
336	9.966612	76.319269	hhh	bbb	639650f8-e5e1-45cf-a544-855e3a98904f	Other
337	10.012650	76.362895	Gandhinagar	Gujarat	a66fa405-59c2-4700-8300-d3dfe123bcf6	Work
338	9.966634	76.319269	fhgg	bbfd	e3dc9500-ba10-49be-8c76-57640aead6b2	Other
1065	10.022137	76.334243	gxffxfxx	guczz	45696072-b4a6-4157-9fa5-fd74a9e8b204	Home
1071	10.015840	76.341866	NEAR TRIVANDRUM	Near trivandrum	45696072-b4a6-4157-9fa5-fd74a9e8b204	Work
1077	9.768106	76.500175	kaduthuruty	vettath	45696072-b4a6-4157-9fa5-fd74a9e8b204	Work
344	9.968196	76.318234	ggg	gggg	7c034925-c3c7-43be-acc4-4d040ab31b2d	Other
345	8.570213	76.878272	hhhgg	vvvv	d0a308c2-5439-46cd-a8fd-ee400f2777f4	Other
346	9.969207	76.321719	shsv	shsg	d0a308c2-5439-46cd-a8fd-ee400f2777f4	Other
347	8.559306	76.877730	jvjv	hchch	aec46611-a45d-4a5d-9fa5-8c84574af80d	Other
348	9.966637	76.319269	dgfdfvv	cddss	b4f4922c-4da6-40a8-9aea-3a1ba0f29894	Other
349	9.979800	76.296600	tuj	tujr	05a4d0cf-eab2-48f4-a00a-be8cfddf60ee	home
350	9.978700	76.298300	fgdfg	ffg	05a4d0cf-eab2-48f4-a00a-be8cfddf60ee	home
351	9.978600	76.300000	lmlp	yugyi	05a4d0cf-eab2-48f4-a00a-be8cfddf60ee	home
352	9.979300	76.298000	Nivas	fhgghv	05a4d0cf-eab2-48f4-a00a-be8cfddf60ee	work
353	10.015857	76.341866	cff	ggg	8dde8133-7aa4-425f-8b5a-ef0d7e9d8522	Other
357	8.583739	76.887249	hfrhhrhr	uffut	8dde8133-7aa4-425f-8b5a-ef0d7e9d8522	Other
359	9.966639	76.319269	kakkanad	jjhh	8dde8133-7aa4-425f-8b5a-ef0d7e9d8522	Other
360	9.978100	76.292900	Hemanth	6+6	05a4d0cf-eab2-48f4-a00a-be8cfddf60ee	work
363	8.567626	76.883203	yyyyyyyy	u7u7u7uu	8dde8133-7aa4-425f-8b5a-ef0d7e9d8522	Other
364	9.968199	76.318235	rrr	rrrrrr	8dde8133-7aa4-425f-8b5a-ef0d7e9d8522	Other
367	9.968189	76.318234	Anna Nagar	Aminity villa	6e8da82f-e573-412f-b8e0-82442a0dc0dc	Home
368	8.559308	76.877729	Home Address	Demo 1	6e8da82f-e573-412f-b8e0-82442a0dc0dc	Other
369	9.767900	76.490700	12 B	Vettath house	05a4d0cf-eab2-48f4-a00a-be8cfddf60ee	home
371	8.559309	76.877723	dhdhhd	hshsv	7e120190-dc75-4eb5-bccf-bb9a6ea52948	Other
372	8.559306	76.877719	Home Address	Abc Nagar	89c957c3-a293-4a15-aee4-374293505513	Home
373	9.237485	76.702625	Technopark	phase 1	89c957c3-a293-4a15-aee4-374293505513	Work
374	9.968180	76.318234	Abc	Efg	141c4722-a92b-4e3b-a301-91ff8b4f5886	Home
375	8.559295	76.877724	home address	trial 1	141c4722-a92b-4e3b-a301-91ff8b4f5886	Other
376	8.559314	76.877723	bbb	bjj	b499b7bf-72ba-4c5a-a427-16f43cb79f9d	Other
377	8.559266	76.877727	Bzbzh	zbzb	d011e356-a83e-411f-8f17-8a32fc855add	Other
378	8.559311	76.877722	ahhssh	avagga	343347b6-52c0-47d2-b810-4a1126b89ca0	Other
379	9.968195	76.318234	aas	aaas	343347b6-52c0-47d2-b810-4a1126b89ca0	Other
380	8.609700	76.895450	sbabgsgsgsgsgshdhdhdhhdhdhhd	sbshshhshshsgshshs	343347b6-52c0-47d2-b810-4a1126b89ca0	Other
804	9.968193	76.318234	cfd	xss	23a48bb6-133b-4d01-b28a-7bb26864c991	Other
808	8.624014	76.836220	ddd	swrf	23a48bb6-133b-4d01-b28a-7bb26864c991	Other
383	8.559308	76.877723	xbhdhd	sbshsh	ee678579-0ac6-41f2-95c5-b63036cc87bb	Other
384	8.559307	76.877720	fffgggg	cgggggg	6b0709ba-f417-44bf-ba4d-3b7951b4de3d	Other
811	8.615361	76.832859	jfjf	jfjffjfn	23a48bb6-133b-4d01-b28a-7bb26864c991	Other
390	8.559317	76.877716	ffgg	vvbgg	c4b0d833-0c88-449c-9a0b-9dff6f75fa1b	Other
303	8.571600	76.875903	Jithya Nivas	Murukkumpuzha P.O	36ce9ef8-098e-4ee5-8ffc-c6fdc01e2c22	Other
305	8.587933	76.885641	Gayathri Building	Technopark Phase 1	36ce9ef8-098e-4ee5-8ffc-c6fdc01e2c22	Work
391	8.559311	76.877721	vcf	vff	d09b1de0-c300-4fd5-8e4f-03ef38518772	Other
392	8.559319	76.877722	dffc	ffff	aaa540ad-063f-4664-bbbb-5a102c5e9dc6	Other
393	8.559309	76.877723	bbxb	bzb	c4237245-d840-4324-b080-d7b5cd56e265	Work
394	8.559310	76.877708	sgsgsg	avsggsg	33565b9b-8e59-44a2-aa24-91d2430c4b94	Other
395	8.559311	76.877718	vghh	gghb	53aba63e-3121-4ecf-844a-fbc9d68743e6	Other
397	8.559320	76.877711	bhbvd	bghhh	b2c3eeea-fc92-4aca-8ec7-25bdb12fd3ae	Other
398	8.559309	76.877723	hfjgjg	cufu	b2c3eeea-fc92-4aca-8ec7-25bdb12fd3ae	Other
399	8.559296	76.877720	xxsddsss	xzx	5bb8c021-dce9-40d0-bedd-fab1b37ad70d	Other
400	9.968197	76.318234	fgg	vvg	5bb8c021-dce9-40d0-bedd-fab1b37ad70d	Other
401	10.015858	76.341866	aaa	ahh	5bb8c021-dce9-40d0-bedd-fab1b37ad70d	Other
402	10.015857	76.341866	srgvgg	vfrxc	5bb8c021-dce9-40d0-bedd-fab1b37ad70d	Other
1072	8.559308	76.877705	sbbsbs	svsv	c9dc39a7-96b0-47a6-893f-57739cbfb9fc	Work
404	8.559310	76.877718	xggv	cghh	b62a226c-ff1e-4ce1-8398-679186e03897	Other
405	9.768100	76.500128	fcy	tfh	38f9faa1-2a8c-40d5-be06-e7ca44741746	Other
406	9.809007	76.498148	345	etyuu	c59d810f-960b-4e50-8fa7-52d16b24307b	Other
407	9.968196	76.318234	abc	absbab	f4cbe152-5467-479e-997b-e585a241f460	Other
408	8.559308	76.877721	xxdd	fffffd	f62ddc66-8375-40e7-bcf8-e053385b7d4c	Other
409	8.559316	76.877720	zhzhsh	sbsbshhs	3c30591c-d945-4278-979d-6366873d0cf6	Other
410	9.968196	76.318234	ghhh	vghh	aadd388a-f007-4709-b715-43089c9f7547	Other
411	8.559315	76.877724	sgsggs	gsgsgs	3cccb113-3e4e-4d91-bb66-77b2a45dcdab	Other
412	8.559310	76.877723	sbsvbs	sbsbbs	7bd939f9-3a50-47cc-931f-29bc5988c16c	Other
413	8.567478	76.878472	fgggg	cfgf	e93eed24-d8f1-4a5a-bda2-e492cd490446	Other
414	8.559253	76.877725	xxsdvc	cxdd	e93eed24-d8f1-4a5a-bda2-e492cd490446	Other
415	8.559302	76.877725	ggggcxc	cgyhg	23b92e0f-1909-48a5-93db-46ebc456b7f2	Other
416	8.559294	76.877718	jhg	vgh	17259d3e-05f7-4a27-9f67-0d0d603b979e	Other
417	8.559307	76.877722	shshsh	shshsh	79eabe3e-4290-48dc-9357-0d75087720b9	Other
419	8.559299	76.877723	jfjfjf	jrxur	9b39a6de-6415-43ae-9884-2e211a74fae8	Other
790	8.651757	76.831632	,xx	sdd	fc201a0b-f00a-4286-964c-a789a6e97ef9	Other
795	8.615351	76.832847	jvjvjv	uvvuv	fc201a0b-f00a-4286-964c-a789a6e97ef9	Other
423	8.559308	76.877725	dggg	vfdd	d8627e71-5e61-443e-b226-25be80b083ee	Other
800	8.624169	76.827320	bvcvxvfdc	vczz	23a48bb6-133b-4d01-b28a-7bb26864c991	Work
805	8.626497	76.833898	xcc	xzzfv	23a48bb6-133b-4d01-b28a-7bb26864c991	Other
426	8.559316	76.877721	chhhhhg	vghh	f714cee4-1162-4812-9d0a-4c4995538389	Other
479	9.948700	76.346400	Aswin Nivas	Near temple, maithri Nagar	936b6a39-8375-4428-b4df-eb7e5083c65e	other
427	8.559306	76.877724	bhuhffff	ghhhhh	0e4f4fee-1c84-458b-9ae1-71b443262b59	Other
1078	10.015858	76.341866	fgggg	bbvbv	36ce9ef8-098e-4ee5-8ffc-c6fdc01e2c22	Other
429	8.559302	76.877720	vhhjh	hjjh	ad216523-8b8b-41bf-afc0-345e16f8931d	Other
430	8.559301	76.877726	bcfhjf	jgdgd	e245a9a3-24fa-44fb-b7a4-db9f44ef45b4	Other
431	8.559312	76.877721	vg	ggg	fbe84126-1155-4d07-8115-3fbad0ce32d6	Other
432	8.559303	76.877729	ydyd	ydyd	e5c40045-20aa-4565-8172-f4b4b77c8540	Other
433	8.559314	76.877720	vhhh	vvv	d2507a9f-1fc3-4d44-a802-9f1073971be4	Other
434	8.559301	76.877716	shsh	shsh	84e33e7f-9c23-4e2a-952c-e7e568b61f81	Other
435	8.559294	76.877718	ccff	ddhh	ca04e696-522b-4005-bdc2-7f01f9c2328c	Other
436	8.559311	76.877722	jgigi	bdhf	16625f22-cc9f-4004-8966-005deba2683c	Other
438	11.586700	76.107400	ahvsjD	HGADJ	b6876b99-05f3-4baa-8b1b-930403f0680c	other
439	11.586700	76.107400	Dulcet 13 G	Near Govt.Hospital	b6876b99-05f3-4baa-8b1b-930403f0680c	home
440	11.586700	76.107400	Olive	infopark	b6876b99-05f3-4baa-8b1b-930403f0680c	work
441	8.614692	76.834743	sgshs	sbsbbs	0a4b12ba-d6e8-4924-87aa-c15390dcf1c3	Other
443	8.614680	76.834747	gbdd	vffff	e602f245-f358-472e-893d-cd20ba6099ad	Other
444	9.970412	76.299137	Arun Vaav	near temple	c59d810f-960b-4e50-8fa7-52d16b24307b	Work
445	8.614697	76.834744	svsbbs	svsbsbbs	34181a3c-b4ea-420e-805c-aa66facf7a58	Other
446	8.614691	76.834746	dnxjdj	bxbxbb	e602f245-f358-472e-893d-cd20ba6099ad	Other
447	9.948666	76.346362	Near kottayam	kaduthuruty	c59d810f-960b-4e50-8fa7-52d16b24307b	Work
448	9.767940	76.490735	uggb	nhfvhh	c59d810f-960b-4e50-8fa7-52d16b24307b	Other
449	10.017757	76.365598	ngvbj	iyghh	c59d810f-960b-4e50-8fa7-52d16b24307b	Other
450	10.037839	76.369839	jhccbjk	jufcnk	c59d810f-960b-4e50-8fa7-52d16b24307b	Home
451	10.015781	76.358264	jhfcbjk	jyfchh	c59d810f-960b-4e50-8fa7-52d16b24307b	Work
452	9.968193	76.318234	kochi	demo	e602f245-f358-472e-893d-cd20ba6099ad	Work
455	9.978400	76.305400	53	3	aa1150aa-82de-48cc-9605-06fb32e52c2f	other
453	9.968192	76.318234	Trial	Demo	23a6ebce-7dc4-4c30-9867-b3bfc611d6c9	Other
465	10.153207	76.393320	ttt	tt	61d83a88-852f-405e-9dcc-e1bba0a0e556	Work
468	9.968195	76.318234	Demo address	abc	a701edb7-cda0-42b8-b926-a268bbd588b5	Work
457	10.007386	76.325437	amar villa	hhhh	23a6ebce-7dc4-4c30-9867-b3bfc611d6c9	Other
458	8.614694	76.834746	sgsg	shh	3c7038fa-cbc8-4464-ad15-c6db05025495	Other
459	9.968196	76.318234	snna	sbbsn	3c7038fa-cbc8-4464-ad15-c6db05025495	Other
467	8.625572	76.836240	Abc	Efg	a701edb7-cda0-42b8-b926-a268bbd588b5	Other
469	8.614678	76.834780	zbzb	sbsbbs	a701edb7-cda0-42b8-b926-a268bbd588b5	Other
471	8.614693	76.834747	xtmjgxxjg	jttxktx	7e803298-7c20-4c0b-a2cf-90eed0facc09	Other
472	10.527631	76.214435	tt	ff	29f708af-3253-4ca5-80cf-16922a1c37c1	Work
474	8.614636	76.834717	HH	hah	653c4584-a85b-4c83-a92e-0189791a3be1	Other
473	9.968194	76.318234	bhb	vvvh	7e803298-7c20-4c0b-a2cf-90eed0facc09	Other
475	8.614693	76.834748	jugr	dbhs	7e803298-7c20-4c0b-a2cf-90eed0facc09	Other
476	9.948700	76.346400	2325852	5872	ce63eeb4-c82a-4c09-aa7f-f257a4b27273	other
477	9.954200	76.302400	896587STAR	89566	ce63eeb4-c82a-4c09-aa7f-f257a4b27273	other
481	8.614695	76.834746	hcf	gxgh	57433a43-d42b-4c6e-adb3-e90f8d00c323	Other
482	9.968196	76.318234	ff	fgg	57433a43-d42b-4c6e-adb3-e90f8d00c323	Other
483	10.015855	76.341866	Demo address	trial 2	57433a43-d42b-4c6e-adb3-e90f8d00c323	Home
484	10.015900	76.341900	Amal Nivas	Near school junction	936b6a39-8375-4428-b4df-eb7e5083c65e	home
486	10.015900	76.341900	Gayathri Bhavan	Near School	936b6a39-8375-4428-b4df-eb7e5083c65e	other
487	10.527608	76.214435	lavanya nagar road	skyline pixels	0f113c50-54e7-4a30-9ffa-9423d0d584ca	Home
488	10.527623	76.214435	ghhjhgshss	yhssgs	33708e74-a269-4c27-bac3-e8ce344be2ce	Work
489	9.085548	76.644911	wese	ddd	33708e74-a269-4c27-bac3-e8ce344be2ce	Other
491	10.315829	76.143736	gg	uuj	21d9dde7-3922-4b58-9548-195e173b6e43	Other
492	10.330419	76.125653	g	b	21d9dde7-3922-4b58-9548-195e173b6e43	Home
493	10.015846	76.341866	sa	as	dd621f4a-7a95-46fc-a871-ffed686c8096	Other
494	10.015844	76.341866	h	h	efcdf398-0b2e-4a9d-8ad7-b753f3e4ef2f	Home
1067	10.012688	76.362863	bbb	bjj	45696072-b4a6-4157-9fa5-fd74a9e8b204	Other
1073	8.559295	76.877703	snsn	sjsj	fc478ada-93cc-4f3d-8a65-a04b86174347	Other
497	8.559317	76.877727	svsvv	svsvsv	580cb52b-d2c4-4c41-b037-954dad0e9e88	Other
498	8.559312	76.877737	shsh	sgshhs	c4b0d833-0c88-449c-9a0b-9dff6f75fa1b	Other
499	8.559313	76.877734	Bzb	bzbz	7242cacb-02cd-4568-9f5b-74b05ad5b3b2	Other
791	8.615356	76.832847	znnz	nznzn	fc201a0b-f00a-4286-964c-a789a6e97ef9	Other
571	37.421976	-122.083999	kl	p	d13c4f74-8fa0-44a7-be99-b3cacc8d5f6c	Home
503	10.012654	76.362879	fg	gh	d7e4a790-b7ef-4564-80b2-5c9ebdbe3b3a	Other
796	8.644833	76.821807	ddh	euhehxxx	23a48bb6-133b-4d01-b28a-7bb26864c991	Other
506	10.012657	76.362873	fags	gshs	41803724-e1e8-4c0e-8bc0-52640a5860d7	Other
801	8.633517	76.826032	xccbczxz	xxx	23a48bb6-133b-4d01-b28a-7bb26864c991	Other
508	10.330430	76.125653	ge	be	41803724-e1e8-4c0e-8bc0-52640a5860d7	Other
509	10.328596	76.133267	ys	hs	41803724-e1e8-4c0e-8bc0-52640a5860d7	Other
510	10.015850	76.341866	js	ns	41803724-e1e8-4c0e-8bc0-52640a5860d7	Home
806	8.626493	76.833898	xcc	xzzfv	23a48bb6-133b-4d01-b28a-7bb26864c991	Other
512	8.559313	76.877726	sbbsb	svsvsv	534cd95e-b082-4267-9400-ce4b205e4cfd	Other
513	10.330428	76.125653	fhc	cv	6a9167b8-8576-42a4-bd6a-df9775783e76	Home
514	9.968196	76.318234	demo address	trial	534cd95e-b082-4267-9400-ce4b205e4cfd	Other
515	10.329371	76.124928	vs	us	6a9167b8-8576-42a4-bd6a-df9775783e76	Other
516	10.015835	76.341866	gsgsg	bshs	6a9167b8-8576-42a4-bd6a-df9775783e76	Other
517	10.330360	76.125653	gg	bs	6a9167b8-8576-42a4-bd6a-df9775783e76	Home
518	9.931189	76.267304	skyline pixels	laban road	29f708af-3253-4ca5-80cf-16922a1c37c1	Home
519	10.330423	76.125653	v	vffg	6a9167b8-8576-42a4-bd6a-df9775783e76	Other
520	10.330430	76.125653	home	babsg	6a9167b8-8576-42a4-bd6a-df9775783e76	Other
572	37.421979	-122.083999	df	df	d13c4f74-8fa0-44a7-be99-b3cacc8d5f6c	Home
573	10.328424	76.129218	zd	d	ca7801ba-bf01-437d-a9b8-c36573051465	Home
574	10.015854	76.341866	g	b	ca7801ba-bf01-437d-a9b8-c36573051465	Home
521	10.329363	76.124928	hiendgy	nj	abaf6e96-2e1c-40a4-bb93-68392110c744	Home
522	10.329381	76.133264	azbz	s	abaf6e96-2e1c-40a4-bb93-68392110c744	Other
523	10.329349	76.133264	qy	jhag	abaf6e96-2e1c-40a4-bb93-68392110c744	Other
524	10.015842	76.341866	skyline pixels	lavanya nagar road	38f903b0-cd38-43e2-9e22-7ae82b137f25	Home
525	9.968187	76.318234	vytila house	vytila road	38f903b0-cd38-43e2-9e22-7ae82b137f25	Work
526	9.931223	76.267304	valummel	kochi	38f903b0-cd38-43e2-9e22-7ae82b137f25	Other
527	37.421934	-122.083999	home	gh	0be019a6-2384-4973-89d4-fa387a4fa2f4	Home
528	10.331435	76.125291	fr	b	abaf6e96-2e1c-40a4-bb93-68392110c744	Other
529	37.421885	-122.083999	g	i	0be019a6-2384-4973-89d4-fa387a4fa2f4	Other
531	37.421720	-122.083999	fde	jkf	0be019a6-2384-4973-89d4-fa387a4fa2f4	Home
533	9.954200	76.302400	kadavanthra	ss	87ab7283-83ad-41b7-a33b-0315511ab13e	home
809	9.968195	76.318234	ddd	swrf	23a48bb6-133b-4d01-b28a-7bb26864c991	Other
812	8.615357	76.832859	jfjf	jfjffjfn	23a48bb6-133b-4d01-b28a-7bb26864c991	Other
814	9.968197	76.318234	jfjf	jfjffjfn	23a48bb6-133b-4d01-b28a-7bb26864c991	Other
537	10.330423	76.125653	d	d	42fd4b7b-383d-4663-aee5-77e41c22c074	Home
816	9.968195	76.318234	ufjuf	cjjcfj	23a48bb6-133b-4d01-b28a-7bb26864c991	Other
540	8.559305	76.877722	fff	vgg	534cd95e-b082-4267-9400-ce4b205e4cfd	Other
541	9.968193	76.318234	Anita Bhavan	Ak Nagar	599d91dc-01dd-4a3c-951c-80f1a054a411	Other
543	8.559309	76.877725	Trial Address	Demo 1	599d91dc-01dd-4a3c-951c-80f1a054a411	Other
822	10.015823	76.341866	Amrit Nivas	Anok Road, PB Nagar	e2132496-93d4-4489-b628-def82aff1dba	Home
545	8.559294	76.877725	Anita Bhavan	Ak Nagar, 123	f72be8bf-b547-4163-983a-b9aae702d7dd	Home
818	8.615339	76.832921	PB Sen Gupta 123	AK Colony	e2132496-93d4-4489-b628-def82aff1dba	Work
547	9.968185	76.318234	Dhavan Residence	MT Nagar	f72be8bf-b547-4163-983a-b9aae702d7dd	Work
824	8.637261	76.840001	Kasur Mehta, 123 2nd floor	Mansion Street	e2132496-93d4-4489-b628-def82aff1dba	Other
551	8.494600	76.941500	Dulcet 13 G	Infopark	1a263d61-4548-467c-b591-8b2e5baa2ad1	home
837	8.562591	76.880229	jcnc	nvnv	1040a658-7b25-4d92-820a-4559204e27ae	Other
841	8.571382	76.886175	anan	bbsb	1040a658-7b25-4d92-820a-4559204e27ae	Other
835	9.966638	76.319269	sjsj	gzgzgsnns	1040a658-7b25-4d92-820a-4559204e27ae	Other
843	8.559311	76.877732	fff	cd	1040a658-7b25-4d92-820a-4559204e27ae	Other
845	9.968197	76.318234	abab	ahahhaj	1040a658-7b25-4d92-820a-4559204e27ae	Other
847	9.968189	76.318234	abc	defgh	b69dfabb-b4ba-4f53-a6b2-407121daad96	Home
849	10.015857	76.341866	dfgdh	shahh	b69dfabb-b4ba-4f53-a6b2-407121daad96	Other
853	9.968195	76.318234	ajah	hahha	b69dfabb-b4ba-4f53-a6b2-407121daad96	Other
566	37.421981	-122.083999	yk	jl;	d13c4f74-8fa0-44a7-be99-b3cacc8d5f6c	Other
567	37.421978	-122.083999	hj	op	d13c4f74-8fa0-44a7-be99-b3cacc8d5f6c	Home
568	37.421981	-122.083999	klh	jhk	d13c4f74-8fa0-44a7-be99-b3cacc8d5f6c	Other
569	37.421980	-122.083999	jk	m,	d13c4f74-8fa0-44a7-be99-b3cacc8d5f6c	Other
570	37.421975	-122.083999	tjktr	t	d13c4f74-8fa0-44a7-be99-b3cacc8d5f6c	Home
576	37.421978	-122.083999	f	e	d13c4f74-8fa0-44a7-be99-b3cacc8d5f6c	Other
577	37.421970	-122.083999	ss	ww	d13c4f74-8fa0-44a7-be99-b3cacc8d5f6c	Work
578	37.421973	-122.083999	nm	n	d13c4f74-8fa0-44a7-be99-b3cacc8d5f6c	Other
579	37.421977	-122.083999	gh	hj	d13c4f74-8fa0-44a7-be99-b3cacc8d5f6c	Home
580	37.421976	-122.083999	khjk	ty	d13c4f74-8fa0-44a7-be99-b3cacc8d5f6c	Home
581	37.421977	-122.083999	yu	kl	d13c4f74-8fa0-44a7-be99-b3cacc8d5f6c	Other
582	37.421998	-122.084000	fvf	g	d13c4f74-8fa0-44a7-be99-b3cacc8d5f6c	Home
583	37.421966	-122.083999	j	yu	d13c4f74-8fa0-44a7-be99-b3cacc8d5f6c	Other
584	37.421973	-122.083999	hj	gj	d13c4f74-8fa0-44a7-be99-b3cacc8d5f6c	Home
585	37.421983	-122.083999	g	g	d13c4f74-8fa0-44a7-be99-b3cacc8d5f6c	Other
586	37.421998	-122.084000	r	ty	d13c4f74-8fa0-44a7-be99-b3cacc8d5f6c	Home
532	9.968200	76.318200	vytila	ads	87ab7283-83ad-41b7-a33b-0315511ab13e	work
855	9.968190	76.318234	abababa	gagah	d9103bdf-f35c-4508-9299-83a9e38a9b94	Other
857	0.000000	0.000000	bBa	hH	bd1e4f0b-3eb2-4c4a-af2c-addd6d847d55	Other
859	9.968195	76.318234	mV	jfjf	e9c5d93a-8db6-48e4-be81-83dbb73a0ee3	Other
861	9.968139	76.318234	Rajaji Road	Divan Lane	983fe460-b38b-430e-add5-6079659c15c2	Home
863	9.978800	76.293600	test	123	291e8c25-0ca8-4ff5-852d-86e40b58bea4	other
865	9.968187	76.318234	Ram Nagar	Rajaji Lane	980c4faa-2d42-465b-a8fc-b8f8e56abe5b	Other
867	10.015848	76.341866	Ankit Bhavan	Aakhri Lane	980c4faa-2d42-465b-a8fc-b8f8e56abe5b	Work
871	9.968144	76.318234	Amar	Nagar	06940c7c-354d-40e4-a96f-c3be6178fdea	Home
826	9.971753	76.322610	Zinha Street	MD Nagar	36ce9ef8-098e-4ee5-8ffc-c6fdc01e2c22	Home
587	37.421998	-122.084000	fd	bm	d13c4f74-8fa0-44a7-be99-b3cacc8d5f6c	Other
792	8.635371	76.837441	znnz	bzbbs	fc201a0b-f00a-4286-964c-a789a6e97ef9	Other
589	37.421974	-122.083999	sh	ui	d13c4f74-8fa0-44a7-be99-b3cacc8d5f6c	Home
590	37.421962	-122.083999	sa	m,	d13c4f74-8fa0-44a7-be99-b3cacc8d5f6c	Other
591	37.421969	-122.083999	sn	ms	d13c4f74-8fa0-44a7-be99-b3cacc8d5f6c	Other
592	37.421998	-122.084000	io	nm	d13c4f74-8fa0-44a7-be99-b3cacc8d5f6c	Home
593	37.421978	-122.083999	jk	kl	d13c4f74-8fa0-44a7-be99-b3cacc8d5f6c	Other
594	37.421974	-122.083999	dh	c	d13c4f74-8fa0-44a7-be99-b3cacc8d5f6c	Home
595	37.421969	-122.083999	xg	kl	d13c4f74-8fa0-44a7-be99-b3cacc8d5f6c	Other
596	37.421969	-122.083999	vg	bn	d13c4f74-8fa0-44a7-be99-b3cacc8d5f6c	Home
597	37.421974	-122.083999	vh	h	d13c4f74-8fa0-44a7-be99-b3cacc8d5f6c	Other
598	37.421998	-122.084000	h	nm	d13c4f74-8fa0-44a7-be99-b3cacc8d5f6c	Other
599	37.421998	-122.084000	gh	kl	d13c4f74-8fa0-44a7-be99-b3cacc8d5f6c	Home
600	37.421375	-122.083999	s	h	d13c4f74-8fa0-44a7-be99-b3cacc8d5f6c	Other
601	24.127257	-112.511865	fg	b	d13c4f74-8fa0-44a7-be99-b3cacc8d5f6c	Other
602	37.421967	-122.083999	cv	bn	d13c4f74-8fa0-44a7-be99-b3cacc8d5f6c	Other
603	37.421985	-122.083999	NB	N	d13c4f74-8fa0-44a7-be99-b3cacc8d5f6c	Other
604	37.421998	-122.084000	1	1	d13c4f74-8fa0-44a7-be99-b3cacc8d5f6c	Other
605	37.421977	-122.083999	G	H	d13c4f74-8fa0-44a7-be99-b3cacc8d5f6c	Other
606	37.421975	-122.083999	2	2	d13c4f74-8fa0-44a7-be99-b3cacc8d5f6c	Home
607	37.421975	-122.083999	5	3	d13c4f74-8fa0-44a7-be99-b3cacc8d5f6c	Other
608	37.421974	-122.083999	hd	cm	d13c4f74-8fa0-44a7-be99-b3cacc8d5f6c	Home
609	37.421966	-122.083999	g	h	d13c4f74-8fa0-44a7-be99-b3cacc8d5f6c	Other
610	37.421981	-122.083999	f	h	d13c4f74-8fa0-44a7-be99-b3cacc8d5f6c	Other
611	37.421871	-122.083999	f	h	d13c4f74-8fa0-44a7-be99-b3cacc8d5f6c	Other
612	37.421862	-122.083999	f	h	d13c4f74-8fa0-44a7-be99-b3cacc8d5f6c	Other
613	37.421789	-122.083999	f	h	d13c4f74-8fa0-44a7-be99-b3cacc8d5f6c	Other
614	37.421779	-122.083999	f	h	d13c4f74-8fa0-44a7-be99-b3cacc8d5f6c	Other
615	37.421749	-122.083999	f	h	d13c4f74-8fa0-44a7-be99-b3cacc8d5f6c	Other
616	37.421703	-122.083999	f	h	d13c4f74-8fa0-44a7-be99-b3cacc8d5f6c	Other
617	37.421697	-122.083999	f	h	d13c4f74-8fa0-44a7-be99-b3cacc8d5f6c	Other
618	37.421675	-122.083999	f	h	d13c4f74-8fa0-44a7-be99-b3cacc8d5f6c	Other
619	37.421980	-122.083999	c	c	d13c4f74-8fa0-44a7-be99-b3cacc8d5f6c	Home
620	37.421867	-122.083999	c	c	d13c4f74-8fa0-44a7-be99-b3cacc8d5f6c	Home
621	37.421844	-122.083999	c	c	d13c4f74-8fa0-44a7-be99-b3cacc8d5f6c	Home
622	37.421998	-122.084000	s	d	d13c4f74-8fa0-44a7-be99-b3cacc8d5f6c	Home
623	37.421973	-122.083999	xcc	e	d13c4f74-8fa0-44a7-be99-b3cacc8d5f6c	Other
624	37.421977	-122.083999	w	s	d13c4f74-8fa0-44a7-be99-b3cacc8d5f6c	Home
625	37.421961	-122.083999	d	s	d13c4f74-8fa0-44a7-be99-b3cacc8d5f6c	Other
626	37.421972	-122.083999	gh	g	d13c4f74-8fa0-44a7-be99-b3cacc8d5f6c	Home
627	37.421966	-122.083999	jkop	h	d13c4f74-8fa0-44a7-be99-b3cacc8d5f6c	Home
628	37.421977	-122.083999	a	aa	d13c4f74-8fa0-44a7-be99-b3cacc8d5f6c	Other
629	37.421998	-122.084000	sq	q	d13c4f74-8fa0-44a7-be99-b3cacc8d5f6c	Other
630	37.421998	-122.084000	sq	q	d13c4f74-8fa0-44a7-be99-b3cacc8d5f6c	Other
631	37.421984	-122.083999	d	d	d13c4f74-8fa0-44a7-be99-b3cacc8d5f6c	Home
632	8.614702	76.834748	xxd	cccc	9bee85e1-bbd4-4660-a6da-25b8354e9043	Other
633	9.968196	76.318234	xdd	dddd	9bee85e1-bbd4-4660-a6da-25b8354e9043	Other
634	8.614698	76.834743	avav	avavs	a76b5fd0-3dab-49ad-8b1d-df7dc7c23953	Other
635	9.968194	76.318234	aggag	gag	a76b5fd0-3dab-49ad-8b1d-df7dc7c23953	Other
636	10.015851	76.341866	abava	ahahah	a76b5fd0-3dab-49ad-8b1d-df7dc7c23953	Other
637	37.421733	-122.083999	ew	z	d13c4f74-8fa0-44a7-be99-b3cacc8d5f6c	Home
638	37.421588	-122.083999	ew	z	d13c4f74-8fa0-44a7-be99-b3cacc8d5f6c	Home
639	37.421453	-122.083999	ew	z	d13c4f74-8fa0-44a7-be99-b3cacc8d5f6c	Home
640	37.421373	-122.083999	ew	z	d13c4f74-8fa0-44a7-be99-b3cacc8d5f6c	Home
641	37.421966	-122.083999	z	z	d13c4f74-8fa0-44a7-be99-b3cacc8d5f6c	Other
642	37.421982	-122.083999	n	k	d13c4f74-8fa0-44a7-be99-b3cacc8d5f6c	Other
643	37.421688	-122.083999	n	k	d13c4f74-8fa0-44a7-be99-b3cacc8d5f6c	Other
644	37.421981	-122.083999	x	v	d13c4f74-8fa0-44a7-be99-b3cacc8d5f6c	Other
645	37.421858	-122.083999	x	v	d13c4f74-8fa0-44a7-be99-b3cacc8d5f6c	Other
646	37.421978	-122.083999	xn	v	d13c4f74-8fa0-44a7-be99-b3cacc8d5f6c	Home
647	37.421632	-122.083999	j	j	d13c4f74-8fa0-44a7-be99-b3cacc8d5f6c	Home
648	10.015842	76.341866	1st cross	layout	d13c4f74-8fa0-44a7-be99-b3cacc8d5f6c	Other
649	10.015853	76.341866	5	hj	d13c4f74-8fa0-44a7-be99-b3cacc8d5f6c	Other
650	9.968190	76.318234	s	s	d13c4f74-8fa0-44a7-be99-b3cacc8d5f6c	Other
651	9.968186	76.318234	s	s	d13c4f74-8fa0-44a7-be99-b3cacc8d5f6c	Other
652	9.968177	76.318234	s	s	d13c4f74-8fa0-44a7-be99-b3cacc8d5f6c	Other
653	9.968145	76.318234	s	s	d13c4f74-8fa0-44a7-be99-b3cacc8d5f6c	Other
654	9.968131	76.318234	s	s	d13c4f74-8fa0-44a7-be99-b3cacc8d5f6c	Other
655	37.421979	-122.083999	d	d	d13c4f74-8fa0-44a7-be99-b3cacc8d5f6c	Other
656	37.421977	-122.083999	hf	fe	d13c4f74-8fa0-44a7-be99-b3cacc8d5f6c	Home
657	37.421974	-122.083999	j	n	d13c4f74-8fa0-44a7-be99-b3cacc8d5f6c	Other
658	37.421973	-122.083999	f	s	d13c4f74-8fa0-44a7-be99-b3cacc8d5f6c	Home
659	37.421981	-122.083999	n	d	d13c4f74-8fa0-44a7-be99-b3cacc8d5f6c	Other
660	37.421979	-122.083999	fhj	fm	d13c4f74-8fa0-44a7-be99-b3cacc8d5f6c	Home
661	37.421998	-122.084000	hj	nm	d13c4f74-8fa0-44a7-be99-b3cacc8d5f6c	Home
662	37.421976	-122.083999	nj	io	d13c4f74-8fa0-44a7-be99-b3cacc8d5f6c	Other
663	37.421981	-122.083999	h	oi	d13c4f74-8fa0-44a7-be99-b3cacc8d5f6c	Home
664	10.015852	76.341866	d	d	d13c4f74-8fa0-44a7-be99-b3cacc8d5f6c	Home
665	37.421981	-122.083999	c	c	d13c4f74-8fa0-44a7-be99-b3cacc8d5f6c	Other
666	37.421981	-122.083999	c	c	d13c4f74-8fa0-44a7-be99-b3cacc8d5f6c	Work
667	37.421969	-122.083999	zz	zz	d13c4f74-8fa0-44a7-be99-b3cacc8d5f6c	Home
668	37.421975	-122.083999	zx	xz	d13c4f74-8fa0-44a7-be99-b3cacc8d5f6c	Home
669	37.421977	-122.083999	hgh	ki	d13c4f74-8fa0-44a7-be99-b3cacc8d5f6c	Other
670	37.421998	-122.084000	cd	cd	d13c4f74-8fa0-44a7-be99-b3cacc8d5f6c	Work
671	10.334946	76.139243	home	1st	d13c4f74-8fa0-44a7-be99-b3cacc8d5f6c	Home
672	37.421998	-122.084000	yh	g	d13c4f74-8fa0-44a7-be99-b3cacc8d5f6c	Other
673	37.421981	-122.083999	nm	nm	d13c4f74-8fa0-44a7-be99-b3cacc8d5f6c	Other
674	37.421998	-122.084000	h	nb	d13c4f74-8fa0-44a7-be99-b3cacc8d5f6c	Home
675	37.421998	-122.084000	bnn	j	d13c4f74-8fa0-44a7-be99-b3cacc8d5f6c	Other
797	8.628866	76.831454	adff	ddfg	23a48bb6-133b-4d01-b28a-7bb26864c991	Other
802	8.628317	76.831550	xxx	cxxx	23a48bb6-133b-4d01-b28a-7bb26864c991	Other
678	10.329365	76.124928	ge	eb	f99512fe-0c9a-41e2-a344-ed652ceb6c8f	Other
679	10.329367	76.124928	ff	ff	f99512fe-0c9a-41e2-a344-ed652ceb6c8f	Other
680	10.329371	76.124928	home	f	f99512fe-0c9a-41e2-a344-ed652ceb6c8f	Other
681	10.329367	76.124928	f	g	bbbd5bd5-7129-4124-91bf-22d09677195d	Other
682	37.421998	-122.084000	je	rj	d13c4f74-8fa0-44a7-be99-b3cacc8d5f6c	Other
683	37.421977	-122.083999	dj	dj	d13c4f74-8fa0-44a7-be99-b3cacc8d5f6c	Home
684	8.614696	76.834751	ahah	shsb	7f55b65f-fce5-4464-ac11-043627fecf15	Other
775	8.657627	76.849882	j b Ed ddd	nnm kxddg	fc201a0b-f00a-4286-964c-a789a6e97ef9	Other
686	8.614667	76.834734	Bsbbs	sbahbs	3f388556-69cf-47ca-ab91-87ff4d578477	Other
687	10.332656	76.137612	gw	w	bbbd5bd5-7129-4124-91bf-22d09677195d	Other
793	8.615355	76.832847	jug	bbb	fc201a0b-f00a-4286-964c-a789a6e97ef9	Work
689	8.614759	76.834820	zhzh	zhsh	78d2e03a-ac71-4feb-bd80-5d87fd9bdbc6	Other
690	37.421967	-122.083999	xxf	cd	d13c4f74-8fa0-44a7-be99-b3cacc8d5f6c	Home
798	8.636350	76.828836	cgff	cghbcd	23a48bb6-133b-4d01-b28a-7bb26864c991	Other
692	8.614705	76.834985	zbbz	svsbbs	8f531855-0498-4240-9828-21792079296c	Other
693	8.614693	76.834749	VB	vV	8f531855-0498-4240-9828-21792079296c	Other
694	8.614700	76.834864	abaha	abavab	8f531855-0498-4240-9828-21792079296c	Other
695	8.614613	76.834824	fvvvvv	vvvv	1925c586-9a99-4746-8f16-dba15457bf04	Other
696	8.614693	76.834749	sggs	ffsf	87624f65-5f4f-4e30-9912-22558c88d3b3	Other
803	8.625465	76.829733	bccx	xsz	23a48bb6-133b-4d01-b28a-7bb26864c991	Other
807	9.968197	76.318234	xccbh	xzzfv	23a48bb6-133b-4d01-b28a-7bb26864c991	Other
699	8.614702	76.834746	cgv	ccc	87624f65-5f4f-4e30-9912-22558c88d3b3	Other
700	8.614694	76.834746	gvcccf	vfghg	24b90bc1-56bf-48d4-98ed-b4a9b187c1ce	Other
810	8.625804	76.833020	xgg	xfgg	23a48bb6-133b-4d01-b28a-7bb26864c991	Other
702	8.614783	76.834492	agag	shsh	3739d4e2-7e41-4c43-9236-d7dbe3ffa73d	Other
813	8.615353	76.832859	jfjf	jfjffjfn	23a48bb6-133b-4d01-b28a-7bb26864c991	Other
815	8.626604	76.836126	ng	fjnffbf	23a48bb6-133b-4d01-b28a-7bb26864c991	Other
1068	12.971594	77.594600	fht	gytt	45696072-b4a6-4157-9fa5-fd74a9e8b204	Other
706	8.627421	76.837169	dggg	cfss	24b90bc1-56bf-48d4-98ed-b4a9b187c1ce	Other
707	8.614703	76.834738	bffv	ccc	a21a3fe6-0719-449e-977a-5b0a3699a574	Other
709	8.614680	76.834745	absbhw	gagah	63c05dd2-32b8-4d00-ba41-4bb5183b8ad9	Other
711	8.624007	76.837566	abh	ajj	63c05dd2-32b8-4d00-ba41-4bb5183b8ad9	Other
1079	9.954172	76.302398	aaaa	aaaaa	36ce9ef8-098e-4ee5-8ffc-c6fdc01e2c22	Other
823	9.237461	76.702625	Surekha Manzil	Sk Lane 2nd Street	e2132496-93d4-4489-b628-def82aff1dba	Other
825	8.628304	76.834691	Jithya Nivas	Murukkumpuzha P.O	e2132496-93d4-4489-b628-def82aff1dba	Other
719	8.614692	76.834747	abab	ahabab	3f4d6a40-e73f-4868-a40c-350326d61fe1	Other
720	8.614692	76.834745	bab	abah	3f4d6a40-e73f-4868-a40c-350326d61fe1	Other
873	8.584576	76.879560	Anikha Manzoor	BV Road	06940c7c-354d-40e4-a96f-c3be6178fdea	Home
874	8.552400	76.886800	not original	mot	1d4246f9-9f8c-40a1-99c3-97a1733ffeb7	other
875	9.968200	76.318200	Dulcet 13 G	Olive	8f46b505-02e6-42d9-84b2-8efafe705d43	other
852	8.559283	76.877738	ajah	hahha	b69dfabb-b4ba-4f53-a6b2-407121daad96	Other
838	9.968197	76.318234	demo	trial	1040a658-7b25-4d92-820a-4559204e27ae	Work
741	8.614682	76.834742	Demo	Trial 1	1e6e3897-14c5-467e-9397-56260d791fbf	Other
840	8.559306	76.877728	Anita	Nivas	1040a658-7b25-4d92-820a-4559204e27ae	Home
848	8.559313	76.877716	dfgdh	shahhnana	b69dfabb-b4ba-4f53-a6b2-407121daad96	Other
842	10.015858	76.341866	sbsb	dbdb	1040a658-7b25-4d92-820a-4559204e27ae	Home
844	9.968197	76.318234	fff	cd	1040a658-7b25-4d92-820a-4559204e27ae	Other
854	9.969200	76.321700	test address	ss	87ab7283-83ad-41b7-a33b-0315511ab13e	other
713	10.015854	76.341866	Trial 1	Demo address	60012093-e969-494c-8a5a-4f47724e4fe7	Other
708	9.966637	76.319269	Ram Nagar	East Station road	60012093-e969-494c-8a5a-4f47724e4fe7	Work
730	10.328423	76.129217	h	b	068c7032-b0fc-4f0a-8f5f-1b524ad2d416	Other
731	10.328424	76.129217	d	d	068c7032-b0fc-4f0a-8f5f-1b524ad2d416	Other
732	10.015856	76.341866	ja	s	068c7032-b0fc-4f0a-8f5f-1b524ad2d416	Work
733	10.328428	76.129217	vv	bb	068c7032-b0fc-4f0a-8f5f-1b524ad2d416	Other
734	10.328426	76.129217	js	s	068c7032-b0fc-4f0a-8f5f-1b524ad2d416	Other
735	10.328422	76.129217	js	hs	068c7032-b0fc-4f0a-8f5f-1b524ad2d416	Other
736	10.328391	76.129217	g	g	068c7032-b0fc-4f0a-8f5f-1b524ad2d416	Other
737	10.329142	76.135800	sb	ns	068c7032-b0fc-4f0a-8f5f-1b524ad2d416	Other
743	10.015850	76.341866	Virgos Aminity Hall	St. Patrick church road	60012093-e969-494c-8a5a-4f47724e4fe7	Work
856	8.559263	76.877758	BB	Bb	d9103bdf-f35c-4508-9299-83a9e38a9b94	Other
858	8.559252	76.877741	mV	jfjf	e9c5d93a-8db6-48e4-be81-83dbb73a0ee3	Other
729	10.017092	76.345879	jjjj	f	068c7032-b0fc-4f0a-8f5f-1b524ad2d416	Work
738	10.328550	76.130002	d	g ko	068c7032-b0fc-4f0a-8f5f-1b524ad2d416	Home
862	9.969200	76.321700	test address	test	291e8c25-0ca8-4ff5-852d-86e40b58bea4	home
864	8.552400	76.886800	111	111	1d4246f9-9f8c-40a1-99c3-97a1733ffeb7	other
866	8.559308	76.877734	Amravati	Sivas Road	980c4faa-2d42-465b-a8fc-b8f8e56abe5b	Home
868	8.566620	76.884850	Sample Address	Anokh Villa	980c4faa-2d42-465b-a8fc-b8f8e56abe5b	Work
870	9.968193	76.318234	Trial Address 2	Anita Manzil	980c4faa-2d42-465b-a8fc-b8f8e56abe5b	Other
748	8.614716	76.834703	abhh	zbbz	6db62b09-24ae-4a8a-b84f-ae4a9c16ee7e	Other
749	10.015841	76.341866	snshh	ansjsjxnznn	6db62b09-24ae-4a8a-b84f-ae4a9c16ee7e	Other
751	8.629427	76.836711	zhbs	gsh	6db62b09-24ae-4a8a-b84f-ae4a9c16ee7e	Other
750	8.640180	76.839008	zbsb	absbansn	6db62b09-24ae-4a8a-b84f-ae4a9c16ee7e	Other
752	8.614716	76.834792	san	bab	6db62b09-24ae-4a8a-b84f-ae4a9c16ee7e	Other
872	8.559305	76.877727	Bhut Sundar	Mehta Residence	06940c7c-354d-40e4-a96f-c3be6178fdea	Other
876	9.968200	76.318200	3rd Floor	Carnival	8f46b505-02e6-42d9-84b2-8efafe705d43	work
881	9.968195	76.318234	abc	efg	980c4faa-2d42-465b-a8fc-b8f8e56abe5b	Other
882	10.015858	76.341866	sbbs	ssbsb	980c4faa-2d42-465b-a8fc-b8f8e56abe5b	Work
869	8.593023	76.885198	Trial Address	Anita Manzil	980c4faa-2d42-465b-a8fc-b8f8e56abe5b	Work
883	8.559310	76.877713	m mb	k vk	980c4faa-2d42-465b-a8fc-b8f8e56abe5b	Other
885	8.559291	76.877725	abc	def	7ed0f463-befc-405c-bc74-a8a89ad6ddf3	Other
886	9.968191	76.318234	avsvgs	gahhaha	e594141d-cbdd-4d37-afa9-3b7abd4712a0	Work
887	10.015852	76.341866	anHha	Nahaj	e594141d-cbdd-4d37-afa9-3b7abd4712a0	Home
888	9.968195	76.318234	zgg	cccc	451f51a3-f926-4ccf-be40-c61d468ec453	Work
889	8.559311	76.877720	drr	xxx	451f51a3-f926-4ccf-be40-c61d468ec453	Home
763	10.015855	76.341866	demo 12	address2	fc201a0b-f00a-4286-964c-a789a6e97ef9	Other
890	0.000000	0.000000	bb	vgg	9433fac8-1c79-41c7-86de-72efaf545453	Work
740	8.622169	76.860743	Trial Address	Demo 1	36ce9ef8-098e-4ee5-8ffc-c6fdc01e2c22	Other
764	8.675519	76.847170	snsnhx	xnxnnzbzbb	fc201a0b-f00a-4286-964c-a789a6e97ef9	Other
891	9.968196	76.318234	bhh	bgff	9433fac8-1c79-41c7-86de-72efaf545453	Other
1069	10.012667	76.362873	ggth	എറ grgrg	45696072-b4a6-4157-9fa5-fd74a9e8b204	Other
893	8.559304	76.877726	aaaaa	bbbbbbb	9433fac8-1c79-41c7-86de-72efaf545453	Work
1075	8.559306	76.877703	ddd	zdf	bebd9c5b-4ce3-4c67-ae19-871b1d57fade	Other
1080	9.986483	76.310838	thammanam	shdhhd	36ce9ef8-098e-4ee5-8ffc-c6fdc01e2c22	Other
896	0.000000	0.000000	hdvb	ff	b0ba857a-4717-473d-ad37-1a60ec766601	Work
897	10.015856	76.341866	ttttt	ttttttt	9433fac8-1c79-41c7-86de-72efaf545453	Home
898	9.968195	76.318234	Fffffff	yyyyy	9433fac8-1c79-41c7-86de-72efaf545453	Work
899	8.559026	76.877707	zx	zxxx	9433fac8-1c79-41c7-86de-72efaf545453	Other
900	8.559303	76.877716	nfxnf	.g,mgz	9433fac8-1c79-41c7-86de-72efaf545453	Work
901	8.564296	76.883754	ehzhzr	he,zeh	9433fac8-1c79-41c7-86de-72efaf545453	Work
902	8.559295	76.877704	xffg	cfg	9433fac8-1c79-41c7-86de-72efaf545453	Other
903	8.559305	76.877708	fjz	tik	9433fac8-1c79-41c7-86de-72efaf545453	Other
904	9.968199	76.318235	hafagah	gsgshssb	0f113c50-54e7-4a30-9ffa-9423d0d584ca	Work
905	11.050976	76.071097	ihh	fdgj	0f113c50-54e7-4a30-9ffa-9423d0d584ca	Home
906	9.968193	76.318234	demo address	flat 333	db12a4b8-948b-43fc-b06c-960004ddeb14	Work
907	10.015855	76.341866	trial Address 2	flat 4455	db12a4b8-948b-43fc-b06c-960004ddeb14	Home
908	8.559291	76.877717	hcc	uc	db12a4b8-948b-43fc-b06c-960004ddeb14	Other
912	9.968191	76.318234	gjvb	hfijg	f3488fb0-26fa-4faf-b8cd-364d4c67daf8	Work
957	10.015855	76.341866	hdhd	heheh	bc9abe2b-28f6-4f06-a7fa-909b570415fc	Other
958	10.015856	76.341866	hgss	gsgs	c0b7aaf3-6c82-44bb-9b38-00ef99cb81db	Other
959	12.971593	77.594600	jebbshs	jgsgswg	b2399dea-a654-4f31-981b-8a5caed86ff1	Other
960	12.971587	77.594600	heheh	bsbsb	c5ad2484-59d9-4d0d-aad5-7d993fb9664b	Other
911	9.768237	76.500183	vettath	jouse	f3488fb0-26fa-4faf-b8cd-364d4c67daf8	Work
961	12.971571	77.594600	gy	tt	b9c61ee0-c718-422e-886c-355cf3baffe0	Other
919	8.559275	76.877707	sbsb	sbsb	94b13bb2-9a84-461d-8649-263995b01900	Other
920	9.968189	76.318234	abc	efg	94b13bb2-9a84-461d-8649-263995b01900	Home
921	8.559342	76.877659	ansh	svsv	94b13bb2-9a84-461d-8649-263995b01900	Other
922	8.559306	76.877710	fdfhh	eee	acf2a7dc-353f-4f0f-9b52-2db8b0160992	Other
923	9.931200	76.267300	aaa	1111111	d3763de8-bff6-4f5e-a329-57bf77016836	other
962	8.614694	76.834739	bb	hh	639650f8-e5e1-45cf-a544-855e3a98904f	Other
963	12.973037	77.597684	abc	defg	95970a45-74d9-487d-9fdd-6fdf345f4720	Other
964	12.971596	77.594600	yyuyy	ggghh	95970a45-74d9-487d-9fdd-6fdf345f4720	Work
965	12.971598	77.594600	ccc	cc	9717b4c3-a11c-4cc0-baea-d91200d2fe53	Other
966	8.614699	76.834740	ff	xd	9717b4c3-a11c-4cc0-baea-d91200d2fe53	Other
967	9.968193	76.318234	Real Address	trial Address	9717b4c3-a11c-4cc0-baea-d91200d2fe53	Work
925	9.991674	76.315786	xddzz	xff	ea2e13bb-0375-412e-8b78-efe6e1f21b49	Other
924	8.625448	76.859288	abc	dff	ea2e13bb-0375-412e-8b78-efe6e1f21b49	Other
926	8.559300	76.877728	zzxz	aaa	ea2e13bb-0375-412e-8b78-efe6e1f21b49	Other
927	8.559305	76.877721	vff	dddd	ea2e13bb-0375-412e-8b78-efe6e1f21b49	Home
928	8.559306	76.877712	dxx	cddd	ea2e13bb-0375-412e-8b78-efe6e1f21b49	Other
929	8.552400	76.886800	111	111	7693899d-8f1c-4571-9f49-97252edfb4b6	home
930	9.969200	76.321700	2222	2222	7693899d-8f1c-4571-9f49-97252edfb4b6	work
931	9.968197	76.318234	sassz	xxxx	ea2e13bb-0375-412e-8b78-efe6e1f21b49	Other
932	8.559288	76.877717	znzn	znzns	80fb0cc0-92c6-4931-beb5-d79dbce08ade	Other
933	8.563159	76.883103	sgsgs	shhshs	ea2e13bb-0375-412e-8b78-efe6e1f21b49	Home
934	10.015856	76.341866	kochi	Aaa	ea2e13bb-0375-412e-8b78-efe6e1f21b49	Home
935	8.552400	76.886800	12 st2	232	315a2640-7cd7-4a04-b475-93f406d90a0b	other
936	9.968200	76.318200	Door  number 589	896	936b6a39-8375-4428-b4df-eb7e5083c65e	work
937	9.968193	76.318234	abcj	ahshsh	325ad0b8-dbac-4297-9677-8dc9ad8703d1	Work
938	8.598563	76.882453	auvvug	uc FY	325ad0b8-dbac-4297-9677-8dc9ad8703d1	Home
940	8.598572	76.882467	VH	hah	61a4b646-df67-4272-9d53-627ae59d85eb	Other
939	9.968190	76.318234	aaa	bbb	61a4b646-df67-4272-9d53-627ae59d85eb	Work
942	8.598578	76.882457	ggg	yyyy	61a4b646-df67-4272-9d53-627ae59d85eb	Other
945	0.000000	0.000000	fxff	ffhh	6e573f46-83c0-434a-9cee-f698eb9a8893	Work
946	9.768134	76.500159	tghtg	tfyu	6e573f46-83c0-434a-9cee-f698eb9a8893	Work
947	9.768139	76.500172	hvv	gfgh	be211054-185d-4104-bfa6-a37306d4f7bd	Other
948	9.968192	76.318234	gayathri	vhj	be211054-185d-4104-bfa6-a37306d4f7bd	Work
949	9.954200	76.302400	hjg	hgjh	f6e99d1b-5778-4254-82e6-81b391fe3b42	other
951	8.614694	76.834742	sdd	zddd	81e3c2f7-602c-47cb-9b3a-e939f01b89d7	Other
952	10.015857	76.341866	abc	defg	81e3c2f7-602c-47cb-9b3a-e939f01b89d7	Work
953	9.986200	76.311500	55555	66666	936b6a39-8375-4428-b4df-eb7e5083c65e	work
954	9.968184	76.318234	Amar Villa	Ambedkar Colony	783136b3-c174-486f-9d38-b92693cc521a	Home
955	8.614743	76.834681	Anita House	Kuzhivila	783136b3-c174-486f-9d38-b92693cc521a	Other
968	8.614696	76.834740	bccj	kgjf	4de5314d-c09a-4ad9-bbe6-435b7519452d	Other
969	8.614706	76.834793	Abvb	ahsh	fc478ada-93cc-4f3d-8a65-a04b86174347	Other
970	12.985906	77.603407	jvvj	jc	fc478ada-93cc-4f3d-8a65-a04b86174347	Other
971	12.971590	77.594600	flat24	flat23	c5ad2484-59d9-4d0d-aad5-7d993fb9664b	Work
972	8.555700	76.883600	11	11	b27b64d3-ed21-4bc6-9ab3-e7ab27f337b5	home
997	12.971595	77.594600	fyu	tui	ad508a10-f810-47bd-aa9a-c1ffa88a2dbd	Work
998	12.971596	77.594600	tyu	tuu	ad508a10-f810-47bd-aa9a-c1ffa88a2dbd	Other
999	12.971597	77.594600	ggu	fgu	ad508a10-f810-47bd-aa9a-c1ffa88a2dbd	Other
1000	12.971592	77.594600	gfff	bjij	ad508a10-f810-47bd-aa9a-c1ffa88a2dbd	Other
1019	9.109400	76.863300	qq	qq	a39066b5-a5cb-4b66-9a73-b6f05d44d1ef	other
1023	9.913600	76.265200	cgfghg	gfh	d000500b-e1f9-46f3-b536-1fef3b643446	other
1024	9.954200	76.302400	hgdh	yjtu	d000500b-e1f9-46f3-b536-1fef3b643446	home
1016	9.954200	76.302400	jhgjh	jhkh	d000500b-e1f9-46f3-b536-1fef3b643446	work
1026	8.382100	77.126000	111	77	87ab7283-83ad-41b7-a33b-0315511ab13e	other
1029	9.979700	76.296500	33333	555555	aa1150aa-82de-48cc-9605-06fb32e52c2f	other
1030	9.979700	76.296500	5464	5353	aa1150aa-82de-48cc-9605-06fb32e52c2f	other
1039	9.978400	76.300400	Sarovaram	Kadavantara	de7ed666-533a-4c8e-bb04-6b3b4dcefb56	home
1048	11.617300	75.991100	dgfdf	ty	d000500b-e1f9-46f3-b536-1fef3b643446	work
1049	11.617300	75.991100	fh	dyft	d000500b-e1f9-46f3-b536-1fef3b643446	home
1056	8.397400	77.131300	1111	1111	e996a531-e941-47ce-81b8-0af54e0a7af1	other
1059	9.995385	76.351461	vvvb	vvg	fbccff28-b8f1-46bc-9ada-748d1a8d1d2c	Other
1060	9.994280	76.351947	gf	fghh	fbccff28-b8f1-46bc-9ada-748d1a8d1d2c	Other
1063	10.015857	76.341866	Abc	shhs	cd386673-0c40-45fc-a8d9-2fcfe19215ac	Work
1070	10.012664	76.362874	efefef	dvdgrg	45696072-b4a6-4157-9fa5-fd74a9e8b204	Other
1064	9.658251	76.351554	nm	nm	bccabea7-1dc5-4ac3-add5-e2d3cde2145c	Other
1076	8.559301	76.877713	cc	xxccc	ed84c626-b973-44ea-ba9d-d7b4ab8530a7	Work
1081	9.948680	76.346362	tripunithara	agsg	36ce9ef8-098e-4ee5-8ffc-c6fdc01e2c22	Other
\.


--
-- Data for Name: accounts_userlocation; Type: TABLE DATA; Schema: public; Owner: postgres
--

COPY public.accounts_userlocation (id, latitude, longitude, created_at, anonymous_id, shop_id, user_id, address_id, is_selected_address) FROM stdin;
348	9.768106	76.500175	2025-01-03 11:11:37.192856+05:30	\N	\N	45696072-b4a6-4157-9fa5-fd74a9e8b204	1077	t
364	8.3974199	77.1312586	2025-01-07 14:33:04.310937+05:30	\N	\N	e996a531-e941-47ce-81b8-0af54e0a7af1	\N	f
374	8.559308	76.877705	2025-01-09 10:47:44.325943+05:30	\N	\N	c9dc39a7-96b0-47a6-893f-57739cbfb9fc	1072	t
378	9.966643099999999	76.3192689	2025-01-09 11:07:48.302912+05:30	850adbad-8a90-494f-a71d-f4908e03f54d	20585010-dc17-44e5-a7cc-375152d62dad	\N	\N	f
349	9.9541744	76.3023978	2025-01-03 11:12:05.943406+05:30	\N	cf03618d-eaf7-4a8d-87ef-9ae17806b6d2	f25deda4-2d76-4328-aed7-7bb515bc5d42	\N	f
365	9.99428	76.351947	2025-01-07 17:17:05.697472+05:30	\N	3bda6216-51f9-4aea-bf57-6d8f1823db74	fbccff28-b8f1-46bc-9ada-748d1a8d1d2c	1060	t
367	10.015857	76.341866	2025-01-08 10:28:20.151712+05:30	\N	3bda6216-51f9-4aea-bf57-6d8f1823db74	cd386673-0c40-45fc-a8d9-2fcfe19215ac	1063	t
357	9.658315	76.351554	2025-01-06 11:47:19.111765+05:30	\N	\N	bccabea7-1dc5-4ac3-add5-e2d3cde2145c	1064	t
371	8.3974199	77.1312586	2025-01-08 14:39:00.414551+05:30	\N	\N	87ab7283-83ad-41b7-a33b-0315511ab13e	\N	f
363	9.9487	76.3464	2025-01-07 11:49:52.623443+05:30	\N	66cc5d03-81a0-46b7-ab24-6417cc8b5b8c	936b6a39-8375-4428-b4df-eb7e5083c65e	479	t
375	8.559295	76.877703	2025-01-09 10:55:26.605388+05:30	\N	\N	fc478ada-93cc-4f3d-8a65-a04b86174347	1073	t
361	10.0158605	76.3418666	2025-01-06 12:37:04.274632+05:30	\N	3bda6216-51f9-4aea-bf57-6d8f1823db74	d000500b-e1f9-46f3-b536-1fef3b643446	\N	f
350	9.971753	76.32261	2025-01-03 11:12:59.854237+05:30	\N	20585010-dc17-44e5-a7cc-375152d62dad	36ce9ef8-098e-4ee5-8ffc-c6fdc01e2c22	826	t
372	8.614694	76.834739	2025-01-08 15:30:13.022412+05:30	\N	\N	639650f8-e5e1-45cf-a544-855e3a98904f	962	t
376	8.559306	76.877703	2025-01-09 10:58:56.331209+05:30	\N	\N	bebd9c5b-4ce3-4c67-ae19-871b1d57fade	1075	t
358	9.9784	76.3004	2025-01-06 12:05:30.852888+05:30	\N	cf03618d-eaf7-4a8d-87ef-9ae17806b6d2	de7ed666-533a-4c8e-bb04-6b3b4dcefb56	1039	t
347	9.9541744	76.3023978	2025-01-03 11:07:37.939172+05:30	\N	cf03618d-eaf7-4a8d-87ef-9ae17806b6d2	971ab77b-5fb6-4c36-9f3f-631c9523fd70	\N	f
351	9.9835	76.2959	2025-01-03 11:15:19.559986+05:30	\N	050f3d05-4610-4899-8d19-1122c80a840b	742e5b82-e205-42ac-8e31-6bbf55fd5d73	315	t
377	8.559301	76.877713	2025-01-09 11:04:31.236299+05:30	\N	\N	ed84c626-b973-44ea-ba9d-d7b4ab8530a7	1076	t
359	10.527608	76.214435	2025-01-06 12:19:19.602248+05:30	\N	\N	0f113c50-54e7-4a30-9ffa-9423d0d584ca	487	t
373	8.5524	76.8868	2025-01-08 17:59:01.467606+05:30	\N	\N	7693899d-8f1c-4571-9f49-97252edfb4b6	929	t
\.


--
-- Data for Name: accounts_users_groups; Type: TABLE DATA; Schema: public; Owner: postgres
--

COPY public.accounts_users_groups (id, users_id, group_id) FROM stdin;
\.


--
-- Data for Name: accounts_users_user_permissions; Type: TABLE DATA; Schema: public; Owner: postgres
--

COPY public.accounts_users_user_permissions (id, users_id, permission_id) FROM stdin;
\.


--
-- Data for Name: auth_group; Type: TABLE DATA; Schema: public; Owner: postgres
--

COPY public.auth_group (id, name) FROM stdin;
\.


--
-- Data for Name: auth_group_permissions; Type: TABLE DATA; Schema: public; Owner: postgres
--

COPY public.auth_group_permissions (id, group_id, permission_id) FROM stdin;
\.


--
-- Data for Name: auth_permission; Type: TABLE DATA; Schema: public; Owner: postgres
--

COPY public.auth_permission (id, name, content_type_id, codename) FROM stdin;
1	Can add log entry	1	add_logentry
2	Can change log entry	1	change_logentry
3	Can delete log entry	1	delete_logentry
4	Can view log entry	1	view_logentry
5	Can add permission	2	add_permission
6	Can change permission	2	change_permission
7	Can delete permission	2	delete_permission
8	Can view permission	2	view_permission
9	Can add group	3	add_group
10	Can change group	3	change_group
11	Can delete group	3	delete_group
12	Can view group	3	view_group
13	Can add content type	4	add_contenttype
14	Can change content type	4	change_contenttype
15	Can delete content type	4	delete_contenttype
16	Can view content type	4	view_contenttype
17	Can add session	5	add_session
18	Can change session	5	change_session
19	Can delete session	5	delete_session
20	Can view session	5	view_session
21	Can add users	6	add_users
22	Can change users	6	change_users
23	Can delete users	6	delete_users
24	Can view users	6	view_users
25	Can add shop	7	add_shop
26	Can change shop	7	change_shop
27	Can delete shop	7	delete_shop
28	Can view shop	7	view_shop
29	Can add bank details	8	add_bankdetails
30	Can change bank details	8	change_bankdetails
31	Can delete bank details	8	delete_bankdetails
32	Can view bank details	8	view_bankdetails
33	Can add product category	9	add_productcategory
34	Can change product category	9	change_productcategory
35	Can delete product category	9	delete_productcategory
36	Can view product category	9	view_productcategory
37	Can add product sub category	10	add_productsubcategory
38	Can change product sub category	10	change_productsubcategory
39	Can delete product sub category	10	delete_productsubcategory
40	Can view product sub category	10	view_productsubcategory
41	Can add products	11	add_products
42	Can change products	11	change_products
43	Can delete products	11	delete_products
44	Can view products	11	view_products
45	Can add sales unit product selection	12	add_salesunitproductselection
46	Can change sales unit product selection	12	change_salesunitproductselection
47	Can delete sales unit product selection	12	delete_salesunitproductselection
48	Can view sales unit product selection	12	view_salesunitproductselection
49	Can add Token	13	add_token
50	Can change Token	13	change_token
51	Can delete Token	13	delete_token
52	Can view Token	13	view_token
53	Can add Token	14	add_tokenproxy
54	Can change Token	14	change_tokenproxy
55	Can delete Token	14	delete_tokenproxy
56	Can view Token	14	view_tokenproxy
57	Can add otp	15	add_otp
58	Can change otp	15	change_otp
59	Can delete otp	15	delete_otp
60	Can view otp	15	view_otp
61	Can add product image	16	add_productimage
62	Can change product image	16	change_productimage
63	Can delete product image	16	delete_productimage
64	Can view product image	16	view_productimage
65	Can add product video	17	add_productvideo
66	Can change product video	17	change_productvideo
67	Can delete product video	17	delete_productvideo
68	Can view product video	17	view_productvideo
69	Can add tags	18	add_tags
70	Can change tags	18	change_tags
71	Can delete tags	18	delete_tags
72	Can view tags	18	view_tags
73	Can add address	19	add_address
74	Can change address	19	change_address
75	Can delete address	19	delete_address
76	Can view address	19	view_address
77	Can add dynamic filtering	20	add_dynamicfiltering
78	Can change dynamic filtering	20	change_dynamicfiltering
79	Can delete dynamic filtering	20	delete_dynamicfiltering
80	Can view dynamic filtering	20	view_dynamicfiltering
81	Can add special list	21	add_speciallist
82	Can change special list	21	change_speciallist
83	Can delete special list	21	delete_speciallist
84	Can view special list	21	view_speciallist
85	Can add sku	22	add_sku
86	Can change sku	22	change_sku
87	Can delete sku	22	delete_sku
88	Can view sku	22	view_sku
89	Can add delivery boys	23	add_deliveryboys
90	Can change delivery boys	23	change_deliveryboys
91	Can delete delivery boys	23	delete_deliveryboys
92	Can view delivery boys	23	view_deliveryboys
93	Can add dropaddress	24	add_dropaddress
94	Can change dropaddress	24	change_dropaddress
95	Can delete dropaddress	24	delete_dropaddress
96	Can view dropaddress	24	view_dropaddress
97	Can add pickupaddress	25	add_pickupaddress
98	Can change pickupaddress	25	change_pickupaddress
99	Can delete pickupaddress	25	delete_pickupaddress
100	Can view pickupaddress	25	view_pickupaddress
101	Can add orders	26	add_orders
102	Can change orders	26	change_orders
103	Can delete orders	26	delete_orders
104	Can view orders	26	view_orders
105	Can add production unit	27	add_productionunit
106	Can change production unit	27	change_productionunit
107	Can delete production unit	27	delete_productionunit
108	Can view production unit	27	view_productionunit
109	Can add order delivery	28	add_orderdelivery
110	Can change order delivery	28	change_orderdelivery
111	Can delete order delivery	28	delete_orderdelivery
112	Can view order delivery	28	view_orderdelivery
113	Can add order products	29	add_orderproducts
114	Can change order products	29	change_orderproducts
115	Can delete order products	29	delete_orderproducts
116	Can view order products	29	view_orderproducts
117	Can add user location	30	add_userlocation
118	Can change user location	30	change_userlocation
119	Can delete user location	30	delete_userlocation
120	Can view user location	30	view_userlocation
121	Can add crontab	31	add_crontabschedule
122	Can change crontab	31	change_crontabschedule
123	Can delete crontab	31	delete_crontabschedule
124	Can view crontab	31	view_crontabschedule
125	Can add interval	32	add_intervalschedule
126	Can change interval	32	change_intervalschedule
127	Can delete interval	32	delete_intervalschedule
128	Can view interval	32	view_intervalschedule
129	Can add periodic task	33	add_periodictask
130	Can change periodic task	33	change_periodictask
131	Can delete periodic task	33	delete_periodictask
132	Can view periodic task	33	view_periodictask
133	Can add periodic task track	34	add_periodictasks
134	Can change periodic task track	34	change_periodictasks
135	Can delete periodic task track	34	delete_periodictasks
136	Can view periodic task track	34	view_periodictasks
137	Can add solar event	35	add_solarschedule
138	Can change solar event	35	change_solarschedule
139	Can delete solar event	35	delete_solarschedule
140	Can view solar event	35	view_solarschedule
141	Can add clocked	36	add_clockedschedule
142	Can change clocked	36	change_clockedschedule
143	Can delete clocked	36	delete_clockedschedule
144	Can view clocked	36	view_clockedschedule
145	Can add cart	37	add_cart
146	Can change cart	37	change_cart
147	Can delete cart	37	delete_cart
148	Can view cart	37	view_cart
149	Can add cart item	38	add_cartitem
150	Can change cart item	38	change_cartitem
151	Can delete cart item	38	delete_cartitem
152	Can view cart item	38	view_cartitem
153	Can add coupons	39	add_coupons
154	Can change coupons	39	change_coupons
155	Can delete coupons	39	delete_coupons
156	Can view coupons	39	view_coupons
157	Can add delivery slot	40	add_deliveryslot
158	Can change delivery slot	40	change_deliveryslot
159	Can delete delivery slot	40	delete_deliveryslot
160	Can view delivery slot	40	view_deliveryslot
161	Can add anonymous session	41	add_anonymoussession
162	Can change anonymous session	41	change_anonymoussession
163	Can delete anonymous session	41	delete_anonymoussession
164	Can view anonymous session	41	view_anonymoussession
165	Can add ads	42	add_ads
166	Can change ads	42	change_ads
167	Can delete ads	42	delete_ads
168	Can view ads	42	view_ads
169	Can add discount	43	add_discount
170	Can change discount	43	change_discount
171	Can delete discount	43	delete_discount
172	Can view discount	43	view_discount
173	Can add payment	44	add_payment
174	Can change payment	44	change_payment
175	Can delete payment	44	delete_payment
176	Can view payment	44	view_payment
177	Can add custom product	45	add_customproduct
178	Can change custom product	45	change_customproduct
179	Can delete custom product	45	delete_customproduct
180	Can view custom product	45	view_customproduct
181	Can add custom product image	46	add_customproductimage
182	Can change custom product image	46	change_customproductimage
183	Can delete custom product image	46	delete_customproductimage
184	Can view custom product image	46	view_customproductimage
185	Can add custom product video	47	add_customproductvideo
186	Can change custom product video	47	change_customproductvideo
187	Can delete custom product video	47	delete_customproductvideo
188	Can view custom product video	47	view_customproductvideo
189	Can add product review	48	add_productreview
190	Can change product review	48	change_productreview
191	Can delete product review	48	delete_productreview
192	Can view product review	48	view_productreview
\.


--
-- Data for Name: django_admin_log; Type: TABLE DATA; Schema: public; Owner: postgres
--

COPY public.django_admin_log (id, action_time, object_id, object_repr, action_flag, change_message, content_type_id, user_id) FROM stdin;
243	2024-12-06 11:30:34.429515+05:30	7f205f7a-6313-47df-bce0-c15b1fb87e8b	 None - None	3		6	ae9d6006-7146-4713-9f32-9dc3fde26e69
244	2024-12-06 11:30:34.429565+05:30	7ebbba04-7f74-4040-b757-54a392569124	@@@@#+++++/*test /*-++-*//)(()test - vgy@gmail.com	3		6	ae9d6006-7146-4713-9f32-9dc3fde26e69
245	2024-12-06 11:30:34.429586+05:30	7d70cc34-6962-4544-b6b2-1049e3e68e60	 None - None	3		6	ae9d6006-7146-4713-9f32-9dc3fde26e69
246	2024-12-06 11:30:34.429605+05:30	7cab7502-f8f5-4c03-a4d6-59ffc8e4bdb9	Neena Joseph - ewr@gmail.com	3		6	ae9d6006-7146-4713-9f32-9dc3fde26e69
247	2024-12-06 11:30:34.429623+05:30	78c5ad03-f3a2-497d-af50-f2275e6c9e1f	 None - None	3		6	ae9d6006-7146-4713-9f32-9dc3fde26e69
248	2024-12-06 11:30:34.42964+05:30	77c800aa-73aa-4897-963b-815facefa84b	 None - None	3		6	ae9d6006-7146-4713-9f32-9dc3fde26e69
249	2024-12-06 11:30:34.429657+05:30	751028e5-1d5f-4559-96c6-e7fd31ca5c2c	 None - None	3		6	ae9d6006-7146-4713-9f32-9dc3fde26e69
250	2024-12-06 11:30:34.429674+05:30	7430b046-8558-4233-ac74-714b065e12fb	 None - None	3		6	ae9d6006-7146-4713-9f32-9dc3fde26e69
251	2024-12-06 11:30:34.429691+05:30	72872e1a-939e-42ff-af22-10e2a220bd2d	Ahammed Sanoob Perayil - dewdew@gmail.com	3		6	ae9d6006-7146-4713-9f32-9dc3fde26e69
252	2024-12-06 11:30:34.429709+05:30	71102c8b-dbc6-45b1-8fa8-b91ab53aa4f5	 None - None	3		6	ae9d6006-7146-4713-9f32-9dc3fde26e69
253	2024-12-06 11:30:34.429726+05:30	70f7d053-ace2-4948-8090-642ed42ae56f	 None - None	3		6	ae9d6006-7146-4713-9f32-9dc3fde26e69
254	2024-12-06 11:30:34.429744+05:30	6ff92a0b-1b06-4e95-beec-610260e8f6c2	Abhi None - abhi@gmail.com	3		6	ae9d6006-7146-4713-9f32-9dc3fde26e69
255	2024-12-06 11:30:34.42976+05:30	6d271286-f7b3-44e2-8131-847517533476	 None - None	3		6	ae9d6006-7146-4713-9f32-9dc3fde26e69
256	2024-12-06 11:30:34.429777+05:30	6ca35645-c36f-4154-8bcf-72f6b9f1a891	 None - None	3		6	ae9d6006-7146-4713-9f32-9dc3fde26e69
257	2024-12-06 11:30:34.429793+05:30	6c9a043b-bfae-4b17-bd6a-51cfe0bd7324	Ahammed Sanoob Perayil - ahammvfded.s@saasvaap.com	3		6	ae9d6006-7146-4713-9f32-9dc3fde26e69
258	2024-12-06 11:30:34.429819+05:30	6c314c2a-2a98-453e-aacb-2081c22f1c31	Arun V VV - iceberg20222@gmail.com	3		6	ae9d6006-7146-4713-9f32-9dc3fde26e69
259	2024-12-06 11:30:34.429837+05:30	6bd6891f-9d29-4ec9-914d-bbc3d31da80a	test us test lastbname - ahammedsanoob.p@gmail.com	3		6	ae9d6006-7146-4713-9f32-9dc3fde26e69
260	2024-12-06 11:30:34.429854+05:30	68c3c6f2-d90a-43c5-bd7a-579c4563bd39	Arun V  V - girijahari087@gmail.com	3		6	ae9d6006-7146-4713-9f32-9dc3fde26e69
261	2024-12-06 11:30:34.42987+05:30	68a7adfb-cd9c-4d63-ae6a-62e639ef3c94	 None - None	3		6	ae9d6006-7146-4713-9f32-9dc3fde26e69
262	2024-12-06 11:30:34.429886+05:30	6487545a-0cd8-4164-9775-fc0931bef256	 None - None	3		6	ae9d6006-7146-4713-9f32-9dc3fde26e69
263	2024-12-06 11:30:34.429902+05:30	60a6852a-c996-4b1e-9703-4948c6f49228	 None - None	3		6	ae9d6006-7146-4713-9f32-9dc3fde26e69
264	2024-12-06 11:30:34.429918+05:30	5d5f82e0-5181-42bd-a552-1349b158efc1	 None - None	3		6	ae9d6006-7146-4713-9f32-9dc3fde26e69
265	2024-12-06 11:30:34.429934+05:30	5b0597d9-c8ee-438e-b0ee-2ee251d3b337	 None - None	3		6	ae9d6006-7146-4713-9f32-9dc3fde26e69
266	2024-12-06 11:30:34.429951+05:30	5ad58f1d-c157-4429-8f2a-80200f74d753	 None - None	3		6	ae9d6006-7146-4713-9f32-9dc3fde26e69
267	2024-12-06 11:30:34.429967+05:30	5abe7463-4c82-41e7-bb28-8db85b967286	 None - None	3		6	ae9d6006-7146-4713-9f32-9dc3fde26e69
268	2024-12-06 11:30:34.429984+05:30	57ff4a0f-0e65-4bf4-a354-e81dc6497595	Mithila M - gly@gmail.com	3		6	ae9d6006-7146-4713-9f32-9dc3fde26e69
269	2024-12-06 11:30:34.430001+05:30	57f3254c-e766-4e5d-9308-2c97386bb33f	Janitest j - gv@gmail.com	3		6	ae9d6006-7146-4713-9f32-9dc3fde26e69
270	2024-12-06 11:30:34.430019+05:30	57eaa11e-c72a-4b87-8439-a7488e95789b	Gayathri G - None	3		6	ae9d6006-7146-4713-9f32-9dc3fde26e69
271	2024-12-06 11:30:34.430035+05:30	5763b258-cd00-4db6-9ad7-98ba3a2254a7	 None - None	3		6	ae9d6006-7146-4713-9f32-9dc3fde26e69
272	2024-12-06 11:30:34.430052+05:30	5678f567-5f95-4a9f-b0b5-e011a4fffb45	 None - None	3		6	ae9d6006-7146-4713-9f32-9dc3fde26e69
273	2024-12-06 11:30:34.430069+05:30	566ca11b-0c59-4bdc-b34f-3832c62f31d4	 None - None	3		6	ae9d6006-7146-4713-9f32-9dc3fde26e69
274	2024-12-06 11:30:34.430086+05:30	561def32-0f2e-4448-84fb-0065e505d4ec	 None - None	3		6	ae9d6006-7146-4713-9f32-9dc3fde26e69
275	2024-12-06 11:30:34.430103+05:30	552aa2c2-98b6-4c21-a1e2-f051d4bd1e02	 None - None	3		6	ae9d6006-7146-4713-9f32-9dc3fde26e69
276	2024-12-06 11:30:34.430121+05:30	54e5f25f-35c7-42dd-9b69-028b92719326	 None - None	3		6	ae9d6006-7146-4713-9f32-9dc3fde26e69
277	2024-12-06 11:30:34.430138+05:30	545eec98-84e6-4ff5-bc94-bd80ea4f3015	first last - vivek.s@saasvaap.com	3		6	ae9d6006-7146-4713-9f32-9dc3fde26e69
278	2024-12-06 11:30:34.430155+05:30	50a6a17d-5ad5-4d8d-ac1f-df53ee918d6f	ahammed Sanoobaa - None	3		6	ae9d6006-7146-4713-9f32-9dc3fde26e69
279	2024-12-06 11:30:34.430172+05:30	4fa67140-c642-4892-a1bc-3267aa9db03c	ssssss ssss - ss@gmail.com	3		6	ae9d6006-7146-4713-9f32-9dc3fde26e69
280	2024-12-06 11:30:34.430189+05:30	4ecdad99-57ae-46ff-a51a-82d6533fc0f7	 None - None	3		6	ae9d6006-7146-4713-9f32-9dc3fde26e69
281	2024-12-06 11:30:34.430206+05:30	4da4f1ab-265e-4f04-a0de-3b28383f3cd7	1 1 - AFG@GMAIL.COM	3		6	ae9d6006-7146-4713-9f32-9dc3fde26e69
282	2024-12-06 11:30:34.430223+05:30	4c5679d2-4533-4acc-976f-bd6272f27d97	Navya bakers-' N - nhdbj@gmail.com	3		6	ae9d6006-7146-4713-9f32-9dc3fde26e69
283	2024-12-06 11:30:34.43024+05:30	4b993ada-ce3a-4ca1-ba7d-219dbf7a3da1	 None - None	3		6	ae9d6006-7146-4713-9f32-9dc3fde26e69
284	2024-12-06 11:30:34.430258+05:30	4a5edfa0-b987-437b-9b44-51de08546ae2	 None - None	3		6	ae9d6006-7146-4713-9f32-9dc3fde26e69
285	2024-12-06 11:30:34.430274+05:30	49e28691-74d9-47c8-8ad8-30b8e7f05e27	 None - None	3		6	ae9d6006-7146-4713-9f32-9dc3fde26e69
286	2024-12-06 11:30:34.430291+05:30	4737646d-b57f-456c-b1ba-12297d94ab6b	Gayathri G - gayathriiiammu@gmail.com	3		6	ae9d6006-7146-4713-9f32-9dc3fde26e69
287	2024-12-06 11:30:34.430308+05:30	46dcd8da-2e9d-4653-9197-5ca2a68588b0	 None - None	3		6	ae9d6006-7146-4713-9f32-9dc3fde26e69
288	2024-12-06 11:30:34.430326+05:30	45ad0af9-77a5-4521-a9af-008c732a6910	jithya a - jithya.i@saasvaap.com	3		6	ae9d6006-7146-4713-9f32-9dc3fde26e69
289	2024-12-06 11:30:34.430343+05:30	45845b57-98ed-4e1d-8be0-b958f67e21e2	 None - None	3		6	ae9d6006-7146-4713-9f32-9dc3fde26e69
290	2024-12-06 11:30:34.43036+05:30	43b05524-93c7-49fc-8be1-0940e6a62487	 None - None	3		6	ae9d6006-7146-4713-9f32-9dc3fde26e69
291	2024-12-06 11:30:34.430377+05:30	423a022f-cde8-42b2-951a-5aaf57cb6f83	 None - None	3		6	ae9d6006-7146-4713-9f32-9dc3fde26e69
292	2024-12-06 11:30:34.430394+05:30	3f97940c-f001-4940-b804-1768cf2a9eeb	gffd126553 fgtrtuikhjhvjlui5987451256894512 - sfre@gmail.com	3		6	ae9d6006-7146-4713-9f32-9dc3fde26e69
293	2024-12-06 11:30:34.43041+05:30	3f2ef7e0-70cf-4c8a-b8be-53a8d85cb058	 None - None	3		6	ae9d6006-7146-4713-9f32-9dc3fde26e69
294	2024-12-06 11:30:34.430427+05:30	3d27f010-6146-4b4d-8413-e5bf32715eb2	 None - None	3		6	ae9d6006-7146-4713-9f32-9dc3fde26e69
295	2024-12-06 11:30:34.430455+05:30	3bedb709-c920-4db6-aef9-6ace77e492da	Ahammed Sanoob Perayil - ahamddswdmed.s@saasvaap.com	3		6	ae9d6006-7146-4713-9f32-9dc3fde26e69
296	2024-12-06 11:30:34.430474+05:30	3a58ea59-38c3-4c3a-a0dc-c3852771d1e6	Somu S - gayathriarun323@gmail.com	3		6	ae9d6006-7146-4713-9f32-9dc3fde26e69
297	2024-12-06 11:30:34.430491+05:30	374224aa-cfa8-4b88-a95e-9dcc0ad13999	Ahammed perayil - drisya.v@saasvaap.com	3		6	ae9d6006-7146-4713-9f32-9dc3fde26e69
298	2024-12-06 11:30:34.430508+05:30	36d393ab-0f43-4e66-a6fa-a5f3783c20bc	 None - None	3		6	ae9d6006-7146-4713-9f32-9dc3fde26e69
299	2024-12-06 11:30:34.430526+05:30	36d1560b-94e9-474a-81ed-5d7e1b01ac23	 None - None	3		6	ae9d6006-7146-4713-9f32-9dc3fde26e69
300	2024-12-06 11:30:34.430542+05:30	3669e855-841a-4622-9605-6e4c86fe72ba	 None - None	3		6	ae9d6006-7146-4713-9f32-9dc3fde26e69
301	2024-12-06 11:30:34.430559+05:30	36683f2d-06aa-4f8a-b239-78ff628f549f	 None - None	3		6	ae9d6006-7146-4713-9f32-9dc3fde26e69
302	2024-12-06 11:30:34.430576+05:30	352c900f-d716-41e3-8a7e-351bd63fa62d	 None - None	3		6	ae9d6006-7146-4713-9f32-9dc3fde26e69
303	2024-12-06 11:30:34.430593+05:30	32c416d6-346e-4060-a2b3-177dd48a6be6	 None - None	3		6	ae9d6006-7146-4713-9f32-9dc3fde26e69
304	2024-12-06 11:30:34.43061+05:30	30544497-ab12-4c9a-8ea1-bb7b7472edde	Amal A - gayathri44444445@gmail.com	3		6	ae9d6006-7146-4713-9f32-9dc3fde26e69
305	2024-12-06 11:30:34.430627+05:30	2dc39113-56ec-4ee5-980e-5e9f574f9a02	test us Perayil - None	3		6	ae9d6006-7146-4713-9f32-9dc3fde26e69
306	2024-12-06 11:30:34.430643+05:30	2d91ba67-fa02-4002-a4bc-668f4331dd58	 None - None	3		6	ae9d6006-7146-4713-9f32-9dc3fde26e69
307	2024-12-06 11:30:34.43066+05:30	2c5b1d65-e47a-44d5-a7a4-36d9f7a655cc	NavyaBakers7895 Bake - hemantikh205@gmail.com	3		6	ae9d6006-7146-4713-9f32-9dc3fde26e69
308	2024-12-06 11:30:34.430677+05:30	2a89c0e6-3f8f-4a44-91f0-a4a63132042d	Ahammed Sanoob Perayil - ahawrwmmed.s@saasvaap.com	3		6	ae9d6006-7146-4713-9f32-9dc3fde26e69
309	2024-12-06 11:30:34.430694+05:30	26ad7016-56a4-4e2f-8046-f0d519518346	 None - None	3		6	ae9d6006-7146-4713-9f32-9dc3fde26e69
310	2024-12-06 11:30:34.43071+05:30	26689a3e-eedd-4df1-8a2f-43252ebfe65a	Arun VV - asd@gmail.com	3		6	ae9d6006-7146-4713-9f32-9dc3fde26e69
311	2024-12-06 11:30:34.430727+05:30	2574fed9-ad15-410f-9b5d-507c751a15ad	 None - None	3		6	ae9d6006-7146-4713-9f32-9dc3fde26e69
312	2024-12-06 11:30:34.430743+05:30	25718455-ab53-42c7-966b-e9b2b99cdb24	 None - None	3		6	ae9d6006-7146-4713-9f32-9dc3fde26e69
313	2024-12-06 11:30:34.43076+05:30	24fbf52c-db0e-4bb7-bd9c-cba84a2ed824	Ahammed Sanoob Perayil - None	3		6	ae9d6006-7146-4713-9f32-9dc3fde26e69
314	2024-12-06 11:30:34.430777+05:30	2494153a-7e34-44e6-9880-68ad56c8bc4e	Neena Joseph - neena.jP@saasvaap.com	3		6	ae9d6006-7146-4713-9f32-9dc3fde26e69
315	2024-12-06 11:30:34.430793+05:30	23316416-28fd-413e-9d86-49ecb1b8996f	 None - None	3		6	ae9d6006-7146-4713-9f32-9dc3fde26e69
316	2024-12-06 11:30:34.43081+05:30	2237dc9d-f2e8-42e8-897b-a7aa6317bbca	 None - None	3		6	ae9d6006-7146-4713-9f32-9dc3fde26e69
317	2024-12-06 11:30:34.430827+05:30	22229231-34f9-4ac6-815c-2cef35ddd09a	 None - None	3		6	ae9d6006-7146-4713-9f32-9dc3fde26e69
318	2024-12-06 11:30:34.430844+05:30	21da3a19-b77c-48ac-bc64-64b4057313db	Arun vv - asdad@mail.com	3		6	ae9d6006-7146-4713-9f32-9dc3fde26e69
319	2024-12-06 11:30:34.430861+05:30	2148a9a3-3410-4032-aeae-7170ac8d8802	 None - None	3		6	ae9d6006-7146-4713-9f32-9dc3fde26e69
320	2024-12-06 11:30:34.430881+05:30	1c638760-89b4-4a3f-9486-82e3e88381e5	Abhi A - None	3		6	ae9d6006-7146-4713-9f32-9dc3fde26e69
321	2024-12-06 11:30:34.430898+05:30	1b75e56b-912c-40a3-8271-46c9b2c06434	a s - ahamsssamed.s@saasvaap.com	3		6	ae9d6006-7146-4713-9f32-9dc3fde26e69
322	2024-12-06 11:30:34.430914+05:30	1b3186d3-43da-4597-a2af-0338a75487c8	Janutest test - bbvgh@gmail.com	3		6	ae9d6006-7146-4713-9f32-9dc3fde26e69
323	2024-12-06 11:30:34.43093+05:30	15e5c8fe-cbea-4520-b895-57bc595699f8	 None - None	3		6	ae9d6006-7146-4713-9f32-9dc3fde26e69
324	2024-12-06 11:30:34.430947+05:30	14618a78-7175-4d77-9b28-8493964fb501	Neena Joseph - neena@gmail.com	3		6	ae9d6006-7146-4713-9f32-9dc3fde26e69
325	2024-12-06 11:30:34.431164+05:30	133f69fb-9567-41d7-945e-1ed7cb6415ab	Ahammed Sanoob Perayil - None	3		6	ae9d6006-7146-4713-9f32-9dc3fde26e69
326	2024-12-06 11:30:34.431195+05:30	0dee3107-4c4b-45a9-b68b-e40d6d6b6a9f	 None - None	3		6	ae9d6006-7146-4713-9f32-9dc3fde26e69
327	2024-12-06 11:30:34.431213+05:30	08da2083-2f85-4c60-a625-05978c548161	 None - None	3		6	ae9d6006-7146-4713-9f32-9dc3fde26e69
328	2024-12-06 11:30:34.43123+05:30	076ea57e-c822-46ba-a0aa-4247e187401e	 None - None	3		6	ae9d6006-7146-4713-9f32-9dc3fde26e69
329	2024-12-06 11:30:34.431247+05:30	044eef95-43fc-4e1d-8af0-6684ad96ac34	Gayathri G - gayathri.g@saasvaap.com	3		6	ae9d6006-7146-4713-9f32-9dc3fde26e69
330	2024-12-06 11:30:34.431263+05:30	029f7802-4811-4443-89a0-9ccbbf661a91	 None - None	3		6	ae9d6006-7146-4713-9f32-9dc3fde26e69
331	2024-12-06 11:30:34.431281+05:30	00d91b6f-3074-41db-bb11-18ce78c8f8ac	Neena Joseph - neena.j@saasvaap.com	3		6	ae9d6006-7146-4713-9f32-9dc3fde26e69
332	2024-12-06 11:47:25.704238+05:30	ae9d6006-7146-4713-9f32-9dc3fde26e69	admin user - admin@navya.com	2	[{"changed": {"fields": ["First name", "Last name", "Status", "User type"]}}]	6	ae9d6006-7146-4713-9f32-9dc3fde26e69
333	2024-12-06 16:42:54.350984+05:30	1	Delivery Boy Manu	2	[{"changed": {"fields": ["Status"]}}]	23	ae9d6006-7146-4713-9f32-9dc3fde26e69
334	2024-12-11 13:51:30.255857+05:30	474	SalesUnitProductSelection object (474)	2	[{"changed": {"fields": ["Status"]}}]	12	ae9d6006-7146-4713-9f32-9dc3fde26e69
335	2025-01-03 11:07:04.848994+05:30	139	4976787867's location	3		30	ae9d6006-7146-4713-9f32-9dc3fde26e69
336	2025-01-03 11:07:04.849049+05:30	138	5541588854's location	3		30	ae9d6006-7146-4713-9f32-9dc3fde26e69
337	2025-01-03 11:07:04.849072+05:30	137	4949496446's location	3		30	ae9d6006-7146-4713-9f32-9dc3fde26e69
338	2025-01-03 11:07:04.849091+05:30	136	5555558885's location	3		30	ae9d6006-7146-4713-9f32-9dc3fde26e69
339	2025-01-03 11:07:04.84911+05:30	135	4949499494's location	3		30	ae9d6006-7146-4713-9f32-9dc3fde26e69
340	2025-01-03 11:07:04.849128+05:30	134	8555555986's location	3		30	ae9d6006-7146-4713-9f32-9dc3fde26e69
341	2025-01-03 11:07:04.849146+05:30	133	9494646466's location	3		30	ae9d6006-7146-4713-9f32-9dc3fde26e69
342	2025-01-03 11:07:04.849164+05:30	132	7875575787's location	3		30	ae9d6006-7146-4713-9f32-9dc3fde26e69
343	2025-01-03 11:07:04.849182+05:30	131	8886688888's location	3		30	ae9d6006-7146-4713-9f32-9dc3fde26e69
344	2025-01-03 11:07:04.8492+05:30	130	7979970484's location	3		30	ae9d6006-7146-4713-9f32-9dc3fde26e69
345	2025-01-03 11:07:04.849218+05:30	129	4949949494's location	3		30	ae9d6006-7146-4713-9f32-9dc3fde26e69
346	2025-01-03 11:07:04.849237+05:30	128	+91 9526029109's location	3		30	ae9d6006-7146-4713-9f32-9dc3fde26e69
347	2025-01-03 11:07:04.849256+05:30	127	4949548484's location	3		30	ae9d6006-7146-4713-9f32-9dc3fde26e69
348	2025-01-03 11:07:04.849275+05:30	126	5448855511's location	3		30	ae9d6006-7146-4713-9f32-9dc3fde26e69
349	2025-01-03 11:07:04.849294+05:30	125	6666669888's location	3		30	ae9d6006-7146-4713-9f32-9dc3fde26e69
350	2025-01-03 11:07:04.849312+05:30	124	9555448444's location	3		30	ae9d6006-7146-4713-9f32-9dc3fde26e69
351	2025-01-03 11:07:04.849329+05:30	123	8845555544's location	3		30	ae9d6006-7146-4713-9f32-9dc3fde26e69
352	2025-01-03 11:07:04.849347+05:30	122	5558756555's location	3		30	ae9d6006-7146-4713-9f32-9dc3fde26e69
353	2025-01-03 11:07:04.849365+05:30	121	9655855888's location	3		30	ae9d6006-7146-4713-9f32-9dc3fde26e69
354	2025-01-03 11:07:04.849383+05:30	120	5855687555's location	3		30	ae9d6006-7146-4713-9f32-9dc3fde26e69
355	2025-01-03 11:07:04.849402+05:30	119	5575844588's location	3		30	ae9d6006-7146-4713-9f32-9dc3fde26e69
356	2025-01-03 11:07:04.849449+05:30	118	2563254123's location	3		30	ae9d6006-7146-4713-9f32-9dc3fde26e69
357	2025-01-03 11:07:04.849472+05:30	117	1234567899's location	3		30	ae9d6006-7146-4713-9f32-9dc3fde26e69
358	2025-01-03 11:07:04.849491+05:30	116	4543458484's location	3		30	ae9d6006-7146-4713-9f32-9dc3fde26e69
359	2025-01-03 11:07:04.84951+05:30	115	8078171617's location	3		30	ae9d6006-7146-4713-9f32-9dc3fde26e69
360	2025-01-03 11:07:04.849528+05:30	114	8523652365's location	3		30	ae9d6006-7146-4713-9f32-9dc3fde26e69
361	2025-01-03 11:07:04.849546+05:30	113	5236523652's location	3		30	ae9d6006-7146-4713-9f32-9dc3fde26e69
362	2025-01-03 11:07:04.849564+05:30	112	8645454364's location	3		30	ae9d6006-7146-4713-9f32-9dc3fde26e69
363	2025-01-03 11:07:04.849582+05:30	111	8558589888's location	3		30	ae9d6006-7146-4713-9f32-9dc3fde26e69
364	2025-01-03 11:07:04.8496+05:30	110	4946649465's location	3		30	ae9d6006-7146-4713-9f32-9dc3fde26e69
365	2025-01-03 11:07:04.84962+05:30	109	9855856688's location	3		30	ae9d6006-7146-4713-9f32-9dc3fde26e69
366	2025-01-03 11:07:04.849637+05:30	108	+91 8965478589's location	3		30	ae9d6006-7146-4713-9f32-9dc3fde26e69
367	2025-01-03 11:07:04.849655+05:30	107	+91 9090909090's location	3		30	ae9d6006-7146-4713-9f32-9dc3fde26e69
368	2025-01-03 11:07:04.849673+05:30	106	2585688888's location	3		30	ae9d6006-7146-4713-9f32-9dc3fde26e69
369	2025-01-03 11:07:04.849692+05:30	105	1234568999's location	3		30	ae9d6006-7146-4713-9f32-9dc3fde26e69
370	2025-01-03 11:07:04.84971+05:30	104	1234567890's location	3		30	ae9d6006-7146-4713-9f32-9dc3fde26e69
371	2025-01-03 11:07:04.849729+05:30	103	7994035508's location	3		30	ae9d6006-7146-4713-9f32-9dc3fde26e69
372	2025-01-03 11:07:04.849746+05:30	102	9846988509's location	3		30	ae9d6006-7146-4713-9f32-9dc3fde26e69
373	2025-01-03 11:07:16.167584+05:30	345	+91 7025456506's location	3		30	ae9d6006-7146-4713-9f32-9dc3fde26e69
374	2025-01-03 11:07:16.167638+05:30	344	+91 8767899877's location	3		30	ae9d6006-7146-4713-9f32-9dc3fde26e69
375	2025-01-03 11:07:16.167659+05:30	343	Anonymous's location	3		30	ae9d6006-7146-4713-9f32-9dc3fde26e69
376	2025-01-03 11:07:16.167679+05:30	342	+91 7994035508's location	3		30	ae9d6006-7146-4713-9f32-9dc3fde26e69
377	2025-01-03 11:07:16.167699+05:30	341	+91 9090909090's location	3		30	ae9d6006-7146-4713-9f32-9dc3fde26e69
378	2025-01-03 11:07:16.167718+05:30	339	Anonymous's location	3		30	ae9d6006-7146-4713-9f32-9dc3fde26e69
379	2025-01-03 11:07:16.167736+05:30	338	Anonymous's location	3		30	ae9d6006-7146-4713-9f32-9dc3fde26e69
380	2025-01-03 11:07:16.167754+05:30	337	Anonymous's location	3		30	ae9d6006-7146-4713-9f32-9dc3fde26e69
381	2025-01-03 11:07:16.167771+05:30	335	Anonymous's location	3		30	ae9d6006-7146-4713-9f32-9dc3fde26e69
382	2025-01-03 11:07:16.167789+05:30	334	Anonymous's location	3		30	ae9d6006-7146-4713-9f32-9dc3fde26e69
383	2025-01-03 11:07:16.167808+05:30	333	Anonymous's location	3		30	ae9d6006-7146-4713-9f32-9dc3fde26e69
384	2025-01-03 11:07:16.167825+05:30	332	Anonymous's location	3		30	ae9d6006-7146-4713-9f32-9dc3fde26e69
385	2025-01-03 11:07:16.167842+05:30	331	Anonymous's location	3		30	ae9d6006-7146-4713-9f32-9dc3fde26e69
386	2025-01-03 11:07:16.167859+05:30	330	Anonymous's location	3		30	ae9d6006-7146-4713-9f32-9dc3fde26e69
387	2025-01-03 11:07:16.167878+05:30	329	Anonymous's location	3		30	ae9d6006-7146-4713-9f32-9dc3fde26e69
388	2025-01-03 11:07:16.167896+05:30	328	Anonymous's location	3		30	ae9d6006-7146-4713-9f32-9dc3fde26e69
389	2025-01-03 11:07:16.167914+05:30	327	Anonymous's location	3		30	ae9d6006-7146-4713-9f32-9dc3fde26e69
390	2025-01-03 11:07:16.167934+05:30	326	+91 9496134703's location	3		30	ae9d6006-7146-4713-9f32-9dc3fde26e69
391	2025-01-03 11:07:16.167951+05:30	325	Anonymous's location	3		30	ae9d6006-7146-4713-9f32-9dc3fde26e69
392	2025-01-03 11:07:16.167968+05:30	324	Anonymous's location	3		30	ae9d6006-7146-4713-9f32-9dc3fde26e69
393	2025-01-03 11:07:16.167987+05:30	323	+91 7025456509's location	3		30	ae9d6006-7146-4713-9f32-9dc3fde26e69
394	2025-01-03 11:07:16.168006+05:30	322	7523652365's location	3		30	ae9d6006-7146-4713-9f32-9dc3fde26e69
395	2025-01-03 11:07:16.168024+05:30	319	Anonymous's location	3		30	ae9d6006-7146-4713-9f32-9dc3fde26e69
396	2025-01-03 11:07:16.168042+05:30	318	Anonymous's location	3		30	ae9d6006-7146-4713-9f32-9dc3fde26e69
397	2025-01-03 11:07:16.168061+05:30	317	+91 7025456577's location	3		30	ae9d6006-7146-4713-9f32-9dc3fde26e69
398	2025-01-03 11:07:16.168079+05:30	316	Anonymous's location	3		30	ae9d6006-7146-4713-9f32-9dc3fde26e69
399	2025-01-03 11:07:16.168098+05:30	315	Anonymous's location	3		30	ae9d6006-7146-4713-9f32-9dc3fde26e69
400	2025-01-03 11:07:16.168115+05:30	314	Anonymous's location	3		30	ae9d6006-7146-4713-9f32-9dc3fde26e69
401	2025-01-03 11:07:16.168133+05:30	313	Anonymous's location	3		30	ae9d6006-7146-4713-9f32-9dc3fde26e69
402	2025-01-03 11:07:16.168153+05:30	312	Anonymous's location	3		30	ae9d6006-7146-4713-9f32-9dc3fde26e69
403	2025-01-03 11:07:16.168172+05:30	311	+91 9988298973's location	3		30	ae9d6006-7146-4713-9f32-9dc3fde26e69
404	2025-01-03 11:07:16.16819+05:30	310	Anonymous's location	3		30	ae9d6006-7146-4713-9f32-9dc3fde26e69
405	2025-01-03 11:07:16.168209+05:30	309	Anonymous's location	3		30	ae9d6006-7146-4713-9f32-9dc3fde26e69
406	2025-01-03 11:07:16.168227+05:30	308	Anonymous's location	3		30	ae9d6006-7146-4713-9f32-9dc3fde26e69
407	2025-01-03 11:07:16.168245+05:30	307	Anonymous's location	3		30	ae9d6006-7146-4713-9f32-9dc3fde26e69
408	2025-01-03 11:07:16.168262+05:30	306	Anonymous's location	3		30	ae9d6006-7146-4713-9f32-9dc3fde26e69
409	2025-01-03 11:07:16.16828+05:30	305	4854646484's location	3		30	ae9d6006-7146-4713-9f32-9dc3fde26e69
410	2025-01-03 11:07:16.168299+05:30	304	9579759759's location	3		30	ae9d6006-7146-4713-9f32-9dc3fde26e69
411	2025-01-03 11:07:16.168318+05:30	303	9255695425's location	3		30	ae9d6006-7146-4713-9f32-9dc3fde26e69
412	2025-01-03 11:07:16.168338+05:30	302	8654558774's location	3		30	ae9d6006-7146-4713-9f32-9dc3fde26e69
413	2025-01-03 11:07:16.168356+05:30	301	8868000000's location	3		30	ae9d6006-7146-4713-9f32-9dc3fde26e69
414	2025-01-03 11:07:16.168375+05:30	300	6325632563's location	3		30	ae9d6006-7146-4713-9f32-9dc3fde26e69
415	2025-01-03 11:07:16.168395+05:30	299	9632541253's location	3		30	ae9d6006-7146-4713-9f32-9dc3fde26e69
416	2025-01-03 11:07:16.168413+05:30	298	6325425236's location	3		30	ae9d6006-7146-4713-9f32-9dc3fde26e69
417	2025-01-03 11:07:16.168446+05:30	297	9632523659's location	3		30	ae9d6006-7146-4713-9f32-9dc3fde26e69
418	2025-01-03 11:07:16.168463+05:30	296	Anonymous's location	3		30	ae9d6006-7146-4713-9f32-9dc3fde26e69
419	2025-01-03 11:07:16.168482+05:30	295	7976488484's location	3		30	ae9d6006-7146-4713-9f32-9dc3fde26e69
420	2025-01-03 11:07:16.1685+05:30	294	Anonymous's location	3		30	ae9d6006-7146-4713-9f32-9dc3fde26e69
421	2025-01-03 11:07:16.168519+05:30	293	8464458745's location	3		30	ae9d6006-7146-4713-9f32-9dc3fde26e69
422	2025-01-03 11:07:16.168536+05:30	292	Anonymous's location	3		30	ae9d6006-7146-4713-9f32-9dc3fde26e69
423	2025-01-03 11:07:16.168555+05:30	291	+91 9496134777's location	3		30	ae9d6006-7146-4713-9f32-9dc3fde26e69
424	2025-01-03 11:07:16.168572+05:30	290	Anonymous's location	3		30	ae9d6006-7146-4713-9f32-9dc3fde26e69
425	2025-01-03 11:07:16.168589+05:30	289	Anonymous's location	3		30	ae9d6006-7146-4713-9f32-9dc3fde26e69
426	2025-01-03 11:07:16.168606+05:30	288	Anonymous's location	3		30	ae9d6006-7146-4713-9f32-9dc3fde26e69
427	2025-01-03 11:07:16.168623+05:30	287	Anonymous's location	3		30	ae9d6006-7146-4713-9f32-9dc3fde26e69
428	2025-01-03 11:07:16.168641+05:30	286	Anonymous's location	3		30	ae9d6006-7146-4713-9f32-9dc3fde26e69
429	2025-01-03 11:07:16.168658+05:30	285	Anonymous's location	3		30	ae9d6006-7146-4713-9f32-9dc3fde26e69
430	2025-01-03 11:07:16.168675+05:30	284	Anonymous's location	3		30	ae9d6006-7146-4713-9f32-9dc3fde26e69
431	2025-01-03 11:07:16.168693+05:30	283	+91 9496134799's location	3		30	ae9d6006-7146-4713-9f32-9dc3fde26e69
432	2025-01-03 11:07:16.168711+05:30	282	Anonymous's location	3		30	ae9d6006-7146-4713-9f32-9dc3fde26e69
433	2025-01-03 11:07:16.168729+05:30	281	Anonymous's location	3		30	ae9d6006-7146-4713-9f32-9dc3fde26e69
434	2025-01-03 11:07:16.168747+05:30	280	Anonymous's location	3		30	ae9d6006-7146-4713-9f32-9dc3fde26e69
435	2025-01-03 11:07:16.168766+05:30	279	5236521452's location	3		30	ae9d6006-7146-4713-9f32-9dc3fde26e69
436	2025-01-03 11:07:16.168785+05:30	278	7994035505's location	3		30	ae9d6006-7146-4713-9f32-9dc3fde26e69
437	2025-01-03 11:07:16.168803+05:30	277	+91 8129462965's location	3		30	ae9d6006-7146-4713-9f32-9dc3fde26e69
438	2025-01-03 11:07:16.168822+05:30	276	4872346481's location	3		30	ae9d6006-7146-4713-9f32-9dc3fde26e69
439	2025-01-03 11:07:16.16884+05:30	275	4875646481's location	3		30	ae9d6006-7146-4713-9f32-9dc3fde26e69
440	2025-01-03 11:07:16.168857+05:30	274	Anonymous's location	3		30	ae9d6006-7146-4713-9f32-9dc3fde26e69
441	2025-01-03 11:07:16.168876+05:30	273	+91 8989898989's location	3		30	ae9d6006-7146-4713-9f32-9dc3fde26e69
442	2025-01-03 11:07:16.168894+05:30	272	Anonymous's location	3		30	ae9d6006-7146-4713-9f32-9dc3fde26e69
443	2025-01-03 11:07:16.168914+05:30	271	+91 9898989898's location	3		30	ae9d6006-7146-4713-9f32-9dc3fde26e69
444	2025-01-03 11:07:16.168932+05:30	270	Anonymous's location	3		30	ae9d6006-7146-4713-9f32-9dc3fde26e69
445	2025-01-03 11:07:16.168951+05:30	269	Anonymous's location	3		30	ae9d6006-7146-4713-9f32-9dc3fde26e69
446	2025-01-03 11:07:16.168969+05:30	268	Anonymous's location	3		30	ae9d6006-7146-4713-9f32-9dc3fde26e69
447	2025-01-03 11:07:16.168986+05:30	267	Anonymous's location	3		30	ae9d6006-7146-4713-9f32-9dc3fde26e69
448	2025-01-03 11:07:16.169004+05:30	266	Anonymous's location	3		30	ae9d6006-7146-4713-9f32-9dc3fde26e69
449	2025-01-03 11:07:16.169021+05:30	265	Anonymous's location	3		30	ae9d6006-7146-4713-9f32-9dc3fde26e69
450	2025-01-03 11:07:16.169041+05:30	264	Anonymous's location	3		30	ae9d6006-7146-4713-9f32-9dc3fde26e69
451	2025-01-03 11:07:16.169059+05:30	263	Anonymous's location	3		30	ae9d6006-7146-4713-9f32-9dc3fde26e69
452	2025-01-03 11:07:16.169076+05:30	262	Anonymous's location	3		30	ae9d6006-7146-4713-9f32-9dc3fde26e69
453	2025-01-03 11:07:16.169093+05:30	261	Anonymous's location	3		30	ae9d6006-7146-4713-9f32-9dc3fde26e69
454	2025-01-03 11:07:16.16911+05:30	260	Anonymous's location	3		30	ae9d6006-7146-4713-9f32-9dc3fde26e69
455	2025-01-03 11:07:16.169127+05:30	259	Anonymous's location	3		30	ae9d6006-7146-4713-9f32-9dc3fde26e69
456	2025-01-03 11:07:16.169144+05:30	258	Anonymous's location	3		30	ae9d6006-7146-4713-9f32-9dc3fde26e69
457	2025-01-03 11:07:16.169162+05:30	257	Anonymous's location	3		30	ae9d6006-7146-4713-9f32-9dc3fde26e69
458	2025-01-03 11:07:16.16918+05:30	256	Anonymous's location	3		30	ae9d6006-7146-4713-9f32-9dc3fde26e69
459	2025-01-03 11:07:16.169197+05:30	255	Anonymous's location	3		30	ae9d6006-7146-4713-9f32-9dc3fde26e69
460	2025-01-03 11:07:16.169215+05:30	254	Anonymous's location	3		30	ae9d6006-7146-4713-9f32-9dc3fde26e69
461	2025-01-03 11:07:16.169232+05:30	253	Anonymous's location	3		30	ae9d6006-7146-4713-9f32-9dc3fde26e69
462	2025-01-03 11:07:16.16925+05:30	252	Anonymous's location	3		30	ae9d6006-7146-4713-9f32-9dc3fde26e69
463	2025-01-03 11:07:16.169267+05:30	251	Anonymous's location	3		30	ae9d6006-7146-4713-9f32-9dc3fde26e69
464	2025-01-03 11:07:16.169284+05:30	250	Anonymous's location	3		30	ae9d6006-7146-4713-9f32-9dc3fde26e69
465	2025-01-03 11:07:16.169303+05:30	249	Anonymous's location	3		30	ae9d6006-7146-4713-9f32-9dc3fde26e69
466	2025-01-03 11:07:16.169322+05:30	248	Anonymous's location	3		30	ae9d6006-7146-4713-9f32-9dc3fde26e69
467	2025-01-03 11:07:16.16934+05:30	247	Anonymous's location	3		30	ae9d6006-7146-4713-9f32-9dc3fde26e69
468	2025-01-03 11:07:16.169358+05:30	246	Anonymous's location	3		30	ae9d6006-7146-4713-9f32-9dc3fde26e69
469	2025-01-03 11:07:16.169377+05:30	245	4975641881's location	3		30	ae9d6006-7146-4713-9f32-9dc3fde26e69
470	2025-01-03 11:07:16.169396+05:30	244	+91 7025456500's location	3		30	ae9d6006-7146-4713-9f32-9dc3fde26e69
471	2025-01-03 11:07:16.169414+05:30	243	8258954448's location	3		30	ae9d6006-7146-4713-9f32-9dc3fde26e69
472	2025-01-03 11:07:16.169446+05:30	242	9541884447's location	3		30	ae9d6006-7146-4713-9f32-9dc3fde26e69
473	2025-01-03 11:07:26.466162+05:30	241	+91 7025456502's location	3		30	ae9d6006-7146-4713-9f32-9dc3fde26e69
474	2025-01-03 11:07:26.466214+05:30	240	4543151669's location	3		30	ae9d6006-7146-4713-9f32-9dc3fde26e69
475	2025-01-03 11:07:26.466238+05:30	239	7852365696's location	3		30	ae9d6006-7146-4713-9f32-9dc3fde26e69
476	2025-01-03 11:07:26.466258+05:30	238	6286297295's location	3		30	ae9d6006-7146-4713-9f32-9dc3fde26e69
477	2025-01-03 11:07:26.466278+05:30	237	7265566985's location	3		30	ae9d6006-7146-4713-9f32-9dc3fde26e69
478	2025-01-03 11:07:26.466297+05:30	236	5684452684's location	3		30	ae9d6006-7146-4713-9f32-9dc3fde26e69
479	2025-01-03 11:07:26.466315+05:30	235	7572431884's location	3		30	ae9d6006-7146-4713-9f32-9dc3fde26e69
480	2025-01-03 11:07:26.466334+05:30	234	8575454245's location	3		30	ae9d6006-7146-4713-9f32-9dc3fde26e69
481	2025-01-03 11:07:26.466351+05:30	233	Anonymous's location	3		30	ae9d6006-7146-4713-9f32-9dc3fde26e69
482	2025-01-03 11:07:26.466369+05:30	232	4524648188's location	3		30	ae9d6006-7146-4713-9f32-9dc3fde26e69
483	2025-01-03 11:07:26.466388+05:30	231	9434545455's location	3		30	ae9d6006-7146-4713-9f32-9dc3fde26e69
484	2025-01-03 11:07:26.466406+05:30	230	+91 7025456503's location	3		30	ae9d6006-7146-4713-9f32-9dc3fde26e69
485	2025-01-03 11:07:26.466465+05:30	229	+91 7025456504's location	3		30	ae9d6006-7146-4713-9f32-9dc3fde26e69
486	2025-01-03 11:07:26.46649+05:30	228	8456789546's location	3		30	ae9d6006-7146-4713-9f32-9dc3fde26e69
487	2025-01-03 11:07:26.46651+05:30	227	4949499181's location	3		30	ae9d6006-7146-4713-9f32-9dc3fde26e69
488	2025-01-03 11:07:26.46653+05:30	226	+91 7025456507's location	3		30	ae9d6006-7146-4713-9f32-9dc3fde26e69
489	2025-01-03 11:07:26.466548+05:30	225	4545161818's location	3		30	ae9d6006-7146-4713-9f32-9dc3fde26e69
490	2025-01-03 11:07:26.466567+05:30	224	4946469181's location	3		30	ae9d6006-7146-4713-9f32-9dc3fde26e69
491	2025-01-03 11:07:26.466586+05:30	223	5757575757's location	3		30	ae9d6006-7146-4713-9f32-9dc3fde26e69
492	2025-01-03 11:07:26.466604+05:30	222	4946455464's location	3		30	ae9d6006-7146-4713-9f32-9dc3fde26e69
493	2025-01-03 11:07:26.466623+05:30	221	8894488444's location	3		30	ae9d6006-7146-4713-9f32-9dc3fde26e69
494	2025-01-03 11:07:26.466642+05:30	220	9754564646's location	3		30	ae9d6006-7146-4713-9f32-9dc3fde26e69
495	2025-01-03 11:07:26.466661+05:30	219	9846646464's location	3		30	ae9d6006-7146-4713-9f32-9dc3fde26e69
496	2025-01-03 11:07:26.466678+05:30	218	5235422244's location	3		30	ae9d6006-7146-4713-9f32-9dc3fde26e69
497	2025-01-03 11:07:26.466696+05:30	217	1234899888's location	3		30	ae9d6006-7146-4713-9f32-9dc3fde26e69
498	2025-01-03 11:07:26.466715+05:30	216	4945466464's location	3		30	ae9d6006-7146-4713-9f32-9dc3fde26e69
499	2025-01-03 11:07:26.466743+05:30	215	4946485434's location	3		30	ae9d6006-7146-4713-9f32-9dc3fde26e69
500	2025-01-03 11:07:26.466762+05:30	214	6577624624's location	3		30	ae9d6006-7146-4713-9f32-9dc3fde26e69
501	2025-01-03 11:07:26.466781+05:30	213	7588444555's location	3		30	ae9d6006-7146-4713-9f32-9dc3fde26e69
502	2025-01-03 11:07:26.466799+05:30	212	7976466494's location	3		30	ae9d6006-7146-4713-9f32-9dc3fde26e69
503	2025-01-03 11:07:26.466818+05:30	211	8854488844's location	3		30	ae9d6006-7146-4713-9f32-9dc3fde26e69
504	2025-01-03 11:07:26.466837+05:30	210	4545464584's location	3		30	ae9d6006-7146-4713-9f32-9dc3fde26e69
505	2025-01-03 11:07:26.466857+05:30	209	8555555558's location	3		30	ae9d6006-7146-4713-9f32-9dc3fde26e69
506	2025-01-03 11:07:26.466877+05:30	208	4676466464's location	3		30	ae9d6006-7146-4713-9f32-9dc3fde26e69
507	2025-01-03 11:07:26.466895+05:30	207	9767679794's location	3		30	ae9d6006-7146-4713-9f32-9dc3fde26e69
508	2025-01-03 11:07:26.466914+05:30	206	8956565556's location	3		30	ae9d6006-7146-4713-9f32-9dc3fde26e69
509	2025-01-03 11:07:26.466932+05:30	205	4846466454's location	3		30	ae9d6006-7146-4713-9f32-9dc3fde26e69
510	2025-01-03 11:07:26.46695+05:30	204	1855987445's location	3		30	ae9d6006-7146-4713-9f32-9dc3fde26e69
511	2025-01-03 11:07:26.466968+05:30	203	7846494594's location	3		30	ae9d6006-7146-4713-9f32-9dc3fde26e69
512	2025-01-03 11:07:26.466986+05:30	202	+91 9496134709's location	3		30	ae9d6006-7146-4713-9f32-9dc3fde26e69
513	2025-01-03 11:07:26.46702+05:30	201	1253958454's location	3		30	ae9d6006-7146-4713-9f32-9dc3fde26e69
514	2025-01-03 11:07:26.467041+05:30	200	1235489084's location	3		30	ae9d6006-7146-4713-9f32-9dc3fde26e69
515	2025-01-03 11:07:26.46706+05:30	199	9526600779's location	3		30	ae9d6006-7146-4713-9f32-9dc3fde26e69
516	2025-01-03 11:07:26.467078+05:30	198	1425363737's location	3		30	ae9d6006-7146-4713-9f32-9dc3fde26e69
517	2025-01-03 11:07:26.467096+05:30	197	1297978405's location	3		30	ae9d6006-7146-4713-9f32-9dc3fde26e69
518	2025-01-03 11:07:26.467114+05:30	196	9526668994's location	3		30	ae9d6006-7146-4713-9f32-9dc3fde26e69
519	2025-01-03 11:07:26.467132+05:30	195	7646764646's location	3		30	ae9d6006-7146-4713-9f32-9dc3fde26e69
520	2025-01-03 11:07:26.46715+05:30	194	9526855655's location	3		30	ae9d6006-7146-4713-9f32-9dc3fde26e69
521	2025-01-03 11:07:26.467168+05:30	193	1237979779's location	3		30	ae9d6006-7146-4713-9f32-9dc3fde26e69
522	2025-01-03 11:07:26.467187+05:30	192	4634645131's location	3		30	ae9d6006-7146-4713-9f32-9dc3fde26e69
523	2025-01-03 11:07:26.467205+05:30	191	4545548484's location	3		30	ae9d6006-7146-4713-9f32-9dc3fde26e69
524	2025-01-03 11:07:26.467234+05:30	190	+91 9496134703's location	3		30	ae9d6006-7146-4713-9f32-9dc3fde26e69
525	2025-01-03 11:07:26.467253+05:30	188	1234678977's location	3		30	ae9d6006-7146-4713-9f32-9dc3fde26e69
526	2025-01-03 11:07:26.467273+05:30	187	1234567777's location	3		30	ae9d6006-7146-4713-9f32-9dc3fde26e69
527	2025-01-03 11:07:26.467291+05:30	186	1234567888's location	3		30	ae9d6006-7146-4713-9f32-9dc3fde26e69
528	2025-01-03 11:07:26.46731+05:30	185	1332233222's location	3		30	ae9d6006-7146-4713-9f32-9dc3fde26e69
529	2025-01-03 11:07:26.467329+05:30	184	2222222222's location	3		30	ae9d6006-7146-4713-9f32-9dc3fde26e69
530	2025-01-03 11:07:26.467348+05:30	183	8566555888's location	3		30	ae9d6006-7146-4713-9f32-9dc3fde26e69
531	2025-01-03 11:07:26.467366+05:30	182	9586587458's location	3		30	ae9d6006-7146-4713-9f32-9dc3fde26e69
532	2025-01-03 11:07:26.467383+05:30	181	4848949484's location	3		30	ae9d6006-7146-4713-9f32-9dc3fde26e69
533	2025-01-03 11:07:26.467401+05:30	180	1112255555's location	3		30	ae9d6006-7146-4713-9f32-9dc3fde26e69
534	2025-01-03 11:07:26.467442+05:30	179	8075124450's location	3		30	ae9d6006-7146-4713-9f32-9dc3fde26e69
535	2025-01-03 11:07:26.46746+05:30	178	8465655588's location	3		30	ae9d6006-7146-4713-9f32-9dc3fde26e69
536	2025-01-03 11:07:26.467478+05:30	177	5555555555's location	3		30	ae9d6006-7146-4713-9f32-9dc3fde26e69
537	2025-01-03 11:07:26.467496+05:30	176	9526680779's location	3		30	ae9d6006-7146-4713-9f32-9dc3fde26e69
538	2025-01-03 11:07:26.467515+05:30	175	8525588852's location	3		30	ae9d6006-7146-4713-9f32-9dc3fde26e69
539	2025-01-03 11:07:26.467533+05:30	174	+91 8965874589's location	3		30	ae9d6006-7146-4713-9f32-9dc3fde26e69
540	2025-01-03 11:07:26.467551+05:30	173	8566588585's location	3		30	ae9d6006-7146-4713-9f32-9dc3fde26e69
541	2025-01-03 11:07:26.467574+05:30	172	4846469484's location	3		30	ae9d6006-7146-4713-9f32-9dc3fde26e69
542	2025-01-03 11:07:26.467592+05:30	171	4543454554's location	3		30	ae9d6006-7146-4713-9f32-9dc3fde26e69
543	2025-01-03 11:07:26.467611+05:30	170	4949464881's location	3		30	ae9d6006-7146-4713-9f32-9dc3fde26e69
544	2025-01-03 11:07:26.467628+05:30	169	+919526029109's location	3		30	ae9d6006-7146-4713-9f32-9dc3fde26e69
545	2025-01-03 11:07:26.467647+05:30	168	8875979549's location	3		30	ae9d6006-7146-4713-9f32-9dc3fde26e69
546	2025-01-03 11:07:26.467666+05:30	167	4946646497's location	3		30	ae9d6006-7146-4713-9f32-9dc3fde26e69
547	2025-01-03 11:07:26.467684+05:30	166	4964466494's location	3		30	ae9d6006-7146-4713-9f32-9dc3fde26e69
548	2025-01-03 11:07:26.467701+05:30	165	9655555555's location	3		30	ae9d6006-7146-4713-9f32-9dc3fde26e69
549	2025-01-03 11:07:26.467718+05:30	164	6564677662's location	3		30	ae9d6006-7146-4713-9f32-9dc3fde26e69
550	2025-01-03 11:07:26.467739+05:30	163	8553655552's location	3		30	ae9d6006-7146-4713-9f32-9dc3fde26e69
551	2025-01-03 11:07:26.467757+05:30	162	6762462545's location	3		30	ae9d6006-7146-4713-9f32-9dc3fde26e69
552	2025-01-03 11:07:26.467776+05:30	161	6875659565's location	3		30	ae9d6006-7146-4713-9f32-9dc3fde26e69
553	2025-01-03 11:07:26.467794+05:30	159	8536655555's location	3		30	ae9d6006-7146-4713-9f32-9dc3fde26e69
554	2025-01-03 11:07:26.467813+05:30	158	8566888856's location	3		30	ae9d6006-7146-4713-9f32-9dc3fde26e69
555	2025-01-03 11:07:26.467831+05:30	157	5515554488's location	3		30	ae9d6006-7146-4713-9f32-9dc3fde26e69
556	2025-01-03 11:07:26.46785+05:30	156	6576356565's location	3		30	ae9d6006-7146-4713-9f32-9dc3fde26e69
557	2025-01-03 11:07:26.467868+05:30	155	4946548484's location	3		30	ae9d6006-7146-4713-9f32-9dc3fde26e69
558	2025-01-03 11:07:26.467886+05:30	154	9856658855's location	3		30	ae9d6006-7146-4713-9f32-9dc3fde26e69
559	2025-01-03 11:07:26.467903+05:30	153	8536588566's location	3		30	ae9d6006-7146-4713-9f32-9dc3fde26e69
560	2025-01-03 11:07:26.467921+05:30	152	5556688533's location	3		30	ae9d6006-7146-4713-9f32-9dc3fde26e69
561	2025-01-03 11:07:26.467939+05:30	151	4948646454's location	3		30	ae9d6006-7146-4713-9f32-9dc3fde26e69
562	2025-01-03 11:07:26.467957+05:30	150	8558885556's location	3		30	ae9d6006-7146-4713-9f32-9dc3fde26e69
563	2025-01-03 11:07:26.467974+05:30	149	5877599999's location	3		30	ae9d6006-7146-4713-9f32-9dc3fde26e69
564	2025-01-03 11:07:26.467992+05:30	148	4686868668's location	3		30	ae9d6006-7146-4713-9f32-9dc3fde26e69
565	2025-01-03 11:07:26.46801+05:30	147	6551584188's location	3		30	ae9d6006-7146-4713-9f32-9dc3fde26e69
566	2025-01-03 11:07:26.46803+05:30	146	1946458454's location	3		30	ae9d6006-7146-4713-9f32-9dc3fde26e69
567	2025-01-03 11:07:26.468048+05:30	145	5236524523's location	3		30	ae9d6006-7146-4713-9f32-9dc3fde26e69
568	2025-01-03 11:07:26.468066+05:30	144	5623652586's location	3		30	ae9d6006-7146-4713-9f32-9dc3fde26e69
569	2025-01-03 11:07:26.468083+05:30	143	8568855588's location	3		30	ae9d6006-7146-4713-9f32-9dc3fde26e69
570	2025-01-03 11:07:26.468105+05:30	142	6886689556's location	3		30	ae9d6006-7146-4713-9f32-9dc3fde26e69
571	2025-01-03 11:07:26.468123+05:30	141	5566555888's location	3		30	ae9d6006-7146-4713-9f32-9dc3fde26e69
572	2025-01-03 11:07:26.46814+05:30	140	5236585666's location	3		30	ae9d6006-7146-4713-9f32-9dc3fde26e69
\.


--
-- Data for Name: django_celery_beat_clockedschedule; Type: TABLE DATA; Schema: public; Owner: postgres
--

COPY public.django_celery_beat_clockedschedule (id, clocked_time) FROM stdin;
\.


--
-- Data for Name: django_celery_beat_crontabschedule; Type: TABLE DATA; Schema: public; Owner: postgres
--

COPY public.django_celery_beat_crontabschedule (id, minute, hour, day_of_week, day_of_month, month_of_year, timezone) FROM stdin;
\.


--
-- Data for Name: django_celery_beat_intervalschedule; Type: TABLE DATA; Schema: public; Owner: postgres
--

COPY public.django_celery_beat_intervalschedule (id, every, period) FROM stdin;
\.


--
-- Data for Name: django_celery_beat_periodictask; Type: TABLE DATA; Schema: public; Owner: postgres
--

COPY public.django_celery_beat_periodictask (id, name, task, args, kwargs, queue, exchange, routing_key, expires, enabled, last_run_at, total_run_count, date_changed, description, crontab_id, interval_id, solar_id, one_off, start_time, priority, headers, clocked_id, expire_seconds) FROM stdin;
\.


--
-- Data for Name: django_celery_beat_periodictasks; Type: TABLE DATA; Schema: public; Owner: postgres
--

COPY public.django_celery_beat_periodictasks (ident, last_update) FROM stdin;
\.


--
-- Data for Name: django_celery_beat_solarschedule; Type: TABLE DATA; Schema: public; Owner: postgres
--

COPY public.django_celery_beat_solarschedule (id, event, latitude, longitude) FROM stdin;
\.


--
-- Data for Name: django_content_type; Type: TABLE DATA; Schema: public; Owner: postgres
--

COPY public.django_content_type (id, app_label, model) FROM stdin;
1	admin	logentry
2	auth	permission
3	auth	group
4	contenttypes	contenttype
5	sessions	session
6	accounts	users
7	shops	shop
8	shops	bankdetails
9	products	productcategory
10	products	productsubcategory
11	products	products
12	products	salesunitproductselection
13	authtoken	token
14	authtoken	tokenproxy
15	accounts	otp
16	products	productimage
17	products	productvideo
18	products	tags
19	accounts	address
20	products	dynamicfiltering
21	products	speciallist
22	products	sku
23	orders	deliveryboys
24	orders	dropaddress
25	orders	pickupaddress
26	orders	orders
27	shops	productionunit
28	orders	orderdelivery
29	orders	orderproducts
30	accounts	userlocation
31	django_celery_beat	crontabschedule
32	django_celery_beat	intervalschedule
33	django_celery_beat	periodictask
34	django_celery_beat	periodictasks
35	django_celery_beat	solarschedule
36	django_celery_beat	clockedschedule
37	orders	cart
38	orders	cartitem
39	orders	coupons
40	orders	deliveryslot
41	accounts	anonymoussession
42	orders	ads
43	orders	discount
44	orders	payment
45	products	customproduct
46	products	customproductimage
47	products	customproductvideo
48	products	productreview
\.


--
-- Data for Name: django_migrations; Type: TABLE DATA; Schema: public; Owner: postgres
--

COPY public.django_migrations (id, app, name, applied) FROM stdin;
1	contenttypes	0001_initial	2024-08-23 14:34:37.390882+05:30
2	contenttypes	0002_remove_content_type_name	2024-08-23 14:34:37.399077+05:30
3	auth	0001_initial	2024-08-23 14:34:37.457289+05:30
4	auth	0002_alter_permission_name_max_length	2024-08-23 14:34:37.463958+05:30
5	auth	0003_alter_user_email_max_length	2024-08-23 14:34:37.470831+05:30
6	auth	0004_alter_user_username_opts	2024-08-23 14:34:37.477811+05:30
7	auth	0005_alter_user_last_login_null	2024-08-23 14:34:37.484806+05:30
8	auth	0006_require_contenttypes_0002	2024-08-23 14:34:37.487386+05:30
9	auth	0007_alter_validators_add_error_messages	2024-08-23 14:34:37.493951+05:30
10	auth	0008_alter_user_username_max_length	2024-08-23 14:34:37.500563+05:30
11	auth	0009_alter_user_last_name_max_length	2024-08-23 14:34:37.507027+05:30
12	auth	0010_alter_group_name_max_length	2024-08-23 14:34:37.514628+05:30
13	auth	0011_update_proxy_permissions	2024-08-23 14:34:37.52319+05:30
14	auth	0012_alter_user_first_name_max_length	2024-08-23 14:34:37.529736+05:30
15	accounts	0001_initial	2024-08-23 14:34:37.588275+05:30
16	admin	0001_initial	2024-08-23 14:34:37.615207+05:30
17	admin	0002_logentry_remove_auto_add	2024-08-23 14:34:37.623674+05:30
18	admin	0003_logentry_add_action_flag_choices	2024-08-23 14:34:37.632633+05:30
19	sessions	0001_initial	2024-08-23 14:34:37.651956+05:30
20	shops	0001_initial	2024-08-23 14:34:37.687521+05:30
21	shops	0002_shop_gst_alter_shop_city_alter_shop_contact_no_and_more	2024-08-26 13:41:06.6608+05:30
22	authtoken	0001_initial	2024-09-02 11:38:50.170948+05:30
23	authtoken	0002_auto_20160226_1747	2024-09-02 11:38:50.217056+05:30
24	authtoken	0003_tokenproxy	2024-09-02 11:38:50.22226+05:30
25	authtoken	0004_alter_tokenproxy_options	2024-09-02 11:38:50.228161+05:30
26	accounts	0002_alter_users_user_type_otp	2024-09-02 11:39:19.820656+05:30
27	shops	0003_bankdetails_created_date_bankdetails_updated_date_and_more	2024-09-02 11:39:19.863681+05:30
28	products	0001_initial	2024-09-02 14:33:42.116383+05:30
29	products	0002_rename_created_at_products_created_date	2024-09-05 11:41:03.735626+05:30
30	accounts	0003_alter_users_email	2024-09-06 16:24:40.220841+05:30
31	products	0003_salesunitproductselection_shop_admin_status_and_more	2024-09-11 10:30:38.931548+05:30
32	products	0004_productcategory_banner_image_productcategory_icon_and_more	2024-09-18 16:48:23.773076+05:30
33	products	0005_alter_salesunitproductselection_shop_admin_status_and_more	2024-09-20 11:41:36.391439+05:30
34	shops	0004_shop_delivery_radius	2024-09-20 11:41:36.420798+05:30
35	accounts	0004_users_email_verified	2024-09-30 14:14:41.249371+05:30
36	products	0006_tags	2024-09-30 14:14:41.342985+05:30
37	accounts	0005_address	2024-10-03 09:51:48.062464+05:30
38	products	0007_tags_icon_dynamicfiltering_speciallist	2024-10-03 09:51:48.18096+05:30
39	accounts	0006_alter_address_unique_together_address_address_type_and_more	2024-10-07 14:01:20.987801+05:30
40	accounts	0007_alter_address_address_type	2024-10-07 14:24:42.083927+05:30
41	accounts	0008_alter_address_address_type	2024-10-10 15:04:18.145639+05:30
42	orders	0001_initial	2024-10-10 15:04:18.273761+05:30
43	products	0008_remove_products_expiry_duration_remove_products_mrp_and_more	2024-10-10 15:04:18.485213+05:30
44	accounts	0009_users_dob_users_gender	2024-10-15 14:42:16.433573+05:30
45	products	0009_remove_salesunitproductselection_product_and_more	2024-10-15 14:42:16.567142+05:30
46	orders	0002_dropaddress_pickupaddress_orders	2024-10-15 14:42:16.688652+05:30
47	shops	0005_productionunit	2024-10-17 15:43:28.405469+05:30
48	orders	0003_orderdelivery_orderproducts_delete_pickupaddress_and_more	2024-10-17 15:43:28.833592+05:30
49	accounts	0010_userlocation	2024-10-24 17:01:03.110961+05:30
50	orders	0004_alter_orderproducts_product	2024-10-24 17:01:03.193743+05:30
51	django_celery_beat	0001_initial	2024-11-01 16:27:29.110732+05:30
52	django_celery_beat	0002_auto_20161118_0346	2024-11-01 16:27:29.139653+05:30
53	django_celery_beat	0003_auto_20161209_0049	2024-11-01 16:27:29.153529+05:30
54	django_celery_beat	0004_auto_20170221_0000	2024-11-01 16:27:29.159697+05:30
55	django_celery_beat	0005_add_solarschedule_events_choices	2024-11-01 16:27:29.168151+05:30
56	django_celery_beat	0006_auto_20180322_0932	2024-11-01 16:27:29.228327+05:30
57	django_celery_beat	0007_auto_20180521_0826	2024-11-01 16:27:29.252115+05:30
58	django_celery_beat	0008_auto_20180914_1922	2024-11-01 16:27:29.294959+05:30
59	django_celery_beat	0006_auto_20180210_1226	2024-11-01 16:27:29.321169+05:30
60	django_celery_beat	0006_periodictask_priority	2024-11-01 16:27:29.334598+05:30
61	django_celery_beat	0009_periodictask_headers	2024-11-01 16:27:29.349315+05:30
62	django_celery_beat	0010_auto_20190429_0326	2024-11-01 16:27:29.607349+05:30
63	django_celery_beat	0011_auto_20190508_0153	2024-11-01 16:27:29.638388+05:30
64	django_celery_beat	0012_periodictask_expire_seconds	2024-11-01 16:27:29.652024+05:30
65	django_celery_beat	0013_auto_20200609_0727	2024-11-01 16:27:29.665709+05:30
66	django_celery_beat	0014_remove_clockedschedule_enabled	2024-11-01 16:27:29.673257+05:30
67	django_celery_beat	0015_edit_solarschedule_events_choices	2024-11-01 16:27:29.679765+05:30
68	django_celery_beat	0016_alter_crontabschedule_timezone	2024-11-01 16:27:29.69393+05:30
69	django_celery_beat	0017_alter_crontabschedule_month_of_year	2024-11-01 16:27:29.705901+05:30
70	django_celery_beat	0018_improve_crontab_helptext	2024-11-01 16:27:29.717288+05:30
71	django_celery_beat	0019_alter_periodictasks_options	2024-11-01 16:27:29.722266+05:30
72	orders	0005_deliveryboys_delivery_boy_status_orders_color_status_and_more	2024-11-04 10:28:33.248353+05:30
73	orders	0006_coupons_deliveryslot	2024-11-14 11:46:31.344991+05:30
74	orders	0007_rename_productid_orderproducts_order_product_id_and_more	2024-11-18 15:08:14.229087+05:30
75	accounts	0011_anonymoussession	2024-11-27 14:21:33.802968+05:30
76	products	0010_productsubcategory_standard_image	2024-11-27 14:21:33.820039+05:30
77	orders	0008_ads_coupons_icon_discount	2024-11-27 14:21:34.018169+05:30
78	accounts	0012_delete_anonymoussession_userlocation_address_and_more	2024-12-03 15:26:08.776409+05:30
79	orders	0009_coupons_discountamount_coupons_discountpercentage_and_more	2024-12-03 15:26:08.921243+05:30
80	orders	0010_remove_deliveryslot_shop	2024-12-04 11:09:18.368429+05:30
81	orders	0011_alter_deliveryslot_end_time_and_more	2024-12-06 13:19:34.294672+05:30
82	orders	0012_payment	2024-12-12 17:11:39.479655+05:30
83	orders	0013_coupons_maxdiscountamountforpercentage	2025-01-03 09:11:23.458603+05:30
84	products	0011_customproduct_customproductimage_customproductvideo	2025-01-03 09:11:23.56938+05:30
85	orders	0014_remove_discount_discounttype_and_more	2025-01-08 09:39:42.012853+05:30
86	products	0012_productreview	2025-01-08 09:39:42.114274+05:30
87	orders	0015_cart_coupon	2025-01-09 11:00:42.691008+05:30
\.


--
-- Data for Name: orders_ads; Type: TABLE DATA; Schema: public; Owner: postgres
--

COPY public.orders_ads (id, "AdTitle", "AdDescription", "AdPlacement", "AdType", "StandardImage", "BannerImage", "AdLink", "AdCommunication", "AdSchedule", created_at) FROM stdin;
1	ADD23@	aDD2356	Bottom,Banner	Coupon Code			https://3.111.122.253:3000/product/Cake01	Email	2025-01-28 12:00:00+05:30	2025-01-01 10:22:42.844429+05:30
\.


--
-- Data for Name: orders_cart; Type: TABLE DATA; Schema: public; Owner: postgres
--

COPY public.orders_cart (id, anonymous_id, created_at, updated_at, user_id, coupon_id) FROM stdin;
1	643dafa7-9c73-4eb9-b9f3-41140f475660	2024-11-04 10:28:40.557698+05:30	2024-11-04 10:28:40.557717+05:30	\N	\N
988	\N	2024-12-12 10:24:02.388636+05:30	2024-12-12 10:24:02.388659+05:30	b6876b99-05f3-4baa-8b1b-930403f0680c	\N
3	5e636337-fcc5-4419-8895-488b4bfed52a	2024-11-04 10:49:58.526619+05:30	2024-11-04 10:49:58.526639+05:30	\N	\N
1004	\N	2024-12-12 13:01:51.563408+05:30	2024-12-12 13:01:51.56343+05:30	a701edb7-cda0-42b8-b926-a268bbd588b5	\N
8	a21475b3-b59a-4704-a021-9bb95a69a444	2024-11-06 12:22:53.415946+05:30	2024-11-06 12:22:53.415969+05:30	\N	\N
9	2a6d36b3-7bb0-4f4e-9aed-cf21d1d7614f	2024-11-06 12:23:04.929474+05:30	2024-11-06 12:23:04.929495+05:30	\N	\N
10	b3b6d94f-1529-4555-bb67-e9100c8a6bc7	2024-11-06 12:24:53.507889+05:30	2024-11-06 12:24:53.507911+05:30	\N	\N
11	c7ffb6bd-5a88-4e9b-818d-bd04919b59d5	2024-11-06 12:25:09.465115+05:30	2024-11-06 12:25:09.465138+05:30	\N	\N
1008	\N	2024-12-12 13:13:08.534654+05:30	2024-12-12 13:13:08.534677+05:30	29f708af-3253-4ca5-80cf-16922a1c37c1	\N
1016	\N	2024-12-12 15:41:16.5489+05:30	2024-12-12 15:41:16.54892+05:30	61d83a88-852f-405e-9dcc-e1bba0a0e556	\N
19	f783db9e-b1d3-45d7-832f-0d0596ea683e	2024-11-11 13:44:36.501349+05:30	2024-11-11 13:44:36.501371+05:30	\N	\N
20	42e466c0-a38d-4b0b-936d-d37914fde490	2024-11-11 13:44:44.940418+05:30	2024-11-11 13:44:44.940437+05:30	\N	\N
21	19c9d8c6-44e1-4ec2-9a7f-a23947ac39ca	2024-11-11 13:44:45.697937+05:30	2024-11-11 13:44:45.697958+05:30	\N	\N
22	4c7d0379-7a94-47f9-9b3e-1611b4be7b6e	2024-11-11 13:44:49.700449+05:30	2024-11-11 13:44:49.700468+05:30	\N	\N
23	5f220df9-5f7f-4c15-ad2e-8338215b1eeb	2024-11-11 13:44:51.593932+05:30	2024-11-11 13:44:51.593952+05:30	\N	\N
24	304c677a-cf05-4f5f-9f2f-cab648b10cce	2024-11-11 13:44:53.104042+05:30	2024-11-11 13:44:53.104065+05:30	\N	\N
25	f23a9829-0cc5-4d1d-9ff6-13f3ef8c4640	2024-11-11 13:44:54.337507+05:30	2024-11-11 13:44:54.337527+05:30	\N	\N
26	a8957980-744f-43ff-8ad1-dab2fc8f8b57	2024-11-11 13:44:54.580309+05:30	2024-11-11 13:44:54.58033+05:30	\N	\N
27	d79de143-1c59-4998-aab4-157982c81749	2024-11-11 13:44:54.861239+05:30	2024-11-11 13:44:54.861259+05:30	\N	\N
28	99be84d7-03f9-451b-ac6d-1e8ea4011415	2024-11-11 13:44:54.861949+05:30	2024-11-11 13:44:54.861963+05:30	\N	\N
29	3970684e-96ce-4ea7-b86d-bcc982dd3aaf	2024-11-11 13:44:54.94003+05:30	2024-11-11 13:44:54.940153+05:30	\N	\N
30	4c5eb0ad-0293-4dcf-b286-452226d5ea1c	2024-11-11 13:44:55.320167+05:30	2024-11-11 13:44:55.320187+05:30	\N	\N
31	b9a7f950-70d1-4e9c-94bf-f16278de1b7e	2024-11-11 13:44:55.320881+05:30	2024-11-11 13:44:55.320896+05:30	\N	\N
32	a281170c-e9ba-4c8f-8219-cdef7ec0fb13	2024-11-11 13:46:13.800002+05:30	2024-11-11 13:46:13.800021+05:30	\N	\N
33	af1df5f9-dff0-453e-b965-23046e0ba77e	2024-11-11 13:46:15.089157+05:30	2024-11-11 13:46:15.089184+05:30	\N	\N
34	3fba76e8-4db7-4cd7-b89a-c3f472ce3017	2024-11-11 13:46:16.914416+05:30	2024-11-11 13:46:16.914437+05:30	\N	\N
35	6ace9d19-df0a-4ddb-8075-d0cf5cfc6584	2024-11-11 13:46:18.816363+05:30	2024-11-11 13:46:18.816383+05:30	\N	\N
36	1dd60b54-b1f5-4f4a-99d3-2c753614fcca	2024-11-11 13:46:19.266267+05:30	2024-11-11 13:46:19.266288+05:30	\N	\N
37	0d59668e-5a41-4e3e-a0b3-9ee7b345e46b	2024-11-11 13:46:19.271565+05:30	2024-11-11 13:46:19.271585+05:30	\N	\N
38	16967093-00c8-466e-ae1d-107bd344d5b8	2024-11-11 13:46:19.327692+05:30	2024-11-11 13:46:19.327712+05:30	\N	\N
39	06b3c406-8761-4d6f-8954-3ae299c801fb	2024-11-11 13:46:19.3413+05:30	2024-11-11 13:46:19.341321+05:30	\N	\N
40	8d9f9ed1-dc53-43d7-8d71-77b0536683aa	2024-11-11 13:46:19.388358+05:30	2024-11-11 13:46:19.388378+05:30	\N	\N
41	11767a36-b34b-4b4f-b5a4-e3ff20d51939	2024-11-11 13:46:19.482259+05:30	2024-11-11 13:46:19.482277+05:30	\N	\N
42	5aa0e660-4f2c-4806-863c-c41b2519f43f	2024-11-11 13:46:19.807269+05:30	2024-11-11 13:46:19.807288+05:30	\N	\N
43	2a4780b9-4489-4cf8-be6b-ff6b8e499f85	2024-11-11 13:46:19.808354+05:30	2024-11-11 13:46:19.808369+05:30	\N	\N
44	f5021bb2-90af-48ae-a70f-7a808839460d	2024-11-11 13:46:19.854462+05:30	2024-11-11 13:46:19.854483+05:30	\N	\N
45	9814d412-91c1-4eeb-9d65-955d71c9cb09	2024-11-11 13:46:19.863534+05:30	2024-11-11 13:46:19.863554+05:30	\N	\N
46	f8c3ee80-080b-4a4a-b9be-f363b63251d1	2024-11-11 13:46:19.918201+05:30	2024-11-11 13:46:19.91822+05:30	\N	\N
47	37fb4fdf-2a80-487a-b5d0-ff8f172ae95b	2024-11-11 13:46:19.931594+05:30	2024-11-11 13:46:19.931614+05:30	\N	\N
48	e21688b9-bc0d-48f6-9271-dfa59c447f4b	2024-11-11 13:46:20.491223+05:30	2024-11-11 13:46:20.491245+05:30	\N	\N
49	8c510495-f4a4-4c61-b8d2-01945ff84c64	2024-11-11 13:46:20.492134+05:30	2024-11-11 13:46:20.492148+05:30	\N	\N
50	b2bce5c9-3dbb-4d80-a6af-616c64a6c9fe	2024-11-11 13:46:20.498739+05:30	2024-11-11 13:46:20.498755+05:30	\N	\N
51	713874d8-0a24-4731-b3d0-18d6b0b58442	2024-11-11 13:46:20.515489+05:30	2024-11-11 13:46:20.515509+05:30	\N	\N
52	8aa57098-63b0-4639-9318-ec118d7a2290	2024-11-11 13:46:20.541568+05:30	2024-11-11 13:46:20.541587+05:30	\N	\N
53	6f96aff4-2d72-4bd5-99e4-31192efb931b	2024-11-11 13:46:20.544903+05:30	2024-11-11 13:46:20.54492+05:30	\N	\N
54	95fd2788-79e6-43bb-a58d-73a2714898b3	2024-11-11 13:46:21.092607+05:30	2024-11-11 13:46:21.092627+05:30	\N	\N
55	c34e0355-ed84-493d-9b1b-b65f4c7d27f9	2024-11-11 13:46:21.107412+05:30	2024-11-11 13:46:21.107431+05:30	\N	\N
56	de05481a-13b5-4fb0-b0cd-5a4996e965d2	2024-11-11 13:46:21.127179+05:30	2024-11-11 13:46:21.127198+05:30	\N	\N
57	9a85ac31-641c-49f8-9304-0e47f617f3d3	2024-11-11 13:46:21.13027+05:30	2024-11-11 13:46:21.130288+05:30	\N	\N
58	e77a4ddb-76e4-410e-b268-58504b062e62	2024-11-11 13:46:21.408889+05:30	2024-11-11 13:46:21.40891+05:30	\N	\N
59	ec4b0114-0dfb-4d7b-85c8-78c4197e74b2	2024-11-11 13:46:21.412285+05:30	2024-11-11 13:46:21.412303+05:30	\N	\N
60	34356c11-a33a-410e-ba19-00f0d2aa8933	2024-11-11 13:46:21.532142+05:30	2024-11-11 13:46:21.532161+05:30	\N	\N
61	6f45ae40-45b3-4213-8775-0c02c8b968cf	2024-11-11 13:46:21.562684+05:30	2024-11-11 13:46:21.562705+05:30	\N	\N
62	d0716cc5-e61f-4c46-9007-fdc3cdd1c68d	2024-11-11 13:46:21.585512+05:30	2024-11-11 13:46:21.585532+05:30	\N	\N
63	e8da618a-fe98-484c-8118-7738d13d7655	2024-11-11 13:46:21.754564+05:30	2024-11-11 13:46:21.754583+05:30	\N	\N
64	a5531256-3ad8-4140-8fbf-3eca758b8527	2024-11-11 13:46:21.872946+05:30	2024-11-11 13:46:21.872965+05:30	\N	\N
65	4ae31c67-c653-4c8b-895f-ebe70ec167f7	2024-11-11 13:46:21.952826+05:30	2024-11-11 13:46:21.952869+05:30	\N	\N
66	a84f364d-41ea-4d62-b3d8-aa611789da48	2024-11-11 13:46:22.034275+05:30	2024-11-11 13:46:22.034293+05:30	\N	\N
67	fface008-0ddf-442c-8dd8-428c1e55a756	2024-11-11 13:46:22.140806+05:30	2024-11-11 13:46:22.140826+05:30	\N	\N
68	4bbe321b-68d3-4928-a68f-efac0cfc4fe1	2024-11-11 13:46:22.204964+05:30	2024-11-11 13:46:22.204985+05:30	\N	\N
69	fc95fc49-0b07-4725-a4e8-bfc7ce877958	2024-11-11 13:46:22.302423+05:30	2024-11-11 13:46:22.302442+05:30	\N	\N
70	74ed13cf-381d-42ae-9deb-7acde6f3ae47	2024-11-11 13:46:22.454585+05:30	2024-11-11 13:46:22.454607+05:30	\N	\N
71	bc311ae1-628d-491e-bbef-cc737bdffe46	2024-11-11 13:46:22.496201+05:30	2024-11-11 13:46:22.496221+05:30	\N	\N
72	b620f6e6-1db9-44a6-b0bf-748069373cb9	2024-11-11 13:46:22.503489+05:30	2024-11-11 13:46:22.503508+05:30	\N	\N
73	947f32a1-2c4e-434e-9f9d-35db0275f02f	2024-11-11 13:46:22.587477+05:30	2024-11-11 13:46:22.587497+05:30	\N	\N
74	eaebea11-30b7-4c1d-a90f-d68c6a2c0fad	2024-11-11 13:46:22.596874+05:30	2024-11-11 13:46:22.596894+05:30	\N	\N
75	515926da-ecd4-4f7d-8c01-6176a53d0d47	2024-11-11 13:46:22.658611+05:30	2024-11-11 13:46:22.658631+05:30	\N	\N
76	ef3547c5-07ae-48e5-a857-e8cd6e296173	2024-11-11 13:46:27.186674+05:30	2024-11-11 13:46:27.186694+05:30	\N	\N
77	eac0579c-6e2b-4fda-a23b-263cccef38df	2024-11-11 13:46:29.813484+05:30	2024-11-11 13:46:29.813503+05:30	\N	\N
78	4e7fec56-9b60-4c68-b731-7dad79f44b9e	2024-11-11 13:46:31.583972+05:30	2024-11-11 13:46:31.583991+05:30	\N	\N
79	47878aef-83c9-4f91-ae13-4d18b72aba14	2024-11-11 13:46:35.734015+05:30	2024-11-11 13:46:35.734036+05:30	\N	\N
80	15ba26af-6497-4d39-aeca-8d6a43ab48a2	2024-11-11 13:46:39.471228+05:30	2024-11-11 13:46:39.471248+05:30	\N	\N
81	b41ec477-7c2e-4ab3-9e08-c9a7cde455e8	2024-11-11 13:46:39.855164+05:30	2024-11-11 13:46:39.855185+05:30	\N	\N
82	16c1fbb6-9940-44b5-93a0-072bd5a41f2f	2024-11-11 13:46:39.85589+05:30	2024-11-11 13:46:39.855905+05:30	\N	\N
83	b9c28c09-e829-4292-891b-a282e051a5a9	2024-11-11 13:46:39.909639+05:30	2024-11-11 13:46:39.909659+05:30	\N	\N
84	d5642b5c-46b9-401d-bae6-2a07fced5886	2024-11-11 13:46:39.917503+05:30	2024-11-11 13:46:39.917523+05:30	\N	\N
85	754b3c6d-41a2-4236-aa4a-79c245766293	2024-11-11 13:46:39.97923+05:30	2024-11-11 13:46:39.979251+05:30	\N	\N
86	cd17d0e3-6ffd-404c-acde-f5222d75bf08	2024-11-11 13:46:39.99838+05:30	2024-11-11 13:46:39.998401+05:30	\N	\N
87	f59f09ca-ed13-49cd-a556-1f4378e8f200	2024-11-11 13:46:40.431948+05:30	2024-11-11 13:46:40.431968+05:30	\N	\N
88	968b888d-fae3-4bd8-b640-2fa9c884016c	2024-11-11 13:46:40.825461+05:30	2024-11-11 13:46:40.825481+05:30	\N	\N
89	3b10211b-53d9-4761-aba9-11907c8ff5c1	2024-11-11 13:46:41.886058+05:30	2024-11-11 13:46:41.886077+05:30	\N	\N
90	d358aea8-e357-4fa2-9c62-9f1d4b86f405	2024-11-11 13:46:42.278429+05:30	2024-11-11 13:46:42.278449+05:30	\N	\N
91	d91deeb4-7433-4f56-94ac-f80d0bf8337e	2024-11-11 13:46:44.529041+05:30	2024-11-11 13:46:44.529061+05:30	\N	\N
92	e196ef40-4b2d-40b8-b679-9717e9def99c	2024-11-11 13:46:59.652543+05:30	2024-11-11 13:46:59.652565+05:30	\N	\N
93	b2b02279-8625-4ffb-9b43-eb9f402aec47	2024-11-11 13:47:00.260918+05:30	2024-11-11 13:47:00.260939+05:30	\N	\N
1050	\N	2024-12-13 13:47:03.551579+05:30	2024-12-13 13:47:03.551632+05:30	57433a43-d42b-4c6e-adb3-e90f8d00c323	\N
94	e2127a54-6d08-4dc5-be15-57fb57b78cec	2024-11-11 13:47:02.065179+05:30	2024-11-11 13:47:02.0652+05:30	\N	\N
95	dae07237-61d1-4be4-8d19-59c058dbea6c	2024-11-11 13:47:02.577503+05:30	2024-11-11 13:47:02.577525+05:30	\N	\N
96	4a5a8769-8614-46e6-8cec-243486a7b7ba	2024-11-11 13:47:03.00062+05:30	2024-11-11 13:47:03.000643+05:30	\N	\N
97	63a0d44e-9c7f-45c0-a49b-0567ca76436a	2024-11-11 13:47:03.471381+05:30	2024-11-11 13:47:03.4714+05:30	\N	\N
98	98ae55d0-d4cd-420e-ae11-4b6ae7bdb39b	2024-11-11 13:47:03.817955+05:30	2024-11-11 13:47:03.817975+05:30	\N	\N
99	3b5eb24c-02e4-4b9b-8259-30fa7475b510	2024-11-11 13:47:03.905074+05:30	2024-11-11 13:47:03.905095+05:30	\N	\N
100	1f6199f6-1a99-486b-89e0-d6afd9e58a2a	2024-11-11 13:47:03.959198+05:30	2024-11-11 13:47:03.959213+05:30	\N	\N
101	dcd68dda-a67e-46a8-80a0-b7218b2ee025	2024-11-11 13:47:03.96563+05:30	2024-11-11 13:47:03.965649+05:30	\N	\N
102	6263e333-bf4e-4da9-910e-999f6dfcd91c	2024-11-11 13:47:04.051686+05:30	2024-11-11 13:47:04.051705+05:30	\N	\N
103	492b61aa-df59-4f33-a5e8-47b89d2da76b	2024-11-11 13:47:04.052769+05:30	2024-11-11 13:47:04.052783+05:30	\N	\N
104	95547c28-5487-4efe-92c1-e2d52c31f687	2024-11-11 13:47:04.099396+05:30	2024-11-11 13:47:04.099417+05:30	\N	\N
105	7bd164d0-f51d-4659-ad0b-f1c09f709d68	2024-11-11 13:47:04.29316+05:30	2024-11-11 13:47:04.293181+05:30	\N	\N
106	def80415-c9e9-416c-a6ac-4c427083a92c	2024-11-11 13:47:04.314372+05:30	2024-11-11 13:47:04.314412+05:30	\N	\N
107	9a9ebf0e-5ccf-4d65-a619-633aea5070c1	2024-11-11 13:47:04.34431+05:30	2024-11-11 13:47:04.344329+05:30	\N	\N
108	ec003918-1558-484b-986a-75c28130d8b1	2024-11-11 13:47:04.40528+05:30	2024-11-11 13:47:04.405299+05:30	\N	\N
109	01f958d7-1c47-4f9d-9fae-e263533142c9	2024-11-11 13:47:04.432852+05:30	2024-11-11 13:47:04.432875+05:30	\N	\N
110	84090a98-6358-4a85-95ee-aa5327e76c9e	2024-11-11 13:47:04.444216+05:30	2024-11-11 13:47:04.444236+05:30	\N	\N
111	a3115cc4-b4cd-48e0-b3ca-b5211c66ee3b	2024-11-11 13:47:04.62598+05:30	2024-11-11 13:47:04.626001+05:30	\N	\N
112	71300ab7-1756-4aee-b6d7-42843094ee58	2024-11-11 13:47:04.662679+05:30	2024-11-11 13:47:04.662699+05:30	\N	\N
113	b500505d-1c61-44d4-8c2a-4321fcfff1db	2024-11-11 13:47:04.734264+05:30	2024-11-11 13:47:04.734283+05:30	\N	\N
114	8e185069-4caf-4b76-b2d3-a888a3f3bad8	2024-11-11 13:47:04.779279+05:30	2024-11-11 13:47:04.779299+05:30	\N	\N
115	23a0c7fc-f31d-4ac8-a8bf-28062bd021c6	2024-11-11 13:47:04.794639+05:30	2024-11-11 13:47:04.794659+05:30	\N	\N
116	44c9e4fc-ec8e-427a-aedd-caf2cec5fa10	2024-11-11 13:47:04.905917+05:30	2024-11-11 13:47:04.905937+05:30	\N	\N
117	f424a43e-d9bd-4ab5-a2fb-a02ea1d3ce5c	2024-11-11 13:47:04.941681+05:30	2024-11-11 13:47:04.941706+05:30	\N	\N
118	676d9d12-9b97-4e8c-8d48-4fed4d999e08	2024-11-11 13:47:05.033456+05:30	2024-11-11 13:47:05.033476+05:30	\N	\N
119	131727b5-433a-47a6-9db0-e540eb3e3b1e	2024-11-11 13:47:05.060704+05:30	2024-11-11 13:47:05.060724+05:30	\N	\N
120	2c7e4bd3-2ee0-4ea9-8fe6-ae425777aec5	2024-11-11 13:47:05.102528+05:30	2024-11-11 13:47:05.102549+05:30	\N	\N
121	db3392bb-e2ad-4a6c-8c88-b896c49461b0	2024-11-11 13:47:05.114894+05:30	2024-11-11 13:47:05.114914+05:30	\N	\N
122	59300ce1-7289-45ba-9da1-d5854270795a	2024-11-11 13:47:05.204382+05:30	2024-11-11 13:47:05.204404+05:30	\N	\N
123	566309b8-230a-4405-b34f-5a2c9102ba21	2024-11-11 13:47:05.237161+05:30	2024-11-11 13:47:05.23718+05:30	\N	\N
124	88d946e2-3c63-4e67-84b9-1508287063e5	2024-11-11 13:47:05.344062+05:30	2024-11-11 13:47:05.344082+05:30	\N	\N
125	aad704a3-7069-4a4d-800c-ce1de67cd9d4	2024-11-11 13:47:05.37728+05:30	2024-11-11 13:47:05.377301+05:30	\N	\N
126	32aa75cc-753d-42ba-8fd3-283103119754	2024-11-11 13:47:05.438513+05:30	2024-11-11 13:47:05.438531+05:30	\N	\N
127	38b2a28f-02fa-4783-b76c-90be8dac4190	2024-11-11 13:47:05.445899+05:30	2024-11-11 13:47:05.445919+05:30	\N	\N
128	53309a14-ab28-4df4-ad71-8653e864551c	2024-11-11 13:47:05.522707+05:30	2024-11-11 13:47:05.522727+05:30	\N	\N
129	9a4d2464-3049-40ad-8621-019ced5e5178	2024-11-11 13:47:05.534055+05:30	2024-11-11 13:47:05.534075+05:30	\N	\N
130	30675c4a-6e41-414c-a4cf-3d39ea27373c	2024-11-11 13:47:05.633356+05:30	2024-11-11 13:47:05.633375+05:30	\N	\N
131	a2bf1e27-e3eb-419b-b206-0d4e1fee1817	2024-11-11 13:47:05.694412+05:30	2024-11-11 13:47:05.694434+05:30	\N	\N
132	bd490fc1-d370-4aa5-8c77-23e91d019b79	2024-11-11 13:47:05.76557+05:30	2024-11-11 13:47:05.765592+05:30	\N	\N
133	6047fad1-6c3d-4c56-bc68-a4207fe1e5a1	2024-11-11 13:47:05.766338+05:30	2024-11-11 13:47:05.766353+05:30	\N	\N
134	f79f039e-11dd-4bb9-b01c-88d3f2a0c975	2024-11-11 13:47:05.850234+05:30	2024-11-11 13:47:05.850254+05:30	\N	\N
135	4298e26d-d6ab-406c-bddc-e958dd81613d	2024-11-11 13:47:05.856225+05:30	2024-11-11 13:47:05.856244+05:30	\N	\N
136	5e4f75a3-fa21-421b-ac67-a5695d53916e	2024-11-11 13:47:05.930417+05:30	2024-11-11 13:47:05.930437+05:30	\N	\N
137	cdc2a109-3d77-4d34-b2ab-d7dd723aad09	2024-11-11 13:47:05.97925+05:30	2024-11-11 13:47:05.97927+05:30	\N	\N
138	dc575454-c065-4551-8d58-f5a0bd5e64be	2024-11-11 13:47:06.086521+05:30	2024-11-11 13:47:06.086542+05:30	\N	\N
139	8b435c1b-4c77-4ba3-adce-039bf8e25dd0	2024-11-11 13:47:06.103132+05:30	2024-11-11 13:47:06.103153+05:30	\N	\N
140	8d7b25d4-d578-440c-92cf-f0400a1dd1cf	2024-11-11 13:47:06.179479+05:30	2024-11-11 13:47:06.179499+05:30	\N	\N
141	f16a1480-0741-4a17-ae64-5d5f7c1afdc6	2024-11-11 13:47:06.189062+05:30	2024-11-11 13:47:06.189082+05:30	\N	\N
142	8a779c2e-9130-4837-98d3-46ebc7d881c9	2024-11-11 13:47:06.23106+05:30	2024-11-11 13:47:06.231081+05:30	\N	\N
143	07a70149-971e-4d38-84b1-ff8957b90f0c	2024-11-11 13:47:06.286362+05:30	2024-11-11 13:47:06.286384+05:30	\N	\N
144	7cd6b130-621d-4b62-85f5-0a602c52f6fb	2024-11-11 13:47:06.386027+05:30	2024-11-11 13:47:06.386047+05:30	\N	\N
145	7aff1012-c74e-4a89-9fe9-79d678e0044b	2024-11-11 13:47:06.420023+05:30	2024-11-11 13:47:06.420043+05:30	\N	\N
146	0bdbcd09-488b-43e4-b74e-d8e959633a68	2024-11-11 13:47:06.482758+05:30	2024-11-11 13:47:06.482778+05:30	\N	\N
147	3eb45708-774a-47c6-a0ed-2aaa57de3198	2024-11-11 13:47:06.518529+05:30	2024-11-11 13:47:06.518552+05:30	\N	\N
148	c60e74e0-ada0-41f9-b354-f7fdc17d6aec	2024-11-11 13:47:06.560022+05:30	2024-11-11 13:47:06.560043+05:30	\N	\N
149	cfe081b1-6217-49c0-b9b2-8cd344642bf1	2024-11-11 13:47:06.589382+05:30	2024-11-11 13:47:06.589402+05:30	\N	\N
150	1d8b5aac-a824-4ff5-bfd6-97ea4a95186b	2024-11-11 13:47:06.67451+05:30	2024-11-11 13:47:06.67453+05:30	\N	\N
151	2320d426-c911-4a9c-95be-3ce6272f0f43	2024-11-11 13:47:06.705622+05:30	2024-11-11 13:47:06.705642+05:30	\N	\N
152	8dd55c44-2ec7-49e9-bef6-4fab9846f159	2024-11-11 13:47:06.782367+05:30	2024-11-11 13:47:06.782388+05:30	\N	\N
153	4c891d85-4843-440c-9c01-7831e9c96af6	2024-11-11 13:47:06.835958+05:30	2024-11-11 13:47:06.835978+05:30	\N	\N
154	a642047c-55bc-4589-8fc3-b30ae758176d	2024-11-11 13:47:06.869337+05:30	2024-11-11 13:47:06.869356+05:30	\N	\N
155	0b5c82ce-c919-4b60-8e75-b25d6d2227a8	2024-11-11 13:47:06.902044+05:30	2024-11-11 13:47:06.902064+05:30	\N	\N
156	12b9f6a4-102b-4999-9d8c-17d799c2d47c	2024-11-11 13:47:06.973892+05:30	2024-11-11 13:47:06.973913+05:30	\N	\N
157	91424a63-e748-483d-8a8e-91c42bc3cb9a	2024-11-11 13:47:07.007188+05:30	2024-11-11 13:47:07.007209+05:30	\N	\N
158	3ec0f4c2-eb55-41a5-97e1-c45d077fa327	2024-11-11 13:47:07.071964+05:30	2024-11-11 13:47:07.071991+05:30	\N	\N
159	5ae14e80-7cba-4b7a-8de8-263c4318821f	2024-11-11 13:47:07.132589+05:30	2024-11-11 13:47:07.132609+05:30	\N	\N
160	1729bc0a-66d7-40dc-89d5-b5ff94b2a538	2024-11-11 13:47:07.183282+05:30	2024-11-11 13:47:07.183303+05:30	\N	\N
161	a9752f18-755e-4ede-9cd2-da08d87655c2	2024-11-11 13:47:07.215702+05:30	2024-11-11 13:47:07.215731+05:30	\N	\N
162	4cfd5721-1a42-4dee-bbc8-8c910619833a	2024-11-11 13:47:07.261922+05:30	2024-11-11 13:47:07.261941+05:30	\N	\N
163	6c978b8b-d0d1-4aef-8e34-9d15dd2febdc	2024-11-11 13:47:07.312087+05:30	2024-11-11 13:47:07.312106+05:30	\N	\N
164	fc10acfe-a0d4-4f27-8dc4-edc394978011	2024-11-11 13:47:07.35835+05:30	2024-11-11 13:47:07.35837+05:30	\N	\N
165	77a4912b-4142-4922-aa5c-21bea7b7cb10	2024-11-11 13:47:07.421851+05:30	2024-11-11 13:47:07.421871+05:30	\N	\N
166	7fc6bed6-26ec-42f6-ba7c-701883d8a378	2024-11-11 13:47:07.481367+05:30	2024-11-11 13:47:07.481387+05:30	\N	\N
167	7557e116-fdf7-4771-86b9-f296801224de	2024-11-11 13:47:07.51592+05:30	2024-11-11 13:47:07.51594+05:30	\N	\N
168	899b8949-ca74-45d7-ae61-1033aa7509ad	2024-11-11 13:47:07.554448+05:30	2024-11-11 13:47:07.554469+05:30	\N	\N
169	afaa5d12-031f-4226-b589-1608ff699c08	2024-11-11 13:47:07.596237+05:30	2024-11-11 13:47:07.596258+05:30	\N	\N
170	9dd2e064-3b1c-4acb-954d-04dd048528f4	2024-11-11 13:47:07.664727+05:30	2024-11-11 13:47:07.664752+05:30	\N	\N
171	b0f6f993-b3c0-4601-90fa-edb3448c02f4	2024-11-11 13:47:07.702969+05:30	2024-11-11 13:47:07.702984+05:30	\N	\N
172	821dec16-95b7-4252-bc5b-e159f1f61662	2024-11-11 13:47:07.787119+05:30	2024-11-11 13:47:07.787139+05:30	\N	\N
173	5e93d788-70f9-4d0b-ae7f-6167cb1237ce	2024-11-11 13:47:07.819416+05:30	2024-11-11 13:47:07.819436+05:30	\N	\N
174	620d7dda-ee58-4c64-bd6d-480f11c4adbc	2024-11-11 13:47:07.853795+05:30	2024-11-11 13:47:07.853814+05:30	\N	\N
175	cc23a51b-52d5-42a9-87e3-c7f39ebc050a	2024-11-11 13:47:07.882279+05:30	2024-11-11 13:47:07.882298+05:30	\N	\N
176	45cb6b47-39dd-4193-9089-1f4ed2e989ed	2024-11-11 13:47:07.954888+05:30	2024-11-11 13:47:07.954908+05:30	\N	\N
177	13ccd3dd-86f6-4aa9-b244-100510603cfd	2024-11-11 13:47:07.987608+05:30	2024-11-11 13:47:07.987629+05:30	\N	\N
178	425569e0-dd86-4726-a79c-656bc9d77ae4	2024-11-11 13:47:08.081449+05:30	2024-11-11 13:47:08.081471+05:30	\N	\N
179	e467e067-5b23-46c9-98c4-c8ba10dcaebc	2024-11-11 13:47:08.133225+05:30	2024-11-11 13:47:08.133244+05:30	\N	\N
180	3adf63b1-3c7d-443d-a52b-edc1974f4c01	2024-11-11 13:47:08.171988+05:30	2024-11-11 13:47:08.172012+05:30	\N	\N
181	185ab9be-ca20-4cd3-b6d0-94035830dbf1	2024-11-11 13:47:08.196105+05:30	2024-11-11 13:47:08.196126+05:30	\N	\N
182	2ef291e2-3682-44fb-96bc-7e0de8f7bc9c	2024-11-11 13:47:08.249416+05:30	2024-11-11 13:47:08.249438+05:30	\N	\N
183	5acb5165-e370-46aa-86da-0ce5badd1f1f	2024-11-11 13:47:08.285307+05:30	2024-11-11 13:47:08.285327+05:30	\N	\N
184	6615575b-3751-435b-841d-491d0ce7c19a	2024-11-11 13:47:08.36804+05:30	2024-11-11 13:47:08.36806+05:30	\N	\N
185	125c50fb-b1b1-4029-9ac1-0183cfee3d49	2024-11-11 13:47:08.44883+05:30	2024-11-11 13:47:08.448882+05:30	\N	\N
186	ca9fb484-2591-4d62-8d20-ba769f2cccde	2024-11-11 13:47:08.509871+05:30	2024-11-11 13:47:08.509893+05:30	\N	\N
187	2fabe10a-4ef6-4258-a82d-7dd578c99d02	2024-11-11 13:47:08.577447+05:30	2024-11-11 13:47:08.577469+05:30	\N	\N
188	f511324e-e4e1-41bc-b96b-3ebd3d9ea23a	2024-11-11 13:47:08.651298+05:30	2024-11-11 13:47:08.651317+05:30	\N	\N
189	d5b71f8c-4acd-41c1-862c-254f8c240a47	2024-11-11 13:47:08.731364+05:30	2024-11-11 13:47:08.731394+05:30	\N	\N
190	4c71166d-5c13-4e4c-abbe-88cc8635996e	2024-11-11 13:47:08.79408+05:30	2024-11-11 13:47:08.794101+05:30	\N	\N
191	2ffb97fa-66ef-4583-b90b-d2a9b000ae96	2024-11-11 13:47:08.828805+05:30	2024-11-11 13:47:08.828825+05:30	\N	\N
192	c246ae1d-654f-44ef-88f7-c062beadad8a	2024-11-11 13:47:08.865183+05:30	2024-11-11 13:47:08.865203+05:30	\N	\N
193	032b407c-f673-4419-be44-f031c7bc490f	2024-11-11 13:47:08.921068+05:30	2024-11-11 13:47:08.921088+05:30	\N	\N
194	6ef1f427-9926-4553-90f6-5c0df76fa320	2024-11-11 13:47:08.939221+05:30	2024-11-11 13:47:08.939241+05:30	\N	\N
195	5cc9aacc-f39d-4d1a-9131-7c83abb0a526	2024-11-11 13:47:09.014282+05:30	2024-11-11 13:47:09.014303+05:30	\N	\N
196	9692d77a-7237-42b9-8ddb-db030572dcf7	2024-11-11 13:47:09.091337+05:30	2024-11-11 13:47:09.091357+05:30	\N	\N
197	ce02a67b-8744-43fb-8cff-85d9d7057715	2024-11-11 13:47:09.126764+05:30	2024-11-11 13:47:09.126783+05:30	\N	\N
198	00ecedc1-b8c4-4510-a938-972453236ced	2024-11-11 13:47:09.161212+05:30	2024-11-11 13:47:09.16123+05:30	\N	\N
199	5b84872f-037e-45c2-84a4-3de2e138a390	2024-11-11 13:47:09.216766+05:30	2024-11-11 13:47:09.216786+05:30	\N	\N
200	9993ad82-8ccc-4f17-8b36-585453852787	2024-11-11 13:47:09.225799+05:30	2024-11-11 13:47:09.225818+05:30	\N	\N
201	94eb4b3e-0935-4827-bdd1-b672a333b83d	2024-11-11 13:47:09.299023+05:30	2024-11-11 13:47:09.299044+05:30	\N	\N
202	485d7fdf-f815-4272-b0eb-94a4d609174d	2024-11-11 13:47:09.379075+05:30	2024-11-11 13:47:09.379095+05:30	\N	\N
203	9639fc88-51a0-43e2-a1f2-9a8068c38ffc	2024-11-11 13:47:09.429337+05:30	2024-11-11 13:47:09.429356+05:30	\N	\N
204	614a5b9f-2eb1-4b8d-8685-88316d7bbb79	2024-11-11 13:47:09.464974+05:30	2024-11-11 13:47:09.464993+05:30	\N	\N
205	8cee0293-e749-4447-bb61-e554742eeb80	2024-11-11 13:47:09.530255+05:30	2024-11-11 13:47:09.530277+05:30	\N	\N
206	5b4544f0-decc-48e1-b44a-c369023baa7f	2024-11-11 13:47:09.543102+05:30	2024-11-11 13:47:09.543116+05:30	\N	\N
207	bd75a480-a528-4468-8b97-5b001bd1c41b	2024-11-11 13:47:09.587627+05:30	2024-11-11 13:47:09.587646+05:30	\N	\N
208	8a500535-668e-4ac1-8d22-3c1af1fd568a	2024-11-11 13:47:09.663499+05:30	2024-11-11 13:47:09.663521+05:30	\N	\N
209	8e02f9dd-c99d-4b1d-be85-566c5eeb221a	2024-11-11 13:47:09.771441+05:30	2024-11-11 13:47:09.771463+05:30	\N	\N
210	5cd6a465-2a54-47fc-a652-8d6ea8d017d2	2024-11-11 13:47:09.790391+05:30	2024-11-11 13:47:09.790412+05:30	\N	\N
211	0c864bee-b283-4120-afd0-5c1e7f0ffb5b	2024-11-11 13:47:09.853805+05:30	2024-11-11 13:47:09.853826+05:30	\N	\N
212	473a162d-02ff-45e8-8329-088d131d6415	2024-11-11 13:47:09.85788+05:30	2024-11-11 13:47:09.857897+05:30	\N	\N
213	f38e0634-5d28-4af0-a111-b101b0f3fbf1	2024-11-11 13:47:09.901974+05:30	2024-11-11 13:47:09.901996+05:30	\N	\N
214	4c5085f4-7ec1-400d-8325-2d12e7588168	2024-11-11 13:47:09.953273+05:30	2024-11-11 13:47:09.953293+05:30	\N	\N
215	77c2208e-7c8b-419b-8a69-46fc4f29bcd2	2024-11-11 13:47:10.069999+05:30	2024-11-11 13:47:10.070021+05:30	\N	\N
216	ee61454e-0269-468a-a920-7e415a82c296	2024-11-11 13:47:10.108507+05:30	2024-11-11 13:47:10.108526+05:30	\N	\N
217	1d128df4-b47f-4e06-82b5-7cb591d31463	2024-11-11 13:47:10.191148+05:30	2024-11-11 13:47:10.19117+05:30	\N	\N
218	e0b7c150-65c6-4d4a-b4e9-d8f0cbaaba9c	2024-11-11 13:47:10.19832+05:30	2024-11-11 13:47:10.198341+05:30	\N	\N
219	59844069-2a9c-4994-aa14-f9206607ed13	2024-11-11 13:47:10.232536+05:30	2024-11-11 13:47:10.232556+05:30	\N	\N
220	fa92a5ce-b11e-4547-9309-b7cfa62744f4	2024-11-11 13:47:10.248742+05:30	2024-11-11 13:47:10.248762+05:30	\N	\N
221	f778fabb-5bf6-4c84-be75-2f40edd58071	2024-11-11 13:47:10.355799+05:30	2024-11-11 13:47:10.355821+05:30	\N	\N
222	f56e71af-2f4b-4a3a-a68c-7f269e01a934	2024-11-11 13:47:10.392555+05:30	2024-11-11 13:47:10.392572+05:30	\N	\N
223	83cd4362-5137-4d6d-8b72-828cbc5e2b51	2024-11-11 13:47:10.549293+05:30	2024-11-11 13:47:10.549314+05:30	\N	\N
224	83585d08-85be-48d1-8c82-bc649b26e8d3	2024-11-11 13:47:10.572009+05:30	2024-11-11 13:47:10.572027+05:30	\N	\N
225	00eeccb0-12b2-4b23-ab03-afbc3a3f191d	2024-11-11 13:47:10.586494+05:30	2024-11-11 13:47:10.586513+05:30	\N	\N
226	c5073067-de7a-40da-8bcd-5a511b5cae86	2024-11-11 13:47:10.594425+05:30	2024-11-11 13:47:10.594444+05:30	\N	\N
227	d68518b1-9718-4ea1-9eb1-e47b4856831a	2024-11-11 13:47:10.664405+05:30	2024-11-11 13:47:10.664423+05:30	\N	\N
228	4f3ef013-f211-4972-90ba-f786a4d3233b	2024-11-11 13:47:10.697437+05:30	2024-11-11 13:47:10.697455+05:30	\N	\N
229	0d2f2a45-fb9d-48ed-a391-b9e0151980ba	2024-11-11 13:47:10.879346+05:30	2024-11-11 13:47:10.879367+05:30	\N	\N
230	1ef471d7-ba76-4804-81f3-bad806e43c69	2024-11-11 13:47:10.932364+05:30	2024-11-11 13:47:10.932385+05:30	\N	\N
231	0fef82db-b0cc-41fd-8401-e420a17ce4b7	2024-11-11 13:47:10.974071+05:30	2024-11-11 13:47:10.97409+05:30	\N	\N
232	549c4b01-1421-4635-a107-06f1f11b34bc	2024-11-11 13:47:10.974716+05:30	2024-11-11 13:47:10.974729+05:30	\N	\N
233	7c911822-82da-4962-aa46-5fe1f131effb	2024-11-11 13:47:10.997755+05:30	2024-11-11 13:47:10.997777+05:30	\N	\N
234	8950d87a-2082-4cf5-862e-d93d58695ce5	2024-11-11 13:47:11.013631+05:30	2024-11-11 13:47:11.01365+05:30	\N	\N
235	3c5ae94c-e38f-46ee-aae9-9d3b51c819bc	2024-11-11 13:47:11.165109+05:30	2024-11-11 13:47:11.16513+05:30	\N	\N
236	21a02c4a-4a5d-4dd0-98e0-a373ed2aa1cb	2024-11-11 13:47:11.256174+05:30	2024-11-11 13:47:11.256195+05:30	\N	\N
237	d47114f7-ce53-43e7-a807-1f7e25601408	2024-11-11 13:47:11.33527+05:30	2024-11-11 13:47:11.335282+05:30	\N	\N
238	8cd03b25-ae12-49d3-bd31-ca09a9adb3d0	2024-11-11 13:47:11.334856+05:30	2024-11-11 13:47:11.334877+05:30	\N	\N
239	208ae876-f473-4aaa-83ec-943692be1389	2024-11-11 13:47:11.369816+05:30	2024-11-11 13:47:11.369851+05:30	\N	\N
240	b53304c9-f06f-4cff-a0ad-89d0e778d519	2024-11-11 13:47:11.373571+05:30	2024-11-11 13:47:11.373589+05:30	\N	\N
241	615fe8de-e3af-4558-842d-9e58daf8e42b	2024-11-11 13:47:11.469409+05:30	2024-11-11 13:47:11.469427+05:30	\N	\N
242	30bb0425-6999-49fe-8992-3f5d3501d297	2024-11-11 13:47:11.542166+05:30	2024-11-11 13:47:11.542187+05:30	\N	\N
243	72b7cbe5-9754-4b6e-a35e-c150f279b6dc	2024-11-11 13:47:11.683268+05:30	2024-11-11 13:47:11.68329+05:30	\N	\N
244	98ea45d2-7404-491a-832c-dd1f03898c51	2024-11-11 13:47:11.703987+05:30	2024-11-11 13:47:11.704007+05:30	\N	\N
245	ab019db6-ab09-49c4-91df-67b7b51067ed	2024-11-11 13:47:11.734783+05:30	2024-11-11 13:47:11.734803+05:30	\N	\N
246	d8fa289a-6052-4800-a51e-afa70afe8f77	2024-11-11 13:47:11.758535+05:30	2024-11-11 13:47:11.758555+05:30	\N	\N
247	0abb32e1-d8de-48fd-8b1e-af831b4a647e	2024-11-11 13:47:11.775348+05:30	2024-11-11 13:47:11.775368+05:30	\N	\N
248	895d720a-5742-4707-8bfc-a48cdf89fa4a	2024-11-11 13:47:11.86289+05:30	2024-11-11 13:47:11.862908+05:30	\N	\N
249	89992bc8-ec40-47ec-b50e-6e6df725f246	2024-11-11 13:47:12.018579+05:30	2024-11-11 13:47:12.018599+05:30	\N	\N
250	b505ea36-11e4-4e44-a47b-f46148adb61b	2024-11-11 13:47:12.055556+05:30	2024-11-11 13:47:12.055576+05:30	\N	\N
251	2d3e78c8-660b-45b8-95cd-65ce90cee0ab	2024-11-11 13:47:12.107221+05:30	2024-11-11 13:47:12.107241+05:30	\N	\N
252	ba24fc9f-9c7d-4099-b010-b5850b66aaa6	2024-11-11 13:47:12.135204+05:30	2024-11-11 13:47:12.13522+05:30	\N	\N
253	7cd61a40-b27f-406d-b0b0-ca81077066a9	2024-11-11 13:47:12.142027+05:30	2024-11-11 13:47:12.142047+05:30	\N	\N
254	24883438-064a-4c40-a36f-c4c5964b5eec	2024-11-11 13:47:12.172536+05:30	2024-11-11 13:47:12.172557+05:30	\N	\N
255	70ee3e50-2a27-4b56-b60b-67ac3c7db283	2024-11-11 13:47:12.333122+05:30	2024-11-11 13:47:12.333143+05:30	\N	\N
256	f01bac37-9ad2-4dbf-90be-153749a517f5	2024-11-11 13:47:12.397887+05:30	2024-11-11 13:47:12.397907+05:30	\N	\N
257	4cfd0a81-67e4-4bd1-a629-0060ae50d73b	2024-11-11 13:47:12.477097+05:30	2024-11-11 13:47:12.477118+05:30	\N	\N
258	ea9ea25a-f91e-4294-8fb9-0c34d3eafe7c	2024-11-11 13:47:12.515396+05:30	2024-11-11 13:47:12.515415+05:30	\N	\N
259	23fe02f3-5288-4fcc-af2f-566ddb6eb24e	2024-11-11 13:47:12.516274+05:30	2024-11-11 13:47:12.516289+05:30	\N	\N
260	a74b1d94-6072-47ec-bf22-82e78bb2d824	2024-11-11 13:47:12.536464+05:30	2024-11-11 13:47:12.536484+05:30	\N	\N
261	4e608a3f-7771-4a02-bef7-ef60be800a92	2024-11-11 13:47:12.64803+05:30	2024-11-11 13:47:12.64805+05:30	\N	\N
262	eb343f53-ff7e-48d7-a60d-ff329ddf7ddc	2024-11-11 13:47:12.692689+05:30	2024-11-11 13:47:12.692707+05:30	\N	\N
263	6342b0b0-bab5-4fb0-ba5f-e03503edefcc	2024-11-11 13:47:12.802991+05:30	2024-11-11 13:47:12.803012+05:30	\N	\N
264	a6f56fdb-4be6-439e-84ed-caf68d600a89	2024-11-11 13:47:12.886551+05:30	2024-11-11 13:47:12.886572+05:30	\N	\N
265	592054c3-966b-431d-b9fc-e337ef6c94bd	2024-11-11 13:47:12.896452+05:30	2024-11-11 13:47:12.896471+05:30	\N	\N
266	eb3a25fd-f555-463a-88a6-63118e557d2f	2024-11-11 13:47:12.913383+05:30	2024-11-11 13:47:12.913403+05:30	\N	\N
267	20e62c8b-c2ce-4bdf-8fba-84c9dab02b95	2024-11-11 13:47:12.983651+05:30	2024-11-11 13:47:12.98367+05:30	\N	\N
268	326ac8fe-be27-47c6-8258-88bb32b16e7b	2024-11-11 13:47:13.00046+05:30	2024-11-11 13:47:13.000481+05:30	\N	\N
269	20de261d-17e6-497a-9d98-280aa665b7af	2024-11-11 13:47:13.085258+05:30	2024-11-11 13:47:13.085279+05:30	\N	\N
990	\N	2024-12-12 11:16:57.581915+05:30	2024-12-12 11:16:57.581936+05:30	e602f245-f358-472e-893d-cd20ba6099ad	\N
270	c3d6ae09-1a94-47b5-a355-b4d40f649852	2024-11-11 13:47:13.196606+05:30	2024-11-11 13:47:13.196626+05:30	\N	\N
271	5a669428-ba4f-4a38-a2ad-b7e04f3c6e02	2024-11-11 13:47:13.236169+05:30	2024-11-11 13:47:13.236193+05:30	\N	\N
272	32d127ec-a5fe-4e2f-a562-61116023dcec	2024-11-11 13:47:13.256116+05:30	2024-11-11 13:47:13.256135+05:30	\N	\N
273	e545dffe-38e8-47ba-b300-4e14361ae96d	2024-11-11 13:47:13.315389+05:30	2024-11-11 13:47:13.31541+05:30	\N	\N
274	938df038-438f-41d5-a9ca-d831c0f6bfdd	2024-11-11 13:47:13.326685+05:30	2024-11-11 13:47:13.326705+05:30	\N	\N
275	7b443f2b-20d9-4c3b-a3e1-ae2ba7609760	2024-11-11 13:47:13.374522+05:30	2024-11-11 13:47:13.374543+05:30	\N	\N
276	2d178bcc-4f58-4840-80ec-7c153ab3942a	2024-11-11 13:47:13.486351+05:30	2024-11-11 13:47:13.486372+05:30	\N	\N
277	01be39a2-2959-49fe-8142-9fcc33575c1f	2024-11-11 13:47:13.584533+05:30	2024-11-11 13:47:13.584553+05:30	\N	\N
278	4af22872-7c1f-4639-b6e4-139f8a1967c3	2024-11-11 13:47:13.633694+05:30	2024-11-11 13:47:13.633728+05:30	\N	\N
279	51c816d0-c5c4-4a75-af25-ec6118dc7bf0	2024-11-11 13:47:13.656985+05:30	2024-11-11 13:47:13.657007+05:30	\N	\N
280	80d3c349-a4f6-4e66-b91c-6fb2e08da172	2024-11-11 13:47:13.68242+05:30	2024-11-11 13:47:13.682441+05:30	\N	\N
281	7eeff34f-01d7-4215-8376-4f232f1c997c	2024-11-11 13:47:13.781531+05:30	2024-11-11 13:47:13.781553+05:30	\N	\N
282	9b3983b9-ece1-4cb4-b050-82f5f0406be2	2024-11-11 13:47:13.860619+05:30	2024-11-11 13:47:13.860641+05:30	\N	\N
283	f93acec4-3216-4693-ad96-1cdb1ecbe190	2024-11-11 13:47:13.888373+05:30	2024-11-11 13:47:13.888392+05:30	\N	\N
284	7d02bb14-f1e7-46bb-a5ee-f414802edddf	2024-11-11 13:47:13.949069+05:30	2024-11-11 13:47:13.949089+05:30	\N	\N
285	50230230-2a8f-4169-8286-cee587d3c43b	2024-11-11 13:47:13.980102+05:30	2024-11-11 13:47:13.980123+05:30	\N	\N
286	4406908e-bb54-4beb-bea4-83e700a7a7ae	2024-11-11 13:47:14.025974+05:30	2024-11-11 13:47:14.02599+05:30	\N	\N
287	61fa6e8a-9855-4f9d-a0b9-e5ef10cd6398	2024-11-11 13:47:14.069765+05:30	2024-11-11 13:47:14.069786+05:30	\N	\N
288	266525f6-c054-4539-a130-ec9267bb6db1	2024-11-11 13:47:14.144598+05:30	2024-11-11 13:47:14.144619+05:30	\N	\N
289	146b3068-764a-4daa-b8b9-621046228025	2024-11-11 13:47:14.181414+05:30	2024-11-11 13:47:14.181429+05:30	\N	\N
290	4570777a-aac9-4ff4-899c-3bb4cb194910	2024-11-11 13:47:14.240584+05:30	2024-11-11 13:47:14.240605+05:30	\N	\N
291	ddd4064b-d16c-4c29-a8db-2373b568cf78	2024-11-11 13:47:14.272816+05:30	2024-11-11 13:47:14.272858+05:30	\N	\N
292	afe809dd-44c1-4e1f-84df-ac0bedd6d8b3	2024-11-11 13:47:14.310689+05:30	2024-11-11 13:47:14.310712+05:30	\N	\N
293	6556eb0c-f87d-47da-bfe1-243daf28ee68	2024-11-11 13:47:14.352134+05:30	2024-11-11 13:47:14.352152+05:30	\N	\N
294	27dbb2bf-2708-42cc-8d9f-4e823dd12bc3	2024-11-11 13:47:14.430358+05:30	2024-11-11 13:47:14.430379+05:30	\N	\N
295	911c777d-aa19-4c8b-93d8-275bd85de934	2024-11-11 13:47:14.46606+05:30	2024-11-11 13:47:14.466077+05:30	\N	\N
296	b5bc4448-fa1b-4474-a525-f5a3535a4def	2024-11-11 13:47:14.526572+05:30	2024-11-11 13:47:14.526592+05:30	\N	\N
297	6e36088e-d1ed-4b35-8605-61fd549243b1	2024-11-11 13:47:14.714979+05:30	2024-11-11 13:47:14.715+05:30	\N	\N
298	ff9f43ef-6e29-43ff-932a-7bb447ce09f7	2024-11-11 13:47:14.75435+05:30	2024-11-11 13:47:14.754371+05:30	\N	\N
299	223b1bdc-5791-4f58-85dc-c02ce4324c65	2024-11-11 13:47:14.822059+05:30	2024-11-11 13:47:14.82208+05:30	\N	\N
300	ed01a8b1-5423-4eab-99b2-5c1547376f9b	2024-11-11 13:47:14.850492+05:30	2024-11-11 13:47:14.850512+05:30	\N	\N
301	234208a4-0096-473b-9cb9-bf8e9f232a67	2024-11-11 13:47:14.876289+05:30	2024-11-11 13:47:14.876307+05:30	\N	\N
302	dcd3236b-542d-4c0e-a646-fab99f7e5a25	2024-11-11 13:47:14.899019+05:30	2024-11-11 13:47:14.899039+05:30	\N	\N
303	d9fbe279-dc54-4d28-8f3c-9cdb567d00aa	2024-11-11 13:47:15.004558+05:30	2024-11-11 13:47:15.004582+05:30	\N	\N
304	e2f3024a-fd44-443e-b1b7-706dafd909e2	2024-11-11 13:47:15.053172+05:30	2024-11-11 13:47:15.053193+05:30	\N	\N
305	d604dfdf-33bf-48d2-8c34-9a030620b45f	2024-11-11 13:47:15.114217+05:30	2024-11-11 13:47:15.114238+05:30	\N	\N
306	c2ee8c02-005e-4dec-b4a7-b768f4fb29d8	2024-11-11 13:47:15.161805+05:30	2024-11-11 13:47:15.161826+05:30	\N	\N
307	bf469be7-85cf-493a-b66b-fbf01683dc88	2024-11-11 13:47:15.198788+05:30	2024-11-11 13:47:15.198807+05:30	\N	\N
308	dab5eea3-13d0-4c9d-ba91-c8b126e4fd51	2024-11-11 13:47:15.21518+05:30	2024-11-11 13:47:15.215196+05:30	\N	\N
309	0385fbe8-4100-4ba3-baaf-46178d97d092	2024-11-11 13:47:15.302333+05:30	2024-11-11 13:47:15.302353+05:30	\N	\N
310	abd2b6fe-adb5-4c34-9ea9-d80c79ff186b	2024-11-11 13:47:15.337153+05:30	2024-11-11 13:47:15.337173+05:30	\N	\N
311	32aa9f40-8854-4f50-9901-40a4b5ae07de	2024-11-11 13:47:15.39826+05:30	2024-11-11 13:47:15.398283+05:30	\N	\N
312	cdd5686e-19f2-4021-895b-0c34c31f03db	2024-11-11 13:47:15.46723+05:30	2024-11-11 13:47:15.467251+05:30	\N	\N
313	85cfaeb1-1231-4214-b285-2a84ebd30321	2024-11-11 13:47:15.501252+05:30	2024-11-11 13:47:15.501272+05:30	\N	\N
314	6334c92a-16ea-40ff-8781-d9c054ceec1e	2024-11-11 13:47:15.521035+05:30	2024-11-11 13:47:15.521056+05:30	\N	\N
315	d828c26f-33e3-4692-b41d-fbce09623745	2024-11-11 13:47:15.603374+05:30	2024-11-11 13:47:15.603394+05:30	\N	\N
316	9d73dc6f-e416-446a-b3d2-e7424492b9c9	2024-11-11 13:47:15.624289+05:30	2024-11-11 13:47:15.62431+05:30	\N	\N
317	6f694562-d399-47a7-90c7-8b4c2bf1cb7b	2024-11-11 13:47:15.674297+05:30	2024-11-11 13:47:15.674316+05:30	\N	\N
318	47897698-b2a9-4170-9b0f-351b83a7fd55	2024-11-11 13:47:15.781562+05:30	2024-11-11 13:47:15.781584+05:30	\N	\N
319	f260ebcd-fa0d-4782-81d1-1e94601e9c29	2024-11-11 13:47:15.801035+05:30	2024-11-11 13:47:15.801055+05:30	\N	\N
320	65b4b61e-cd1b-441f-b6e4-31886c882f4f	2024-11-11 13:47:15.844349+05:30	2024-11-11 13:47:15.844369+05:30	\N	\N
321	3303ffab-66fa-4c55-9bee-5a3197612bac	2024-11-11 13:47:15.913467+05:30	2024-11-11 13:47:15.913488+05:30	\N	\N
322	dd3ec81b-5442-4393-968e-80780694d2b6	2024-11-11 13:47:15.939809+05:30	2024-11-11 13:47:15.939829+05:30	\N	\N
323	a31cdee8-d375-49bd-9ead-a75d171cfa06	2024-11-11 13:47:15.964386+05:30	2024-11-11 13:47:15.964405+05:30	\N	\N
324	42302f44-cd24-417b-88dc-3561eecd90d8	2024-11-11 13:47:16.107367+05:30	2024-11-11 13:47:16.107387+05:30	\N	\N
325	60d9c700-31e6-48fd-871d-9853a31670d6	2024-11-11 13:47:16.128311+05:30	2024-11-11 13:47:16.128329+05:30	\N	\N
326	db42e8c0-0a81-40db-9728-68f2874b84a6	2024-11-11 13:47:16.179253+05:30	2024-11-11 13:47:16.179271+05:30	\N	\N
327	e1363b0b-3b3f-4532-bc61-9065dfbeb638	2024-11-11 13:47:16.261159+05:30	2024-11-11 13:47:16.261179+05:30	\N	\N
328	aade30eb-a483-4c20-8e88-fd2390373d27	2024-11-11 13:47:16.267991+05:30	2024-11-11 13:47:16.268012+05:30	\N	\N
329	3a33fac0-3d65-4b72-b1c6-498dc160983b	2024-11-11 13:47:16.284441+05:30	2024-11-11 13:47:16.284461+05:30	\N	\N
330	d1451f5f-259f-4902-a1fd-d546a3d3a415	2024-11-11 13:47:16.392968+05:30	2024-11-11 13:47:16.39299+05:30	\N	\N
331	2daf424d-e32e-4b14-b625-5da7ba2ac41d	2024-11-11 13:47:16.428577+05:30	2024-11-11 13:47:16.428595+05:30	\N	\N
332	6890e9a5-0d13-4e68-94f4-fd225bca73e0	2024-11-11 13:47:16.46101+05:30	2024-11-11 13:47:16.46103+05:30	\N	\N
333	3bfab524-3dd1-4b60-9019-b52555adaf7e	2024-11-11 13:47:16.592877+05:30	2024-11-11 13:47:16.592898+05:30	\N	\N
334	30b7722c-2c7c-426a-8afe-4f334c5d5296	2024-11-11 13:47:16.5935+05:30	2024-11-11 13:47:16.593515+05:30	\N	\N
335	4c14ba9f-a199-463c-a4c9-5512ecf388ac	2024-11-11 13:47:18.320534+05:30	2024-11-11 13:47:18.320554+05:30	\N	\N
336	273722e2-d131-472c-a4cc-b978b50e5a27	2024-11-11 13:47:20.369461+05:30	2024-11-11 13:47:20.369483+05:30	\N	\N
337	451071d4-e91f-48d1-a809-dccb49dcd406	2024-11-11 13:47:21.79156+05:30	2024-11-11 13:47:21.791583+05:30	\N	\N
338	77ea4fe7-7b75-4988-95f8-32c6cf42ad18	2024-11-11 13:47:24.206372+05:30	2024-11-11 13:47:24.206394+05:30	\N	\N
339	e52d313e-9f8d-47d0-8db3-01a3275cc9ac	2024-11-11 13:47:24.477613+05:30	2024-11-11 13:47:24.477636+05:30	\N	\N
340	9cc1b548-0546-4d20-9e99-04b76a3e45d5	2024-11-11 13:47:24.721016+05:30	2024-11-11 13:47:24.721037+05:30	\N	\N
341	ae2a2242-272f-4c00-9835-19c055032617	2024-11-11 13:47:24.899788+05:30	2024-11-11 13:47:24.899806+05:30	\N	\N
342	9719ea15-c77c-41c9-b0b2-b2fe6192685c	2024-11-11 13:47:25.090243+05:30	2024-11-11 13:47:25.090265+05:30	\N	\N
343	c7f029f1-4cc9-4e43-9965-4567d6e1c72a	2024-11-11 13:47:25.184237+05:30	2024-11-11 13:47:25.184259+05:30	\N	\N
344	3bff118e-2f94-4d75-9679-6651f583655d	2024-11-11 13:47:25.191983+05:30	2024-11-11 13:47:25.192003+05:30	\N	\N
345	cb326390-05ee-40c0-9f0e-eae313f519e8	2024-11-11 13:47:25.241158+05:30	2024-11-11 13:47:25.241178+05:30	\N	\N
346	3e703d42-4132-4928-a2f8-148a9ffb65ee	2024-11-11 13:47:25.25575+05:30	2024-11-11 13:47:25.255769+05:30	\N	\N
347	8945af1c-9166-4fbc-a78e-9875d1d77e3a	2024-11-11 13:47:25.291253+05:30	2024-11-11 13:47:25.291272+05:30	\N	\N
348	c3b82e5e-f7c2-48ac-b8ca-02e62e05c62a	2024-11-11 13:47:25.383096+05:30	2024-11-11 13:47:25.383116+05:30	\N	\N
349	709bd823-dd14-42f6-b963-23afa38441ef	2024-11-11 13:47:25.524146+05:30	2024-11-11 13:47:25.524165+05:30	\N	\N
350	dfd9e21f-1a71-4f0b-ab8c-9b1b6936d7ff	2024-11-11 13:47:25.672812+05:30	2024-11-11 13:47:25.672832+05:30	\N	\N
351	82510f64-72fe-46a4-b8ba-9041dbb89450	2024-11-11 13:47:25.67351+05:30	2024-11-11 13:47:25.673525+05:30	\N	\N
352	82214b3e-3685-439d-b7cf-36e4b2004ad1	2024-11-11 13:47:25.724353+05:30	2024-11-11 13:47:25.724368+05:30	\N	\N
353	3d217df5-f9df-4ac4-bd50-52a510b9327a	2024-11-11 13:47:25.722658+05:30	2024-11-11 13:47:25.722676+05:30	\N	\N
354	9eae6217-192f-4011-9848-97660e4d7bcb	2024-11-11 13:47:25.768151+05:30	2024-11-11 13:47:25.768171+05:30	\N	\N
355	1bb3b766-07b3-45ba-b35c-ea80a77384a0	2024-11-11 13:47:25.835503+05:30	2024-11-11 13:47:25.83552+05:30	\N	\N
356	562c6dae-ac1c-4139-80e3-52ca4e4a4b50	2024-11-11 13:47:26.018073+05:30	2024-11-11 13:47:26.018093+05:30	\N	\N
357	94545244-bbcf-49a5-a5c0-500a3ac7a306	2024-11-11 13:47:26.047867+05:30	2024-11-11 13:47:26.047887+05:30	\N	\N
998	\N	2024-12-12 11:50:28.212202+05:30	2024-12-12 11:50:28.212223+05:30	23a6ebce-7dc4-4c30-9867-b3bfc611d6c9	\N
358	9d829821-9e24-475f-b214-148ad6bd4a33	2024-11-11 13:47:26.124081+05:30	2024-11-11 13:47:26.1241+05:30	\N	\N
359	875cf377-a36c-4d5d-b088-9b05a86ccbe5	2024-11-11 13:47:26.130489+05:30	2024-11-11 13:47:26.130508+05:30	\N	\N
360	d0172b81-ebaa-4626-bea1-25180a48b275	2024-11-11 13:47:26.137392+05:30	2024-11-11 13:47:26.137412+05:30	\N	\N
361	0597e2bb-b5c4-4682-a608-74db0c9ff101	2024-11-11 13:47:26.15603+05:30	2024-11-11 13:47:26.156049+05:30	\N	\N
362	3c7db9fa-fa1b-439b-8073-b5d59971d86b	2024-11-11 13:47:26.319916+05:30	2024-11-11 13:47:26.319937+05:30	\N	\N
363	85ac109e-6a4f-403e-bf5a-8a05a13c4af8	2024-11-11 13:47:26.375057+05:30	2024-11-11 13:47:26.375076+05:30	\N	\N
364	848aba34-e251-4ab2-88a4-374c12b3b35e	2024-11-11 13:47:26.487171+05:30	2024-11-11 13:47:26.487191+05:30	\N	\N
365	417f2a1b-bf33-4422-b504-cd2bf0073596	2024-11-11 13:47:26.526488+05:30	2024-11-11 13:47:26.526505+05:30	\N	\N
366	b67f6c6f-359b-4ad1-94b6-16af6f2cdef7	2024-11-11 13:47:26.524395+05:30	2024-11-11 13:47:26.524413+05:30	\N	\N
367	9b05f8e9-1c63-4d5d-a08d-6b7d1258d292	2024-11-11 13:47:26.537243+05:30	2024-11-11 13:47:26.537262+05:30	\N	\N
368	e943d03d-d9d0-4387-aef0-a7be08e97e5a	2024-11-11 13:47:26.623613+05:30	2024-11-11 13:47:26.623628+05:30	\N	\N
369	7196ee92-32e0-4d9b-b902-c6a7297b7911	2024-11-11 13:47:26.656236+05:30	2024-11-11 13:47:26.656255+05:30	\N	\N
370	53a6afaf-de34-44fc-b9bc-79505e6c6911	2024-11-11 13:47:26.834618+05:30	2024-11-11 13:47:26.834639+05:30	\N	\N
371	6f8ffbd9-4902-4d0d-ac6b-af82a6745a8d	2024-11-11 13:47:26.883934+05:30	2024-11-11 13:47:26.883956+05:30	\N	\N
372	1da3b291-2244-4d69-a3a6-74ff9264dd4b	2024-11-11 13:47:26.890461+05:30	2024-11-11 13:47:26.890481+05:30	\N	\N
373	e6f4141f-a8ec-45e4-bfb8-c0bcfad35b0a	2024-11-11 13:47:26.907265+05:30	2024-11-11 13:47:26.907284+05:30	\N	\N
374	de68005b-6cfc-412c-9300-e6f04e05f9e4	2024-11-11 13:47:26.939516+05:30	2024-11-11 13:47:26.939537+05:30	\N	\N
375	d0147baf-5588-4441-a09d-64577e879bee	2024-11-11 13:47:26.991426+05:30	2024-11-11 13:47:26.991446+05:30	\N	\N
376	66449157-e6c0-4ad6-8d14-d208aa2fad25	2024-11-11 13:47:27.1748+05:30	2024-11-11 13:47:27.174821+05:30	\N	\N
377	213d5dd9-8289-4e78-843d-a00a4439326d	2024-11-11 13:47:27.289463+05:30	2024-11-11 13:47:27.28948+05:30	\N	\N
378	c9a9a4b0-1c5f-4b46-901d-cd17873e8ad3	2024-11-11 13:47:27.288383+05:30	2024-11-11 13:47:27.288404+05:30	\N	\N
379	6eec3b9a-b852-4197-b8d1-1f4637e2ebb9	2024-11-11 13:47:27.291572+05:30	2024-11-11 13:47:27.29159+05:30	\N	\N
380	295e47db-8655-41de-8c8a-676d3ab3b3be	2024-11-11 13:47:27.329035+05:30	2024-11-11 13:47:27.329056+05:30	\N	\N
381	5d605328-159d-480a-94e3-7be395ac24df	2024-11-11 13:47:27.344861+05:30	2024-11-11 13:47:27.344881+05:30	\N	\N
382	6b17f59a-9f46-4be1-97ef-0c80b1a71837	2024-11-11 13:47:27.478624+05:30	2024-11-11 13:47:27.478642+05:30	\N	\N
383	1c315c8c-ac88-4b0a-b5aa-964e132ea6f5	2024-11-11 13:47:27.69176+05:30	2024-11-11 13:47:27.69178+05:30	\N	\N
384	6788e301-261c-4fa2-9268-c3c3ea3e327e	2024-11-11 13:47:27.73719+05:30	2024-11-11 13:47:27.737217+05:30	\N	\N
385	07a07cbb-7c9d-4f65-97e6-f323a642f434	2024-11-11 13:47:27.763322+05:30	2024-11-11 13:47:27.763342+05:30	\N	\N
386	53186a30-7d21-4c0e-8815-8edb07f732df	2024-11-11 13:47:27.78233+05:30	2024-11-11 13:47:27.782349+05:30	\N	\N
387	dc75fe1f-6e33-465f-937d-ff7bd826eca9	2024-11-11 13:47:27.785254+05:30	2024-11-11 13:47:27.785281+05:30	\N	\N
388	8c0f9caf-5062-4b64-9c04-1fece9473b32	2024-11-11 13:47:27.809359+05:30	2024-11-11 13:47:27.809378+05:30	\N	\N
389	f46c2a93-3f41-40de-8ac8-7fc6141f7299	2024-11-11 13:47:28.055142+05:30	2024-11-11 13:47:28.055164+05:30	\N	\N
390	9fb01cc8-12fb-48b1-88ee-71a1ac8f81f0	2024-11-11 13:47:28.132361+05:30	2024-11-11 13:47:28.132381+05:30	\N	\N
391	f8cfb2f4-40b4-44ae-9f2d-acc2ec444523	2024-11-11 13:47:28.17537+05:30	2024-11-11 13:47:28.17539+05:30	\N	\N
392	ef996601-5a3a-4e16-aa56-50241b937b67	2024-11-11 13:47:28.216121+05:30	2024-11-11 13:47:28.216141+05:30	\N	\N
393	2f3c88ca-f412-4e63-b95a-1d0d4d67144a	2024-11-11 13:47:28.221574+05:30	2024-11-11 13:47:28.221593+05:30	\N	\N
394	31893781-8f7e-49b6-9ffb-37620a57c99b	2024-11-11 13:47:28.226465+05:30	2024-11-11 13:47:28.226484+05:30	\N	\N
395	372c3e13-0852-4fb2-aff1-89da091b5568	2024-11-11 13:47:28.339985+05:30	2024-11-11 13:47:28.340005+05:30	\N	\N
396	003e3b89-aa76-4553-bf2d-1bf976603d6b	2024-11-11 13:47:28.45365+05:30	2024-11-11 13:47:28.45367+05:30	\N	\N
397	9ef0b830-302c-4131-b707-618b6682c6a8	2024-11-11 13:47:28.518106+05:30	2024-11-11 13:47:28.518126+05:30	\N	\N
398	c4b58cd7-9641-4176-932a-fca916a9698c	2024-11-11 13:47:28.592176+05:30	2024-11-11 13:47:28.592196+05:30	\N	\N
399	b928fb61-ba82-48df-bb6e-0dfb96a28595	2024-11-11 13:47:28.593523+05:30	2024-11-11 13:47:28.593539+05:30	\N	\N
400	7ed7bc81-f1b0-43b2-a2fd-cc12e32070da	2024-11-11 13:47:28.59946+05:30	2024-11-11 13:47:28.599479+05:30	\N	\N
401	d628d08d-2859-4202-9281-7760d1e88877	2024-11-11 13:47:28.631331+05:30	2024-11-11 13:47:28.631349+05:30	\N	\N
402	5737cfdc-3922-4a94-8fa6-49bd12943906	2024-11-11 13:47:28.743866+05:30	2024-11-11 13:47:28.743886+05:30	\N	\N
403	f444c44e-6531-4134-819b-56571f846ddb	2024-11-11 13:47:28.817583+05:30	2024-11-11 13:47:28.817602+05:30	\N	\N
404	276b048c-9994-45ff-a01b-02d4cb5e3cb0	2024-11-11 13:47:28.946223+05:30	2024-11-11 13:47:28.946243+05:30	\N	\N
405	6fc5cdf0-7a21-4a6e-bf4f-ad09f80ffa4a	2024-11-11 13:47:28.98277+05:30	2024-11-11 13:47:28.98279+05:30	\N	\N
406	e11eb886-05ba-40ff-906d-9c1b38a9c1f4	2024-11-11 13:47:28.983719+05:30	2024-11-11 13:47:28.983735+05:30	\N	\N
407	a24330f9-90ae-450f-8931-b7d971940642	2024-11-11 13:47:29.0029+05:30	2024-11-11 13:47:29.002926+05:30	\N	\N
408	dc3a68bb-ad89-4abe-94a9-94b1d4c8c5aa	2024-11-11 13:47:29.048343+05:30	2024-11-11 13:47:29.048362+05:30	\N	\N
409	ddbb3927-724a-4a8f-a4e4-6844e7e9338b	2024-11-11 13:47:29.130195+05:30	2024-11-11 13:47:29.130211+05:30	\N	\N
410	1b58b26c-d57a-49e2-9a86-38b2b76acfd7	2024-11-11 13:47:29.307225+05:30	2024-11-11 13:47:29.307245+05:30	\N	\N
411	1b339b5b-830f-4d5a-a2ca-1f2b57dc33eb	2024-11-11 13:47:29.355949+05:30	2024-11-11 13:47:29.355969+05:30	\N	\N
412	700a18a4-be45-473b-a9df-08e549ad3444	2024-11-11 13:47:29.3742+05:30	2024-11-11 13:47:29.374221+05:30	\N	\N
413	289e501d-2ee7-4729-872e-d89c0cb86ec0	2024-11-11 13:47:29.384443+05:30	2024-11-11 13:47:29.384457+05:30	\N	\N
414	b6f00c91-8d0f-419b-8210-ae72c9b90c33	2024-11-11 13:47:29.414402+05:30	2024-11-11 13:47:29.414422+05:30	\N	\N
415	f5487ef5-1a99-40ed-a0ab-397bec135883	2024-11-11 13:47:29.444827+05:30	2024-11-11 13:47:29.444885+05:30	\N	\N
416	5e04a56d-daa0-4ab9-84c7-25f2f0571fcf	2024-11-11 13:47:29.641081+05:30	2024-11-11 13:47:29.641102+05:30	\N	\N
417	f98abb1f-e8ff-403a-acca-b45400d8f74e	2024-11-11 13:47:29.768324+05:30	2024-11-11 13:47:29.768344+05:30	\N	\N
418	c364577d-fddb-4f41-aedd-3ba224fd4225	2024-11-11 13:47:29.793389+05:30	2024-11-11 13:47:29.793409+05:30	\N	\N
419	78ac2584-f69f-4efe-b48f-592cb93695f3	2024-11-11 13:47:29.821418+05:30	2024-11-11 13:47:29.821442+05:30	\N	\N
420	727eb9a7-6b13-4569-a2a7-df9413d5edec	2024-11-11 13:47:29.841264+05:30	2024-11-11 13:47:29.841284+05:30	\N	\N
421	7ee7e50d-f441-4d57-9a20-67d31e97705f	2024-11-11 13:47:30.494207+05:30	2024-11-11 13:47:30.494228+05:30	\N	\N
422	a325a17c-b7d9-4322-b4c3-c93b5c4dc114	2024-11-11 13:47:30.685826+05:30	2024-11-11 13:47:30.685871+05:30	\N	\N
423	ff979166-a57e-4e2f-a2d4-1e1e2bb01448	2024-11-11 13:47:31.068099+05:30	2024-11-11 13:47:31.068119+05:30	\N	\N
424	0d02bb45-92e6-47d2-a9dd-7dde5886a0b7	2024-11-11 13:47:31.207583+05:30	2024-11-11 13:47:31.207603+05:30	\N	\N
425	122fdff1-48eb-4d64-9b4b-fc8518a645e4	2024-11-11 13:47:31.436032+05:30	2024-11-11 13:47:31.436052+05:30	\N	\N
426	c0067577-b4c9-4c8e-be1b-15df85dd4ba4	2024-11-11 13:47:31.447046+05:30	2024-11-11 13:47:31.447065+05:30	\N	\N
427	f98b7038-66a7-49f6-8501-a7bc67feeab9	2024-11-11 13:47:31.491541+05:30	2024-11-11 13:47:31.49156+05:30	\N	\N
428	961fdef7-c0bb-4e5c-a45d-5e831bb9bd62	2024-11-11 13:47:31.489351+05:30	2024-11-11 13:47:31.489372+05:30	\N	\N
429	5656a474-a058-4920-84cf-55df41c00cac	2024-11-11 13:47:31.555861+05:30	2024-11-11 13:47:31.555881+05:30	\N	\N
430	3f4e6eaf-fcdd-4ebb-a6b2-c58fdb2d29bf	2024-11-11 13:47:31.563494+05:30	2024-11-11 13:47:31.563513+05:30	\N	\N
431	f0f034e4-1c1b-414a-87ec-34e96e705657	2024-11-11 13:47:31.784082+05:30	2024-11-11 13:47:31.784102+05:30	\N	\N
432	d64d67b3-1d02-4609-82f2-3db3c6c4908e	2024-11-11 13:47:31.817423+05:30	2024-11-11 13:47:31.817442+05:30	\N	\N
433	59861deb-d8e1-48f7-a219-86beacea27df	2024-11-11 13:47:31.936969+05:30	2024-11-11 13:47:31.936989+05:30	\N	\N
434	0e1ad81c-ff1c-42c9-b8f8-0470d6c75b8a	2024-11-11 13:47:39.276725+05:30	2024-11-11 13:47:39.276746+05:30	\N	\N
435	64ca3449-7176-4a19-b059-df16a651a42c	2024-11-11 13:47:39.765792+05:30	2024-11-11 13:47:39.765812+05:30	\N	\N
436	205c4adc-b9d3-45b6-840f-9ca75e0670d2	2024-11-11 13:47:41.024155+05:30	2024-11-11 13:47:41.024175+05:30	\N	\N
437	876065e2-7e13-4a94-9466-2e266f531a6f	2024-11-11 13:47:41.637762+05:30	2024-11-11 13:47:41.637783+05:30	\N	\N
438	e728c02c-705a-4a8d-aa41-4dffb3e3d82b	2024-11-11 13:47:42.184243+05:30	2024-11-11 13:47:42.184263+05:30	\N	\N
439	d87e11b7-5fc7-4362-ba3a-f90544d2e820	2024-11-11 13:47:42.654773+05:30	2024-11-11 13:47:42.654794+05:30	\N	\N
440	dbaca6fb-5595-4bc2-af4e-a094436e297c	2024-11-11 13:47:43.125101+05:30	2024-11-11 13:47:43.125122+05:30	\N	\N
441	070aaaa7-d0bc-4758-908f-b48768164f14	2024-11-11 13:47:43.531177+05:30	2024-11-11 13:47:43.531199+05:30	\N	\N
442	b3b532a2-d835-4f22-ba65-8da6943485d4	2024-11-11 13:47:43.805934+05:30	2024-11-11 13:47:43.805975+05:30	\N	\N
443	e37b8cf1-4547-4605-bda1-40165c36e469	2024-11-11 13:47:44.046628+05:30	2024-11-11 13:47:44.046648+05:30	\N	\N
444	9f1be204-c95f-417c-819d-65bf18061556	2024-11-11 13:47:44.149518+05:30	2024-11-11 13:47:44.149537+05:30	\N	\N
445	5512f60d-46fb-449e-85a4-4a3af3e8a3a9	2024-11-11 13:47:44.239075+05:30	2024-11-11 13:47:44.239095+05:30	\N	\N
999	\N	2024-12-12 11:53:32.349419+05:30	2024-12-12 11:53:32.349441+05:30	34181a3c-b4ea-420e-805c-aa66facf7a58	\N
446	24730f3b-1f34-44f5-bdf1-b497d560f8d5	2024-11-11 13:47:44.28519+05:30	2024-11-11 13:47:44.285209+05:30	\N	\N
447	86bc8c34-f58a-471f-8c8d-731ebd9299fe	2024-11-11 13:47:44.289038+05:30	2024-11-11 13:47:44.289055+05:30	\N	\N
448	4bacd760-fa77-40b4-89cc-150f8637eec9	2024-11-11 13:47:44.33824+05:30	2024-11-11 13:47:44.338256+05:30	\N	\N
449	d6763850-a208-457f-ad81-7aa92a1327ed	2024-11-11 13:47:44.341562+05:30	2024-11-11 13:47:44.341578+05:30	\N	\N
450	9a4cb526-33f3-40ff-85e4-fe490c36af3d	2024-11-11 13:47:44.413817+05:30	2024-11-11 13:47:44.413858+05:30	\N	\N
451	3bee2327-6eeb-481c-a004-dd5b2414a0e9	2024-11-11 13:47:44.508829+05:30	2024-11-11 13:47:44.508874+05:30	\N	\N
452	7dd590c2-71a5-4520-b3ac-86c6f0e9a6d2	2024-11-11 13:47:44.571183+05:30	2024-11-11 13:47:44.571204+05:30	\N	\N
453	8f532585-2309-41eb-b2fd-fca257a5458e	2024-11-11 13:47:44.588372+05:30	2024-11-11 13:47:44.588392+05:30	\N	\N
454	2c188c7d-821d-440c-b048-3f2ca74c1bee	2024-11-11 13:47:44.627658+05:30	2024-11-11 13:47:44.627676+05:30	\N	\N
455	45ccf5a4-376b-4267-b570-9fcab11a1746	2024-11-11 13:47:44.64114+05:30	2024-11-11 13:47:44.641159+05:30	\N	\N
456	925c929d-1823-4822-b04e-909629c4b224	2024-11-11 13:47:44.684639+05:30	2024-11-11 13:47:44.684658+05:30	\N	\N
457	004d4037-4a0a-4ced-b55d-6a26c9065d52	2024-11-11 13:47:44.774124+05:30	2024-11-11 13:47:44.774144+05:30	\N	\N
458	1577f52a-59cb-4d08-9893-53d117802674	2024-11-11 13:47:44.839349+05:30	2024-11-11 13:47:44.839368+05:30	\N	\N
459	19a4c5b6-19d8-4587-a99d-bf09d00b27ed	2024-11-11 13:47:44.871406+05:30	2024-11-11 13:47:44.871425+05:30	\N	\N
460	cf3104ee-aaed-46c0-a7a7-456a8ff7361b	2024-11-11 13:47:44.90599+05:30	2024-11-11 13:47:44.906009+05:30	\N	\N
461	4eca674c-b661-4bf3-823f-a077f39890af	2024-11-11 13:47:44.922954+05:30	2024-11-11 13:47:44.922974+05:30	\N	\N
462	093d95c9-a7b5-4d37-8da7-0a61eb8bdc79	2024-11-11 13:47:44.9715+05:30	2024-11-11 13:47:44.971521+05:30	\N	\N
463	ba4e3f5b-0847-4bd4-88f4-1662bc5361ef	2024-11-11 13:47:45.044253+05:30	2024-11-11 13:47:45.044276+05:30	\N	\N
464	1ef60361-33b1-4b65-9775-438e22742af3	2024-11-11 13:47:45.106633+05:30	2024-11-11 13:47:45.106655+05:30	\N	\N
465	b2f3eb4b-b79a-4a64-a2ab-7040faeeb4ce	2024-11-11 13:47:45.154477+05:30	2024-11-11 13:47:45.154498+05:30	\N	\N
466	f51f014e-3b58-4484-8e0c-9aba769acd36	2024-11-11 13:47:45.201481+05:30	2024-11-11 13:47:45.201501+05:30	\N	\N
467	16f5b41e-d73a-4b6b-ac0d-1dea575eb53f	2024-11-11 13:47:45.250123+05:30	2024-11-11 13:47:45.250144+05:30	\N	\N
468	050bd4c8-deb7-4055-9ffc-389afe952526	2024-11-11 13:47:45.310277+05:30	2024-11-11 13:47:45.310299+05:30	\N	\N
469	635c4b38-35d5-4bd2-b2b8-684aac572322	2024-11-11 13:47:45.389382+05:30	2024-11-11 13:47:45.389402+05:30	\N	\N
470	0d321a56-5fe4-499c-a737-09b28bed7cb6	2024-11-11 13:47:45.4375+05:30	2024-11-11 13:47:45.437521+05:30	\N	\N
471	a40ad783-27f7-4c0a-ac73-4c79cd2f1ef9	2024-11-11 13:47:45.478907+05:30	2024-11-11 13:47:45.478927+05:30	\N	\N
472	3e67f75f-dc0f-4126-9a18-89c8e14f266a	2024-11-11 13:47:45.48728+05:30	2024-11-11 13:47:45.487299+05:30	\N	\N
473	960a4b8f-5022-4804-8883-4a2677548928	2024-11-11 13:47:45.526964+05:30	2024-11-11 13:47:45.526985+05:30	\N	\N
474	1c548b97-89ca-44b1-b27b-44979586fb7b	2024-11-11 13:47:45.576098+05:30	2024-11-11 13:47:45.576118+05:30	\N	\N
475	dab38c13-82a0-4707-a1fd-ced2b8bbd1e8	2024-11-11 13:47:45.655883+05:30	2024-11-11 13:47:45.655902+05:30	\N	\N
476	6d152e05-fb6a-48ce-88c5-e0545afdd9ea	2024-11-11 13:47:45.705622+05:30	2024-11-11 13:47:45.705644+05:30	\N	\N
477	97ec09e5-ba4a-48a9-857b-1b8a3c591267	2024-11-11 13:47:45.778249+05:30	2024-11-11 13:47:45.778269+05:30	\N	\N
478	1f8779a0-42fd-4da8-828b-e476aeb2e23f	2024-11-11 13:47:45.77889+05:30	2024-11-11 13:47:45.778904+05:30	\N	\N
479	6643100f-6541-41ff-ba4f-11f22277073b	2024-11-11 13:47:45.810055+05:30	2024-11-11 13:47:45.810072+05:30	\N	\N
480	90c1a54c-4d47-4c1d-9c27-f0a60fdd8dd5	2024-11-11 13:47:45.848948+05:30	2024-11-11 13:47:45.848967+05:30	\N	\N
481	f6806562-c132-411e-adb4-0a34285c9b6e	2024-11-11 13:47:45.92413+05:30	2024-11-11 13:47:45.924151+05:30	\N	\N
482	c91ff91d-06a2-46a4-a8ad-071adbdfcb51	2024-11-11 13:47:45.972394+05:30	2024-11-11 13:47:45.972415+05:30	\N	\N
483	b2ebeea1-a3cd-4c07-9075-dc9b8d4dd149	2024-11-11 13:47:46.050951+05:30	2024-11-11 13:47:46.050973+05:30	\N	\N
484	d0b00a59-dc78-4a17-8b84-bc4709ae7c6a	2024-11-11 13:47:46.075659+05:30	2024-11-11 13:47:46.075678+05:30	\N	\N
485	3e83863a-cb9f-40dd-a183-028a542fce4b	2024-11-11 13:47:46.094434+05:30	2024-11-11 13:47:46.094454+05:30	\N	\N
486	53b4be41-0bc2-4a35-9601-c3dc82561cf9	2024-11-11 13:47:46.127689+05:30	2024-11-11 13:47:46.127702+05:30	\N	\N
487	924d32a2-7dc8-4411-85d2-ba8bc51acf9c	2024-11-11 13:47:46.195372+05:30	2024-11-11 13:47:46.195392+05:30	\N	\N
488	a9758e1f-3a16-420e-88e6-6ec048a63559	2024-11-11 13:47:46.258277+05:30	2024-11-11 13:47:46.258295+05:30	\N	\N
489	5038dba9-2a32-4163-8f12-354f7094ad35	2024-11-11 13:47:46.320001+05:30	2024-11-11 13:47:46.320022+05:30	\N	\N
490	64648018-6e2c-4e40-99bc-129dc0850757	2024-11-11 13:47:46.378593+05:30	2024-11-11 13:47:46.378613+05:30	\N	\N
491	d362adee-4bf2-4fbd-89a2-84e2654af5fe	2024-11-11 13:47:46.382355+05:30	2024-11-11 13:47:46.382373+05:30	\N	\N
492	125831fb-f7e1-4402-9533-23f501eb82cc	2024-11-11 13:47:46.413392+05:30	2024-11-11 13:47:46.413405+05:30	\N	\N
493	979aed55-4a9d-4fe6-942c-e6b97de0586b	2024-11-11 13:47:46.465348+05:30	2024-11-11 13:47:46.465368+05:30	\N	\N
494	fd04922d-75f0-43f8-945e-911283e40d60	2024-11-11 13:47:46.523568+05:30	2024-11-11 13:47:46.523588+05:30	\N	\N
495	470146d7-6846-4283-86b7-7dc96bb5faa1	2024-11-11 13:47:46.586589+05:30	2024-11-11 13:47:46.586609+05:30	\N	\N
496	0787cd41-7563-4baf-87dc-1cb71512f7cc	2024-11-11 13:47:46.686282+05:30	2024-11-11 13:47:46.686302+05:30	\N	\N
497	1be4e43f-b17a-4727-8402-22be0c6048bb	2024-11-11 13:47:46.687344+05:30	2024-11-11 13:47:46.68736+05:30	\N	\N
498	ccac5912-5cbf-4f0a-b959-28cb9b228414	2024-11-11 13:47:46.690168+05:30	2024-11-11 13:47:46.690186+05:30	\N	\N
499	2b4c4520-34bd-4b5f-8474-e366445e8120	2024-11-11 13:47:46.747677+05:30	2024-11-11 13:47:46.747694+05:30	\N	\N
500	e584bd08-fa3a-4f5c-90b4-b82216325271	2024-11-11 13:47:46.794178+05:30	2024-11-11 13:47:46.794196+05:30	\N	\N
501	7a47ff71-1ced-41e4-a0ae-32da1d383359	2024-11-11 13:47:46.854421+05:30	2024-11-11 13:47:46.854441+05:30	\N	\N
502	c7620308-192a-47aa-b858-945802393124	2024-11-11 13:47:47.006969+05:30	2024-11-11 13:47:47.006991+05:30	\N	\N
503	48ce2267-f66b-43f5-b5d4-74907a6a2906	2024-11-11 13:47:47.010138+05:30	2024-11-11 13:47:47.010158+05:30	\N	\N
504	229a5be6-494b-4e33-95e8-7d55e44c36ff	2024-11-11 13:47:47.017653+05:30	2024-11-11 13:47:47.017673+05:30	\N	\N
505	4fc92400-c436-4d1f-a2e8-50a5c0316a80	2024-11-11 13:47:47.035596+05:30	2024-11-11 13:47:47.035614+05:30	\N	\N
506	4848cc86-1722-4ade-9886-99612fd49bb5	2024-11-11 13:47:47.084539+05:30	2024-11-11 13:47:47.084558+05:30	\N	\N
507	ce8aa2e6-c421-44c8-87b7-e38824e7d210	2024-11-11 13:47:47.143849+05:30	2024-11-11 13:47:47.143885+05:30	\N	\N
508	6218d282-593f-45e0-b1e7-6c077059b437	2024-11-11 13:47:47.359303+05:30	2024-11-11 13:47:47.359323+05:30	\N	\N
509	864465a8-35f1-44cb-a568-e2c5a847cfa3	2024-11-11 13:47:47.377187+05:30	2024-11-11 13:47:47.377206+05:30	\N	\N
510	ebd79f88-d383-44a0-8bdd-b39a07b42a54	2024-11-11 13:47:47.389272+05:30	2024-11-11 13:47:47.389292+05:30	\N	\N
511	cc067161-61ce-4788-bae3-dbf487be171e	2024-11-11 13:47:47.395562+05:30	2024-11-11 13:47:47.39558+05:30	\N	\N
512	180d4f09-824f-4294-ab8f-2f7f93b1f5eb	2024-11-11 13:47:47.42287+05:30	2024-11-11 13:47:47.42289+05:30	\N	\N
513	bab3138f-f26f-457b-85c1-7ef54454b042	2024-11-11 13:47:47.443766+05:30	2024-11-11 13:47:47.443786+05:30	\N	\N
514	f04297ba-c4a5-4335-8139-317bf3ebd8c9	2024-11-11 13:47:47.658154+05:30	2024-11-11 13:47:47.658174+05:30	\N	\N
515	6b79d1cb-0f03-408b-86dd-a389c2d3d957	2024-11-11 13:47:47.726528+05:30	2024-11-11 13:47:47.726541+05:30	\N	\N
516	9418fb39-f67b-428f-b3f2-579b6a937a05	2024-11-11 13:47:47.725726+05:30	2024-11-11 13:47:47.725747+05:30	\N	\N
517	76ae73fa-6709-4e94-9119-5ee3c6b9f50c	2024-11-11 13:47:47.749169+05:30	2024-11-11 13:47:47.74919+05:30	\N	\N
518	4e6d61e6-651a-4df9-872d-7724d45b8d52	2024-11-11 13:47:47.770943+05:30	2024-11-11 13:47:47.770963+05:30	\N	\N
519	a8611d93-fd2c-4559-aa6b-5b31398f97fd	2024-11-11 13:47:47.773656+05:30	2024-11-11 13:47:47.773671+05:30	\N	\N
520	7f21ab45-0be2-4b70-80f2-cea257b9e10a	2024-11-11 13:47:47.927886+05:30	2024-11-11 13:47:47.927906+05:30	\N	\N
521	832f76ac-f7d2-4c2e-8f87-a55fc27a3855	2024-11-11 13:47:48.039504+05:30	2024-11-11 13:47:48.039524+05:30	\N	\N
522	26d4452c-676a-4317-97dc-4e1f1ca61076	2024-11-11 13:47:48.060249+05:30	2024-11-11 13:47:48.06027+05:30	\N	\N
523	4c417264-f0b2-4c9a-811c-bb79dc1d39b9	2024-11-11 13:47:48.110765+05:30	2024-11-11 13:47:48.110786+05:30	\N	\N
524	fe5a9bb1-626f-449d-b37b-11543a34fd07	2024-11-11 13:47:48.114618+05:30	2024-11-11 13:47:48.114638+05:30	\N	\N
525	59f09c3f-503c-42e0-8213-8a9a24a7bdbd	2024-11-11 13:47:48.125797+05:30	2024-11-11 13:47:48.125818+05:30	\N	\N
526	6f432a50-2b2f-4c0f-8805-7f3dfda208c9	2024-11-11 13:47:48.214328+05:30	2024-11-11 13:47:48.214348+05:30	\N	\N
527	6ef30f00-8911-4f61-8aa9-cce64a045f4c	2024-11-11 13:47:48.340216+05:30	2024-11-11 13:47:48.340238+05:30	\N	\N
528	e428dd59-233c-49fd-b7d7-f009ffbbca34	2024-11-11 13:47:48.387133+05:30	2024-11-11 13:47:48.387153+05:30	\N	\N
529	c6aa8136-bb73-4a13-ae71-831702ba8b35	2024-11-11 13:47:48.437139+05:30	2024-11-11 13:47:48.437158+05:30	\N	\N
530	519f53c7-b614-4bf3-8944-aa96a9b832b1	2024-11-11 13:47:48.46433+05:30	2024-11-11 13:47:48.464349+05:30	\N	\N
531	0782aff8-b8b8-462e-b58b-1f131e3f9281	2024-11-11 13:47:48.475246+05:30	2024-11-11 13:47:48.475264+05:30	\N	\N
532	1defba91-8508-40c9-9576-896ebc390caa	2024-11-11 13:47:48.509455+05:30	2024-11-11 13:47:48.509472+05:30	\N	\N
533	a27516f5-288a-450d-8c44-892396c8f4ff	2024-11-11 13:47:48.605411+05:30	2024-11-11 13:47:48.605453+05:30	\N	\N
534	c47f3f78-eb82-4f6b-817e-b9f091388437	2024-11-11 13:47:48.652972+05:30	2024-11-11 13:47:48.652993+05:30	\N	\N
535	a7461e24-f7cd-4af6-a3c8-0e4ed94901ec	2024-11-11 13:47:48.734188+05:30	2024-11-11 13:47:48.734208+05:30	\N	\N
536	61a80fb6-fbdb-4323-9371-464d2e2cd060	2024-11-11 13:47:48.784235+05:30	2024-11-11 13:47:48.784257+05:30	\N	\N
537	4281cfa2-f022-445f-9ee3-731226332e87	2024-11-11 13:47:48.786565+05:30	2024-11-11 13:47:48.786583+05:30	\N	\N
538	de56214c-6fcf-47f9-9b91-6e0ed757198d	2024-11-11 13:47:48.802372+05:30	2024-11-11 13:47:48.802391+05:30	\N	\N
539	87945bce-d581-4389-86f5-76011953d116	2024-11-11 13:47:48.872118+05:30	2024-11-11 13:47:48.872137+05:30	\N	\N
540	e2fea93d-7609-4ad4-af19-84c0bf662100	2024-11-11 13:47:48.92005+05:30	2024-11-11 13:47:48.92007+05:30	\N	\N
541	9f869a7c-158c-4cd3-b8b6-8191b2cb0121	2024-11-11 13:47:49.028315+05:30	2024-11-11 13:47:49.028335+05:30	\N	\N
542	1badc0ae-60aa-4406-96e3-10456cfa96b4	2024-11-11 13:47:49.081303+05:30	2024-11-11 13:47:49.081322+05:30	\N	\N
543	d0904c6e-0cf8-4f3a-916d-ce4766b5e43e	2024-11-11 13:47:49.107846+05:30	2024-11-11 13:47:49.107868+05:30	\N	\N
544	1df94422-e5f9-4357-b84a-3330d1fcf534	2024-11-11 13:47:49.112067+05:30	2024-11-11 13:47:49.112086+05:30	\N	\N
545	08dc47e2-9174-48b9-9f53-6fd3604b666d	2024-11-11 13:47:49.158734+05:30	2024-11-11 13:47:49.158753+05:30	\N	\N
546	6d08cef0-2360-4bfb-9c22-325f81c68f19	2024-11-11 13:47:49.189079+05:30	2024-11-11 13:47:49.189098+05:30	\N	\N
547	d11977a1-9e89-48d3-a0f1-acd86a205ccd	2024-11-11 13:47:49.294831+05:30	2024-11-11 13:47:49.294873+05:30	\N	\N
548	5d409b87-b108-4534-a107-4d25ec638c9a	2024-11-11 13:47:49.377411+05:30	2024-11-11 13:47:49.37743+05:30	\N	\N
549	8861566f-b046-437a-a0dc-76b6064ffa5b	2024-11-11 13:47:49.411503+05:30	2024-11-11 13:47:49.41151+05:30	\N	\N
550	3c73a339-4ec9-46fb-b084-24eb48469012	2024-11-11 13:47:49.411345+05:30	2024-11-11 13:47:49.411364+05:30	\N	\N
551	6078e5f9-f6a4-48d5-9034-4af1052e697d	2024-11-11 13:47:49.44536+05:30	2024-11-11 13:47:49.445379+05:30	\N	\N
552	0d40da78-d5e2-49d3-9ec1-f82d9fc95a34	2024-11-11 13:47:49.47159+05:30	2024-11-11 13:47:49.471609+05:30	\N	\N
553	6c60acbe-d326-4c88-993c-7166b1094b29	2024-11-11 13:47:49.675249+05:30	2024-11-11 13:47:49.675268+05:30	\N	\N
554	f66d733b-2356-426e-9bde-69c553dd4b15	2024-11-11 13:47:49.726864+05:30	2024-11-11 13:47:49.726885+05:30	\N	\N
555	87da0a63-808b-4ec0-8402-28dfafe73bb9	2024-11-11 13:47:49.729376+05:30	2024-11-11 13:47:49.729395+05:30	\N	\N
556	785f77d1-ec3a-4e1b-97b2-85b464fea642	2024-11-11 13:47:49.763071+05:30	2024-11-11 13:47:49.763091+05:30	\N	\N
557	bdf96ed0-074f-4487-88c5-67edc671f1ff	2024-11-11 13:47:49.770392+05:30	2024-11-11 13:47:49.77041+05:30	\N	\N
558	76909af4-7cd4-4c86-b6f6-a1eac7b4f5e3	2024-11-11 13:47:49.871289+05:30	2024-11-11 13:47:49.87131+05:30	\N	\N
559	595c8aaf-eeac-44a8-8369-dff0299d2479	2024-11-11 13:47:49.945699+05:30	2024-11-11 13:47:49.945737+05:30	\N	\N
560	dad8b4e6-479f-41c6-a9c5-6275dd72ba9d	2024-11-11 13:47:50.061032+05:30	2024-11-11 13:47:50.061049+05:30	\N	\N
561	35d9e6ad-07c5-4601-af06-ced6836e1321	2024-11-11 13:47:50.059979+05:30	2024-11-11 13:47:50.06+05:30	\N	\N
562	a293b67b-81b4-4971-8fbd-79e13eeaff98	2024-11-11 13:47:50.081961+05:30	2024-11-11 13:47:50.081976+05:30	\N	\N
563	6456e379-d2b0-4c22-9f6c-8169dffe22b6	2024-11-11 13:47:50.080997+05:30	2024-11-11 13:47:50.081016+05:30	\N	\N
564	8947d33b-5bc2-4a56-bafa-3dcafe29a420	2024-11-11 13:47:50.154472+05:30	2024-11-11 13:47:50.154492+05:30	\N	\N
565	fbada72a-197b-4ea6-a9f6-37502471caae	2024-11-11 13:47:50.212347+05:30	2024-11-11 13:47:50.212367+05:30	\N	\N
566	dbb88f12-bca7-454d-9b82-e7aedb5839d5	2024-11-11 13:47:50.373886+05:30	2024-11-11 13:47:50.373906+05:30	\N	\N
567	17a58cbd-4842-469b-b966-66d37236b373	2024-11-11 13:47:50.417156+05:30	2024-11-11 13:47:50.417176+05:30	\N	\N
568	ad00a839-4d1d-46c9-9a12-664d6e0db054	2024-11-11 13:47:50.419045+05:30	2024-11-11 13:47:50.419062+05:30	\N	\N
569	be4d7fb3-f2c0-45ad-81d6-6a59d09e372c	2024-11-11 13:47:50.436895+05:30	2024-11-11 13:47:50.436913+05:30	\N	\N
570	8bc522fb-95f5-4a5c-a448-5d94d939090c	2024-11-11 13:47:50.45825+05:30	2024-11-11 13:47:50.458271+05:30	\N	\N
571	6ac7ee04-a4c8-4b15-81dc-37f435afcb16	2024-11-11 13:47:50.511974+05:30	2024-11-11 13:47:50.511993+05:30	\N	\N
572	0ea1372a-c43d-410b-b64b-e1054f6a142f	2024-11-11 13:47:50.7032+05:30	2024-11-11 13:47:50.703221+05:30	\N	\N
573	7b97e289-b11e-4308-bfd2-64b07671c9d4	2024-11-11 13:47:50.747682+05:30	2024-11-11 13:47:50.747702+05:30	\N	\N
574	dd31dd97-a700-4582-bfed-97398b5d8fec	2024-11-11 13:47:50.777463+05:30	2024-11-11 13:47:50.777486+05:30	\N	\N
575	f60cfc30-dd1a-4f2c-9c52-3afaf5bc0361	2024-11-11 13:47:50.80529+05:30	2024-11-11 13:47:50.805308+05:30	\N	\N
576	1ef19e5f-4970-44d0-9fea-45d1eb0e8eae	2024-11-11 13:47:50.802213+05:30	2024-11-11 13:47:50.802233+05:30	\N	\N
577	16cc7808-d4a8-4d17-a065-06da34852462	2024-11-11 13:47:50.815803+05:30	2024-11-11 13:47:50.815842+05:30	\N	\N
578	1b55b004-a384-451a-91b6-b9f7580d98da	2024-11-11 13:47:50.983041+05:30	2024-11-11 13:47:50.98306+05:30	\N	\N
579	5652798a-e956-4bd2-b06a-1c2598a6ba33	2024-11-11 13:47:51.062732+05:30	2024-11-11 13:47:51.062755+05:30	\N	\N
580	794ec9cb-21a9-48fe-8f96-9d1543ffec32	2024-11-11 13:47:51.122579+05:30	2024-11-11 13:47:51.122599+05:30	\N	\N
581	0b191a90-9855-41ae-9a9e-ddb6e187690b	2024-11-11 13:47:51.130457+05:30	2024-11-11 13:47:51.130476+05:30	\N	\N
582	f96e5df1-d4b8-4150-b9ac-edd2b79d47f6	2024-11-11 13:47:51.141793+05:30	2024-11-11 13:47:51.141812+05:30	\N	\N
583	ae7b1fd0-cef6-4c74-856c-e371246ed01f	2024-11-11 13:47:51.150385+05:30	2024-11-11 13:47:51.150404+05:30	\N	\N
584	0be50f80-cd93-4d2d-8ad7-0fc0ce1cbb52	2024-11-11 13:47:51.245682+05:30	2024-11-11 13:47:51.245702+05:30	\N	\N
585	6a2edff4-13dd-4042-bc40-d723b9fc71c8	2024-11-11 13:47:51.355765+05:30	2024-11-11 13:47:51.355785+05:30	\N	\N
586	69ac87df-1f55-416e-b1a7-2e1ed0a01558	2024-11-11 13:47:51.440412+05:30	2024-11-11 13:47:51.440433+05:30	\N	\N
587	4a6b22d8-f055-4242-8865-6f51d7aeb1ce	2024-11-11 13:47:51.473724+05:30	2024-11-11 13:47:51.473746+05:30	\N	\N
588	9e9e978b-d22d-4084-bec8-0cfc0423dd34	2024-11-11 13:47:51.47946+05:30	2024-11-11 13:47:51.479477+05:30	\N	\N
589	20dd5764-25d1-4eb0-8f61-0026c6b067bd	2024-11-11 13:47:51.485374+05:30	2024-11-11 13:47:51.485393+05:30	\N	\N
590	abdab568-959f-4439-921b-084bfd184a81	2024-11-11 13:47:51.534689+05:30	2024-11-11 13:47:51.534708+05:30	\N	\N
591	39749efe-802b-4189-a9d6-a09725a16c54	2024-11-11 13:47:51.623008+05:30	2024-11-11 13:47:51.623028+05:30	\N	\N
592	a3f01f02-04ac-48ab-899c-35e605f9640d	2024-11-11 13:47:51.751133+05:30	2024-11-11 13:47:51.751155+05:30	\N	\N
593	49d282f8-3b09-4f7f-92f4-9649cd9a1227	2024-11-11 13:47:51.810579+05:30	2024-11-11 13:47:51.810598+05:30	\N	\N
594	2899be1c-af99-4306-bccd-947d38e372f3	2024-11-11 13:47:51.812974+05:30	2024-11-11 13:47:51.812993+05:30	\N	\N
595	6b510788-48cf-42b2-9453-23bf45669fd1	2024-11-11 13:47:51.821122+05:30	2024-11-11 13:47:51.821143+05:30	\N	\N
596	9c627738-f011-4072-aa07-83b85aadda0a	2024-11-11 13:47:51.841133+05:30	2024-11-11 13:47:51.841152+05:30	\N	\N
597	7df51524-eeac-4974-b98c-aa731d95295b	2024-11-11 13:47:51.900993+05:30	2024-11-11 13:47:51.901013+05:30	\N	\N
598	63e76fad-46dd-4f9e-91c5-a8118fd93cfc	2024-11-11 13:47:52.037072+05:30	2024-11-11 13:47:52.037092+05:30	\N	\N
599	5a714476-46e4-41ad-81e5-91dba8272565	2024-11-11 13:47:52.131081+05:30	2024-11-11 13:47:52.131102+05:30	\N	\N
600	07cd5460-fecd-4bdd-9f50-6861a2bf21ca	2024-11-11 13:47:52.137408+05:30	2024-11-11 13:47:52.137427+05:30	\N	\N
601	fe1d6f16-77fd-44c7-b21b-72d36d2e3e64	2024-11-11 13:47:52.158896+05:30	2024-11-11 13:47:52.158916+05:30	\N	\N
602	560e1977-f358-42b9-8e5b-de3f74f94e18	2024-11-11 13:47:52.183133+05:30	2024-11-11 13:47:52.183152+05:30	\N	\N
603	cd4dd0f8-63bf-48ea-a288-c2cc57791ef6	2024-11-11 13:47:52.197133+05:30	2024-11-11 13:47:52.197152+05:30	\N	\N
604	2427794f-9e92-4f7d-b458-42e1b3646e01	2024-11-11 13:47:52.305426+05:30	2024-11-11 13:47:52.305446+05:30	\N	\N
605	3a632057-a825-4cd7-9a69-eea56e2a83c6	2024-11-11 13:47:52.432027+05:30	2024-11-11 13:47:52.432062+05:30	\N	\N
606	4d7df354-7e1c-40f1-9d44-b3d53111ee82	2024-11-11 13:47:52.4537+05:30	2024-11-11 13:47:52.453729+05:30	\N	\N
607	c7a54900-6c16-4126-9cfa-97297b18dda1	2024-11-11 13:47:52.497532+05:30	2024-11-11 13:47:52.497557+05:30	\N	\N
608	3294ae14-50fb-4b35-934e-5daa9b0ec9c3	2024-11-11 13:47:52.517086+05:30	2024-11-11 13:47:52.517114+05:30	\N	\N
609	589c7cbe-a9eb-4209-ad44-b5870e97ace9	2024-11-11 13:47:52.522285+05:30	2024-11-11 13:47:52.522302+05:30	\N	\N
610	b13e5295-fb1f-4316-b066-08bf3a202b91	2024-11-11 13:47:52.588451+05:30	2024-11-11 13:47:52.588469+05:30	\N	\N
611	a3250f90-ed34-4b54-a00c-a093c52f9248	2024-11-11 13:47:52.732591+05:30	2024-11-11 13:47:52.73261+05:30	\N	\N
612	f8e239cc-7182-4f49-98bd-4805d332140b	2024-11-11 13:47:52.780461+05:30	2024-11-11 13:47:52.780481+05:30	\N	\N
613	56c6b85c-8860-4d99-b040-fa8ce5056c20	2024-11-11 13:47:52.830042+05:30	2024-11-11 13:47:52.830061+05:30	\N	\N
614	5a41a649-febd-470f-a87e-184fe6a786d7	2024-11-11 13:47:52.851021+05:30	2024-11-11 13:47:52.851041+05:30	\N	\N
615	2995b22d-4de1-425d-bd11-6be2d6323095	2024-11-11 13:47:52.854632+05:30	2024-11-11 13:47:52.854654+05:30	\N	\N
616	0a1416ae-8342-44ef-b0c0-f6e64db7865b	2024-11-11 13:47:52.887572+05:30	2024-11-11 13:47:52.887587+05:30	\N	\N
617	401b24d4-53f9-43c3-a0ab-4272a682da85	2024-11-11 13:47:52.999811+05:30	2024-11-11 13:47:52.999832+05:30	\N	\N
618	1c63b8e7-e7bc-4deb-8f02-1a5cfe26b4bb	2024-11-11 13:47:53.064723+05:30	2024-11-11 13:47:53.064741+05:30	\N	\N
619	367c098d-9413-4c81-bb79-ca8eebeabb14	2024-11-11 13:47:53.154081+05:30	2024-11-11 13:47:53.154102+05:30	\N	\N
620	cd904346-846c-4889-91f7-a507b144c3ff	2024-11-11 13:47:53.161206+05:30	2024-11-11 13:47:53.161225+05:30	\N	\N
621	18dec573-4f6e-4aa8-9b71-335971af11cf	2024-11-11 13:47:53.187635+05:30	2024-11-11 13:47:53.187654+05:30	\N	\N
994	\N	2024-12-12 11:31:19.775266+05:30	2024-12-12 11:31:19.775286+05:30	aa1150aa-82de-48cc-9605-06fb32e52c2f	\N
622	ce48fc4d-d215-48c5-8c23-adcd7e3b0aa2	2024-11-11 13:47:53.201079+05:30	2024-11-11 13:47:53.201099+05:30	\N	\N
623	6a1c960a-3504-4749-9d6d-0417ef75870b	2024-11-11 13:47:53.267292+05:30	2024-11-11 13:47:53.267312+05:30	\N	\N
624	34908ab3-c68c-4bfe-b5a3-d9d3ac027abc	2024-11-11 13:47:53.474566+05:30	2024-11-11 13:47:53.474586+05:30	\N	\N
625	a4935b63-6fc3-46b5-a470-1a2106d51099	2024-11-11 13:47:53.512649+05:30	2024-11-11 13:47:53.51267+05:30	\N	\N
626	5d320823-4b15-4b28-b681-b7da173d9058	2024-11-11 13:47:53.518769+05:30	2024-11-11 13:47:53.518786+05:30	\N	\N
627	fc224788-dfcc-4f79-a178-849b431f019a	2024-11-11 13:47:53.555524+05:30	2024-11-11 13:47:53.555544+05:30	\N	\N
628	4acaf462-e392-4d69-bbfc-e71b53c7e619	2024-11-11 13:47:53.726242+05:30	2024-11-11 13:47:53.726262+05:30	\N	\N
629	eefb7850-02fb-4673-8ba1-81b9a88a2310	2024-11-11 13:47:53.775935+05:30	2024-11-11 13:47:53.775956+05:30	\N	\N
630	37a515c2-ddee-49ca-8527-f5c972f97a2c	2024-11-11 13:47:53.791633+05:30	2024-11-11 13:47:53.791654+05:30	\N	\N
631	87efe0a6-6f64-411e-9b89-c0af5a908fbb	2024-11-11 13:47:53.835644+05:30	2024-11-11 13:47:53.835663+05:30	\N	\N
632	5bc807ac-d49b-4104-a868-6e486c5f084a	2024-11-11 13:47:53.994017+05:30	2024-11-11 13:47:53.994047+05:30	\N	\N
633	e44ef9e8-16f4-4b2f-b72a-f976e080dde5	2024-11-11 13:47:54.045489+05:30	2024-11-11 13:47:54.04551+05:30	\N	\N
634	6d644557-eeb4-484e-9174-9ab38e9f7c25	2024-11-11 13:47:54.063297+05:30	2024-11-11 13:47:54.063318+05:30	\N	\N
635	697ce023-e9b9-4c35-a22b-1ae08d0c78ab	2024-11-11 13:47:54.088358+05:30	2024-11-11 13:47:54.088378+05:30	\N	\N
636	a9809c00-9fb3-4b44-99dd-b2e2556b7d4f	2024-11-11 13:47:54.124986+05:30	2024-11-11 13:47:54.125006+05:30	\N	\N
637	cefd8b57-f647-4202-80bb-a4cac8ef6b3e	2024-11-11 13:47:54.263228+05:30	2024-11-11 13:47:54.263248+05:30	\N	\N
638	2daf2315-9a06-4016-b8ca-37f9d9a270e8	2024-11-11 13:47:54.311098+05:30	2024-11-11 13:47:54.311117+05:30	\N	\N
639	5510987f-d529-41d8-8244-f61065a58fed	2024-11-11 13:47:54.343503+05:30	2024-11-11 13:47:54.343523+05:30	\N	\N
640	83aa4d88-c66f-43ee-b32d-ec530c2ae6b6	2024-11-11 13:47:54.397199+05:30	2024-11-11 13:47:54.397218+05:30	\N	\N
641	3865eebb-9b80-4cbf-9538-90e23f369894	2024-11-11 13:47:54.41281+05:30	2024-11-11 13:47:54.412831+05:30	\N	\N
642	d2e2f024-97a5-405b-9088-47efcc7ccaab	2024-11-11 13:47:54.53046+05:30	2024-11-11 13:47:54.530479+05:30	\N	\N
643	e15c60a1-24c3-4a8c-8b8a-f139e46a84d1	2024-11-11 13:47:54.579051+05:30	2024-11-11 13:47:54.57907+05:30	\N	\N
644	85b67ee5-343f-4407-a6b6-90e5bd1cf033	2024-11-11 13:47:54.658307+05:30	2024-11-11 13:47:54.658328+05:30	\N	\N
645	a162b851-3c4c-4829-b0dd-d157aa862ec8	2024-11-11 13:47:54.675559+05:30	2024-11-11 13:47:54.67558+05:30	\N	\N
646	4ff7470a-ae32-4af2-b4f4-8bd99e1f0899	2024-11-11 13:47:54.700962+05:30	2024-11-11 13:47:54.700981+05:30	\N	\N
647	6b2869e2-3325-4cee-b7db-bf43cf824e89	2024-11-11 13:47:54.799481+05:30	2024-11-11 13:47:54.799501+05:30	\N	\N
648	9cecad3c-7cd7-4a6c-9370-286528b716d7	2024-11-11 13:47:54.845969+05:30	2024-11-11 13:47:54.845988+05:30	\N	\N
649	6d0cc528-b7ff-442b-98d3-7b3f436b65cd	2024-11-11 13:47:54.93974+05:30	2024-11-11 13:47:54.939762+05:30	\N	\N
650	f19c2926-be84-45e9-938f-141249ec5fbd	2024-11-11 13:47:54.981018+05:30	2024-11-11 13:47:54.981038+05:30	\N	\N
651	fed5b5ce-8d53-4b6d-a3df-e497eee3d7fd	2024-11-11 13:47:54.985489+05:30	2024-11-11 13:47:54.985507+05:30	\N	\N
652	9f390fad-4fe2-42da-b2a0-17076ff3ebf1	2024-11-11 13:47:55.068594+05:30	2024-11-11 13:47:55.068615+05:30	\N	\N
653	a690bc2e-898c-469c-8f76-9d23357c88a5	2024-11-11 13:47:55.117005+05:30	2024-11-11 13:47:55.117025+05:30	\N	\N
654	12b3ec80-1c43-415c-913a-509d14d78d1b	2024-11-11 13:47:55.211143+05:30	2024-11-11 13:47:55.211164+05:30	\N	\N
655	8351db18-49b7-44f7-81f0-7d0af0bcf5f6	2024-11-11 13:47:55.244527+05:30	2024-11-11 13:47:55.244546+05:30	\N	\N
656	3962d27a-b0e3-4c85-8ef5-5b3ac948da4c	2024-11-11 13:47:55.27592+05:30	2024-11-11 13:47:55.275939+05:30	\N	\N
657	bc4c09e6-213c-4b48-8375-faa43bde02ef	2024-11-11 13:47:55.337962+05:30	2024-11-11 13:47:55.337981+05:30	\N	\N
658	09c09054-3e42-47db-a319-b667cb10a9e2	2024-11-11 13:47:55.385746+05:30	2024-11-11 13:47:55.385766+05:30	\N	\N
659	a381c949-db50-46e9-b4a9-91dc50feb544	2024-11-11 13:47:55.483779+05:30	2024-11-11 13:47:55.483799+05:30	\N	\N
660	332d0c30-3075-4f42-9769-90cb3f8febdf	2024-11-11 13:47:55.51332+05:30	2024-11-11 13:47:55.513339+05:30	\N	\N
661	dd5d5ea4-1f23-4d2a-83d6-a986de5bd4a1	2024-11-11 13:47:55.547832+05:30	2024-11-11 13:47:55.54787+05:30	\N	\N
662	33af2f12-33de-4c4d-a707-67c8085edfc3	2024-11-11 13:47:55.606283+05:30	2024-11-11 13:47:55.606303+05:30	\N	\N
663	e2e44906-fd34-482b-9974-a8eb6a1d757d	2024-11-11 13:47:55.654064+05:30	2024-11-11 13:47:55.654084+05:30	\N	\N
664	43f364a6-ae9d-4210-9b48-00568a2105a2	2024-11-11 13:47:55.785265+05:30	2024-11-11 13:47:55.785286+05:30	\N	\N
665	88c847a0-72ab-482c-a1c1-5b282c7326d8	2024-11-11 13:47:55.816548+05:30	2024-11-11 13:47:55.81657+05:30	\N	\N
666	5d130907-faed-4384-b56a-2afb8b549446	2024-11-11 13:47:55.877167+05:30	2024-11-11 13:47:55.877187+05:30	\N	\N
667	caaec368-a4a3-47c8-a750-5a20d3ba9128	2024-11-11 13:47:55.92616+05:30	2024-11-11 13:47:55.926179+05:30	\N	\N
668	8b549014-64cc-4938-9642-2ff27493d9b4	2024-11-11 13:47:56.054243+05:30	2024-11-11 13:47:56.054265+05:30	\N	\N
669	76f5eb02-c551-4297-8834-aa62d353dfd4	2024-11-11 13:47:56.086501+05:30	2024-11-11 13:47:56.086522+05:30	\N	\N
670	707ec2cc-75ba-4f0f-9511-f04d2d601db0	2024-11-11 13:47:56.159294+05:30	2024-11-11 13:47:56.159315+05:30	\N	\N
671	8995b321-3216-45d2-bbfb-22c3fa240d89	2024-11-11 13:47:56.159937+05:30	2024-11-11 13:47:56.159952+05:30	\N	\N
672	aa3ef353-21ec-420d-8309-50f581e094c4	2024-11-11 13:47:56.324252+05:30	2024-11-11 13:47:56.324272+05:30	\N	\N
673	00787198-2728-45ce-a162-43b3ea8e34aa	2024-11-11 13:47:56.355264+05:30	2024-11-11 13:47:56.355283+05:30	\N	\N
674	5b9347d3-d110-4189-a91d-93eb2acb6588	2024-11-11 13:47:56.429518+05:30	2024-11-11 13:47:56.429538+05:30	\N	\N
675	9e83c642-9991-43de-91e7-81e09687b792	2024-11-11 13:47:56.431774+05:30	2024-11-11 13:47:56.431793+05:30	\N	\N
676	195a86fa-47ba-4e5f-8e23-fed1bdf62c35	2024-11-11 13:47:56.602992+05:30	2024-11-11 13:47:56.603012+05:30	\N	\N
677	9d283a8b-6705-47f2-a22a-50e0aecda288	2024-11-11 13:47:56.621671+05:30	2024-11-11 13:47:56.62169+05:30	\N	\N
678	2d8aac8f-583e-4c44-8c1d-e45baadcbda3	2024-11-11 13:47:56.680008+05:30	2024-11-11 13:47:56.680029+05:30	\N	\N
679	ebbb55be-02c6-47f6-9d56-9d4eb575904b	2024-11-11 13:47:56.681719+05:30	2024-11-11 13:47:56.681738+05:30	\N	\N
680	3f3c10f2-4673-4ab1-bea3-e768bb78c9cd	2024-11-11 13:47:56.874291+05:30	2024-11-11 13:47:56.874311+05:30	\N	\N
681	3b883960-db3a-4b11-96b5-b9015872af31	2024-11-11 13:47:56.906228+05:30	2024-11-11 13:47:56.906248+05:30	\N	\N
682	a1f892c2-8d01-4b9f-8371-7101c1239266	2024-11-11 13:47:56.955137+05:30	2024-11-11 13:47:56.955157+05:30	\N	\N
683	28e7fbca-d90d-4be3-970a-544f1da6db9e	2024-11-11 13:47:56.956266+05:30	2024-11-11 13:47:56.956282+05:30	\N	\N
684	ff85445a-44f4-44a7-a60b-2970d2a245c3	2024-11-11 13:47:57.1419+05:30	2024-11-11 13:47:57.141921+05:30	\N	\N
685	f8001b57-fd9b-41b9-a482-27685cedafc8	2024-11-11 13:47:57.187746+05:30	2024-11-11 13:47:57.187764+05:30	\N	\N
686	8610f85c-343e-4b6d-956d-c657561c294a	2024-11-11 13:47:57.196626+05:30	2024-11-11 13:47:57.196645+05:30	\N	\N
687	e3e5e055-ec8f-4f9c-9cfa-0b5fdce6472e	2024-11-11 13:47:57.209085+05:30	2024-11-11 13:47:57.209106+05:30	\N	\N
688	e74ce635-239e-4476-a590-43e1cb73c5cb	2024-11-11 13:47:57.478452+05:30	2024-11-11 13:47:57.478467+05:30	\N	\N
689	cbbd141b-94d8-49ee-b900-4484922c5449	2024-11-11 13:47:57.477458+05:30	2024-11-11 13:47:57.47748+05:30	\N	\N
690	16f01f20-b696-4c5e-9b0c-043987e0447e	2024-11-11 13:47:57.521428+05:30	2024-11-11 13:47:57.521448+05:30	\N	\N
691	a8c6e25f-262b-4359-a3ac-9cdb2f923785	2024-11-11 13:47:57.533604+05:30	2024-11-11 13:47:57.533622+05:30	\N	\N
692	fe406506-a0d6-4890-a521-d6e0f84e1e08	2024-11-11 13:47:57.792139+05:30	2024-11-11 13:47:57.792159+05:30	\N	\N
693	1fa985c1-47d7-40f4-b7b2-5306729be0a6	2024-11-11 13:47:57.806787+05:30	2024-11-11 13:47:57.806807+05:30	\N	\N
694	e2551715-6759-4055-b371-807c4d5930e7	2024-11-11 13:47:57.853297+05:30	2024-11-11 13:47:57.853318+05:30	\N	\N
695	aaae2a0c-3a4e-445b-8eb3-ffde122fc3c3	2024-11-11 13:47:57.865305+05:30	2024-11-11 13:47:57.865324+05:30	\N	\N
696	350733d0-0fc4-4df0-9335-25ae79255910	2024-11-11 13:47:58.088628+05:30	2024-11-11 13:47:58.088649+05:30	\N	\N
697	a932dee1-5789-4e99-9942-0147194054be	2024-11-11 13:47:58.107597+05:30	2024-11-11 13:47:58.107616+05:30	\N	\N
698	8b5422c3-d315-409e-81b4-eab664514937	2024-11-11 13:47:58.154488+05:30	2024-11-11 13:47:58.154508+05:30	\N	\N
699	0eba57d5-812c-4b7b-92b8-6d9fc33fbdfd	2024-11-11 13:47:58.163914+05:30	2024-11-11 13:47:58.163934+05:30	\N	\N
700	9e1403a2-ed66-4ec1-b04e-4bfd73fffe7a	2024-11-11 13:47:58.389201+05:30	2024-11-11 13:47:58.389221+05:30	\N	\N
701	d530454a-62cd-4fbd-92c0-8addfbe56dd0	2024-11-11 13:47:58.406095+05:30	2024-11-11 13:47:58.406116+05:30	\N	\N
702	789fc0b1-22bc-47b2-a6cf-7cdb490a562f	2024-11-11 13:47:58.447502+05:30	2024-11-11 13:47:58.447522+05:30	\N	\N
703	c912f0b8-ddde-4ddb-900e-e6b975288b80	2024-11-11 13:47:58.46326+05:30	2024-11-11 13:47:58.463279+05:30	\N	\N
704	1abd2af0-a506-418a-aacc-1cf93ef3582f	2024-11-11 13:47:58.700211+05:30	2024-11-11 13:47:58.700233+05:30	\N	\N
705	8fcc3d84-7a4c-4093-8b7c-968a6141a143	2024-11-11 13:47:58.755409+05:30	2024-11-11 13:47:58.755426+05:30	\N	\N
706	f4a50e76-f27e-4bb8-b095-34704f3f06bc	2024-11-11 13:47:58.753454+05:30	2024-11-11 13:47:58.753474+05:30	\N	\N
707	c3215720-0334-43bb-8eb3-15ed2ec30a8f	2024-11-11 13:47:58.765609+05:30	2024-11-11 13:47:58.765628+05:30	\N	\N
708	4d5a4419-6af1-4968-9c64-5524cb187734	2024-11-11 13:47:59.05626+05:30	2024-11-11 13:47:59.056278+05:30	\N	\N
709	b04fd161-5263-486b-9fa5-865982038135	2024-11-11 13:47:59.054825+05:30	2024-11-11 13:47:59.054877+05:30	\N	\N
1000	\N	2024-12-12 12:02:10.574877+05:30	2024-12-12 12:02:10.574898+05:30	3c7038fa-cbc8-4464-ad15-c6db05025495	\N
710	f4d9aa13-949f-4f4c-8651-fa60eb09bfcd	2024-11-11 13:47:59.074189+05:30	2024-11-11 13:47:59.07421+05:30	\N	\N
711	646e790a-278e-47f1-a6ef-de4c368a2181	2024-11-11 13:47:59.085575+05:30	2024-11-11 13:47:59.085594+05:30	\N	\N
712	d1a0a7fd-310f-489b-9030-6ddea4b9930b	2024-11-11 13:47:59.368347+05:30	2024-11-11 13:47:59.368368+05:30	\N	\N
713	71090240-8814-4273-8f50-83a7981d0574	2024-11-11 13:47:59.383341+05:30	2024-11-11 13:47:59.383362+05:30	\N	\N
714	498a1c4d-8b9f-475a-a975-032925f0df47	2024-11-11 13:47:59.405813+05:30	2024-11-11 13:47:59.405831+05:30	\N	\N
715	03b8482b-e482-4951-97fe-cd8da0b79733	2024-11-11 13:47:59.416898+05:30	2024-11-11 13:47:59.41692+05:30	\N	\N
716	e91f37f7-3936-488d-8b5e-5978d386d95a	2024-11-11 13:47:59.657771+05:30	2024-11-11 13:47:59.657791+05:30	\N	\N
717	4168244a-3d0d-4f34-a268-4b62a985b2ba	2024-11-11 13:47:59.692658+05:30	2024-11-11 13:47:59.692678+05:30	\N	\N
718	5790d411-8ded-45f6-8fe0-53c51223c419	2024-11-11 13:47:59.744322+05:30	2024-11-11 13:47:59.744342+05:30	\N	\N
719	5116e7a1-58c2-4f6b-883d-72bec4cb2251	2024-11-11 13:47:59.746979+05:30	2024-11-11 13:47:59.746996+05:30	\N	\N
720	72e25797-01cf-427b-9849-7d964273b7c1	2024-11-11 13:47:59.973736+05:30	2024-11-11 13:47:59.973756+05:30	\N	\N
721	4b201f24-b255-49e7-8bc0-d797c33a5d72	2024-11-11 13:47:59.995689+05:30	2024-11-11 13:47:59.995708+05:30	\N	\N
722	4aaeb109-195e-4f03-a724-0ad075869e5e	2024-11-11 13:48:00.041261+05:30	2024-11-11 13:48:00.041284+05:30	\N	\N
723	88a9939d-0a0c-4cbe-b97e-d2b6c366e84a	2024-11-11 13:48:00.05697+05:30	2024-11-11 13:48:00.056994+05:30	\N	\N
724	de5c6185-6f89-45e8-8f72-64149da6196d	2024-11-11 13:48:00.295541+05:30	2024-11-11 13:48:00.295561+05:30	\N	\N
725	b3dd2bcb-0884-499b-8070-84a3a8de1340	2024-11-11 13:48:00.307323+05:30	2024-11-11 13:48:00.307342+05:30	\N	\N
726	3ec60c3c-f7ca-40b1-b46e-221f0b35fc10	2024-11-11 13:48:00.358057+05:30	2024-11-11 13:48:00.358079+05:30	\N	\N
727	d874c35c-c353-434e-8088-07efc35243a3	2024-11-11 13:48:00.371877+05:30	2024-11-11 13:48:00.371898+05:30	\N	\N
728	8eae4a9f-f0ec-4f1d-9dcb-f56c60987cac	2024-11-11 13:48:00.657342+05:30	2024-11-11 13:48:00.657362+05:30	\N	\N
729	167080f1-7f69-497a-b122-df41780241e3	2024-11-11 13:48:00.697933+05:30	2024-11-11 13:48:00.697954+05:30	\N	\N
730	6b15690d-4526-4dcd-ae75-55dcba7fea50	2024-11-11 13:48:00.701268+05:30	2024-11-11 13:48:00.701283+05:30	\N	\N
731	e6baaf0d-be1f-4a17-b8df-b6e17f862395	2024-11-11 13:48:00.809065+05:30	2024-11-11 13:48:00.809084+05:30	\N	\N
732	2f1c0163-440a-49ed-98c6-4589fb6da931	2024-11-11 13:48:00.985034+05:30	2024-11-11 13:48:00.985055+05:30	\N	\N
733	190aad58-c7a6-487d-baf3-83889c73c192	2024-11-11 13:48:01.04544+05:30	2024-11-11 13:48:01.04546+05:30	\N	\N
734	461c28d8-be07-43eb-b7aa-bd3e47299e36	2024-11-11 13:48:01.087617+05:30	2024-11-11 13:48:01.087638+05:30	\N	\N
735	0f6837ba-d303-4e7f-864c-a55e75b54d2d	2024-11-11 13:48:01.097393+05:30	2024-11-11 13:48:01.097413+05:30	\N	\N
736	00981f44-de0e-420a-b000-0536ae1a136f	2024-11-11 13:48:01.1714+05:30	2024-11-11 13:48:01.171422+05:30	\N	\N
737	57bae1af-646c-4224-8c76-60cf6a93a957	2024-11-11 13:48:01.205571+05:30	2024-11-11 13:48:01.205591+05:30	\N	\N
738	017f91bd-02bf-49b9-af8a-222636fadf3e	2024-11-11 13:48:01.252342+05:30	2024-11-11 13:48:01.252362+05:30	\N	\N
739	245aca12-fa50-44ea-9b45-6b3ba599ee99	2024-11-11 13:48:01.328906+05:30	2024-11-11 13:48:01.328928+05:30	\N	\N
740	d2faf423-8a1d-4018-9dfe-d0bad2f09da0	2024-11-11 13:48:01.385713+05:30	2024-11-11 13:48:01.385735+05:30	\N	\N
741	281d6c70-79d0-4f65-89f4-ef5f81e912c1	2024-11-11 13:48:01.387204+05:30	2024-11-11 13:48:01.387222+05:30	\N	\N
742	dfb1ec6f-0496-4035-9e28-c75d03e415fa	2024-11-11 13:48:01.450076+05:30	2024-11-11 13:48:01.450097+05:30	\N	\N
743	da74611f-d2b4-45ee-8ab3-46a06cfc793e	2024-11-11 13:48:01.458694+05:30	2024-11-11 13:48:01.458713+05:30	\N	\N
1009	\N	2024-12-12 13:17:48.779702+05:30	2024-12-12 13:17:48.779726+05:30	653c4584-a85b-4c83-a92e-0189791a3be1	\N
751	a71c6768-ff93-4626-bca7-24cf134999d9	2024-11-11 16:16:37.739599+05:30	2024-11-11 16:16:37.73962+05:30	\N	\N
752	61bd5fee-3e92-4b20-be09-297a099cd988	2024-11-11 16:16:38.523119+05:30	2024-11-11 16:16:38.523139+05:30	\N	\N
753	ac355bae-5c67-44ac-9e6d-c5654cfaf505	2024-11-11 16:16:39.132004+05:30	2024-11-11 16:16:39.132024+05:30	\N	\N
754	84e95eb4-9d57-407e-9583-b3a5e4a2803a	2024-11-12 14:42:55.212235+05:30	2024-11-12 14:42:55.212258+05:30	\N	\N
755	5f0bf415-cc41-40ad-8a9b-8d33c4cf91b7	2024-11-12 16:18:36.668107+05:30	2024-11-12 16:18:36.66813+05:30	\N	\N
756	ea8f67f2-8c09-4e7c-afed-2383292cb0bb	2024-11-12 16:50:41.795134+05:30	2024-11-12 16:50:41.795172+05:30	\N	\N
757	335d0288-67eb-4b83-b5ac-65867e6d75e5	2024-11-12 16:50:43.678872+05:30	2024-11-12 16:50:43.678894+05:30	\N	\N
758	ad853859-400f-40c4-9d15-a3615d56d904	2024-11-12 17:03:40.161294+05:30	2024-11-12 17:03:40.161316+05:30	\N	\N
759	c2e951cb-4cff-4cb2-8413-09dcd0c3a567	2024-11-12 17:03:45.737354+05:30	2024-11-12 17:03:45.737377+05:30	\N	\N
760	007d6f7f-659c-4a34-8dba-cdfca21c43a0	2024-11-12 17:03:52.184193+05:30	2024-11-12 17:03:52.184214+05:30	\N	\N
761	a98e6ff2-3156-4e06-848c-61ac43a1fb9e	2024-11-12 17:17:28.774734+05:30	2024-11-12 17:17:28.774755+05:30	\N	\N
762	681f0128-7de7-4085-8984-d3c52455833a	2024-11-12 17:17:35.218738+05:30	2024-11-12 17:17:35.21876+05:30	\N	\N
763	4f3487cd-784d-4e1b-ae16-126086f4e86a	2024-11-12 17:17:41.068025+05:30	2024-11-12 17:17:41.068046+05:30	\N	\N
1013	\N	2024-12-12 15:11:22.693929+05:30	2024-12-12 15:11:22.693949+05:30	ce63eeb4-c82a-4c09-aa7f-f257a4b27273	\N
765	95fbaf4c-7724-48c6-be7a-622e27766372	2024-11-12 17:36:52.210711+05:30	2024-11-12 17:36:52.210732+05:30	\N	\N
766	5078625d-704e-4e71-be1d-537991b1ff69	2024-11-12 17:37:47.933988+05:30	2024-11-12 17:37:47.934009+05:30	\N	\N
767	832c28d6-5fda-4a0a-b3a5-c8164631f1dd	2024-11-12 17:37:48.889984+05:30	2024-11-12 17:37:48.890007+05:30	\N	\N
768	049db9b9-0970-48cb-a180-9b7b93b1ec12	2024-11-12 17:44:40.691394+05:30	2024-11-12 17:44:40.691421+05:30	\N	\N
769	ec73b16f-3bc2-407a-9841-3b187447f008	2024-11-12 17:44:42.063959+05:30	2024-11-12 17:44:42.063982+05:30	\N	\N
770	4121e7d5-265a-4aea-9652-6a70295d3575	2024-11-12 17:44:43.406013+05:30	2024-11-12 17:44:43.406035+05:30	\N	\N
805	95ead5ed-7ec5-4484-9ba7-60d218b0ac3a	2024-11-20 10:28:09.095881+05:30	2024-11-20 10:28:09.095902+05:30	\N	\N
806	cc8a165d-5bb1-4243-b018-d8dbfd521a67	2024-11-20 10:28:27.076426+05:30	2024-11-20 10:28:27.076447+05:30	\N	\N
807	7f7de524-c59f-4793-a8dd-3afcf611e252	2024-11-20 10:28:49.214636+05:30	2024-11-20 10:28:49.214657+05:30	\N	\N
808	9a33d2ef-4939-4afe-8b93-808b1351c55a	2024-11-20 10:29:07.65941+05:30	2024-11-20 10:29:07.659432+05:30	\N	\N
809	1524a740-dbb3-4fb2-9191-032106cd5dc3	2024-11-20 10:29:25.590607+05:30	2024-11-20 10:29:25.590628+05:30	\N	\N
811	accb88aa-11a7-415d-9e73-119288ad548f	2024-11-20 10:47:24.974768+05:30	2024-11-20 10:47:24.974789+05:30	\N	\N
812	dd06b12d-078b-4250-89d0-5a55485771ff	2024-11-20 10:47:31.894053+05:30	2024-11-20 10:47:31.894076+05:30	\N	\N
813	aef461f1-b50b-4d28-a459-04fc9fe082e2	2024-11-20 10:47:34.634398+05:30	2024-11-20 10:47:34.634418+05:30	\N	\N
814	f45302a2-4f91-40ec-8c9d-57e0335e6e13	2024-11-20 10:48:02.932763+05:30	2024-11-20 10:48:02.932785+05:30	\N	\N
815	76e094d8-e011-41b8-8192-c72f270cca51	2024-11-20 10:48:13.01678+05:30	2024-11-20 10:48:13.016806+05:30	\N	\N
816	43639006-e8d0-494e-8d3a-48f1e7cc3ca7	2024-11-20 10:48:22.517482+05:30	2024-11-20 10:48:22.517503+05:30	\N	\N
817	a876d028-c9b3-408e-ad85-eee4bb7d6e3f	2024-11-20 10:48:25.335231+05:30	2024-11-20 10:48:25.335258+05:30	\N	\N
832	f803ffe9-5a13-41de-b323-c09128aa78af	2024-11-20 12:59:47.964515+05:30	2024-11-20 12:59:47.964536+05:30	\N	\N
864	59d62d1b-05bd-445c-9100-01e55a713aa5	2024-11-28 11:18:04.89067+05:30	2024-11-28 11:18:04.890693+05:30	\N	\N
925	\N	2024-12-06 17:15:09.747807+05:30	2024-12-06 17:15:09.747829+05:30	65b46b90-d694-4366-9769-7ed66327c835	\N
928	\N	2024-12-09 09:54:57.768112+05:30	2024-12-09 09:54:57.768133+05:30	c936bc48-9290-419b-9539-cfa667830549	\N
930	\N	2024-12-10 12:33:56.029617+05:30	2024-12-10 12:33:56.029641+05:30	bb4f83aa-2d34-4052-8b64-f6fbde1327ad	\N
931	\N	2024-12-10 12:55:58.339908+05:30	2024-12-10 12:55:58.339933+05:30	50b0a43a-9727-47ff-b6cf-475f959c5c25	\N
936	\N	2024-12-10 15:19:30.45296+05:30	2024-12-10 15:19:30.452982+05:30	05a4d0cf-eab2-48f4-a00a-be8cfddf60ee	\N
938	\N	2024-12-10 15:51:56.6471+05:30	2024-12-10 15:51:56.647122+05:30	8dde8133-7aa4-425f-8b5a-ef0d7e9d8522	\N
947	\N	2024-12-11 10:34:09.371187+05:30	2024-12-11 10:34:09.371208+05:30	6e8da82f-e573-412f-b8e0-82442a0dc0dc	\N
948	\N	2024-12-11 10:56:00.097567+05:30	2024-12-11 10:56:00.09759+05:30	89c957c3-a293-4a15-aee4-374293505513	\N
1054	\N	2024-12-13 15:03:55.02827+05:30	2024-12-13 15:03:55.028291+05:30	6a9167b8-8576-42a4-bd6a-df9775783e76	\N
1066	\N	2024-12-13 17:28:04.782415+05:30	2024-12-13 17:28:04.782436+05:30	1a263d61-4548-467c-b591-8b2e5baa2ad1	\N
1069	\N	2024-12-13 18:53:28.986676+05:30	2024-12-13 18:53:28.986698+05:30	d13c4f74-8fa0-44a7-be99-b3cacc8d5f6c	\N
1071	\N	2024-12-14 13:01:33.511329+05:30	2024-12-14 13:01:33.511352+05:30	f72be8bf-b547-4163-983a-b9aae702d7dd	\N
1074	\N	2024-12-14 18:26:35.756621+05:30	2024-12-14 18:26:35.756643+05:30	63c05dd2-32b8-4d00-ba41-4bb5183b8ad9	\N
1075	\N	2024-12-15 10:00:04.955046+05:30	2024-12-15 10:00:04.955066+05:30	3f4d6a40-e73f-4868-a40c-350326d61fe1	\N
1076	\N	2024-12-15 10:19:02.295186+05:30	2024-12-15 10:19:02.295208+05:30	60012093-e969-494c-8a5a-4f47724e4fe7	\N
1091	\N	2024-12-16 11:20:11.668775+05:30	2024-12-16 11:20:11.668797+05:30	1040a658-7b25-4d92-820a-4559204e27ae	\N
1097	\N	2024-12-16 13:17:05.689699+05:30	2024-12-16 13:17:05.689719+05:30	291e8c25-0ca8-4ff5-852d-86e40b58bea4	\N
1103	\N	2024-12-16 16:56:31.825158+05:30	2024-12-16 16:56:31.825181+05:30	06940c7c-354d-40e4-a96f-c3be6178fdea	\N
1104	\N	2024-12-17 11:45:05.78695+05:30	2024-12-17 11:45:05.786973+05:30	8f46b505-02e6-42d9-84b2-8efafe705d43	\N
1109	\N	2024-12-17 13:16:47.549142+05:30	2024-12-17 13:16:47.549165+05:30	\N	\N
1119	\N	2024-12-18 16:13:51.277597+05:30	2024-12-18 16:13:51.277619+05:30	f3488fb0-26fa-4faf-b8cd-364d4c67daf8	\N
1120	\N	2024-12-18 18:11:48.857228+05:30	2024-12-18 18:11:48.85725+05:30	db12a4b8-948b-43fc-b06c-960004ddeb14	\N
1121	\N	2024-12-19 10:55:29.422433+05:30	2024-12-19 10:55:29.422456+05:30	94b13bb2-9a84-461d-8649-263995b01900	\N
1126	393ff747-c82f-4e49-854c-756eb4f39814	2024-12-20 12:17:58.041535+05:30	2024-12-20 12:17:58.041558+05:30	\N	\N
1128	\N	2024-12-20 14:06:14.324599+05:30	2024-12-20 14:06:14.324622+05:30	fa305029-daea-4862-a3ee-910eb788ee57	\N
1129	75baf938-ca93-471f-a86e-475c688a51ed	2024-12-20 14:07:07.118703+05:30	2024-12-20 14:07:07.118726+05:30	\N	\N
1131	7184e361-6afd-49bf-b300-3862d1d5a5cc	2024-12-20 14:15:28.712459+05:30	2024-12-20 14:15:28.712481+05:30	\N	\N
1139	\N	2024-12-23 15:34:07.126059+05:30	2024-12-23 15:34:07.12608+05:30	a1edd359-646a-4421-83f4-f6934c3622d7	\N
1141	\N	2024-12-24 11:01:34.92214+05:30	2024-12-24 11:01:34.92216+05:30	325ad0b8-dbac-4297-9677-8dc9ad8703d1	\N
1142	\N	2024-12-24 11:26:29.270556+05:30	2024-12-24 11:26:29.270578+05:30	be211054-185d-4104-bfa6-a37306d4f7bd	\N
1143	\N	2024-12-24 11:58:41.93078+05:30	2024-12-24 11:58:41.930804+05:30	0f113c50-54e7-4a30-9ffa-9423d0d584ca	\N
1146	eb4867ca-30a5-41cb-8751-55aefbc010b0	2024-12-24 12:12:24.470993+05:30	2024-12-24 12:12:24.47102+05:30	\N	\N
1147	\N	2024-12-26 11:15:18.087741+05:30	2024-12-26 11:15:18.087762+05:30	f6e99d1b-5778-4254-82e6-81b391fe3b42	\N
1151	952a078d-2572-48be-905a-ad2db533a87f	2024-12-30 10:23:17.621857+05:30	2024-12-30 10:23:17.62188+05:30	\N	\N
1159	5026a11c-7b95-4b0a-b9fd-c336b5747785	2024-12-30 14:10:53.427629+05:30	2024-12-30 14:10:53.427651+05:30	\N	\N
1161	\N	2024-12-30 14:12:24.549712+05:30	2024-12-30 14:12:24.549736+05:30	81e3c2f7-602c-47cb-9b3a-e939f01b89d7	\N
1166	45ed6321-3450-4b21-a246-94e1cd55f909	2024-12-30 14:51:31.19087+05:30	2024-12-30 14:51:31.190892+05:30	\N	\N
1168	\N	2024-12-30 16:10:33.977727+05:30	2024-12-30 16:10:33.97775+05:30	639650f8-e5e1-45cf-a544-855e3a98904f	\N
1171	\N	2024-12-30 18:14:32.047712+05:30	2024-12-30 18:14:32.047733+05:30	9717b4c3-a11c-4cc0-baea-d91200d2fe53	\N
1172	\N	2024-12-30 18:41:20.294055+05:30	2024-12-30 18:41:20.294077+05:30	fc478ada-93cc-4f3d-8a65-a04b86174347	\N
1173	184ac816-54eb-4436-85ab-c6287ea46235	2024-12-31 09:47:17.595117+05:30	2024-12-31 09:47:17.595138+05:30	\N	\N
1174	62e2f0e8-44d5-4b97-8cbd-95981c3e9423	2024-12-31 09:53:11.317672+05:30	2024-12-31 09:53:11.317694+05:30	\N	\N
1176	\N	2025-01-01 10:55:44.88411+05:30	2025-01-01 10:55:44.884131+05:30	c5ad2484-59d9-4d0d-aad5-7d993fb9664b	\N
1181	\N	2025-01-02 11:20:43.485567+05:30	2025-01-02 11:20:43.485591+05:30	a39066b5-a5cb-4b66-9a73-b6f05d44d1ef	\N
1182	85e266ab-25a9-4cb6-9a9e-c0a9ffb39d33	2025-01-02 11:24:33.210218+05:30	2025-01-02 11:24:33.210242+05:30	\N	\N
1183	\N	2025-01-02 13:11:30.809181+05:30	2025-01-02 13:11:30.809205+05:30	22ffa166-9b0f-4d85-ad28-cdfcbb440ef1	\N
1187	b23a4b3c-dcf8-4d27-9484-6a4234c89ff3	2025-01-03 10:55:53.363804+05:30	2025-01-03 10:55:53.363824+05:30	\N	\N
1189	\N	2025-01-03 11:11:33.948261+05:30	2025-01-03 11:11:33.948284+05:30	f25deda4-2d76-4328-aed7-7bb515bc5d42	\N
1195	\N	2025-01-03 11:29:49.069694+05:30	2025-01-03 11:29:49.069716+05:30	742e5b82-e205-42ac-8e31-6bbf55fd5d73	\N
1200	\N	2025-01-06 11:51:50.95973+05:30	2025-01-06 11:51:50.959752+05:30	bccabea7-1dc5-4ac3-add5-e2d3cde2145c	\N
1210	\N	2025-01-07 09:48:44.448669+05:30	2025-01-07 09:48:44.44869+05:30	de7ed666-533a-4c8e-bb04-6b3b4dcefb56	\N
1222	\N	2025-01-07 15:58:30.107108+05:30	2025-01-07 15:58:30.107166+05:30	936b6a39-8375-4428-b4df-eb7e5083c65e	\N
1223	\N	2025-01-07 17:17:36.470453+05:30	2025-01-07 17:17:36.470474+05:30	fbccff28-b8f1-46bc-9ada-748d1a8d1d2c	\N
1226	\N	2025-01-08 15:36:33.356377+05:30	2025-01-08 15:36:33.3564+05:30	45696072-b4a6-4157-9fa5-fd74a9e8b204	\N
1227	\N	2025-01-09 10:35:22.717927+05:30	2025-01-09 10:35:22.717949+05:30	d000500b-e1f9-46f3-b536-1fef3b643446	\N
1228	\N	2025-01-09 12:20:20.947208+05:30	2025-01-09 12:20:20.947229+05:30	36ce9ef8-098e-4ee5-8ffc-c6fdc01e2c22	\N
\.


--
-- Data for Name: orders_cartitem; Type: TABLE DATA; Schema: public; Owner: postgres
--

COPY public.orders_cartitem (id, quantity, cart_id, sku_id) FROM stdin;
67	3	21	83
2	3	1	84
1536	2	805	73
4	2	3	80
5	3	3	78
1550	2	817	77
20	3	8	77
21	3	9	77
23	3	10	77
24	1	11	75
2213	1	1139	75
1439	3	754	78
25	3	11	77
2227	1	1146	78
2065	1	1069	75
2278	3	1187	74
2081	1	1075	87
2134	1	1104	81
2175	2	1120	73
2339	1	1200	75
69	3	22	73
2177	1	1120	74
2260	1	1174	75
70	2	22	74
71	1	22	77
2365	1	1226	76
72	6	22	78
77	2	23	74
78	1	23	77
80	4	23	81
81	3	23	83
48	3	19	73
49	2	19	74
50	1	19	77
51	6	19	78
52	4	19	81
83	3	24	73
53	3	19	83
55	3	20	73
56	2	20	74
57	1	20	77
58	6	20	78
59	4	20	81
60	3	20	83
62	3	21	73
63	2	21	74
64	1	21	77
65	6	21	78
66	4	21	81
84	2	24	74
86	6	24	78
87	4	24	81
88	3	24	83
91	2	25	74
92	1	25	77
93	6	25	78
94	4	25	81
95	3	25	83
98	2	26	74
99	1	26	77
100	6	26	78
101	4	26	81
102	3	26	83
105	1	28	73
104	1	27	73
106	2	27	74
107	2	28	74
108	1	27	77
109	1	28	77
110	6	27	78
111	6	28	78
112	4	27	81
113	4	28	81
114	3	27	83
115	3	28	83
118	2	29	73
119	2	29	74
120	1	29	77
121	6	29	78
122	4	29	81
123	3	29	83
125	1	30	73
127	2	30	74
128	2	31	74
129	1	30	77
130	1	31	77
132	6	31	78
131	6	30	78
133	4	31	81
134	4	30	81
136	3	31	83
135	3	30	83
2040	2	1050	76
2195	1	1126	73
1644	1	864	77
1440	1	755	84
2366	3	1226	83
2264	3	1176	74
2080	1	1074	74
2082	1	1075	78
2178	1	1121	74
139	3	32	73
140	2	32	74
141	6	32	78
142	3	32	83
2196	2	1128	74
2216	1	1141	84
144	3	33	73
145	2	33	74
146	6	33	78
147	3	33	83
2179	1	1121	76
149	3	34	73
150	2	34	74
151	6	34	78
152	3	34	83
2083	1	1075	88
154	3	35	73
155	2	35	74
156	6	35	78
157	3	35	83
159	2	36	73
160	2	37	73
161	2	36	74
162	2	37	74
163	6	36	78
164	6	37	78
165	3	36	83
166	3	37	83
1882	1	948	80
1781	6	928	73
168	2	38	73
2190	2	1126	78
170	2	39	73
171	2	38	74
173	6	38	78
172	2	39	74
2191	1	1126	79
175	6	39	78
176	3	38	83
177	2	40	74
1979	1	1004	76
178	3	39	83
180	6	40	78
181	3	40	83
2231	1	1109	75
185	2	41	74
186	6	41	78
187	3	41	83
189	2	42	73
190	2	43	73
192	2	43	74
191	2	42	74
193	6	42	78
194	6	43	78
195	3	42	83
197	3	43	83
196	2	44	73
198	2	45	73
2305	1	1200	76
201	2	44	74
202	2	45	74
204	6	44	78
203	2	46	73
205	2	47	73
206	6	45	78
207	3	44	83
208	2	46	74
209	3	45	83
211	2	47	74
212	6	46	78
215	3	46	83
214	6	47	78
217	3	47	83
219	2	48	73
221	2	49	73
220	2	50	73
223	2	50	74
222	2	51	73
224	2	48	74
225	2	49	74
226	6	50	78
227	2	51	74
228	6	49	78
229	2	53	73
231	6	48	78
230	2	52	73
232	3	50	83
234	6	51	78
233	2	53	74
235	3	49	83
237	2	52	74
238	3	51	83
239	3	48	83
240	6	53	78
242	6	52	78
246	3	53	83
245	3	52	83
249	2	54	73
250	2	54	74
251	2	55	73
252	2	56	73
253	6	54	78
254	2	57	73
256	2	56	74
255	2	55	74
257	3	54	83
258	6	55	78
259	2	57	74
260	6	56	78
262	3	55	83
1453	1	765	87
263	6	57	78
267	3	57	83
2197	1	1129	76
1966	3	994	76
1454	1	766	84
2084	1	1076	87
2320	4	1210	80
2133	2	1103	73
2250	2	1166	75
2355	3	1168	74
2180	1	1121	91
2297	1	1195	84
264	3	56	83
2321	2	1210	77
1540	2	809	77
1455	2	767	84
2070	2	1071	75
1574	1	832	75
2085	2	1076	88
2356	2	1168	78
2335	2	1222	79
2368	1	1227	75
2282	1	1189	76
2298	1	1195	78
2086	1	1076	78
269	2	58	73
270	2	59	73
271	2	58	74
272	2	59	74
273	6	58	78
274	6	59	78
275	3	58	83
2199	2	1131	76
276	3	59	83
279	2	60	73
280	2	60	74
281	6	60	78
282	2	61	73
283	3	60	83
284	2	61	74
1995	1	1016	82
286	2	62	73
287	6	61	78
288	3	61	83
289	2	62	74
2252	1	1168	76
2219	2	1142	75
291	6	62	78
292	3	62	83
294	2	63	73
295	2	63	74
296	6	63	78
297	3	63	83
299	2	64	73
300	2	64	74
301	6	64	78
302	3	64	83
2369	1	1227	81
304	2	65	73
305	2	65	74
306	6	65	78
307	3	65	83
2357	13	1226	73
309	2	66	73
310	2	66	74
311	6	66	78
312	3	66	83
2336	1	1222	75
314	2	67	73
315	2	67	74
316	6	67	78
317	3	67	83
319	2	68	73
320	2	68	74
321	6	68	78
322	3	68	83
324	2	69	73
325	2	69	74
326	6	69	78
327	3	69	83
329	2	70	73
330	2	70	74
331	6	70	78
332	3	70	83
333	1	71	73
335	2	71	74
336	6	71	78
337	3	71	83
339	2	73	73
340	1	74	73
341	2	73	74
342	2	74	74
343	6	73	78
344	6	74	78
345	3	73	83
346	3	74	83
349	3	76	73
350	2	76	74
351	6	76	78
352	3	76	83
354	3	77	73
355	2	77	74
356	6	77	78
357	3	77	83
359	3	78	73
360	2	78	74
361	6	78	78
362	3	78	83
364	3	79	73
365	2	79	74
366	6	79	78
367	3	79	83
369	3	80	73
370	2	80	74
371	6	80	78
372	3	80	83
375	2	82	73
374	2	81	73
376	2	81	74
377	2	82	74
379	6	81	78
378	6	82	78
380	3	82	83
381	3	81	83
384	2	84	73
385	2	83	73
386	2	83	74
387	2	84	74
388	6	84	78
389	6	83	78
391	2	85	73
390	3	84	83
392	3	83	83
393	2	86	73
394	2	85	74
397	6	85	78
399	3	85	83
2220	1	1109	76
1983	1	1008	76
1886	1	948	77
2272	1	1181	75
2337	4	1223	75
2358	2	1226	81
2370	1	1228	73
1970	1	998	76
1984	1	1009	81
2221	1	1143	75
2273	2	1182	75
2359	3	1226	89
1543	2	811	73
1446	1	761	73
1971	1	999	74
2222	1	1143	78
2255	1	1171	73
2274	1	1183	74
2360	1	1226	78
2047	1	1054	75
2060	2	1066	76
398	2	86	74
400	6	86	78
401	3	86	83
1972	1	999	76
404	2	87	73
405	2	87	74
406	6	87	78
407	3	87	83
2112	1	1091	75
461	5	108	78
410	2	88	74
411	6	88	78
412	3	88	83
414	2	89	73
415	2	89	74
416	6	89	78
417	3	89	83
2223	1	1109	84
419	2	90	73
420	2	90	74
421	6	90	78
422	3	90	83
2243	2	1159	81
425	2	91	74
426	6	91	78
427	3	91	83
2361	5	1226	79
429	6	92	78
430	3	92	83
431	6	93	78
432	3	93	83
433	6	94	78
434	3	94	83
435	6	95	78
436	3	95	83
437	6	96	78
438	3	96	83
439	6	97	78
440	3	97	83
441	5	98	78
442	3	98	83
443	5	99	78
444	3	99	83
445	5	100	78
446	5	101	78
447	3	100	83
448	3	101	83
450	5	102	78
449	5	103	78
452	3	103	83
451	3	102	83
453	5	104	78
454	3	104	83
455	5	105	78
457	5	106	78
456	3	105	83
458	3	106	83
459	5	107	78
460	3	107	83
463	3	108	83
462	5	109	78
464	5	110	78
465	3	109	83
466	3	110	83
1447	2	762	73
468	3	111	83
469	5	112	78
470	3	112	83
471	5	113	78
472	3	113	83
473	4	114	78
474	3	114	83
475	5	115	78
476	3	115	83
477	4	116	78
478	3	116	83
479	5	117	78
480	3	117	83
481	4	118	78
482	3	118	83
483	5	119	78
484	3	119	83
485	4	120	78
486	4	121	78
487	3	120	83
488	3	121	83
489	4	122	78
490	3	122	83
491	4	123	78
492	3	123	83
493	4	124	78
494	3	124	83
495	4	125	78
496	3	125	83
497	4	126	78
498	4	127	78
499	3	126	83
500	3	127	83
501	4	128	78
502	4	129	78
503	3	128	83
504	3	129	83
505	3	130	78
506	3	130	83
507	4	131	78
508	3	131	83
510	4	133	78
509	3	132	78
511	3	133	83
512	3	132	83
513	3	134	78
514	4	135	78
515	3	134	83
516	3	135	83
517	3	136	78
518	3	136	83
519	4	137	78
520	3	137	83
521	4	138	78
522	3	138	83
523	4	139	78
524	3	139	83
525	4	140	78
526	3	140	83
527	4	141	78
528	3	141	83
529	4	142	78
530	3	142	83
531	4	143	78
532	3	143	83
533	4	144	78
534	3	144	83
535	4	145	78
536	3	145	83
537	3	146	78
538	3	146	83
539	4	147	78
540	3	147	83
541	3	148	78
542	3	148	83
543	4	149	78
544	3	149	83
545	3	150	78
546	3	150	83
547	4	151	78
548	3	151	83
549	3	152	78
550	3	152	83
551	4	153	78
552	3	153	83
553	3	154	78
554	3	154	83
555	4	155	78
556	3	155	83
557	3	156	78
558	3	156	83
559	4	157	78
560	3	157	83
561	3	158	78
562	3	158	83
563	4	159	78
564	3	159	83
565	3	160	78
566	3	160	83
567	4	161	78
568	3	161	83
569	3	162	78
570	3	162	83
571	4	163	78
572	3	163	83
573	3	164	78
574	3	164	83
575	4	165	78
576	3	165	83
577	3	166	78
578	3	166	83
579	2	167	78
580	3	167	83
581	4	168	78
582	3	168	83
583	3	169	78
584	3	169	83
585	2	170	78
586	3	170	83
587	4	171	78
588	3	171	83
589	3	172	78
590	3	172	83
591	2	173	78
592	3	173	83
593	4	174	78
594	3	174	83
595	3	175	78
596	3	175	83
597	2	176	78
598	3	176	83
599	4	177	78
600	3	177	83
601	3	178	78
602	3	178	83
603	2	179	78
604	3	179	83
605	4	180	78
606	3	180	83
607	3	181	78
608	3	181	83
609	2	182	78
610	3	182	83
611	4	183	78
612	3	183	83
613	3	184	78
614	3	184	83
615	2	185	78
616	3	185	83
617	4	186	78
618	3	186	83
619	3	187	78
620	3	187	83
621	2	188	78
622	3	188	83
623	4	189	78
624	3	189	83
625	3	190	78
626	3	190	83
627	2	191	78
628	3	191	83
629	1	192	78
630	3	192	83
631	4	193	78
632	3	193	83
633	3	194	78
634	3	194	83
635	2	195	78
636	3	195	83
637	1	196	78
638	3	196	83
639	4	197	78
640	3	197	83
641	4	198	78
642	3	198	83
643	4	199	78
644	3	199	83
645	4	200	78
646	3	200	83
647	4	201	78
648	3	201	83
649	4	202	78
650	3	202	83
651	4	203	78
652	3	203	83
653	4	204	78
1544	2	812	77
654	3	204	83
655	4	205	78
656	3	205	83
657	4	206	78
658	3	206	83
659	4	207	78
660	3	207	83
661	4	208	78
662	3	208	83
663	4	209	78
664	3	209	83
665	3	210	78
666	3	210	83
667	4	211	78
668	3	212	78
669	3	211	83
670	3	212	83
671	4	213	78
672	3	213	83
673	3	214	78
674	3	214	83
675	4	215	78
676	3	215	83
677	3	216	78
678	3	216	83
679	4	217	78
680	3	218	78
682	3	218	83
681	3	217	83
683	4	219	78
684	3	220	78
685	3	219	83
686	3	220	83
687	4	221	78
688	3	221	83
689	3	222	78
690	3	222	83
691	4	223	78
692	3	223	83
693	3	224	78
696	3	226	78
694	3	224	83
695	4	225	78
697	3	226	83
698	3	225	83
699	4	227	78
700	3	227	83
701	3	228	78
702	3	228	83
703	4	229	78
704	3	229	83
705	3	230	78
706	3	230	83
707	3	231	78
708	4	232	78
709	3	231	83
710	4	233	78
711	3	232	83
713	3	233	83
712	3	234	78
714	3	234	83
715	4	235	78
716	3	235	83
717	3	236	78
718	3	236	83
719	3	238	78
720	4	237	78
722	3	237	83
721	3	238	83
724	3	239	78
723	4	240	78
725	3	240	83
726	3	239	83
727	4	241	78
728	3	241	83
729	3	242	78
730	3	242	83
731	4	243	78
732	3	243	83
733	3	244	78
734	3	244	83
735	4	245	78
736	3	245	83
737	3	246	78
738	4	247	78
739	3	246	83
740	3	247	83
741	3	248	78
742	3	248	83
743	4	249	78
744	3	249	83
745	3	250	78
746	3	250	83
747	4	251	78
748	4	252	78
749	3	251	83
750	3	253	78
752	3	252	83
751	3	253	83
753	3	254	78
754	3	254	83
755	4	255	78
756	3	255	83
757	3	256	78
758	3	256	83
759	4	257	78
760	3	257	83
761	3	259	78
762	4	258	78
763	3	258	83
765	3	259	83
764	3	260	78
766	3	260	83
767	4	261	78
768	3	261	83
769	3	262	78
770	3	262	83
771	4	263	78
772	3	263	83
773	4	264	78
774	3	264	83
775	3	265	78
776	3	265	83
777	3	266	78
778	3	266	83
779	4	267	78
1429	3	751	75
781	3	268	78
782	3	268	83
1430	3	751	76
1448	1	763	74
1545	2	813	77
1957	1	988	81
1973	2	1000	76
2127	1	1097	77
2362	4	1226	74
780	3	267	83
783	4	269	78
784	3	269	83
785	3	270	78
786	3	270	83
787	4	271	78
788	3	271	83
789	3	272	78
790	3	272	83
791	3	273	78
792	3	273	83
793	4	274	78
794	3	274	83
795	4	275	78
796	3	275	83
797	3	276	78
798	3	276	83
799	3	277	78
800	3	277	83
801	4	278	78
802	3	278	83
803	3	279	78
804	3	279	83
805	4	280	78
806	3	280	83
807	3	281	78
808	3	281	83
809	4	282	78
810	3	282	83
811	4	283	78
812	3	283	83
813	3	284	78
814	3	284	83
815	4	285	78
816	3	285	83
817	3	286	78
818	3	286	83
819	4	287	78
820	3	287	83
821	3	288	78
822	3	288	83
823	4	289	78
824	3	289	83
825	3	290	78
826	3	290	83
827	4	291	78
828	3	291	83
829	3	292	78
830	3	292	83
831	4	293	78
832	3	293	83
833	3	294	78
834	3	294	83
835	4	295	78
836	3	295	83
837	3	296	78
838	3	296	83
839	2	297	78
840	3	297	83
841	2	298	78
842	3	298	83
843	2	299	78
844	3	299	83
845	2	300	78
846	3	300	83
847	2	301	78
848	2	302	78
849	3	301	83
850	3	302	83
851	2	303	78
852	3	303	83
853	2	304	78
854	3	304	83
855	2	305	78
856	3	305	83
857	2	306	78
858	3	306	83
859	2	307	78
860	3	307	83
861	2	308	78
862	3	308	83
863	2	309	78
864	3	309	83
865	2	310	78
866	3	310	83
867	2	311	78
868	3	311	83
869	2	312	78
870	3	312	83
871	2	313	78
872	3	313	83
873	2	314	78
874	3	314	83
875	2	315	78
876	3	315	83
877	2	316	78
878	3	316	83
879	2	317	78
880	3	317	83
881	2	318	78
882	3	318	83
883	2	319	78
884	3	319	83
885	2	320	78
886	3	320	83
887	2	321	78
888	2	322	78
889	3	321	83
890	3	322	83
891	2	323	78
892	3	323	83
893	2	324	78
894	3	324	83
895	2	325	78
896	3	325	83
897	2	326	78
898	3	326	83
899	2	327	78
900	2	328	78
901	3	327	83
902	3	328	83
903	2	329	78
904	3	329	83
905	2	330	78
906	3	330	83
907	2	331	78
908	3	331	83
909	2	332	78
910	3	332	83
911	2	333	78
912	2	334	78
913	3	333	83
914	3	334	83
915	2	335	78
916	3	335	83
1432	2	752	75
918	3	336	83
919	2	337	78
920	3	337	83
921	6	338	78
922	3	338	83
923	6	339	78
924	2	339	83
925	6	340	78
926	3	340	83
927	6	341	78
928	2	341	83
929	5	342	78
930	2	342	83
931	5	343	78
932	5	344	78
933	2	343	83
934	2	344	83
935	5	345	78
936	5	346	78
938	2	345	83
937	2	346	83
939	5	347	78
940	2	347	83
941	6	348	78
942	2	348	83
943	5	349	78
944	2	349	83
945	5	350	78
946	5	351	78
947	2	350	83
948	2	351	83
949	5	353	78
950	5	352	78
951	2	353	83
952	2	352	83
953	5	354	78
954	2	354	83
955	5	355	78
956	2	355	83
957	5	356	78
958	2	356	83
959	5	357	78
960	2	357	83
961	4	358	78
962	5	359	78
963	5	360	78
964	2	358	83
965	2	360	83
967	2	359	83
966	4	361	78
968	2	361	83
969	5	362	78
970	2	362	83
971	4	363	78
972	2	363	83
973	5	364	78
974	2	364	83
975	4	365	78
976	5	366	78
977	2	365	83
978	4	367	78
979	2	366	83
980	2	367	83
981	5	368	78
982	2	368	83
983	4	369	78
984	2	369	83
985	5	370	78
986	2	370	83
987	4	371	78
988	3	372	78
989	2	371	83
990	5	373	78
991	2	372	83
992	2	373	83
993	4	374	78
994	2	374	83
995	3	375	78
996	2	375	83
997	5	376	78
998	2	376	83
999	4	378	78
1000	5	377	78
1001	3	379	78
1002	2	378	83
1003	2	379	83
1004	2	377	83
1005	4	380	78
1006	3	381	78
1007	2	380	83
1008	2	381	83
1009	5	382	78
1010	2	382	83
1011	4	383	78
1012	2	383	83
1013	3	384	78
1014	5	385	78
1015	4	386	78
1016	3	387	78
1017	2	384	83
1019	2	386	83
1020	5	388	78
1018	2	385	83
1021	2	387	83
1022	2	388	83
1023	4	389	78
1024	2	389	83
1025	3	390	78
1026	2	390	83
1027	5	391	78
1028	2	391	83
1029	4	392	78
1030	5	393	78
1031	3	394	78
1547	2	814	73
1032	2	392	83
1034	2	394	83
1033	2	393	83
1035	5	395	78
1036	2	395	83
1037	5	396	78
1038	2	396	83
1039	5	397	78
1040	2	397	83
1041	5	398	78
1042	5	399	78
1043	5	400	78
1044	2	398	83
1045	2	399	83
1046	2	400	83
1047	5	401	78
1048	2	401	83
1049	5	402	78
1050	2	402	83
1051	5	403	78
1052	2	403	83
1053	5	404	78
1054	2	404	83
1055	5	405	78
1056	5	406	78
1057	2	405	83
1058	5	407	78
1059	2	406	83
1060	2	407	83
1061	5	408	78
1062	2	408	83
1063	5	409	78
1064	2	409	83
1065	5	410	78
1066	2	410	83
1067	5	411	78
1068	5	412	78
1069	5	413	78
1070	2	411	83
1071	2	413	83
1072	2	412	83
1073	5	414	78
1075	5	415	78
1074	2	414	83
1076	2	415	83
1077	5	416	78
1078	2	416	83
1079	5	417	78
1080	2	417	83
1081	5	418	78
1082	2	418	83
1083	5	419	78
1084	2	419	83
1085	5	420	78
1086	2	420	83
1087	5	421	78
1088	2	421	83
1089	4	422	78
1090	2	422	83
1091	4	423	78
1092	2	423	83
1093	3	424	78
1094	2	424	83
1095	2	425	78
1096	2	426	78
1097	2	425	83
1098	2	426	83
1099	2	427	78
1100	2	428	78
1102	2	427	83
1101	2	428	83
1103	2	429	78
1104	2	430	78
1105	2	429	83
1106	2	430	83
1107	3	431	78
1108	2	431	83
1109	3	432	78
1110	2	432	83
1433	2	752	76
1124	5	445	78
1112	2	433	83
1113	6	434	78
1114	6	435	78
1115	6	436	78
1116	6	437	78
1117	6	438	78
1118	6	439	78
1119	6	440	78
1120	6	441	78
1121	5	442	78
1122	6	443	78
1123	5	444	78
1125	5	446	78
1126	5	447	78
1127	5	448	78
1128	5	449	78
1129	4	450	78
1130	6	451	78
1131	6	452	78
1132	6	453	78
1133	6	454	78
1134	6	455	78
1135	6	456	78
1136	4	457	78
1137	4	458	78
1138	4	459	78
1139	4	460	78
1140	4	461	78
1141	4	462	78
1142	4	463	78
1143	4	464	78
1144	4	465	78
1145	3	466	78
1146	4	467	78
1147	3	468	78
1148	4	469	78
1149	3	470	78
1150	4	471	78
1151	3	472	78
1152	4	473	78
1153	3	474	78
1154	4	475	78
1155	3	476	78
1156	3	477	78
1157	4	478	78
1158	4	479	78
1159	3	480	78
1160	5	481	78
1161	4	482	78
1162	4	483	78
1163	4	484	78
1164	4	485	78
1165	4	486	78
1166	4	487	78
1167	4	488	78
1168	4	489	78
1169	4	490	78
1170	4	491	78
1171	4	492	78
1172	4	493	78
1173	4	494	78
1174	3	495	78
1176	4	497	78
1175	4	496	78
1177	3	498	78
1178	3	499	78
1179	4	500	78
1180	3	501	78
1181	3	502	78
1182	4	504	78
1183	4	503	78
1184	3	505	78
1185	4	506	78
1186	3	507	78
1187	4	508	78
1188	4	509	78
1189	3	510	78
1190	3	511	78
1191	4	512	78
1192	3	513	78
1193	4	514	78
1195	3	516	78
1194	4	515	78
1196	3	517	78
1198	3	519	78
1197	4	518	78
1199	4	520	78
1200	3	521	78
1201	4	522	78
1203	2	523	78
1202	3	524	78
1204	4	525	78
1205	3	526	78
1206	2	527	78
1207	4	528	78
1208	3	529	78
1209	4	530	78
1210	2	531	78
1211	3	532	78
1212	2	533	78
1213	5	534	78
1214	5	535	78
1215	5	536	78
1216	5	537	78
1217	5	538	78
1218	5	539	78
1219	5	540	78
1220	5	541	78
1221	5	542	78
1222	5	543	78
1223	5	544	78
1224	5	545	78
1225	5	546	78
1226	4	547	78
1227	5	548	78
1228	4	550	78
1229	5	549	78
1230	4	551	78
1231	5	552	78
1232	5	553	78
1233	4	554	78
1234	5	555	78
1236	5	557	78
1235	4	556	78
1237	4	558	78
1238	4	559	78
1239	5	560	78
1240	4	561	78
1241	4	562	78
1242	5	563	78
1243	5	564	78
1244	4	565	78
1245	5	566	78
1247	4	568	78
1246	3	567	78
1248	5	569	78
1249	4	570	78
1250	3	571	78
1251	5	572	78
1252	4	573	78
1253	5	574	78
1254	3	575	78
1255	4	576	78
1256	3	577	78
1257	5	578	78
1258	4	579	78
1259	3	580	78
1260	5	581	78
1261	4	582	78
1262	3	583	78
1263	5	584	78
1264	4	585	78
1265	3	586	78
1266	4	588	78
1267	3	587	78
1268	5	589	78
1269	5	590	78
1270	4	591	78
1271	3	592	78
1272	4	593	78
1273	5	594	78
1274	3	595	78
1275	5	596	78
1276	4	597	78
1277	3	598	78
1278	5	599	78
1279	2	600	78
1280	4	601	78
1281	3	602	78
1282	2	603	78
1283	5	604	78
1284	4	605	78
1285	3	606	78
1286	2	607	78
1288	4	609	78
1548	2	815	73
1959	1	990	87
2173	31	1119	74
2225	1	1109	78
2245	1	1161	73
2258	1	1172	87
1287	5	608	78
1289	3	610	78
1290	2	611	78
1291	5	612	78
1292	4	613	78
1293	3	615	78
1294	2	614	78
1295	5	616	78
1296	4	617	78
1297	3	618	78
1298	5	619	78
1299	2	620	78
1300	3	621	78
1301	4	622	78
1302	2	623	78
1303	5	624	78
1304	4	625	78
1305	3	626	78
1306	2	627	78
1307	5	628	78
1308	4	629	78
1309	3	630	78
1310	2	631	78
1311	5	632	78
1312	4	633	78
1313	3	634	78
1314	2	635	78
1315	5	636	78
1316	4	637	78
1317	3	638	78
1318	2	639	78
1319	5	640	78
1320	4	641	78
1321	3	642	78
1322	2	643	78
1323	5	644	78
1324	4	645	78
1325	3	646	78
1326	2	647	78
1327	5	648	78
1328	4	649	78
1329	3	650	78
1330	2	651	78
1331	5	652	78
1332	4	653	78
1333	3	654	78
1334	2	655	78
1335	5	656	78
1336	4	657	78
1337	3	658	78
1338	2	659	78
1339	5	660	78
1340	4	661	78
1341	3	662	78
1342	2	663	78
1343	5	664	78
1344	4	665	78
1345	3	666	78
1346	2	667	78
1347	5	668	78
1348	4	669	78
1349	2	670	78
1350	3	671	78
1351	5	672	78
1352	4	673	78
1353	3	674	78
1354	2	675	78
1355	5	676	78
1356	4	677	78
1357	3	679	78
1358	2	678	78
1359	5	680	78
1360	4	681	78
1361	2	682	78
1362	3	683	78
1363	5	684	78
1364	4	685	78
1365	3	686	78
1366	2	687	78
1367	5	688	78
1368	4	689	78
1369	2	690	78
1370	3	691	78
1371	5	692	78
1372	4	693	78
1373	2	694	78
1374	3	695	78
1375	5	696	78
1376	4	697	78
1377	3	698	78
1378	2	699	78
1379	5	700	78
1380	4	701	78
1381	3	702	78
1382	2	703	78
1383	5	704	78
1384	3	705	78
1385	4	706	78
1386	2	707	78
1387	4	708	78
1388	5	709	78
1389	3	710	78
1390	2	711	78
1391	4	712	78
1392	5	713	78
1393	3	714	78
1394	2	715	78
1395	5	716	78
1396	4	717	78
1397	3	718	78
1398	2	719	78
1399	5	720	78
1400	4	721	78
1401	3	722	78
1402	2	723	78
1403	5	724	78
1404	4	725	78
1405	3	726	78
1406	2	727	78
1407	5	728	78
1408	4	729	78
1409	3	730	78
1410	2	731	78
1411	5	732	78
1412	4	733	78
1413	3	734	78
1414	2	735	78
1415	1	736	78
1416	4	740	78
1417	5	741	78
1418	3	742	78
1419	2	743	78
1549	2	816	77
1436	1	753	76
1960	2	988	76
1961	1	988	78
1962	1	988	80
2364	4	1226	75
1989	5	1013	84
2174	7	1119	79
2228	1	1147	75
2233	1	1151	90
2259	2	1173	75
2262	3	1176	75
\.


--
-- Data for Name: orders_coupons; Type: TABLE DATA; Schema: public; Owner: postgres
--

COPY public.orders_coupons (id, "CouponName", "CouponCode", "CouponDescription", "CouponOn", "TotalBillAmount", "CouponType", "MaxNumberofUsers", "Validity_start_date", validity_end_date, "TermsAndConditions", "NotificationSchedule", created_at, "Icon", "DiscountAmount", "DiscountPercentage", "MaxDiscountAmountForPercentage") FROM stdin;
1	Coupoun 1	C111	Available for christmas	Product	5000	percentage	8	2025-02-20 03:25:00+05:30	2025-01-01 02:15:00+05:30	Only available upto 25th dec	2025-01-20 23:55:00+05:30	2025-01-01 09:20:42.565238+05:30		\N	\N	\N
2	Coupoun 1	C111	Available for christmas	Product	5000	percentage	8	2025-02-20 03:25:00+05:30	2025-01-01 02:15:00+05:30	Only available upto 25th dec	2025-01-20 23:55:00+05:30	2025-01-01 09:20:49.948103+05:30		\N	\N	\N
3	Coupoun 1	C111	Available for christmas	Product	5000	percentage	8	2025-02-20 03:25:00+05:30	2025-01-01 02:15:00+05:30	Only available upto 25th dec	2025-01-20 23:55:00+05:30	2025-01-01 09:21:19.718513+05:30		\N	\N	\N
4	Coupoun 2	2245	Available for christmas	Category	500	amount	8	2025-01-15 12:05:00+05:30	2025-01-22 12:00:00+05:30	vhgfm	2025-01-29 12:00:00+05:30	2025-01-01 12:14:28.415978+05:30		100	\N	\N
5	Coupon 7	C7	this is a percentage coupon	Category	500	percentage	100	2025-01-05 12:00:00+05:30	2025-03-03 12:00:00+05:30	These are the terms and conditions	\N	2025-01-06 13:05:42.385653+05:30	icons/bird-thumbnail.jpg	\N	10	150
6	Coupoun test45477665	45477665	Test test	Sku	5000	amount	6	2025-01-15 12:00:00+05:30	2025-01-15 12:00:00+05:30	gfsdg	\N	2025-01-08 15:24:14.386974+05:30		54	\N	\N
7	Coupoun test45477665	45477665	Test test	Sku	5000	amount	6	2025-01-15 12:00:00+05:30	2025-01-15 12:00:00+05:30	gfsdg	\N	2025-01-08 15:24:36.033861+05:30		54	\N	\N
8	Coupoun test45477665	45477665	Test test	Sku	5000	amount	6	2025-01-15 12:00:00+05:30	2025-01-15 12:00:00+05:30	gfsdg	\N	2025-01-08 15:25:27.18468+05:30		54	\N	\N
9	Coupoun test45477665	45477665	Test test	Category	5000	amount	6	2025-01-15 12:00:00+05:30	2025-01-15 12:00:00+05:30	gfsdg	\N	2025-01-08 15:25:45.959065+05:30		54	\N	\N
\.


--
-- Data for Name: orders_coupons_ApplicableCategory; Type: TABLE DATA; Schema: public; Owner: postgres
--

COPY public."orders_coupons_ApplicableCategory" (id, coupons_id, productcategory_id) FROM stdin;
1	1	e8a4ef2c-3f4c-4afa-9022-675daba58733
2	1	adafa29a-db76-4f17-a818-67e96e273439
3	1	c3a15f73-2f0d-49aa-816d-7556fef1ee3d
5	1	a7acae11-8bc8-4216-973e-81794f18558c
6	1	6eb1c255-c928-44a2-b50f-4049a89702bd
7	1	9464725d-c6f3-4660-aa3d-81bbbc38696e
8	1	5dadc8ed-3975-4da3-9dd2-17e02e4231ca
9	2	e8a4ef2c-3f4c-4afa-9022-675daba58733
10	2	adafa29a-db76-4f17-a818-67e96e273439
11	2	c3a15f73-2f0d-49aa-816d-7556fef1ee3d
13	2	a7acae11-8bc8-4216-973e-81794f18558c
14	2	6eb1c255-c928-44a2-b50f-4049a89702bd
15	2	9464725d-c6f3-4660-aa3d-81bbbc38696e
16	2	5dadc8ed-3975-4da3-9dd2-17e02e4231ca
17	3	e8a4ef2c-3f4c-4afa-9022-675daba58733
18	4	e8a4ef2c-3f4c-4afa-9022-675daba58733
19	4	adafa29a-db76-4f17-a818-67e96e273439
20	4	c3a15f73-2f0d-49aa-816d-7556fef1ee3d
22	4	a7acae11-8bc8-4216-973e-81794f18558c
23	4	6eb1c255-c928-44a2-b50f-4049a89702bd
24	4	9464725d-c6f3-4660-aa3d-81bbbc38696e
25	4	5dadc8ed-3975-4da3-9dd2-17e02e4231ca
26	5	e8a4ef2c-3f4c-4afa-9022-675daba58733
27	5	adafa29a-db76-4f17-a818-67e96e273439
28	5	c3a15f73-2f0d-49aa-816d-7556fef1ee3d
29	5	a7acae11-8bc8-4216-973e-81794f18558c
30	5	6eb1c255-c928-44a2-b50f-4049a89702bd
31	5	9464725d-c6f3-4660-aa3d-81bbbc38696e
32	5	5dadc8ed-3975-4da3-9dd2-17e02e4231ca
33	6	e8a4ef2c-3f4c-4afa-9022-675daba58733
34	6	adafa29a-db76-4f17-a818-67e96e273439
35	6	c3a15f73-2f0d-49aa-816d-7556fef1ee3d
36	6	a7acae11-8bc8-4216-973e-81794f18558c
37	6	6eb1c255-c928-44a2-b50f-4049a89702bd
38	6	9464725d-c6f3-4660-aa3d-81bbbc38696e
39	6	5dadc8ed-3975-4da3-9dd2-17e02e4231ca
40	7	e8a4ef2c-3f4c-4afa-9022-675daba58733
41	7	adafa29a-db76-4f17-a818-67e96e273439
42	7	c3a15f73-2f0d-49aa-816d-7556fef1ee3d
43	7	a7acae11-8bc8-4216-973e-81794f18558c
44	7	6eb1c255-c928-44a2-b50f-4049a89702bd
45	7	9464725d-c6f3-4660-aa3d-81bbbc38696e
46	7	5dadc8ed-3975-4da3-9dd2-17e02e4231ca
47	8	9464725d-c6f3-4660-aa3d-81bbbc38696e
48	8	e8a4ef2c-3f4c-4afa-9022-675daba58733
49	9	e8a4ef2c-3f4c-4afa-9022-675daba58733
\.


--
-- Data for Name: orders_coupons_ApplicableProduct; Type: TABLE DATA; Schema: public; Owner: postgres
--

COPY public."orders_coupons_ApplicableProduct" (id, coupons_id, products_id) FROM stdin;
1	3	71
\.


--
-- Data for Name: orders_coupons_ApplicableSku; Type: TABLE DATA; Schema: public; Owner: postgres
--

COPY public."orders_coupons_ApplicableSku" (id, coupons_id, sku_id) FROM stdin;
\.


--
-- Data for Name: orders_coupons_ApplicableSubCategory; Type: TABLE DATA; Schema: public; Owner: postgres
--

COPY public."orders_coupons_ApplicableSubCategory" (id, coupons_id, productsubcategory_id) FROM stdin;
1	3	39bec22a-9c2f-462a-bff1-f2dc908c7030
\.


--
-- Data for Name: orders_coupons_CouponUsed; Type: TABLE DATA; Schema: public; Owner: postgres
--

COPY public."orders_coupons_CouponUsed" (id, coupons_id, users_id) FROM stdin;
\.


--
