e214e3db-fbb9-4180-a718-a3221f961b3b	ID140AL	Local Orders	2500	275	20	2795	Delivered	11			2025-06-16 11:32:35.665513+05:30	\N	2025-06-13	12:00:00	White	2025-06-26 11:16:13.940988+05:30	2025-06-12 15:14:00.892337+05:30	2025-06-26 11:16:13.945713+05:30	0	0	0	adebfb7b-0470-4aba-808c-13cccab0875f	\N	3b331937-12ee-4c19-8bf6-68d1529e82b2	e9909719-4ddd-4dde-a72c-521654b853d5	\N	\N	\N	\N
eb66bee0-39ff-4ca0-94c9-411c5a4017eb	ID999EK	Local Orders	2635	958.75	20	3600.25	Viewed	\N	\N		\N	\N	2025-05-21	12:00:00	Red	2025-10-30 09:31:32.618283+05:30	2025-05-20 13:13:17.052901+05:30	2025-10-30 09:31:32.618403+05:30	13.5	0	13.5	c0e40b8b-ab78-473c-811b-2cb52a0f5f4a	\N	3b331937-12ee-4c19-8bf6-68d1529e82b2	9d0ee849-3c50-4bcb-bb7e-a99d194ffd2b	\N	\N	\N	\N
f6de2b27-9057-4721-a150-31a7df7baf05	ID515RC	Pick Up	500	185	20	705	Failed	\N	\N		\N	\N	2025-06-10	\N	Dark Red	2025-10-30 09:31:32.620747+05:30	2025-06-10 23:07:10.350537+05:30	2025-10-30 09:31:32.620875+05:30	0	0	0	\N	\N	3b331937-12ee-4c19-8bf6-68d1529e82b2	8a799794-5067-491d-b8aa-aa644b2270db	\N	\N	\N	\N
d81d4ba8-e5c5-4729-95ef-bce9a7e4a614	ID139AK	Local Orders	3250	1202.5	20	3497.5	Confirmed	\N	\N		\N	\N	2025-03-12	12:00:00	Red	2025-10-30 09:31:32.695534+05:30	2025-03-10 14:29:56.563661+05:30	2025-10-30 09:31:32.695667+05:30	975	0	975	0704e2fb-1e04-4f28-b8e5-6039bb26692a	\N	3b331937-12ee-4c19-8bf6-68d1529e82b2	50c7c2c5-e5f7-4831-a5ea-33b2a3e2e931	\N	\N	\N	\N
71407798-6f83-40d1-9859-c0b84b187505	ID182AB	Pick Up	140	18.2	0	130.2	Viewed	\N	\N		\N	\N	2025-08-07	19:00:00	Red	2025-10-30 09:31:32.700423+05:30	2025-08-05 12:36:18.019127+05:30	2025-10-30 09:31:32.700551+05:30	28	0	28	\N	\N	3b331937-12ee-4c19-8bf6-68d1529e82b2	2ff02a1a-716f-420f-a842-4a975f276309	\N	\N	\N	Andriod
d9a95a4b-bc2a-4b86-961f-27ab799dfd72	ID816DH	Pick Up	3000	180	20	3200	Viewed	\N	\N		\N	\N	2025-07-24	19:00:00	Red	2025-10-30 09:31:32.653635+05:30	2025-07-23 12:28:19.372897+05:30	2025-10-30 09:31:32.653764+05:30	0	0	0	\N	\N	3b331937-12ee-4c19-8bf6-68d1529e82b2	2ff02a1a-716f-420f-a842-4a975f276309	\N	\N	\N	Andriod
57b28459-27db-4c9b-baeb-364eb40afc0f	ID330FM	Local Orders	30	3.9	24.38	52.28	New Order	\N			\N	\N	2025-10-17	10:00:00	White	2025-10-16 17:43:29.001559+05:30	2025-10-16 17:43:29.001574+05:30	2025-10-16 17:43:29.006344+05:30	6	0	6	f487670c-87b1-475a-a37f-64f1b6101341	\N	3b331937-12ee-4c19-8bf6-68d1529e82b2	5f41b51e-4630-43d9-bb6a-4e35585f80b1	\N	\N	\N	Web
89d5a05a-a398-4079-9ec5-743c6f692940	ID334AS	Pick Up	1225	228.25	0	1395.75	Failed	\N			\N	\N	\N	19:00:00	White	2025-10-31 12:57:35.106023+05:30	2025-10-31 12:57:35.106037+05:30	2025-10-31 12:57:59.176743+05:30	57.5	0	57.5	\N	\N	34148290-f2ae-45ff-aeba-6bc6436fecef	0d974337-9720-461e-8f0d-5f0134bb7374	\N	\N	\N	Android
5388ef22-ff56-4955-9f09-d9f4a559b4f1	ID974LM	Pick Up	350	45.5	0	325.5	Confirmed	\N	\N		\N	\N	2025-08-07	19:00:00	Red	2025-10-30 09:31:32.658432+05:30	2025-08-05 12:56:26.313693+05:30	2025-10-30 09:31:32.658559+05:30	70	0	70	\N	\N	3b331937-12ee-4c19-8bf6-68d1529e82b2	2ff02a1a-716f-420f-a842-4a975f276309	\N	\N	\N	Andriod
77b31450-14c7-40ae-9423-b83a9f4233eb	ID193SD	Local Orders	30	3.9	24.38	52.28	New Order	\N			\N	\N	2025-10-18	12:00:00	White	2025-10-17 12:23:42.584318+05:30	2025-10-17 12:23:42.584331+05:30	2025-10-17 12:23:42.589399+05:30	6	0	6	3d9668ad-3066-441b-8b86-be2cd657099a	\N	3b331937-12ee-4c19-8bf6-68d1529e82b2	5f41b51e-4630-43d9-bb6a-4e35585f80b1	\N	\N	\N	Web
2fd317dc-bf6f-4345-96d6-9da46357b626	ID393MW	Pick Up	450	81	0	508.5	New Order	\N			\N	\N	\N	19:00:00	White	2025-10-22 16:32:23.976168+05:30	2025-10-22 16:32:23.97618+05:30	2025-10-22 16:32:23.979515+05:30	22.5	0	22.5	\N	\N	3b331937-12ee-4c19-8bf6-68d1529e82b2	0d974337-9720-461e-8f0d-5f0134bb7374	\N	\N	\N	Android
2b0a6f24-15eb-4e0e-b737-b56c0fba6b30	ID487ZT	Local Orders	440	162.8	20	578.8	Viewed	\N	\N		\N	\N	2025-06-03	10:00:00	Red	2025-10-30 09:31:32.663307+05:30	2025-06-02 20:20:40.376522+05:30	2025-10-30 09:31:32.66343+05:30	44	22	22	17d69cc3-ac4a-4343-9f3b-e4360fcef9aa	\N	3b331937-12ee-4c19-8bf6-68d1529e82b2	8a799794-5067-491d-b8aa-aa644b2270db	\N	\N	\N	\N
9ee2bd93-d8ed-477d-abc9-4eb9a098b32a	ID564RD	Local Orders	575	209.15	20	769.4	Viewed	\N			\N	\N	2025-06-10	10:00:00	Red	2025-10-30 09:31:32.66812+05:30	2025-06-09 16:21:11.976067+05:30	2025-10-30 09:31:32.668257+05:30	34.75	28.75	6	8be1bede-8d8a-4074-b8e7-4c469638f233	\N	3b331937-12ee-4c19-8bf6-68d1529e82b2	d29cffe2-8793-498b-8436-991232dcc6ee	\N	\N	\N	\N
3a9f780d-a952-48cf-a5ac-37cd2bc4805a	ID593HZ	Local Orders	36	9	20	57.8	Viewed	\N			\N	\N	2025-03-16	10:00:00	Red	2025-10-30 09:31:32.673161+05:30	2025-03-14 16:05:21.70895+05:30	2025-10-30 09:31:32.673282+05:30	7.2	0	7.2	ab2e0f4a-1eba-4f48-adb7-f4b8250ed538	\N	3b331937-12ee-4c19-8bf6-68d1529e82b2	e745bf68-c4bb-4c26-969c-7aefe00504c7	\N	\N	\N	\N
09ce5c3d-a300-4e64-ab3f-0bd99396eb8d	ID104IL	Pick Up	1264	464.8	20	1722	Failed	\N	\N		\N	\N	2025-06-06	\N	Dark Red	2025-10-30 09:31:32.675616+05:30	2025-06-05 22:32:17.833529+05:30	2025-10-30 09:31:32.675737+05:30	26.8	0	26.8	\N	\N	3b331937-12ee-4c19-8bf6-68d1529e82b2	eeab0ad8-74c8-4436-a3cd-e43c58e0b0c7	\N	\N	\N	\N
77ef4ba9-bbc8-4094-bdfd-458ebbc36ccd	ID870HY	Local Orders	3750	412.5	20	4182.5	Confirmed	\N			\N	\N	2025-03-16	12:00:00	Red	2025-10-30 09:31:32.680531+05:30	2025-03-14 12:37:27.967951+05:30	2025-10-30 09:31:32.680661+05:30	0	0	0	893d9e29-d732-421a-8df2-840eec34ac10	\N	3b331937-12ee-4c19-8bf6-68d1529e82b2	befc8417-2dec-4307-9a31-bf5e917ea0dd	\N	\N	\N	\N
966c7064-d648-4521-9e5a-857abd0c7ce5	ID173YD	Long Distance Orders	150	37.5	20	207.5	Confirmed	\N	\N		\N	\N	2025-07-14	10:00:00	Red	2025-10-30 09:31:32.685555+05:30	2025-07-14 09:57:33.783406+05:30	2025-10-30 09:31:32.6857+05:30	0	0	0	1c97ffd1-e0e3-4cd5-a1b2-f476f24f2c19	28f32346-9fd6-4bc5-8a89-7b1cee668b79	\N	2ff02a1a-716f-420f-a842-4a975f276309	\N	\N	\N	Andriod
335fbf1c-4df6-4a9e-9697-02b4b5596c10	ID534VN	Local Orders	1600	592	20	2212	Viewed	\N			\N	\N	2025-06-22	15:30:00	Red	2025-10-30 09:31:32.690581+05:30	2025-06-22 13:50:46.896324+05:30	2025-10-30 09:31:32.690712+05:30	0	0	0	42e43193-b590-48bc-90c5-a71624a970f9	\N	3b331937-12ee-4c19-8bf6-68d1529e82b2	4eaed3dd-f656-488c-a7a8-edc8a9b9e889	\N	\N	\N	\N
7b687737-3f3c-4ff1-bd42-65960b0f7dbc	ID711BF	Local Orders	30	3.9	24.38	52.28	New Order	\N			\N	\N	2025-10-18	10:00:00	White	2025-10-17 12:25:28.862191+05:30	2025-10-17 12:25:28.862206+05:30	2025-10-17 12:25:28.866454+05:30	6	0	6	c27f87a3-26a7-49cd-8694-9e8910788550	\N	3b331937-12ee-4c19-8bf6-68d1529e82b2	5f41b51e-4630-43d9-bb6a-4e35585f80b1	\N	\N	\N	Android
4d0fc6a2-4fbf-4490-b484-a9b5d4ddef6a	ID118OA	Local Orders	1500	555	20	625	Order Packed	\N			\N	\N	2025-03-07	10:00:00	Red	2025-10-30 09:31:32.73553+05:30	2025-03-07 09:40:19.741556+05:30	2025-10-30 09:31:32.735643+05:30	1450	1000	450	74e2a346-e363-4911-bbf1-0d097b5bcab4	\N	3b331937-12ee-4c19-8bf6-68d1529e82b2	20195767-0bab-4b6d-b737-4985ec296d3a	\N	\N	\N	\N
a09094a3-16af-4658-96fa-36e1c3fbcfcd	ID871AU	Local Orders	27	6.75	20	53.75	Viewed	\N			\N	\N	2025-07-01	10:00:00	Red	2025-10-30 09:31:32.740322+05:30	2025-06-30 10:12:32.33668+05:30	2025-10-30 09:31:32.740445+05:30	0	0	0	d89c8a45-8f47-4af0-9bde-fd32795a6c07	\N	3b331937-12ee-4c19-8bf6-68d1529e82b2	4eaed3dd-f656-488c-a7a8-edc8a9b9e889	\N	\N	\N	Web
36f130c5-62f9-4200-b208-e3103bcfcfea	ID309SP	Long Distance Orders	90	22.5	20	132.5	Confirmed	\N	\N		\N	\N	2025-07-14	12:00:00	Red	2025-10-30 09:31:32.745113+05:30	2025-07-14 09:33:58.611218+05:30	2025-10-30 09:31:32.745234+05:30	0	0	0	dc7715f3-3b97-4d5b-bb73-0743968fc023	28f32346-9fd6-4bc5-8a89-7b1cee668b79	\N	2ff02a1a-716f-420f-a842-4a975f276309	\N	\N	\N	Andriod
f41a8541-0997-4ed3-a6a2-338e113a9c60	ID331HD	Long Distance Orders	27	6.75	20	53.75	Confirmed	\N	\N		\N	\N	2025-07-14	10:00:00	Red	2025-10-30 09:31:32.705251+05:30	2025-07-14 09:30:46.547696+05:30	2025-10-30 09:31:32.705369+05:30	0	0	0	5334682e-fee1-4833-a531-cc42aca0203a	28f32346-9fd6-4bc5-8a89-7b1cee668b79	\N	2ff02a1a-716f-420f-a842-4a975f276309	\N	\N	\N	Andriod
331256ba-4d8e-4083-80b7-5d5d940d8682	ID597CA	Pick Up	1225	228.25	0	1395.75	Confirmed	\N			\N	\N	\N	19:00:00	White	2025-10-31 13:38:26.829342+05:30	2025-10-31 13:38:26.829354+05:30	2025-10-31 13:39:02.917951+05:30	57.5	0	57.5	\N	\N	34148290-f2ae-45ff-aeba-6bc6436fecef	0d974337-9720-461e-8f0d-5f0134bb7374	\N	\N	\N	Android
a4d3dc95-ced2-44ea-aff3-e55b6cb1e7ad	ID859YS	Local Orders	1355	176.35	20	1540.85	Viewed	\N	Leave at the door		\N	\N	2025-06-27	12:00:00	Red	2025-10-30 09:31:32.749813+05:30	2025-06-27 10:38:52.682411+05:30	2025-10-30 09:31:32.749928+05:30	10.5	0	10.5	80cbf085-8213-435a-b101-1a0c1a428942	\N	3b331937-12ee-4c19-8bf6-68d1529e82b2	0d974337-9720-461e-8f0d-5f0134bb7374	\N	\N	\N	\N
ea619aab-937d-412f-9a56-7b5bc83d283b	ID299RW	Local Orders	210	52.5	20	240.5	Order Packed	\N	Avoid ringing bell,Leave at the door		\N	\N	2025-07-10	12:00:00	Red	2025-10-30 09:31:32.707675+05:30	2025-07-10 12:00:42.039395+05:30	2025-10-30 09:31:32.707788+05:30	42	0	42	d713f3e8-8dfc-4597-8358-b4394794c9d2	\N	3b331937-12ee-4c19-8bf6-68d1529e82b2	caf965c1-f9c4-48b9-bf78-315269ca6b55	\N	\N	\N	Andriod
7b4fa483-355a-42e4-8044-58758bbff920	ID912QG	Long Distance Orders	440	110	20	570	Confirmed	\N	\N		\N	\N	2025-03-07	10:00:00	Red	2025-10-30 09:31:32.754606+05:30	2025-03-06 13:12:05.333788+05:30	2025-10-30 09:31:32.754723+05:30	0	0	0	7010005f-4757-4438-a7f4-abf68ced017b	28f32346-9fd6-4bc5-8a89-7b1cee668b79	\N	20195767-0bab-4b6d-b737-4985ec296d3a	\N	\N	\N	\N
b90df6f9-9006-4536-8af4-2d7029eccaba	ID845AA	Pick Up	1000	370	20	1390	Failed	\N	\N		\N	\N	2025-06-10	\N	Dark Red	2025-10-30 09:31:32.756871+05:30	2025-06-10 23:07:43.992497+05:30	2025-10-30 09:31:32.756985+05:30	0	0	0	\N	\N	3b331937-12ee-4c19-8bf6-68d1529e82b2	8a799794-5067-491d-b8aa-aa644b2270db	\N	\N	\N	\N
eb381ab3-cf8e-4a53-b9c0-0fc499affc5a	ID451VU	Long Distance Orders	305	76.25	20	401.25	Confirmed	\N	Avoid ringing bell		\N	\N	2025-07-07	15:30:00	Red	2025-10-30 09:31:32.712351+05:30	2025-07-07 13:51:15.261466+05:30	2025-10-30 09:31:32.712462+05:30	0	0	0	fc4e1802-420f-4a4c-8b13-b909cf0babf3	28f32346-9fd6-4bc5-8a89-7b1cee668b79	\N	0d974337-9720-461e-8f0d-5f0134bb7374	\N	\N	\N	Andriod
f92cbc7d-6cf8-418f-9647-93aac98b019c	ID203VA	Pick Up	500	185	20	705	Failed	\N	\N		\N	\N	2025-06-10	\N	Dark Red	2025-10-30 09:31:32.7147+05:30	2025-06-10 23:07:28.177103+05:30	2025-10-30 09:31:32.714817+05:30	0	0	0	\N	\N	3b331937-12ee-4c19-8bf6-68d1529e82b2	8a799794-5067-491d-b8aa-aa644b2270db	\N	\N	\N	\N
e977b3fb-4375-42cc-98c8-379eb99590e1	ID909FZ	Pick Up	1250	137.5	20	1407.5	Viewed	\N	\N		\N	\N	2025-07-02	19:00:00	Red	2025-10-30 09:31:32.761448+05:30	2025-07-01 12:47:45.494722+05:30	2025-10-30 09:31:32.761559+05:30	0	0	0	\N	\N	3b331937-12ee-4c19-8bf6-68d1529e82b2	0d974337-9720-461e-8f0d-5f0134bb7374	\N	\N	\N	Andriod
454b25e3-4b2f-4f18-94c9-c3a8685f3e5d	ID556OR	Pick Up	11	2.09	0	11.99	Confirmed	\N	\N		\N	\N	2025-08-06	19:00:00	Red	2025-10-30 09:31:32.719305+05:30	2025-08-05 11:54:02.077712+05:30	2025-10-30 09:31:32.719418+05:30	1.1	0	1.1	\N	\N	3b331937-12ee-4c19-8bf6-68d1529e82b2	2ff02a1a-716f-420f-a842-4a975f276309	\N	\N	\N	Andriod
b901dfbf-ba23-4154-9256-57d4b0e20a4a	ID272PH	Local Orders	110	27.5	20	152	Failed	\N	\N		\N	\N	2025-06-11	10:00:00	Dark Red	2025-10-30 09:31:32.721644+05:30	2025-06-10 23:10:45.843176+05:30	2025-10-30 09:31:32.721751+05:30	5.5	5.5	0	da29c7e3-c63f-4e09-be93-62d6158aab15	\N	3b331937-12ee-4c19-8bf6-68d1529e82b2	8a799794-5067-491d-b8aa-aa644b2270db	\N	\N	\N	\N
3b875cd7-b53d-480e-9e87-758e0aede7c6	ID615PK	Local Orders	110	27.5	20	152	Failed	\N	\N		\N	\N	2025-06-11	10:00:00	Dark Red	2025-10-30 09:31:32.723943+05:30	2025-06-10 23:10:40.440339+05:30	2025-10-30 09:31:32.72405+05:30	5.5	5.5	0	1a133421-8bb6-4e76-ba72-43a01df11eca	\N	3b331937-12ee-4c19-8bf6-68d1529e82b2	8a799794-5067-491d-b8aa-aa644b2270db	\N	\N	\N	\N
006f8c9a-a875-432e-adc7-9e3319763a0f	ID697DS	Local Orders	300	108	20	413	Viewed	\N			\N	\N	2025-03-16	12:00:00	Red	2025-10-30 09:31:32.728543+05:30	2025-03-14 12:52:14.960589+05:30	2025-10-30 09:31:32.728651+05:30	15	0	15	6d1c18e8-3645-45af-a99a-6ef46d3164c2	\N	3b331937-12ee-4c19-8bf6-68d1529e82b2	18fd53a0-8d5b-49c4-94d5-4eb5a2c1d364	\N	\N	\N	\N
b33b8658-7a82-435b-87ed-256488cc76f4	ID806WB	Local Orders	1300	481	20	1411	Confirmed	\N	\N		\N	\N	2025-03-06	12:00:00	Red	2025-10-30 09:31:32.733208+05:30	2025-03-06 11:39:12.070251+05:30	2025-10-30 09:31:32.73332+05:30	390	0	390	34ceb5ea-68a9-4f05-875a-55d39068783c	\N	3b331937-12ee-4c19-8bf6-68d1529e82b2	4feaa393-f61e-4c02-9977-8d4ae932158c	\N	\N	\N	\N
b1b46246-2222-4faf-8192-63b6115d972f	ID750DW	Local Orders	30	3.9	24.38	52.28	New Order	\N			\N	\N	2025-10-18	12:00:00	White	2025-10-17 12:26:31.656247+05:30	2025-10-17 12:26:31.65626+05:30	2025-10-17 12:26:31.659716+05:30	6	0	6	605d113a-23c3-413c-973c-2a0ad76dfc86	\N	3b331937-12ee-4c19-8bf6-68d1529e82b2	5f41b51e-4630-43d9-bb6a-4e35585f80b1	\N	\N	\N	Android
9a55beb9-1865-464e-8180-7f9c555d7ca0	ID134XN	Local Orders	1300	481	20	1801	Viewed	\N			\N	\N	2025-06-05	12:00:00	Red	2025-10-30 09:31:32.766112+05:30	2025-06-03 16:03:14.444768+05:30	2025-10-30 09:31:32.766222+05:30	0	0	0	50deddc0-e89e-4165-b6a5-5ae2b2fef61c	\N	3b331937-12ee-4c19-8bf6-68d1529e82b2	4f6165d3-0ed3-4306-a452-e5f16d06b415	\N	\N	\N	\N
94c14226-61a1-43d5-a51f-83794210fd89	ID164FS	Pick Up	1225	228.25	0	1395.75	Confirmed	\N			\N	\N	\N	19:00:00	White	2025-10-31 14:02:22.626057+05:30	2025-10-31 14:02:22.626071+05:30	2025-10-31 14:02:46.028873+05:30	57.5	0	57.5	\N	\N	34148290-f2ae-45ff-aeba-6bc6436fecef	0d974337-9720-461e-8f0d-5f0134bb7374	\N	\N	\N	Android
051282c9-3020-49ac-8914-56031f2ba739	ID512XS	Long Distance Orders	12	3	20	35	Confirmed	\N			\N	\N	2025-03-04	12:00:00	Red	2025-10-30 09:31:32.770813+05:30	2025-03-04 11:31:52.688569+05:30	2025-10-30 09:31:32.770923+05:30	0	0	0	d0bd7768-7f0e-446c-87e4-9140aa937418	28f32346-9fd6-4bc5-8a89-7b1cee668b79	\N	4eaed3dd-f656-488c-a7a8-edc8a9b9e889	\N	\N	\N	\N
529eac4e-e721-4e27-ad1f-d885ab889492	ID991HV	Local Orders	480	52.8	20	504.8	Confirmed	\N			\N	\N	2025-03-26	12:00:00	Red	2025-10-30 09:31:32.775495+05:30	2025-03-25 15:36:30.654944+05:30	2025-10-30 09:31:32.775613+05:30	48	0	48	eb95cf1b-4c42-4b1f-9ee5-01ab41be37ec	\N	34148290-f2ae-45ff-aeba-6bc6436fecef	17be636b-7f66-4b14-80a4-6fda2c61238b	\N	\N	\N	\N
edab5508-2603-4792-b94e-9d4b65e15a25	ID330IH	Long Distance Orders	605	151.25	20	701.25	Confirmed	\N	Leave with Security,Avoid\ncalling,Leave at the door,Avoid ringing bell		\N	\N	2025-06-02	10:00:00	Red	2025-10-30 09:31:32.780474+05:30	2025-06-01 16:41:25.899841+05:30	2025-10-30 09:31:32.780633+05:30	75	0	75	fbed0ce9-77a7-4491-b984-6e84276dd99d	28f32346-9fd6-4bc5-8a89-7b1cee668b79	\N	8a799794-5067-491d-b8aa-aa644b2270db	\N	\N	\N	\N
1ef22c12-e49d-48ee-a17b-90f4df1f7d8f	ID468XK	Local Orders	1250	462.5	20	1732.5	Viewed	\N			\N	\N	2025-06-30	15:30:00	Red	2025-10-30 09:31:32.785866+05:30	2025-06-30 10:52:58.535435+05:30	2025-10-30 09:31:32.786038+05:30	0	0	0	a69facc6-59b6-4344-b90d-a70afe94ef54	\N	3b331937-12ee-4c19-8bf6-68d1529e82b2	9d0ee849-3c50-4bcb-bb7e-a99d194ffd2b	\N	\N	\N	Web
3c6e2351-0310-4386-93ce-e7eeab30cd56	ID128VP	Local Orders	110	27.5	20	157.5	Confirmed	\N	\N		\N	\N	2025-03-10	12:00:00	Red	2025-10-30 09:31:32.791188+05:30	2025-03-10 10:46:56.644403+05:30	2025-10-30 09:31:32.79133+05:30	0	0	0	ee8272f5-4bd2-41d6-b2f9-6d6e6a963321	\N	3b331937-12ee-4c19-8bf6-68d1529e82b2	50c7c2c5-e5f7-4831-a5ea-33b2a3e2e931	\N	\N	\N	\N
a2707e26-dbc4-46c1-96b4-4cb885b8c7a8	ID985HB	Local Orders	30	3.9	24.38	52.28	New Order	\N			\N	\N	2025-10-18	12:00:00	White	2025-10-17 12:39:06.397591+05:30	2025-10-17 12:39:06.397605+05:30	2025-10-17 12:39:06.403523+05:30	6	0	6	a4b29245-483c-4b0f-ae44-a3290d75487f	\N	3b331937-12ee-4c19-8bf6-68d1529e82b2	5f41b51e-4630-43d9-bb6a-4e35585f80b1	\N	\N	\N	Android
380e7780-76ff-481a-94d4-e815c253a1ab	ID562OC	Local Orders	1255	464.35	20	1660.35	Viewed	\N			\N	\N	2025-03-25	15:30:00	Red	2025-10-30 09:31:32.796473+05:30	2025-03-25 13:19:10.511535+05:30	2025-10-30 09:31:32.796615+05:30	79	62.75	16.25	de54b237-c22f-48c5-b47c-5611dca5e4a5	\N	3b331937-12ee-4c19-8bf6-68d1529e82b2	f75db508-14f6-4858-8274-db2f2c2312ca	\N	\N	\N	\N
1bf5141f-b58d-4270-85ce-d6019e08b218	ID257FT	Pick Up	1225	228.25	0	1395.75	Confirmed	\N			\N	\N	\N	19:00:00	White	2025-10-31 14:03:04.630926+05:30	2025-10-31 14:03:04.630938+05:30	2025-10-31 14:03:33.416839+05:30	57.5	0	57.5	\N	\N	34148290-f2ae-45ff-aeba-6bc6436fecef	0d974337-9720-461e-8f0d-5f0134bb7374	\N	\N	\N	Android
cdd8fdc5-3a46-4a92-903c-12cdd9675b3d	ID710XU	Local Orders	3260	1206.2	20	3458.2	Confirmed	\N			\N	\N	2025-02-19	10:00:00	Red	2025-10-30 09:31:32.801864+05:30	2025-02-18 17:16:38.419086+05:30	2025-10-30 09:31:32.802016+05:30	1028	50	978	7c841c03-7b16-40c9-a934-f397be4743f9	\N	3b331937-12ee-4c19-8bf6-68d1529e82b2	6cd2ca42-8658-40a2-8214-ca241cd05c81	\N	\N	\N	\N
e97bc33e-9a7d-49f2-8499-e229ef4daee7	ID946YS	Local Orders	150	54	20	179	Order Packed	\N	\N		\N	\N	2025-03-05	10:00:00	Red	2025-10-30 09:31:32.804542+05:30	2025-03-04 09:41:20.676335+05:30	2025-10-30 09:31:32.80468+05:30	45	0	45	4de00756-7eab-4f45-b6c3-30537740f72b	\N	3b331937-12ee-4c19-8bf6-68d1529e82b2	777250af-57ad-43f8-8085-15b9b85c0f62	\N	\N	\N	\N
c02f4df4-e1e5-4bce-b430-adfb313e2c7f	ID690FB	Local Orders	1264	464.8	20	1722	Failed	\N	\N		\N	\N	2025-06-06	10:00:00	Dark Red	2025-10-30 09:31:32.807177+05:30	2025-06-05 22:31:52.332333+05:30	2025-10-30 09:31:32.807314+05:30	26.8	0	26.8	d0259992-8ffb-4bae-a0d0-a4e2120b3ecd	\N	3b331937-12ee-4c19-8bf6-68d1529e82b2	eeab0ad8-74c8-4436-a3cd-e43c58e0b0c7	\N	\N	\N	\N
d432b5d4-5ef1-449d-a6c5-8235cb3bb5bc	ID241XA	Local Orders	1300	481	20	1411	Viewed	\N	\N		\N	\N	2025-03-01	10:00:00	Red	2025-10-30 09:31:32.812367+05:30	2025-02-28 12:59:56.779555+05:30	2025-10-30 09:31:32.812509+05:30	390	0	390	115bc6b4-267e-4270-8022-3ede0f1e7086	\N	3b331937-12ee-4c19-8bf6-68d1529e82b2	94f06744-b9e0-43e6-a2a8-14c622c3b9fe	\N	\N	\N	\N
157c671a-25b0-4fee-a8d5-a03580fbc66f	ID992EM	Local Orders	150	37.5	20	177.5	Failed	\N			\N	\N	2025-06-06	12:00:00	Dark Red	2025-10-30 09:31:32.814913+05:30	2025-06-05 22:33:11.173744+05:30	2025-10-30 09:31:32.815043+05:30	30	0	30	bc6c2131-f9c3-443b-9049-05ef026b8cca	\N	3b331937-12ee-4c19-8bf6-68d1529e82b2	e9909719-4ddd-4dde-a72c-521654b853d5	\N	\N	\N	\N
2ac2ee48-5938-4881-86de-3f1559ee52df	ID294KZ	Pick Up	75	18.75	20	98.75	Viewed	\N			\N	\N	2025-03-29	\N	Red	2025-10-30 09:31:32.81989+05:30	2025-03-28 11:38:27.528981+05:30	2025-10-30 09:31:32.820019+05:30	15	0	15	\N	\N	3b331937-12ee-4c19-8bf6-68d1529e82b2	977a9a2b-f9b6-4b86-a1f4-6435304d083d	\N	\N	\N	\N
93f82b65-a93d-4baf-99d1-d31d7cd0b1e1	ID166RX	Local Orders	80	20	20	120	Viewed	\N			\N	\N	2025-07-01	10:00:00	Red	2025-10-30 09:31:32.824545+05:30	2025-06-30 10:37:39.194964+05:30	2025-10-30 09:31:32.824664+05:30	0	0	0	11d4a5ed-1529-40c9-84d6-84a5471fd02c	\N	3b331937-12ee-4c19-8bf6-68d1529e82b2	9d0ee849-3c50-4bcb-bb7e-a99d194ffd2b	\N	\N	\N	Web
3f661648-3a21-482c-b86b-3e3e0938e551	ID780CI	Long Distance Orders	1575	393.75	20	1988.75	Confirmed	\N			\N	\N	2025-03-18	10:00:00	Red	2025-10-30 09:31:32.829103+05:30	2025-03-17 15:55:05.82257+05:30	2025-10-30 09:31:32.829218+05:30	0	0	0	0699b845-dc16-4bc1-b052-c757d259f36e	28f32346-9fd6-4bc5-8a89-7b1cee668b79	\N	e9909719-4ddd-4dde-a72c-521654b853d5	\N	\N	\N	\N
0019bead-e3cf-460f-a08d-754debb26251	ID691YG	Long Distance Orders	1867	466.75	20	2353.75	Order Packed	\N	Leave at the door,Directions to reach		\N	\N	2025-03-04	12:00:00	Red	2025-10-30 09:31:32.831431+05:30	2025-03-04 11:51:36.780735+05:30	2025-10-30 09:31:32.831544+05:30	0	0	0	79346c89-4ede-4377-ae35-e7fd11d7c40d	28f32346-9fd6-4bc5-8a89-7b1cee668b79	\N	0d974337-9720-461e-8f0d-5f0134bb7374	\N	\N	\N	\N
f213994a-034b-4666-a4a7-c62731ca4ae4	ID346XA	Local Orders	1264	464.8	20	1722	Failed	\N	\N		\N	\N	2025-06-06	10:00:00	Dark Red	2025-10-30 09:31:32.833781+05:30	2025-06-05 22:31:18.768853+05:30	2025-10-30 09:31:32.833893+05:30	26.8	0	26.8	ceae961c-be82-4ba2-8c18-eb7b35046ef2	\N	3b331937-12ee-4c19-8bf6-68d1529e82b2	eeab0ad8-74c8-4436-a3cd-e43c58e0b0c7	\N	\N	\N	\N
3d144b00-6019-42c0-ba05-a93503de61a4	ID760MY	Local Orders	800	296	20	876	Order Packed	\N			\N	\N	2025-02-20	10:00:00	Red	2025-10-30 09:31:32.836087+05:30	2025-02-18 17:20:02.387762+05:30	2025-10-30 09:31:32.836197+05:30	240	0	240	851be69a-41cc-4d89-b01d-80d2f514ddc9	\N	3b331937-12ee-4c19-8bf6-68d1529e82b2	6cd2ca42-8658-40a2-8214-ca241cd05c81	\N	\N	\N	\N
02e6f308-15c3-4b2f-a163-3149dccda1e2	ID220SM	Local Orders	1950	721.5	20	2106.5	Order Packed	\N	\N		\N	\N	2025-03-07	12:00:00	Red	2025-10-30 09:31:32.838389+05:30	2025-03-05 16:30:55.86537+05:30	2025-10-30 09:31:32.838492+05:30	585	0	585	2821b4b8-4bba-4d59-a774-69740f9cc695	\N	3b331937-12ee-4c19-8bf6-68d1529e82b2	777250af-57ad-43f8-8085-15b9b85c0f62	\N	\N	\N	\N
89d39985-450f-4367-b480-de14d2ab0d9a	ID292NU	Local Orders	30	3.9	24.38	52.28	New Order	\N			\N	\N	2025-10-18	12:00:00	White	2025-10-17 12:39:25.394758+05:30	2025-10-17 12:39:25.394772+05:30	2025-10-17 12:39:25.397597+05:30	6	0	6	97f4f7cb-e259-482b-abd8-4b4588546c4f	\N	3b331937-12ee-4c19-8bf6-68d1529e82b2	5f41b51e-4630-43d9-bb6a-4e35585f80b1	\N	\N	\N	Android
f878800b-b918-468b-b969-eed4e746ae3d	ID274XJ	Local Orders	94	23.5	20	118.7	Viewed	\N	Avoid\ncalling		\N	\N	2025-06-11	12:00:00	Red	2025-10-30 09:31:32.842958+05:30	2025-06-10 21:03:21.103823+05:30	2025-10-30 09:31:32.843086+05:30	18.8	0	18.8	55808102-5050-4235-adf7-3562d7da5cbc	\N	3b331937-12ee-4c19-8bf6-68d1529e82b2	dae5a095-32db-4810-b1df-54e7ce7a4d89	\N	\N	\N	\N
0d65c2ae-63c9-4237-aca3-d6431201c730	ID671NB	Local Orders	625	231.25	20	876.25	Confirmed	\N	Leave at the door		\N	\N	2025-03-25	15:30:00	Red	2025-10-30 09:31:32.847421+05:30	2025-03-25 14:18:30.270651+05:30	2025-10-30 09:31:32.847526+05:30	0	0	0	2448e4a9-b5a4-47da-a741-3c29cae82262	\N	34148290-f2ae-45ff-aeba-6bc6436fecef	0d974337-9720-461e-8f0d-5f0134bb7374	\N	\N	\N	\N
937cc742-80f2-4ed0-82dd-d80d43213012	ID399HO	Local Orders	350	45.5	0	335.5	New Order	\N			\N	\N	2025-10-17	15:30:00	White	2025-10-17 12:44:24.402306+05:30	2025-10-17 12:44:24.402321+05:30	2025-10-17 12:44:24.407348+05:30	60	0	60	32fc3389-43c3-416e-9e73-3bcdb723e312	\N	34148290-f2ae-45ff-aeba-6bc6436fecef	f2afc31f-e1b6-497c-8fa8-098e63dcc00b	\N	\N	\N	Web
9331dd77-952b-4869-aaf9-3c87bf5b30f2	ID838QL	Local Orders	70	25.9	20	108.9	Confirmed	\N			\N	\N	2025-06-19	15:30:00	Red	2025-10-30 09:31:32.851814+05:30	2025-06-19 10:44:37.120559+05:30	2025-10-30 09:31:32.851917+05:30	7	0	7	aafd8544-318e-4bc8-8053-b223ebe950ee	\N	ed80cb11-a4b3-4991-bcb2-454c7d72edc3	9d0ee849-3c50-4bcb-bb7e-a99d194ffd2b	\N	\N	\N	\N
415f5d0d-b29a-46b0-a47b-9eb81c0358ba	ID366UV	Pick Up	575	143.75	20	738.75	Viewed	\N			\N	\N	2025-03-26	\N	Red	2025-10-30 09:31:32.856113+05:30	2025-03-25 15:27:50.87346+05:30	2025-10-30 09:31:32.856226+05:30	0	0	0	\N	\N	3b331937-12ee-4c19-8bf6-68d1529e82b2	0e9e87b0-a4fb-45a6-8f3b-d95c38c90eb9	\N	\N	\N	\N
be6bfab1-d66d-4454-9655-9ae40e7b6857	ID153BX	Local Orders	36	13.32	20	65.72	Viewed	\N			\N	\N	2025-03-16	10:00:00	Red	2025-10-30 09:31:32.860323+05:30	2025-03-14 16:03:21.752994+05:30	2025-10-30 09:31:32.860422+05:30	3.6	0	3.6	19cff624-7126-4fde-99ad-a9b880fa0979	\N	3b331937-12ee-4c19-8bf6-68d1529e82b2	a2b976d1-f9f6-45ec-bc85-312c51e69024	\N	\N	\N	\N
be0da868-ef3d-4f8a-a195-639dbe960914	ID114AO	Pick Up	500	185	20	705	Failed	\N	\N		\N	\N	2025-06-10	\N	Dark Red	2025-10-30 09:31:32.862427+05:30	2025-06-10 23:07:16.391631+05:30	2025-10-30 09:31:32.862524+05:30	0	0	0	\N	\N	3b331937-12ee-4c19-8bf6-68d1529e82b2	8a799794-5067-491d-b8aa-aa644b2270db	\N	\N	\N	\N
f28626a1-b74e-4ac5-b8cb-d9859624a5d2	ID850VG	Local Orders	4092	1285.35	20	5151.2	Order Packed	\N	\N		\N	\N	2025-06-27	12:00:00	Red	2025-10-30 09:31:32.864637+05:30	2025-06-27 11:09:24.720029+05:30	2025-10-30 09:31:32.864731+05:30	246.15	0	246.15	7348e1e3-5934-465b-84b7-bf489e299f14	\N	3b331937-12ee-4c19-8bf6-68d1529e82b2	0d974337-9720-461e-8f0d-5f0134bb7374	\N	\N	\N	\N
bd4e7438-0cc3-4e05-858e-7519a4142bda	ID870EB	Local Orders	350	45.5	0	335.5	New Order	\N			\N	\N	2025-10-17	15:30:00	White	2025-10-17 12:46:32.8056+05:30	2025-10-17 12:46:32.805613+05:30	2025-10-17 12:46:32.808167+05:30	60	0	60	ddf74469-4f0e-4425-a866-b20338f4b9fe	\N	34148290-f2ae-45ff-aeba-6bc6436fecef	f2afc31f-e1b6-497c-8fa8-098e63dcc00b	\N	\N	\N	Web
18df2464-814f-4171-987d-5a39fe2d17d1	ID847ND	Local Orders	6970	1509.5	20	8243.5	Viewed	\N			\N	\N	2025-06-27	10:00:00	Red	2025-10-30 09:31:32.868884+05:30	2025-06-26 11:40:04.473725+05:30	2025-10-30 09:31:32.868981+05:30	256	0	256	86bcf203-48ac-4d05-a32d-9995e40958c8	\N	3b331937-12ee-4c19-8bf6-68d1529e82b2	9d0ee849-3c50-4bcb-bb7e-a99d194ffd2b	\N	\N	\N	\N
fd317ef5-b146-415c-affe-57e0a78c9673	ID372ST	Local Orders	27	8.19	20	50.99	Delivered	8			2025-06-09 16:28:59.938507+05:30	\N	2025-05-17	10:00:00	White	2025-06-09 16:29:04.793075+05:30	2025-05-16 17:56:33.960979+05:30	2025-06-09 16:29:04.800546+05:30	4.2	0	4.2	f10bc0a3-23bf-4105-bd5c-e7ffbebebad9	\N	34148290-f2ae-45ff-aeba-6bc6436fecef	0a6232ec-25d1-4b44-ac8c-3d99fc57119d	\N	\N	\N	\N
aa90891f-feff-41be-a8bb-4a518e281380	ID856YI	Local Orders	330	122.1	20	373.1	Viewed	\N	Leave at the door		\N	\N	2025-03-07	12:00:00	Red	2025-10-30 09:31:32.873142+05:30	2025-03-07 10:16:53.932202+05:30	2025-10-30 09:31:32.873238+05:30	99	0	99	ac1c6453-3c1e-41c0-8792-ba6314a265dd	\N	3b331937-12ee-4c19-8bf6-68d1529e82b2	0d974337-9720-461e-8f0d-5f0134bb7374	\N	\N	\N	\N
9ff23bf9-24fb-4992-b9b1-79c4684e45e4	ID115YF	Local Orders	350	45.5	0	335.5	New Order	\N			\N	\N	2025-10-17	15:30:00	White	2025-10-17 12:49:36.836285+05:30	2025-10-17 12:49:36.836299+05:30	2025-10-17 12:49:36.839894+05:30	60	0	60	71a09452-caf1-4699-b5b7-1e46594fb30e	\N	34148290-f2ae-45ff-aeba-6bc6436fecef	f2afc31f-e1b6-497c-8fa8-098e63dcc00b	\N	\N	\N	Web
bfa632e3-e291-401d-a5c0-d099d469e25a	ID150NZ	Local Orders	225	56.25	20	256.25	Failed	\N			\N	\N	2025-03-28	12:00:00	Dark Red	2025-10-30 09:31:32.875297+05:30	2025-03-27 10:18:13.52055+05:30	2025-10-30 09:31:32.875394+05:30	45	0	45	855cda98-75ea-4c4b-b86f-da6a844c3f9c	\N	3b331937-12ee-4c19-8bf6-68d1529e82b2	17be636b-7f66-4b14-80a4-6fda2c61238b	\N	\N	\N	\N
6b522fe7-8919-4108-aa8c-5e5b806073aa	ID468XW	Local Orders	160	40	20	220	Viewed	\N	\N		\N	\N	2025-06-30	15:30:00	Red	2025-10-30 09:31:32.879631+05:30	2025-06-30 10:34:51.377902+05:30	2025-10-30 09:31:32.879739+05:30	0	0	0	635ea3ad-451b-4fb8-903c-7f6c4d91bdc9	\N	3b331937-12ee-4c19-8bf6-68d1529e82b2	9d0ee849-3c50-4bcb-bb7e-a99d194ffd2b	\N	\N	\N	Other
d9cfa662-38b1-43ff-bb06-40196494622f	ID655HQ	Local Orders	11000	4070	20	15090	Viewed	\N			\N	\N	2025-04-03	12:00:00	Red	2025-10-30 09:31:32.884372+05:30	2025-04-02 10:19:15.118623+05:30	2025-10-30 09:31:32.884482+05:30	0	0	0	2ee1301b-964a-492d-a8cf-28d8f5984965	\N	3b331937-12ee-4c19-8bf6-68d1529e82b2	3702b79e-8df8-4db7-87af-7370218fa577	\N	\N	\N	\N
85969373-8d26-4a6b-b1ac-ebcc7e5a1da2	ID742MF	Pick Up	500	185	20	705	Viewed	\N	\N		\N	\N	2025-07-04	19:00:00	Red	2025-10-30 09:31:32.888974+05:30	2025-07-03 10:29:26.670959+05:30	2025-10-30 09:31:32.889114+05:30	0	0	0	\N	\N	3b331937-12ee-4c19-8bf6-68d1529e82b2	0d974337-9720-461e-8f0d-5f0134bb7374	\N	\N	\N	Andriod
0ee1d32f-e9e0-4df3-a79a-d2814a5149d9	ID563TU	Local Orders	900	333	20	983	Confirmed	\N			\N	\N	2025-03-07	10:00:00	Red	2025-10-30 09:31:32.893791+05:30	2025-03-04 12:10:39.000672+05:30	2025-10-30 09:31:32.893938+05:30	270	0	270	865d5068-d49a-4b92-bb7f-8f498a072b0e	\N	\N	4eaed3dd-f656-488c-a7a8-edc8a9b9e889	\N	\N	\N	\N
e45fe6c2-c839-4f94-b634-0290b8a96bf8	ID217VH	Long Distance Orders	50	12.5	20	82.5	Failed	\N	Avoid ringing bell		\N	\N	2025-03-11	10:00:00	Dark Red	2025-10-30 09:31:32.89637+05:30	2025-03-10 17:07:51.008628+05:30	2025-10-30 09:31:32.896496+05:30	0	0	0	f806c78d-bdf3-42c4-85e4-9796796113db	28f32346-9fd6-4bc5-8a89-7b1cee668b79	\N	0d974337-9720-461e-8f0d-5f0134bb7374	\N	\N	\N	\N
1ed8cce2-d496-4cbf-8f2a-5f0d2bda26e2	ID102YF	Local Orders	30	3.9	24.38	52.28	New Order	\N			\N	\N	2025-10-18	10:00:00	White	2025-10-17 14:42:25.860038+05:30	2025-10-17 14:42:25.860051+05:30	2025-10-17 14:42:25.877434+05:30	6	0	6	c4b368cd-18c3-438e-bd76-3161d453166e	\N	3b331937-12ee-4c19-8bf6-68d1529e82b2	5f41b51e-4630-43d9-bb6a-4e35585f80b1	\N	\N	\N	Web
16c2fae5-aba1-4bd8-b48b-75df18146e41	ID221CG	Local Orders	1300	481	20	1411	Confirmed	\N	Leave at the door		\N	\N	2025-02-28	12:00:00	Red	2025-10-30 09:31:32.901434+05:30	2025-02-28 11:58:25.907416+05:30	2025-10-30 09:31:32.901562+05:30	390	0	390	3849f678-0bec-4f4f-967c-25894af7bf1f	\N	3b331937-12ee-4c19-8bf6-68d1529e82b2	c972daf6-63e6-44a0-9734-ac21322367b3	\N	\N	\N	\N
c9b2bea9-a418-4417-bfb9-e09a9f1d30ab	ID740HB	Local Orders	700	175	20	755	Order Packed	\N			\N	\N	2025-07-10	15:30:00	Red	2025-10-30 09:31:32.903842+05:30	2025-07-10 12:42:33.393519+05:30	2025-10-30 09:31:32.903967+05:30	140	0	140	07187188-e5d7-46d1-8091-24c3b3752884	\N	3b331937-12ee-4c19-8bf6-68d1529e82b2	a859067b-d6f2-44fc-9874-4e3dc964bbf4	\N	\N	\N	Web
87b83a1b-ca17-41d1-b506-974354b8dadd	ID961HZ	Local Orders	50	18.5	20	88.5	Confirmed	\N	Avoid ringing bell		\N	\N	2025-03-11	10:00:00	Red	2025-10-30 09:31:32.908788+05:30	2025-03-10 12:03:24.88131+05:30	2025-10-30 09:31:32.908921+05:30	0	0	0	ff1fc95a-d731-406a-9b9b-16a2c41ba3c8	\N	3b331937-12ee-4c19-8bf6-68d1529e82b2	0d974337-9720-461e-8f0d-5f0134bb7374	\N	\N	\N	\N
6454685a-ca37-434c-a42b-e88366bd7aef	ID401RN	Local Orders	440	110	20	570	Confirmed	\N			\N	\N	2025-03-03	12:00:00	Red	2025-10-30 09:31:32.913685+05:30	2025-03-03 09:40:45.526959+05:30	2025-10-30 09:31:32.913814+05:30	0	0	0	ebfee1ba-d825-4e94-bf3c-066a6e2d2676	\N	\N	9d0ee849-3c50-4bcb-bb7e-a99d194ffd2b	\N	\N	\N	\N
4192c5b6-fccf-4f56-88c2-f07dc7264002	ID169XR	Local Orders	140	51.8	20	211.8	Confirmed	\N			\N	\N	2025-03-16	10:00:00	Red	2025-10-30 09:31:32.918863+05:30	2025-03-13 13:52:05.4606+05:30	2025-10-30 09:31:32.918995+05:30	0	0	0	eddacb94-dc01-428d-b404-10ff3179369e	\N	3b331937-12ee-4c19-8bf6-68d1529e82b2	df0d6d1c-79f6-4460-81b0-a93768c7cc29	\N	\N	\N	\N
5606217d-81f8-46bb-b318-4ba6251ee7ac	ID746BN	Pick Up	1500	555	20	2075	Order Packed	\N			\N	\N	2025-04-04	\N	Red	2025-10-30 09:31:32.921277+05:30	2025-04-02 12:20:00.771571+05:30	2025-10-30 09:31:32.9214+05:30	0	0	0	\N	\N	3b331937-12ee-4c19-8bf6-68d1529e82b2	3702b79e-8df8-4db7-87af-7370218fa577	\N	\N	\N	\N
347799b3-7a21-4082-8a0a-aa13d8f2f57f	ID351UK	Pick Up	225	40.5	20	274.25	New Order	\N			\N	\N	\N	19:00:00	White	2025-10-17 14:42:56.616101+05:30	2025-10-17 14:42:56.616115+05:30	2025-10-17 14:42:56.620175+05:30	11.25	0	11.25	\N	\N	3b331937-12ee-4c19-8bf6-68d1529e82b2	002d887f-c6c7-49e9-aa0d-1383e0e8910d	\N	\N	\N	Android
7154eb68-e94f-4101-800d-f2c7b923cdbb	ID637QL	Pick Up	225	40.5	20	274.25	New Order	\N			\N	\N	\N	19:00:00	White	2025-10-17 14:47:22.229918+05:30	2025-10-17 14:47:22.229932+05:30	2025-10-17 14:47:22.232306+05:30	11.25	0	11.25	\N	\N	3b331937-12ee-4c19-8bf6-68d1529e82b2	002d887f-c6c7-49e9-aa0d-1383e0e8910d	\N	\N	\N	Android
cc33986e-e340-4e48-837f-2169272de862	ID777KO	Local Orders	500	185	20	705	Viewed	\N	\N		\N	\N	2025-07-01	15:30:00	Red	2025-10-30 09:31:32.926099+05:30	2025-07-01 12:51:57.372769+05:30	2025-10-30 09:31:32.926223+05:30	0	0	0	eb1669a5-3a50-4173-8c40-65b3a6c638ad	\N	3b331937-12ee-4c19-8bf6-68d1529e82b2	0d974337-9720-461e-8f0d-5f0134bb7374	\N	\N	\N	Andriod
443de3b4-a6e4-4a13-b9c8-a3254f204ee0	ID845LG	Local Orders	30	3.9	24.38	52.28	New Order	\N			\N	\N	2025-10-18	10:00:00	White	2025-10-17 14:50:48.166754+05:30	2025-10-17 14:50:48.166768+05:30	2025-10-17 14:50:48.173635+05:30	6	0	6	511aa34a-153a-4a9b-932a-5fe8f06f57c8	\N	3b331937-12ee-4c19-8bf6-68d1529e82b2	5f41b51e-4630-43d9-bb6a-4e35585f80b1	\N	\N	\N	Web
e88ae187-0337-42eb-902c-693d4f5cbc8a	ID529HF	Local Orders	110	27.5	20	152	Failed	\N	\N		\N	\N	2025-06-11	10:00:00	Dark Red	2025-10-30 09:31:32.928512+05:30	2025-06-10 23:10:26.4331+05:30	2025-10-30 09:31:32.928643+05:30	5.5	5.5	0	8c481e09-56f3-4f55-810d-96e932f6e5bf	\N	3b331937-12ee-4c19-8bf6-68d1529e82b2	8a799794-5067-491d-b8aa-aa644b2270db	\N	\N	\N	\N
8d96f7c7-e2f2-4468-897e-37a77547fc40	ID865ZO	Long Distance Orders	160	40	20	220	Failed	\N	\N		\N	\N	2025-05-19	15:30:00	Dark Red	2025-10-30 09:31:32.930788+05:30	2025-05-19 09:15:24.385753+05:30	2025-10-30 09:31:32.930897+05:30	0	0	0	af64b408-7f44-4f9d-a5b8-437817e048ba	28f32346-9fd6-4bc5-8a89-7b1cee668b79	\N	9d0ee849-3c50-4bcb-bb7e-a99d194ffd2b	\N	\N	\N	\N
c9c5a710-fd87-4053-91ca-4b196a4ad449	ID131KU	Local Orders	30	3.9	24.38	52.28	New Order	\N			\N	\N	2025-10-17	15:30:00	White	2025-10-17 14:51:17.844907+05:30	2025-10-17 14:51:17.844922+05:30	2025-10-17 14:51:17.848489+05:30	6	0	6	d1016754-a7e9-45d3-9b47-c83c9b02ae3d	\N	3b331937-12ee-4c19-8bf6-68d1529e82b2	5f41b51e-4630-43d9-bb6a-4e35585f80b1	\N	\N	\N	Web
40e4d3ba-8bf9-4999-b556-bbe685aa3eaf	ID393PC	Pick Up	5200	650	20	5870	Order Packed	\N			\N	\N	2025-03-29	\N	Red	2025-10-30 09:31:32.932959+05:30	2025-03-28 10:44:17.810391+05:30	2025-10-30 09:31:32.933101+05:30	0	0	0	\N	\N	3b331937-12ee-4c19-8bf6-68d1529e82b2	3702b79e-8df8-4db7-87af-7370218fa577	\N	\N	\N	\N
2a6a1e3b-dffa-4c20-aa12-5e04c2644886	ID150VL	Local Orders	23	8.51	20	49.21	Viewed	\N			\N	\N	2025-03-15	12:00:00	Red	2025-10-30 09:31:32.937543+05:30	2025-03-14 15:41:23.912503+05:30	2025-10-30 09:31:32.93766+05:30	2.3	0	2.3	1ae1f71f-04de-4a5d-b3ac-b6abc5b81f85	\N	3b331937-12ee-4c19-8bf6-68d1529e82b2	a2b976d1-f9f6-45ec-bc85-312c51e69024	\N	\N	\N	\N
bba8ea2c-efcf-498c-9252-d77df055330b	ID212EZ	Pick Up	225	40.5	20	274.25	New Order	\N			\N	\N	\N	19:00:00	White	2025-10-17 14:51:48.800563+05:30	2025-10-17 14:51:48.800577+05:30	2025-10-17 14:51:48.803307+05:30	11.25	0	11.25	\N	\N	3b331937-12ee-4c19-8bf6-68d1529e82b2	002d887f-c6c7-49e9-aa0d-1383e0e8910d	\N	\N	\N	Android
ed771894-fa63-4b52-bc8e-085418ad833a	ID621NM	Local Orders	25467	4556.14	20	28215.14	Confirmed	\N			\N	\N	2025-03-02	10:00:00	Red	2025-10-30 09:31:32.942356+05:30	2025-02-28 09:33:15.274349+05:30	2025-10-30 09:31:32.942476+05:30	1828	0	1828	4f408aec-b72f-4c22-b6b4-05d8681cf95b	\N	3b331937-12ee-4c19-8bf6-68d1529e82b2	e315a490-321f-4ca6-ad0f-5788fd70f7d0	\N	\N	\N	\N
32fd16b6-ce81-4243-97eb-f104f358bcd1	ID426RX	Local Orders	650	240.5	20	715.5	Confirmed	\N	Leave at the door		\N	\N	2025-03-11	10:00:00	Red	2025-10-30 09:31:32.947233+05:30	2025-03-10 15:33:05.928106+05:30	2025-10-30 09:31:32.947366+05:30	195	0	195	19170f5c-8038-4a16-bc6e-2f35f48df05b	\N	3b331937-12ee-4c19-8bf6-68d1529e82b2	0d974337-9720-461e-8f0d-5f0134bb7374	\N	\N	\N	\N
6e493b34-228b-4713-a6e3-f3ff16a277d7	ID314MZ	Local Orders	30	3.9	24.38	52.28	New Order	\N			\N	\N	2025-10-17	15:30:00	White	2025-10-17 14:52:45.962673+05:30	2025-10-17 14:52:45.962687+05:30	2025-10-17 14:52:45.968359+05:30	6	0	6	0738ecd3-5201-4d3a-beb2-f7e30eda9278	\N	3b331937-12ee-4c19-8bf6-68d1529e82b2	5f41b51e-4630-43d9-bb6a-4e35585f80b1	\N	\N	\N	Web
ee2f2947-7f68-4a9a-a042-7778e65a5e10	ID291QS	Local Orders	1500	555	20	2075	Viewed	\N	\N		\N	\N	2025-04-09	10:00:00	Red	2025-10-30 09:31:32.952425+05:30	2025-04-08 14:37:35.597011+05:30	2025-10-30 09:31:32.952555+05:30	0	0	0	6bf34be2-6653-498e-9eea-e28ed492ad5d	\N	3b331937-12ee-4c19-8bf6-68d1529e82b2	2c618c0b-45b6-45e7-9f7c-12487debfda4	\N	\N	\N	\N
bfdb6ed3-ea54-47b9-b003-006807f76cd0	ID391LX	Local Orders	30	3.9	24.38	52.28	New Order	\N			\N	\N	2025-10-17	15:30:00	White	2025-10-17 14:54:46.070662+05:30	2025-10-17 14:54:46.070676+05:30	2025-10-17 14:54:46.074058+05:30	6	0	6	311363a7-0ac3-445d-b260-6939589699f0	\N	3b331937-12ee-4c19-8bf6-68d1529e82b2	5f41b51e-4630-43d9-bb6a-4e35585f80b1	\N	\N	\N	Web
fe74551f-32b4-4c29-9d06-edd7f82ae95a	ID741FC	Local Orders	35	12.95	20	67.95	Confirmed	\N			\N	\N	2025-03-15	12:00:00	Red	2025-10-30 09:31:32.957453+05:30	2025-03-13 14:14:31.08752+05:30	2025-10-30 09:31:32.95758+05:30	0	0	0	84e7060a-2a60-49c1-845c-e3bdd7c116cb	\N	3b331937-12ee-4c19-8bf6-68d1529e82b2	14008e75-d54e-4965-b869-a656cd353e32	\N	\N	\N	\N
a52a2095-0c9e-485b-90c6-2cbeff1e0f0f	ID447OL	Long Distance Orders	110	27.5	20	157.5	Confirmed	\N	\N		\N	\N	2025-05-28	12:00:00	Red	2025-10-30 09:31:32.962391+05:30	2025-05-28 11:19:08.717892+05:30	2025-10-30 09:31:32.962521+05:30	0	0	0	8f0c6840-8515-4633-8582-2907e9f2b664	28f32346-9fd6-4bc5-8a89-7b1cee668b79	\N	9d0ee849-3c50-4bcb-bb7e-a99d194ffd2b	\N	\N	\N	\N
846b2b15-62cf-4c4b-823a-242164c5923e	ID510NX	Local Orders	1300	162.5	20	1482.5	Confirmed	\N	\N		\N	\N	2025-03-07	10:00:00	Red	2025-10-30 09:31:32.967426+05:30	2025-03-06 16:38:15.346685+05:30	2025-10-30 09:31:32.967556+05:30	0	0	0	75cd701b-36ae-440e-9b71-efc14ef0c70b	\N	3b331937-12ee-4c19-8bf6-68d1529e82b2	0d974337-9720-461e-8f0d-5f0134bb7374	\N	\N	\N	\N
b6b4aa3a-653d-4f1d-b7f4-5f6d917a4058	ID735SL	Local Orders	2400	888	20	2588	Order Packed	\N			\N	\N	2025-03-05	12:00:00	Red	2025-10-30 09:31:32.970014+05:30	2025-03-04 11:53:17.590948+05:30	2025-10-30 09:31:32.970169+05:30	720	0	720	f0698822-8d10-4843-81c2-cbf13ac14b9a	\N	\N	2880a77e-59d3-46b3-813a-7ccb41a9fa76	\N	\N	\N	\N
e501836f-91ca-47fa-bc0c-3d887342bee0	ID200TC	Pick Up	1500	555	20	2075	Viewed	\N			\N	\N	2025-03-27	\N	Red	2025-10-30 09:31:32.974809+05:30	2025-03-25 15:39:47.671676+05:30	2025-10-30 09:31:32.97494+05:30	0	0	0	\N	\N	3b331937-12ee-4c19-8bf6-68d1529e82b2	17be636b-7f66-4b14-80a4-6fda2c61238b	\N	\N	\N	\N
7e532fce-3482-4d0c-997e-d5304953015a	ID757SY	Pick Up	24	6	20	45.2	Viewed	\N	\N		\N	\N	2025-06-06	\N	Red	2025-10-30 09:31:32.979837+05:30	2025-06-04 20:31:07.68144+05:30	2025-10-30 09:31:32.97999+05:30	4.8	0	4.8	\N	\N	3b331937-12ee-4c19-8bf6-68d1529e82b2	da380b7b-ad2f-40ec-a6bb-6d9fdc2d4fc4	\N	\N	\N	\N
baed8887-355d-47dd-ae99-7d055ebcce25	ID505LV	Local Orders	30	3.9	24.38	52.28	New Order	\N			\N	\N	2025-10-17	15:30:00	White	2025-10-17 14:56:14.815897+05:30	2025-10-17 14:56:14.815911+05:30	2025-10-17 14:56:14.819486+05:30	6	0	6	504fa29e-fcb0-4f36-88a8-008a8aaa9c7c	\N	3b331937-12ee-4c19-8bf6-68d1529e82b2	5f41b51e-4630-43d9-bb6a-4e35585f80b1	\N	\N	\N	Web
2220f97d-a735-4004-bb7d-231be8187015	ID305UA	Local Orders	30	3.9	24.38	52.28	New Order	\N			\N	\N	2025-10-17	15:30:00	White	2025-10-17 14:57:17.925467+05:30	2025-10-17 14:57:17.925488+05:30	2025-10-17 14:57:17.929011+05:30	6	0	6	484736ce-7ce9-4f84-ae51-b5e9446d822a	\N	3b331937-12ee-4c19-8bf6-68d1529e82b2	5f41b51e-4630-43d9-bb6a-4e35585f80b1	\N	\N	\N	Web
b20051ea-ce75-4173-a7fa-2e1179e24e9f	ID173CE	Local Orders	30	3.9	24.38	52.28	New Order	\N			\N	\N	2025-10-17	15:30:00	White	2025-10-17 15:00:05.48119+05:30	2025-10-17 15:00:05.481204+05:30	2025-10-17 15:00:05.486918+05:30	6	0	6	97852bc5-329e-4c6b-928a-aa388d898c8c	\N	3b331937-12ee-4c19-8bf6-68d1529e82b2	5f41b51e-4630-43d9-bb6a-4e35585f80b1	\N	\N	\N	Web
7cd90ee7-8a94-47f6-a4d3-2c491c35f7ec	ID262LF	Local Orders	5400	828	20	6203	Confirmed	\N			\N	\N	2025-03-16	10:00:00	Red	2025-10-30 09:31:32.985053+05:30	2025-03-14 14:09:54.337937+05:30	2025-10-30 09:31:32.985224+05:30	45	0	45	820a3741-3313-4363-9c7c-f3cf11234593	\N	3b331937-12ee-4c19-8bf6-68d1529e82b2	99e0222c-6fe1-44ba-8cea-6c9c719bc635	\N	\N	\N	\N
efc3dd87-4224-46b0-9e5a-7f2700455c84	ID306ID	Pick Up	225	40.5	20	274.25	New Order	\N			\N	\N	\N	19:00:00	White	2025-10-17 15:01:19.161287+05:30	2025-10-17 15:01:19.161301+05:30	2025-10-17 15:01:19.163962+05:30	11.25	0	11.25	\N	\N	3b331937-12ee-4c19-8bf6-68d1529e82b2	002d887f-c6c7-49e9-aa0d-1383e0e8910d	\N	\N	\N	Android
e7bb91d4-5228-4c66-be83-98616f41257d	ID334IJ	Local Orders	150	37.5	20	177.5	Failed	\N			\N	\N	2025-06-06	12:00:00	Dark Red	2025-10-30 09:31:32.987562+05:30	2025-06-05 22:33:05.407785+05:30	2025-10-30 09:31:32.987692+05:30	30	0	30	28c72cf1-5b8e-4b2a-b888-acae290fdada	\N	3b331937-12ee-4c19-8bf6-68d1529e82b2	e9909719-4ddd-4dde-a72c-521654b853d5	\N	\N	\N	\N
e132e389-df06-4d50-a8dc-08680a91ccba	ID161JM	Pick Up	1560	171.6	20	1595.6	Confirmed	\N			\N	\N	2025-03-27	\N	Red	2025-10-30 09:31:32.992437+05:30	2025-03-25 15:41:11.035292+05:30	2025-10-30 09:31:32.99257+05:30	156	0	156	\N	\N	34148290-f2ae-45ff-aeba-6bc6436fecef	17be636b-7f66-4b14-80a4-6fda2c61238b	\N	\N	\N	\N
1d540a13-0759-4fa2-a66c-f8a2656f91e9	ID404CK	Pick Up	1264	464.8	20	1722	Failed	\N	\N		\N	\N	2025-06-06	\N	Dark Red	2025-10-30 09:31:32.994881+05:30	2025-06-05 22:32:02.182925+05:30	2025-10-30 09:31:32.995007+05:30	26.8	0	26.8	\N	\N	3b331937-12ee-4c19-8bf6-68d1529e82b2	eeab0ad8-74c8-4436-a3cd-e43c58e0b0c7	\N	\N	\N	\N
2ef996de-0e07-4085-86a3-ef205415feff	ID250RC	Local Orders	7535	1471.75	20	8263.25	Failed	\N	Leave with Security,Avoid\ncalling,Leave at the door,Avoid ringing bell		\N	\N	2025-05-21	12:00:00	Dark Red	2025-10-30 09:31:32.997318+05:30	2025-05-20 12:16:44.523536+05:30	2025-10-30 09:31:32.997454+05:30	763.5	750	13.5	67cd336b-b9e6-45a2-9718-6ce486777366	\N	3b331937-12ee-4c19-8bf6-68d1529e82b2	9d0ee849-3c50-4bcb-bb7e-a99d194ffd2b	\N	\N	\N	\N
48faff85-cf8d-409a-91f5-e92bfb0feb95	ID755GZ	Local Orders	30	3.9	24.38	52.28	New Order	\N			\N	\N	2025-10-18	12:00:00	White	2025-10-17 15:01:59.45339+05:30	2025-10-17 15:01:59.453408+05:30	2025-10-17 15:01:59.457471+05:30	6	0	6	528f1703-b5aa-4909-96e9-1a8f70518cc7	\N	3b331937-12ee-4c19-8bf6-68d1529e82b2	5f41b51e-4630-43d9-bb6a-4e35585f80b1	\N	\N	\N	Web
fbaae7c8-f390-45ab-beed-70b6b2333380	ID985CV	Local Orders	1300	481	20	1411	Confirmed	\N	Directions to reach		\N	\N	2025-03-06	12:00:00	Red	2025-10-30 09:31:33.01665+05:30	2025-03-06 11:36:17.388449+05:30	2025-10-30 09:31:33.016837+05:30	390	0	390	179cfb2b-d85f-47d1-9700-8a41f4ea4add	\N	3b331937-12ee-4c19-8bf6-68d1529e82b2	0d974337-9720-461e-8f0d-5f0134bb7374	\N	\N	\N	\N
bea98c48-0a0d-49b8-aef5-ebdd1b4ee494	ID579OE	Local Orders	57	7.41	24.38	82.79	New Order	\N			\N	\N	2025-10-17	15:30:00	White	2025-10-17 15:06:06.45643+05:30	2025-10-17 15:06:06.456443+05:30	2025-10-17 15:06:06.461231+05:30	6	0	6	89bd03ee-ecf1-425c-bcd2-d99715c40f6e	\N	3b331937-12ee-4c19-8bf6-68d1529e82b2	5f41b51e-4630-43d9-bb6a-4e35585f80b1	\N	\N	\N	Web
5c230953-c88c-4c79-9b28-4001b39bc3e0	ID628TW	Local Orders	150	37.5	20	177.5	Failed	\N			\N	\N	2025-06-06	12:00:00	Dark Red	2025-10-30 09:31:33.019793+05:30	2025-06-05 22:33:10.524432+05:30	2025-10-30 09:31:33.019972+05:30	30	0	30	d925304a-d222-4334-ba76-651ca7c8035a	\N	3b331937-12ee-4c19-8bf6-68d1529e82b2	e9909719-4ddd-4dde-a72c-521654b853d5	\N	\N	\N	\N
017e99f8-be5e-43ff-b552-4d9c87d1060e	ID803QS	Local Orders	150	37.5	20	177.5	Viewed	\N			\N	\N	2025-03-26	12:00:00	Red	2025-10-30 09:31:33.025614+05:30	2025-03-25 15:32:50.328839+05:30	2025-10-30 09:31:33.025781+05:30	30	0	30	39dad32d-93f4-4c64-a57a-a44f3d2ce011	\N	34148290-f2ae-45ff-aeba-6bc6436fecef	17be636b-7f66-4b14-80a4-6fda2c61238b	\N		\N	\N
ad361088-9572-4394-9ea8-f07118e02aa7	ID109WE	Local Orders	650	240.5	20	715.5	Order Packed	\N	\N		\N	\N	2025-03-04	10:00:00	Red	2025-10-30 09:31:33.028601+05:30	2025-03-03 16:58:32.789387+05:30	2025-10-30 09:31:33.028765+05:30	195	0	195	0e6272d2-6e4c-4477-b237-17b7a1e0b30d	\N	3b331937-12ee-4c19-8bf6-68d1529e82b2	0d974337-9720-461e-8f0d-5f0134bb7374	\N	\N	\N	\N
461aee5f-2e8c-4690-a37c-be96b7f6bfa2	ID943SJ	Local Orders	57	7.41	24.38	82.79	New Order	\N			\N	\N	2025-10-17	15:30:00	White	2025-10-17 15:08:46.049097+05:30	2025-10-17 15:08:46.049109+05:30	2025-10-17 15:08:46.05563+05:30	6	0	6	68767271-3a48-4a11-ac54-3ac15025a39e	\N	3b331937-12ee-4c19-8bf6-68d1529e82b2	5f41b51e-4630-43d9-bb6a-4e35585f80b1	\N	\N	\N	Web
fd9ce5d7-0f8a-454f-b098-7a97ee6bddab	ID839WX	Pick Up	225	40.5	20	274.25	New Order	\N			\N	\N	\N	19:00:00	White	2025-10-17 15:09:10.793426+05:30	2025-10-17 15:09:10.79344+05:30	2025-10-17 15:09:10.796695+05:30	11.25	0	11.25	\N	\N	3b331937-12ee-4c19-8bf6-68d1529e82b2	002d887f-c6c7-49e9-aa0d-1383e0e8910d	\N	\N	\N	Android
3a99ffa8-ee68-48ea-b05c-a7041c1bc33b	ID908LT	Pick Up	225	40.5	20	274.25	New Order	\N			\N	\N	\N	19:00:00	White	2025-10-17 15:12:36.202984+05:30	2025-10-17 15:12:36.202999+05:30	2025-10-17 15:12:36.207999+05:30	11.25	0	11.25	\N	\N	3b331937-12ee-4c19-8bf6-68d1529e82b2	002d887f-c6c7-49e9-aa0d-1383e0e8910d	\N	\N	\N	Android
e6e3e0cc-eca7-4f9a-8eab-dc1ecb7bbb33	ID574AH	Local Orders	57	7.41	24.38	82.79	New Order	\N			\N	\N	2025-10-17	15:30:00	White	2025-10-17 15:13:03.289521+05:30	2025-10-17 15:13:03.289534+05:30	2025-10-17 15:13:03.295261+05:30	6	0	6	0e5f3a70-3404-4a2a-8d2b-b7bbb5c0fc3e	\N	3b331937-12ee-4c19-8bf6-68d1529e82b2	5f41b51e-4630-43d9-bb6a-4e35585f80b1	\N	\N	\N	Web
d8edd1bd-58f5-42e7-a994-7d41b88a6071	ID813FD	Local Orders	57	7.41	24.38	82.79	New Order	\N			\N	\N	2025-10-17	15:30:00	White	2025-10-17 15:14:14.499366+05:30	2025-10-17 15:14:14.499379+05:30	2025-10-17 15:14:14.502897+05:30	6	0	6	cfcd018b-7598-4c85-aae4-46e039b19260	\N	3b331937-12ee-4c19-8bf6-68d1529e82b2	5f41b51e-4630-43d9-bb6a-4e35585f80b1	\N	\N	\N	Web
25dfd0ac-e570-4308-855a-4e9c1a9fa9a0	ID405ZH	Local Orders	1264	464.8	20	1722	Failed	\N	\N		\N	\N	2025-06-06	10:00:00	Dark Red	2025-10-30 09:31:33.031508+05:30	2025-06-05 22:31:39.497966+05:30	2025-10-30 09:31:33.031665+05:30	26.8	0	26.8	6a87984a-fc6c-4b87-96bb-e2a3cf450291	\N	3b331937-12ee-4c19-8bf6-68d1529e82b2	eeab0ad8-74c8-4436-a3cd-e43c58e0b0c7	\N	\N	\N	\N
0652732e-5a31-473f-969d-c13e12b6875c	ID886QU	Local Orders	110	27.5	20	152	Failed	\N	\N		\N	\N	2025-06-11	10:00:00	Dark Red	2025-10-30 09:31:33.034443+05:30	2025-06-10 23:10:48.490181+05:30	2025-10-30 09:31:33.034595+05:30	5.5	5.5	0	443def5f-55c6-463c-9cd8-a036bc371926	\N	3b331937-12ee-4c19-8bf6-68d1529e82b2	8a799794-5067-491d-b8aa-aa644b2270db	\N	\N	\N	\N
591ed6a6-9d74-469e-ad3c-80542190df35	ID486ZL	Local Orders	57	7.41	24.38	82.79	New Order	\N			\N	\N	2025-10-18	10:00:00	White	2025-10-17 15:15:51.167044+05:30	2025-10-17 15:15:51.167061+05:30	2025-10-17 15:15:51.169784+05:30	6	0	6	15aeda7a-65e7-4514-8e64-244323db9271	\N	3b331937-12ee-4c19-8bf6-68d1529e82b2	5f41b51e-4630-43d9-bb6a-4e35585f80b1	\N	\N	\N	Web
bbc53ef7-49ff-442f-a302-9a935c5a96a1	ID948JM	Local Orders	500	185	20	705	Failed	\N	\N		\N	\N	2025-06-04	15:30:00	Dark Red	2025-10-30 09:31:33.037133+05:30	2025-06-03 17:43:54.752955+05:30	2025-10-30 09:31:33.03728+05:30	0	0	0	fa29dc2e-ca48-42b7-b98e-7a1a5ddbeacb	\N	3b331937-12ee-4c19-8bf6-68d1529e82b2	bc19931c-ad2c-468c-960e-df4695da419a	\N	\N	\N	\N
3aa86f25-a71b-40d7-8c1b-0b3d1536cc24	ID902AQ	Long Distance Orders	50	12.5	20	82.5	Confirmed	\N	\N		\N	\N	2025-03-06	12:00:00	Red	2025-10-30 09:31:33.042443+05:30	2025-03-06 11:19:28.412563+05:30	2025-10-30 09:31:33.042589+05:30	0	0	0	659c7889-8b94-43bf-9a4d-c5722a2fcb32	28f32346-9fd6-4bc5-8a89-7b1cee668b79	\N	0d974337-9720-461e-8f0d-5f0134bb7374	\N	\N	\N	\N
3f6c3b65-cad1-4d01-9ab0-992ecaf2f5e2	ID593CI	Local Orders	57	7.41	24.38	82.79	New Order	\N			\N	\N	2025-10-18	12:00:00	White	2025-10-17 15:16:27.424987+05:30	2025-10-17 15:16:27.425001+05:30	2025-10-17 15:16:27.428328+05:30	6	0	6	d84ecc50-b8fd-4ae8-b542-0161e372fe7d	\N	3b331937-12ee-4c19-8bf6-68d1529e82b2	5f41b51e-4630-43d9-bb6a-4e35585f80b1	\N	\N	\N	Web
10bc39d3-b936-4c84-a36e-57fd92bcdf04	ID777RA	Local Orders	57	7.41	24.38	82.79	New Order	\N			\N	\N	2025-10-17	15:30:00	White	2025-10-17 15:18:07.499851+05:30	2025-10-17 15:18:07.499869+05:30	2025-10-17 15:18:07.505431+05:30	6	0	6	5e75cb5b-2d7c-437c-b9ab-2ed17ee4b9b6	\N	3b331937-12ee-4c19-8bf6-68d1529e82b2	5f41b51e-4630-43d9-bb6a-4e35585f80b1	\N	\N	\N	Web
59602a1a-2d32-4d17-a546-65528b35b280	ID424WI	Local Orders	57	7.41	24.38	82.79	New Order	\N			\N	\N	2025-10-18	10:00:00	White	2025-10-17 15:23:38.363565+05:30	2025-10-17 15:23:38.363578+05:30	2025-10-17 15:23:38.367935+05:30	6	0	6	4d40e69b-2060-4ab5-81a7-45b630b370c2	\N	3b331937-12ee-4c19-8bf6-68d1529e82b2	5f41b51e-4630-43d9-bb6a-4e35585f80b1	\N	\N	\N	Web
2ca708fa-6f4b-4ad4-a4d5-243885442d45	ID554NK	Long Distance Orders	110	27.5	20	157.5	Confirmed	\N	\N		\N	\N	2025-03-10	12:00:00	Red	2025-10-30 09:31:33.047568+05:30	2025-03-10 10:50:45.092118+05:30	2025-10-30 09:31:33.047779+05:30	0	0	0	b10c7980-dff2-4eac-8d4f-b70bd86709a7	28f32346-9fd6-4bc5-8a89-7b1cee668b79	\N	50c7c2c5-e5f7-4831-a5ea-33b2a3e2e931	\N	\N	\N	\N
4e7ba49f-a043-48e5-90f0-b72b2fe3520e	ID654LA	Local Orders	1200	444	20	1664	Failed	10	\N		2025-03-28 10:01:17.124442+05:30	\N	2025-03-28	15:30:00	Dark Red	2025-10-30 09:31:33.050281+05:30	2025-03-28 10:00:30.281939+05:30	2025-10-30 09:31:33.050419+05:30	0	0	0	dbebd329-db14-4aee-b764-0545e411088c	\N	3b331937-12ee-4c19-8bf6-68d1529e82b2	d419bec1-7651-43f5-9df0-b4cc6fcf8028	\N	\N	\N	\N
b04af801-ab74-4ca5-a802-26d18a027a9e	ID250GL	Local Orders	650	240.5	20	715.5	Confirmed	\N	Avoid ringing bell,Leave at the door		\N	\N	2025-03-07	10:00:00	Red	2025-10-30 09:31:33.055408+05:30	2025-03-06 16:03:06.272826+05:30	2025-10-30 09:31:33.055544+05:30	195	0	195	0b8e3bbf-d549-4daf-bb37-c2521fce2262	\N	3b331937-12ee-4c19-8bf6-68d1529e82b2	0d974337-9720-461e-8f0d-5f0134bb7374	\N	\N	\N	\N
2644eb22-5a8d-431b-9b4e-c43de9a38ca5	ID335RH	Local Orders	330	122.1	20	373.1	Order Packed	\N			\N	\N	2025-02-26	10:00:00	Red	2025-10-30 09:31:33.057891+05:30	2025-02-25 14:37:06.392568+05:30	2025-10-30 09:31:33.058018+05:30	99	0	99	0f5dad6e-bec7-48e5-a25f-d9c943866836	\N	3b331937-12ee-4c19-8bf6-68d1529e82b2	bcef3dda-e52c-4f72-b58d-d36073f8a07d	\N	\N	\N	\N
d079ede3-e122-41e3-9b10-6221c045795f	ID913US	Local Orders	57	7.41	24.38	82.79	New Order	\N			\N	\N	2025-10-18	12:00:00	White	2025-10-17 15:24:24.207477+05:30	2025-10-17 15:24:24.207491+05:30	2025-10-17 15:24:24.211734+05:30	6	0	6	9696d935-6a84-4855-ae62-e129e56d5ce8	\N	3b331937-12ee-4c19-8bf6-68d1529e82b2	5f41b51e-4630-43d9-bb6a-4e35585f80b1	\N	\N	\N	Web
3d0c63c3-a99a-402b-9b3b-7e5e8558ae6e	ID537QG	Pick Up	225	40.5	20	274.25	New Order	\N			\N	\N	\N	19:00:00	White	2025-10-17 15:25:27.617307+05:30	2025-10-17 15:25:27.61735+05:30	2025-10-17 15:25:27.621751+05:30	11.25	0	11.25	\N	\N	3b331937-12ee-4c19-8bf6-68d1529e82b2	002d887f-c6c7-49e9-aa0d-1383e0e8910d	\N	\N	\N	Android
b798eea9-12a8-479d-8570-12cdedb7499d	ID529AV	Pick Up	225	40.5	20	274.25	New Order	\N			\N	\N	\N	19:00:00	White	2025-10-17 15:29:34.896275+05:30	2025-10-17 15:29:34.896288+05:30	2025-10-17 15:29:34.900413+05:30	11.25	0	11.25	\N	\N	3b331937-12ee-4c19-8bf6-68d1529e82b2	002d887f-c6c7-49e9-aa0d-1383e0e8910d	\N	\N	\N	Android
75d96f7f-a8a8-4111-9e13-c2ba0bd2a7b9	ID460XW	Local Orders	27	3.51	45.55	76.06	New Order	\N			\N	\N	2025-10-18	12:00:00	White	2025-10-17 15:31:49.967194+05:30	2025-10-17 15:31:49.967208+05:30	2025-10-17 15:31:49.969525+05:30	0	0	0	cc923b40-3e75-46af-88e1-18d75c7b5b36	\N	3b331937-12ee-4c19-8bf6-68d1529e82b2	5f41b51e-4630-43d9-bb6a-4e35585f80b1	\N	\N	\N	Web
ce81a9bc-6437-456b-9783-d9f43925d940	ID546FG	Local Orders	1300	481	20	1411	Confirmed	\N	\N		\N	\N	2025-03-08	10:00:00	Red	2025-10-30 09:31:33.062753+05:30	2025-03-06 17:07:17.831124+05:30	2025-10-30 09:31:33.062887+05:30	390	0	390	8269496f-d45f-4f33-b02d-706f804deab3	\N	3b331937-12ee-4c19-8bf6-68d1529e82b2	2d6997e6-420c-423b-a699-ada650a66c1d	\N	\N	\N	\N
0bad4809-b1e7-403b-bd3b-20ab9b474e73	ID486KM	Local Orders	330	82.5	20	432.5	Confirmed	\N	\N		\N	\N	2025-03-03	12:00:00	Red	2025-10-30 09:31:33.067813+05:30	2025-03-03 09:35:08.170468+05:30	2025-10-30 09:31:33.067948+05:30	0	0	0	638e005d-ac0a-44eb-8db3-1d80f7a92969	\N	\N	fdd124cb-05bf-4dd9-b28b-dfd5b61951e7	\N	\N	\N	\N
fbfb8d62-a7b3-41c3-85a3-aa58009267c3	ID703TY	Pick Up	225	40.5	20	274.25	New Order	\N			\N	\N	\N	19:00:00	White	2025-10-17 15:36:14.007779+05:30	2025-10-17 15:36:14.007795+05:30	2025-10-17 15:36:14.014331+05:30	11.25	0	11.25	\N	\N	3b331937-12ee-4c19-8bf6-68d1529e82b2	002d887f-c6c7-49e9-aa0d-1383e0e8910d	\N	\N	\N	Android
6b7f7d46-32fc-4689-8e21-b98c53dde35d	ID865OX	Local Orders	2000	740	20	2760	Viewed	\N	\N		\N	\N	2025-03-26	12:00:00	Red	2025-10-30 09:31:33.072803+05:30	2025-03-25 14:38:55.547138+05:30	2025-10-30 09:31:33.072943+05:30	0	0	0	c20381b8-a943-4995-8393-2e69b5ce93e6	\N	3b331937-12ee-4c19-8bf6-68d1529e82b2	c6d21d29-8d1e-48f7-8fe2-d121548aab59	\N	\N	\N	\N
372d524b-2222-4e48-9f55-5ac820459ba4	ID996AG	Pick Up	3885	446.25	20	4337.75	Order Packed	\N	\N		\N	\N	2025-04-04	\N	Red	2025-10-30 09:31:33.075304+05:30	2025-04-03 11:06:20.56023+05:30	2025-10-30 09:31:33.075438+05:30	13.5	0	13.5	\N	\N	3b331937-12ee-4c19-8bf6-68d1529e82b2	d419bec1-7651-43f5-9df0-b4cc6fcf8028	\N	\N	\N	\N
bfb82e32-53f2-42fe-b83d-923d0f8a65d2	ID219CD	Local Orders	110	27.5	20	152	Failed	\N	\N		\N	\N	2025-06-11	10:00:00	Dark Red	2025-10-30 09:31:33.07782+05:30	2025-06-10 23:11:06.356072+05:30	2025-10-30 09:31:33.07795+05:30	5.5	5.5	0	d32f8d42-c2f2-4f2c-8bdd-f443c122e0ec	\N	3b331937-12ee-4c19-8bf6-68d1529e82b2	8a799794-5067-491d-b8aa-aa644b2270db	\N	\N	\N	\N
78c96f42-ae3b-4847-a5e3-f43880a2d411	ID931NB	Local Orders	150	37.5	20	177.5	Failed	\N			\N	\N	2025-06-06	12:00:00	Dark Red	2025-10-30 09:31:33.080404+05:30	2025-06-05 22:33:01.146613+05:30	2025-10-30 09:31:33.080534+05:30	30	0	30	dc918b84-27f4-4da7-8615-97ba5a8f5ed8	\N	3b331937-12ee-4c19-8bf6-68d1529e82b2	e9909719-4ddd-4dde-a72c-521654b853d5	\N	\N	\N	\N
f8df5728-66c7-4722-9167-cb62a78f80cc	ID585LI	Pick Up	225	40.5	20	274.25	New Order	\N			\N	\N	\N	19:00:00	White	2025-10-17 15:45:30.461544+05:30	2025-10-17 15:45:30.461558+05:30	2025-10-17 15:45:30.466348+05:30	11.25	0	11.25	\N	\N	3b331937-12ee-4c19-8bf6-68d1529e82b2	002d887f-c6c7-49e9-aa0d-1383e0e8910d	\N	\N	\N	Android
559cda63-cd90-4596-8ecd-4e62900208bf	ID815DS	Local Orders	900	333	20	983	Confirmed	\N			\N	\N	2025-03-06	12:00:00	Red	2025-10-30 09:31:33.085397+05:30	2025-03-04 13:08:00.447994+05:30	2025-10-30 09:31:33.085547+05:30	270	0	270	4494ddd8-b954-4f81-b0bb-d8d7ba851d44	\N	3b331937-12ee-4c19-8bf6-68d1529e82b2	2880a77e-59d3-46b3-813a-7ccb41a9fa76	\N	\N	\N	\N
0de7a7c5-e642-4e43-a2a8-534fe012d649	ID596JG	Pick Up	225	40.5	20	274.25	New Order	\N			\N	\N	\N	19:00:00	White	2025-10-17 15:51:56.963177+05:30	2025-10-17 15:51:56.963191+05:30	2025-10-17 15:51:56.968659+05:30	11.25	0	11.25	\N	\N	3b331937-12ee-4c19-8bf6-68d1529e82b2	002d887f-c6c7-49e9-aa0d-1383e0e8910d	\N	\N	\N	Android
02c8a08e-2b2c-4f26-b472-40a514c82615	ID772BO	Local Orders	75	27	20	99.5	Confirmed	\N	\N		\N	\N	2025-03-07	10:00:00	Red	2025-10-30 09:31:33.090365+05:30	2025-03-06 17:08:06.649801+05:30	2025-10-30 09:31:33.090497+05:30	22.5	0	22.5	cd0c7697-4429-40d2-8fba-70f25c452448	\N	3b331937-12ee-4c19-8bf6-68d1529e82b2	20195767-0bab-4b6d-b737-4985ec296d3a	\N	\N	\N	\N
12b9c81a-4849-4193-b804-dd3c8705d4e9	ID307PW	Local Orders	1200	444	20	1604	Viewed	\N			\N	\N	2025-03-16	12:00:00	Red	2025-10-30 09:31:33.095184+05:30	2025-03-14 16:02:14.094234+05:30	2025-10-30 09:31:33.095315+05:30	60	0	60	28a84501-3d2d-4195-8a9a-6f30788c5447	\N	3b331937-12ee-4c19-8bf6-68d1529e82b2	a2b976d1-f9f6-45ec-bc85-312c51e69024	\N	\N	\N	\N
53e87735-eb84-4aa0-9c72-f642eccaf4a4	ID833SC	Local Orders	8250	3052.5	20	11322.5	Failed	\N			\N	\N	2025-03-28	10:00:00	Dark Red	2025-10-30 09:31:33.097566+05:30	2025-03-27 15:18:25.802422+05:30	2025-10-30 09:31:33.097695+05:30	0	0	0	91126ea7-f5b0-4372-8062-007cc558bf64	\N	3b331937-12ee-4c19-8bf6-68d1529e82b2	3702b79e-8df8-4db7-87af-7370218fa577	\N	\N	\N	\N
c62a3e2d-dffe-4bc2-86c3-aa5b9aa80968	ID732IW	Local Orders	27	3.51	45.55	76.06	New Order	\N			\N	\N	2025-10-18	10:00:00	White	2025-10-17 16:19:32.553349+05:30	2025-10-17 16:19:32.553943+05:30	2025-10-17 16:19:32.563159+05:30	0	0	0	724c75c7-18ac-4964-bb23-b3df4844314f	\N	3b331937-12ee-4c19-8bf6-68d1529e82b2	5f41b51e-4630-43d9-bb6a-4e35585f80b1	\N	\N	\N	Web
6e204a52-b32b-45c3-be78-3750917d2ee4	ID392TT	Pick Up	2500	275	20	2795	Viewed	\N	\N		\N	\N	2025-06-05	\N	Red	2025-10-30 09:31:33.102482+05:30	2025-06-04 09:42:33.768493+05:30	2025-10-30 09:31:33.102614+05:30	0	0	0	\N	\N	3b331937-12ee-4c19-8bf6-68d1529e82b2	9d0ee849-3c50-4bcb-bb7e-a99d194ffd2b	\N	\N	\N	\N
df13cd09-00c7-4a62-a99f-d5e620c4b158	ID401SK	Local Orders	27	3.51	45.55	76.06	New Order	\N			\N	\N	2025-10-18	12:00:00	White	2025-10-17 16:23:52.642486+05:30	2025-10-17 16:23:52.642501+05:30	2025-10-17 16:23:52.647929+05:30	0	0	0	de3290be-a411-4183-8508-f7afa35565ef	\N	3b331937-12ee-4c19-8bf6-68d1529e82b2	5f41b51e-4630-43d9-bb6a-4e35585f80b1	\N	\N	\N	Web
2440320b-6b34-4043-8d23-ee51189b35a9	ID984HA	Local Orders	2400	888	20	2588	Confirmed	\N			\N	\N	2025-03-01	12:00:00	Red	2025-10-30 09:31:33.107349+05:30	2025-02-28 09:19:15.330252+05:30	2025-10-30 09:31:33.107484+05:30	720	0	720	322f0015-9197-4b53-a8ce-f296f3e7a8df	\N	3b331937-12ee-4c19-8bf6-68d1529e82b2	e315a490-321f-4ca6-ad0f-5788fd70f7d0	\N	\N	\N	\N
d114a307-e171-4f7f-82af-ba5b59b85937	ID675GA	Local Orders	375	135	20	417.5	Order Packed	\N	\N		\N	\N	2025-02-26	10:00:00	Red	2025-10-30 09:31:33.109947+05:30	2025-02-24 16:14:53.518027+05:30	2025-10-30 09:31:33.110111+05:30	112.5	0	112.5	3717ea20-b643-42a0-84de-d69babdaec0b	\N	3b331937-12ee-4c19-8bf6-68d1529e82b2	fdd124cb-05bf-4dd9-b28b-dfd5b61951e7	\N	\N	\N	\N
41a0d557-23a2-437b-bf32-b16b86200dd1	ID928TM	Local Orders	300	33	20	353	Failed	\N	\N		\N	\N	2025-03-25	15:30:00	Dark Red	2025-10-30 09:31:33.112606+05:30	2025-03-25 14:33:51.7778+05:30	2025-10-30 09:31:33.112736+05:30	0	0	0	bcb24b7c-8b77-4733-b779-28f4221e5f7a	\N	34148290-f2ae-45ff-aeba-6bc6436fecef	0d974337-9720-461e-8f0d-5f0134bb7374	\N	\N	\N	\N
9e378c9f-a32e-4e8e-84b4-8acf7093ecc9	ID676SS	Pick Up	300	111	20	401	Failed	\N	\N		\N	\N	2025-06-12	\N	Dark Red	2025-10-30 09:31:33.115185+05:30	2025-06-10 10:45:17.646032+05:30	2025-10-30 09:31:33.115333+05:30	30	0	30	\N	\N	3b331937-12ee-4c19-8bf6-68d1529e82b2	6bb51122-d3e9-4787-a937-67d00b8a72fb	\N	\N	\N	\N
31727a5a-ad50-4120-8149-6c3c307eb547	ID968ZK	Local Orders	75	18.75	20	98.75	Failed	\N			\N	\N	2025-04-02	15:30:00	Dark Red	2025-10-30 09:31:33.117804+05:30	2025-04-02 12:42:25.59978+05:30	2025-10-30 09:31:33.117945+05:30	15	0	15	aa36f3fe-91ae-4b0e-be1e-227c9a2beed2	\N	3b331937-12ee-4c19-8bf6-68d1529e82b2	977a9a2b-f9b6-4b86-a1f4-6435304d083d	\N	\N	\N	\N
46949cbc-4c00-4eec-831c-193dbcf05ba3	ID734MB	Local Orders	1264	464.8	20	1722	Failed	\N	\N		\N	\N	2025-06-06	10:00:00	Dark Red	2025-10-30 09:31:33.120525+05:30	2025-06-05 22:31:31.853727+05:30	2025-10-30 09:31:33.120665+05:30	26.8	0	26.8	fdf38063-21b8-4f99-85f0-eed8f46d3345	\N	3b331937-12ee-4c19-8bf6-68d1529e82b2	eeab0ad8-74c8-4436-a3cd-e43c58e0b0c7	\N	\N	\N	\N
ca18a37d-34f3-4b1d-8df1-d0a1a51bee56	ID957SS	Long Distance Orders	320	80	20	420	Order Packed	\N			\N	\N	2025-04-08	10:00:00	Red	2025-10-30 09:31:33.123109+05:30	2025-04-07 10:51:23.4079+05:30	2025-10-30 09:31:33.123252+05:30	0	0	0	376174ee-f988-48b3-899e-07ebffdbddf3	28f32346-9fd6-4bc5-8a89-7b1cee668b79	\N	3702b79e-8df8-4db7-87af-7370218fa577	\N	\N	\N	\N
2140088e-9fa3-4b77-be01-3df019f5ea2f	ID948JP	Local Orders	650	240.5	20	878	Viewed	\N			\N	\N	2025-03-17	10:00:00	Red	2025-10-30 09:31:33.128503+05:30	2025-03-14 15:37:55.213051+05:30	2025-10-30 09:31:33.128656+05:30	32.5	0	32.5	d71cbf4a-6a44-4a0e-b060-0bbcb1fda896	\N	3b331937-12ee-4c19-8bf6-68d1529e82b2	051f281a-b005-4484-83b8-89254217cba7	\N	\N	\N	\N
9b02a395-0663-4de3-997f-1702a9db6f61	ID797IA	Local Orders	900	333	20	983	Order Packed	\N			\N	\N	2025-03-05	10:00:00	Red	2025-10-30 09:31:33.131187+05:30	2025-03-04 09:46:09.409314+05:30	2025-10-30 09:31:33.131333+05:30	270	0	270	a1ccbd81-9a0a-4492-80b1-75fd88293f85	\N	3b331937-12ee-4c19-8bf6-68d1529e82b2	2880a77e-59d3-46b3-813a-7ccb41a9fa76	\N	\N	\N	\N
b6132c75-634c-43ae-a22e-fa8ba11ccb09	ID453EL	Local Orders	625	231.25	20	876.25	Confirmed	\N	\N		\N	\N	2025-03-28	12:00:00	Red	2025-10-30 09:31:33.136335+05:30	2025-03-28 11:31:17.916287+05:30	2025-10-30 09:31:33.136473+05:30	0	0	0	38e24b2e-b8fc-4fbe-a987-fa8d7515327a	\N	34148290-f2ae-45ff-aeba-6bc6436fecef	0d974337-9720-461e-8f0d-5f0134bb7374	\N	\N	\N	\N
7512b8d1-95ab-432f-9f56-c80e02c930cd	ID991PA	Local Orders	1560	171.6	20	1595.6	Failed	7			2025-04-08 10:49:06.658206+05:30	\N	2025-04-09	12:00:00	Dark Red	2025-10-30 09:31:33.138853+05:30	2025-04-08 10:45:42.905378+05:30	2025-10-30 09:31:33.13899+05:30	156	0	156	79f36497-0f6c-440f-beea-0d77b7f9ecd9	\N	3b331937-12ee-4c19-8bf6-68d1529e82b2	2c618c0b-45b6-45e7-9f7c-12487debfda4	\N	\N	\N	\N
49231426-fed1-4892-9d66-c4f2aefd728a	ID541AC	Local Orders	1300	481	20	1411	Confirmed	\N	Avoid ringing bell		\N	\N	2025-03-11	10:00:00	Red	2025-10-30 09:31:33.143863+05:30	2025-03-10 14:35:00.122402+05:30	2025-10-30 09:31:33.143991+05:30	390	0	390	fbbe3072-7ea6-4b2a-a223-26cf32d68aba	\N	3b331937-12ee-4c19-8bf6-68d1529e82b2	0d974337-9720-461e-8f0d-5f0134bb7374	\N	\N	\N	\N
913fdc45-13bf-4311-87ca-fdc622fe3190	ID379JW	Pick Up	625	231.25	20	876.25	Confirmed	\N	\N		\N	\N	2025-03-26	\N	Red	2025-10-30 09:31:33.148682+05:30	2025-03-25 14:44:01.293964+05:30	2025-10-30 09:31:33.148804+05:30	0	0	0	\N	\N	\N	0d974337-9720-461e-8f0d-5f0134bb7374	\N	\N	\N	\N
6bf80a83-bde6-4d74-8eab-264738eb0b02	ID275LN	Pick Up	2500	925	20	3445	Confirmed	\N	\N		\N	\N	2025-03-27	\N	Red	2025-10-30 09:31:33.153342+05:30	2025-03-25 14:17:12.015467+05:30	2025-10-30 09:31:33.153458+05:30	0	0	0	\N	\N	\N	404a87db-2c17-43e5-9267-206fe1d90854	\N	\N	\N	\N
96dd598f-0893-4314-96bd-93f3ca6da3b4	ID699TR	Local Orders	975	360.75	20	1307	Confirmed	\N			\N	\N	2025-03-19	15:30:00	Red	2025-10-30 09:31:33.158237+05:30	2025-03-18 15:38:54.026201+05:30	2025-10-30 09:31:33.158372+05:30	48.75	0	48.75	2029b6f3-9e50-458f-8c8b-80e6e6a5c3d0	\N	34148290-f2ae-45ff-aeba-6bc6436fecef	17be636b-7f66-4b14-80a4-6fda2c61238b	\N	\N	\N	\N
a5d2bedd-8ed0-492a-90ba-44504b51dd64	ID489XW	Pick Up	650	240.5	20	715.5	Failed	\N	\N		\N	\N	2025-03-11	\N	Dark Red	2025-10-30 09:31:33.160753+05:30	2025-03-10 12:16:04.061793+05:30	2025-10-30 09:31:33.160906+05:30	195	0	195	\N	\N	\N	0d974337-9720-461e-8f0d-5f0134bb7374	\N	\N	\N	\N
c1551eee-a3c3-4c4b-816c-a1102848b422	ID553BB	Long Distance Orders	5000	550	20	5570	Confirmed	\N	\N		\N	\N	2025-03-05	12:00:00	Red	2025-10-30 09:31:33.165929+05:30	2025-03-04 11:41:13.769391+05:30	2025-10-30 09:31:33.166104+05:30	0	0	0	3633abfe-3936-40fb-96b9-807458a87981	28f32346-9fd6-4bc5-8a89-7b1cee668b79	\N	777250af-57ad-43f8-8085-15b9b85c0f62	\N	\N	\N	\N
f714aee1-461e-4595-8bb9-f722cff77f1e	ID926JU	Pick Up	625	231.25	20	876.25	Confirmed	\N	\N		\N	\N	2025-03-28	\N	Red	2025-10-30 09:31:33.171026+05:30	2025-03-28 11:33:24.618512+05:30	2025-10-30 09:31:33.171197+05:30	0	0	0	\N	\N	34148290-f2ae-45ff-aeba-6bc6436fecef	0d974337-9720-461e-8f0d-5f0134bb7374	\N	\N	\N	\N
482c7663-baf8-4faa-b5d8-727a8c3c38e0	ID554MH	Local Orders	92	34.04	20	136.84	Confirmed	\N			\N	\N	2025-03-16	12:00:00	Red	2025-10-30 09:31:33.176011+05:30	2025-03-14 14:21:06.734288+05:30	2025-10-30 09:31:33.176181+05:30	9.2	0	9.2	be9c1184-f69c-48dc-944c-6880ceb39b56	\N	3b331937-12ee-4c19-8bf6-68d1529e82b2	62191a65-1fd0-4a02-9455-e184b78740ca	\N	\N	\N	\N
2653c915-8a8e-4b9e-b3c8-59eea3afd860	ID986HL	Pick Up	500	185	20	680	Failed	\N	\N		\N	\N	2025-06-11	\N	Dark Red	2025-10-30 09:31:33.178576+05:30	2025-06-10 23:09:26.412195+05:30	2025-10-30 09:31:33.178711+05:30	25	25	0	\N	\N	3b331937-12ee-4c19-8bf6-68d1529e82b2	8a799794-5067-491d-b8aa-aa644b2270db	\N	\N	\N	\N
90baf515-e727-4304-ba87-8488aa0c7987	ID383BQ	Local Orders	1200	444	20	1304	Confirmed	\N			\N	\N	2025-03-02	12:00:00	Red	2025-10-30 09:31:33.183365+05:30	2025-02-28 16:41:28.587994+05:30	2025-10-30 09:31:33.183486+05:30	360	0	360	3992b5eb-b6fd-4ccd-bfa9-f233188d96ae	\N	3b331937-12ee-4c19-8bf6-68d1529e82b2	552378b5-aa2b-438d-954f-c3bfebbd6d77	\N	\N	\N	\N
5b797d74-a722-4b93-af1c-904636fc4dc2	ID940ZM	Long Distance Orders	310	77.5	20	407.5	Confirmed	\N	\N		\N	\N	2025-03-24	12:00:00	Red	2025-10-30 09:31:33.18819+05:30	2025-03-24 10:28:50.404885+05:30	2025-10-30 09:31:33.188322+05:30	0	0	0	83475aae-72ba-4d4d-b29d-0920da5de60a	28f32346-9fd6-4bc5-8a89-7b1cee668b79	\N	9af2af1b-b7fc-473e-addd-45c1a402f874	\N	\N	\N	\N
b9d55a49-43d7-4bac-8ca1-c4eefe95de8d	ID632JO	Long Distance Orders	50	12.5	20	82.5	Confirmed	\N	Leave at the door,Directions to reach		\N	\N	2025-03-08	10:00:00	Red	2025-10-30 09:31:33.192983+05:30	2025-03-07 16:35:08.112544+05:30	2025-10-30 09:31:33.19313+05:30	0	0	0	62d722a6-97df-437a-a757-ffd8e0a0dfd9	28f32346-9fd6-4bc5-8a89-7b1cee668b79	\N	0d974337-9720-461e-8f0d-5f0134bb7374	\N	\N	\N	\N
be50e1c2-f3a3-4540-96d3-b1305d756f06	ID657LO	Local Orders	2440	902.8	20	2630.8	Order Packed	\N			\N	\N	2025-03-04	10:00:00	Red	2025-10-30 09:31:33.195337+05:30	2025-03-03 16:57:20.154567+05:30	2025-10-30 09:31:33.19552+05:30	732	0	732	5fb1d4b5-9791-4aab-a382-f7ac24faeb17	\N	3b331937-12ee-4c19-8bf6-68d1529e82b2	2880a77e-59d3-46b3-813a-7ccb41a9fa76	\N	\N	\N	\N
5dfdef20-e34c-4d6f-9365-8ca143b9c20d	ID476EF	Local Orders	2485	894.25	20	2716.75	Confirmed	\N	\N		\N	\N	2025-03-08	10:00:00	Red	2025-10-30 09:31:33.200293+05:30	2025-03-06 16:39:38.218457+05:30	2025-10-30 09:31:33.200413+05:30	682.5	0	682.5	5f7e2bf2-1408-4680-bd81-51b4df2b4d4f	\N	3b331937-12ee-4c19-8bf6-68d1529e82b2	20195767-0bab-4b6d-b737-4985ec296d3a	\N	\N	\N	\N
131dde23-c3ed-487e-8f6e-2e82bba7a619	ID195LF	Local Orders	70	25.9	20	115.9	Confirmed	\N			\N	\N	2025-03-14	10:00:00	Red	2025-10-30 09:31:33.205103+05:30	2025-03-13 14:07:20.294748+05:30	2025-10-30 09:31:33.205222+05:30	0	0	0	5c172fe4-7c4a-46ef-87ea-cff8547e3672	\N	3b331937-12ee-4c19-8bf6-68d1529e82b2	0e9e87b0-a4fb-45a6-8f3b-d95c38c90eb9	\N	\N	\N	\N
ef4c06c3-6580-4371-8079-6a6bec522fcb	ID285UG	Long Distance Orders	240	60	20	320	Confirmed	\N	\N		\N	\N	2025-03-21	15:30:00	Red	2025-10-30 09:31:33.209903+05:30	2025-03-20 16:04:49.75782+05:30	2025-10-30 09:31:33.210028+05:30	0	0	0	7748cf95-3812-49b5-b738-d1332680568f	28f32346-9fd6-4bc5-8a89-7b1cee668b79	\N	e25978dd-0937-4b1f-a8c5-edbdcaab6b98	\N	\N	\N	\N
a1ae091f-d57f-4a59-9478-1aa83a885bb3	ID798CN	Pick Up	1875	693.75	20	2588.75	Order Packed	\N			\N	\N	2025-04-04	\N	Red	2025-10-30 09:31:33.212259+05:30	2025-04-02 10:24:02.490944+05:30	2025-10-30 09:31:33.212384+05:30	0	0	0	\N	\N	3b331937-12ee-4c19-8bf6-68d1529e82b2	3702b79e-8df8-4db7-87af-7370218fa577	\N	\N	\N	\N
935bc9b9-b9b2-4bf1-9076-c5670b8cdd70	ID117IJ	Pick Up	150	55.5	20	210.5	Order Packed	\N	\N		\N	\N	2025-03-29	\N	Red	2025-10-30 09:31:33.214605+05:30	2025-03-28 10:41:24.406311+05:30	2025-10-30 09:31:33.214728+05:30	15	0	15	\N	\N	3b331937-12ee-4c19-8bf6-68d1529e82b2	d419bec1-7651-43f5-9df0-b4cc6fcf8028	\N	\N	\N	\N
2408be6e-41e3-4174-92b8-d0f63a2f2412	ID875GD	Local Orders	3575	1322.75	20	3845.25	Order Packed	\N	\N		\N	\N	2025-03-07	12:00:00	Red	2025-10-30 09:31:33.217007+05:30	2025-03-06 10:01:27.000958+05:30	2025-10-30 09:31:33.217151+05:30	1072.5	0	1072.5	8b2415f4-4c91-48ef-9573-9f4d0756b152	\N	3b331937-12ee-4c19-8bf6-68d1529e82b2	4feaa393-f61e-4c02-9977-8d4ae932158c	\N	\N	\N	\N
3f0def67-1649-464c-9764-318d5f7fb0d3	ID803SC	Local Orders	650	240.5	20	715.5	Confirmed	\N	Avoid ringing bell		\N	\N	2025-03-06	12:00:00	Red	2025-10-30 09:31:33.221776+05:30	2025-03-06 11:17:19.520624+05:30	2025-10-30 09:31:33.221894+05:30	195	0	195	ccdf7cb3-f5d8-4baf-9e6f-69a657ec1757	\N	3b331937-12ee-4c19-8bf6-68d1529e82b2	0d974337-9720-461e-8f0d-5f0134bb7374	\N	\N	\N	\N
7820f6d2-f81a-43f2-a4a0-742879507a38	ID928TA	Local Orders	110	27.5	20	152	Failed	\N	\N		\N	\N	2025-06-11	10:00:00	Dark Red	2025-10-30 09:31:33.22411+05:30	2025-06-10 23:10:22.796622+05:30	2025-10-30 09:31:33.224231+05:30	5.5	5.5	0	f0cda421-e783-4310-9025-fd802b8933a0	\N	3b331937-12ee-4c19-8bf6-68d1529e82b2	8a799794-5067-491d-b8aa-aa644b2270db	\N	\N	\N	\N
93021ca4-3634-47df-982a-0a55be80632f	ID810EX	Local Orders	5500	2035	20	7555	Confirmed	\N			\N	\N	2025-03-27	15:30:00	Red	2025-10-30 09:31:33.229636+05:30	2025-03-26 14:15:00.663927+05:30	2025-10-30 09:31:33.229771+05:30	0	0	0	07c9a2f0-a753-4d5a-adec-1ec7b1682148	\N	34148290-f2ae-45ff-aeba-6bc6436fecef	17be636b-7f66-4b14-80a4-6fda2c61238b	\N	\N	\N	\N
b93d7527-121a-4175-8aeb-fee98137982e	ID801DB	Local Orders	225	81	20	314.75	Viewed	\N			\N	\N	2025-03-19	15:30:00	Red	2025-10-30 09:31:33.234484+05:30	2025-03-18 15:23:05.272361+05:30	2025-10-30 09:31:33.234607+05:30	11.25	0	11.25	3edcd9b4-a39d-4ef2-a18e-46cd08f61ba5	\N	3b331937-12ee-4c19-8bf6-68d1529e82b2	17be636b-7f66-4b14-80a4-6fda2c61238b	\N	\N	\N	\N
236b2e46-a2ec-4a81-94c2-71ac84be4806	ID315ND	Local Orders	7500	825	20	8345	Confirmed	\N	\N		\N	\N	2025-03-19	15:30:00	Red	2025-10-30 09:31:33.239205+05:30	2025-03-18 16:04:21.879342+05:30	2025-10-30 09:31:33.239325+05:30	0	0	0	9b9ad999-cd25-4ec5-b1b3-f39c2fa85301	\N	34148290-f2ae-45ff-aeba-6bc6436fecef	e25978dd-0937-4b1f-a8c5-edbdcaab6b98	\N	\N	\N	\N
27c6bc5b-cf06-4048-aa63-cf8241892029	ID591IX	Local Orders	45	11.25	20	71.75	Viewed	\N			\N	\N	2025-03-17	10:00:00	Red	2025-10-30 09:31:33.243811+05:30	2025-03-14 16:00:42.689725+05:30	2025-10-30 09:31:33.243932+05:30	4.5	0	4.5	0ea49f3b-48d0-4690-86a7-0ee16e67558a	\N	3b331937-12ee-4c19-8bf6-68d1529e82b2	a2b976d1-f9f6-45ec-bc85-312c51e69024	\N	\N	\N	\N
8091135e-493e-48a1-b4ff-3b37fed3f639	ID554WP	Local Orders	1100	407	20	1197	Confirmed	\N	\N		\N	\N	2025-03-08	10:00:00	Red	2025-10-30 09:31:33.248657+05:30	2025-03-06 13:14:07.461047+05:30	2025-10-30 09:31:33.248784+05:30	330	0	330	47d40d66-c948-48f4-8b93-c410270a3ab1	\N	3b331937-12ee-4c19-8bf6-68d1529e82b2	20195767-0bab-4b6d-b737-4985ec296d3a	\N	\N	\N	\N
\.


--
-- Data for Name: orders_payment; Type: TABLE DATA; Schema: public; Owner: postgres
--

COPY public.orders_payment (id, auth_status, amount, payment_status, payment_date, order_id, bank_ref_no, bankid, bill_desk_order_id, charge_amount, currency, itemcode, payment_category, payment_method_type, surcharge, transaction_error_code, transaction_error_desc, transaction_error_type, transactionid, txn_process_type) FROM stdin;
781	\N	\N	pending	2025-10-27 14:43:23.233965+05:30	55cbb83f-b5d8-4ef7-bc6f-055ec8ddc827	\N	\N	OAF52MR8PKWV3N70	\N	\N	\N	\N	\N	\N	\N	\N	\N	\N	\N
782	\N	\N	pending	2025-10-28 14:20:11.527458+05:30	e1e6785e-ea35-43fd-bbfe-f5f801b2fa16	\N	\N	OAARD9PW3VYZKQJ	\N	\N	\N	\N	\N	\N	\N	\N	\N	\N	\N
783	\N	\N	pending	2025-10-29 11:51:52.2094+05:30	88800e9d-ee08-48a5-9cc4-da098bad9097	\N	\N	OAF81MJQUXQXURA9	\N	\N	\N	\N	\N	\N	\N	\N	\N	\N	\N
784	\N	\N	pending	2025-10-29 11:53:56.865455+05:30	92cf182e-4191-4030-a81f-5e2e5827910d	\N	\N	OAIKWGFCDQ0PF3B	\N	\N	\N	\N	\N	\N	\N	\N	\N	\N	\N
785	\N	189.50	paid	2025-10-29 12:32:07.356928+05:30	2720ad67-fca3-4840-913c-b752f97624a6	BILLDESK12	123	OARK17LPK0XVKQ2P	189.50	356	DIRECT	01	netbanking	0.00	TRS0000	Transaction Successful	success	U123OI1001UFP9	nb
786	\N	274.25	paid	2025-10-29 12:36:33.722279+05:30	1123ed4f-d487-4fde-ac5f-2aab88f9f192	BILLDESK12	123	OA6C17VG4KYGB3DP	274.25	356	DIRECT	01	netbanking	0.00	TRS0000	Transaction Successful	success	U12397B001UFQ6	nb
787	\N	\N	pending	2025-10-29 12:40:40.876462+05:30	556b2d73-e296-4e1e-80e9-55dbc09d7404	\N	\N	OAI9BZKJ1YSKSHC	\N	\N	\N	\N	\N	\N	\N	\N	\N	\N	\N
788	\N	317.19	paid	2025-10-29 13:01:35.325178+05:30	fe7d7af0-6075-4254-9f96-4f4080fc3658	BILLDESK12	123	OADW1EVAFHW9LLVB	317.19	356	DIRECT	01	netbanking	0.00	TRS0000	Transaction Successful	success	U123VAX001UFVO	nb
789	\N	274.25	paid	2025-10-29 13:20:33.077297+05:30	186f0194-d2c2-4dad-94a3-5c5380c07729	BILLDESK12	123	OAFH1VH254OL9I6C	274.25	356	DIRECT	01	netbanking	0.00	TRS0000	Transaction Successful	success	U123Q3G001UG2I	nb
790	\N	274.25	paid	2025-10-29 14:44:27.61458+05:30	68d58303-602a-46f7-880d-f5d5aefae441	BILLDESK12	123	OASACG23YN5ZN12	274.25	356	DIRECT	01	netbanking	0.00	TRS0000	Transaction Successful	success	U123IO8001UGK7	nb
791	\N	274.25	paid	2025-10-29 14:54:36.393254+05:30	456edcc2-69e2-46cd-bf8c-523538c7c164	BILLDESK12	123	OATQ1OWJ1Z1QDHM2	274.25	356	DIRECT	01	netbanking	0.00	TRS0000	Transaction Successful	success	U123NCZ001UGMY	nb
792	\N	742.32	paid	2025-10-29 14:58:49.700918+05:30	94fe7833-0950-4034-b3f3-6431069770ce	BILLDESK12	123	OA531Z8TYQ57G0N3	742.32	356	DIRECT	01	netbanking	0.00	TRS0000	Transaction Successful	success	U123LNC001UGNX	nb
793	\N	742.32	paid	2025-10-29 14:59:52.563112+05:30	bcd25913-d3a3-442a-9cac-1fa5202dbaba	BILLDESK12	123	OA5I13U6VWQCMBA9	742.32	356	DIRECT	01	netbanking	0.00	TRS0000	Transaction Successful	success	U1230PK001UGO5	nb
794	\N	\N	pending	2025-10-29 15:01:42.432553+05:30	eff51f47-ee97-41cb-b1da-8f4d47072927	\N	\N	OAZT1POHTDJJHQBE	\N	\N	\N	\N	\N	\N	\N	\N	\N	\N	\N
795	\N	\N	pending	2025-10-29 15:02:41.150235+05:30	b9c2e433-ce44-42b4-967c-3f6bc530f1f0	\N	\N	OATDICJNFUTNJ4P	\N	\N	\N	\N	\N	\N	\N	\N	\N	\N	\N
796	\N	274.25	paid	2025-10-29 15:04:27.792398+05:30	e9fa6fac-339d-4621-a882-5d981eb83c98	BILLDESK12	123	OAG1RV3E3BFQIG6	274.25	356	DIRECT	01	netbanking	0.00	TRS0000	Transaction Successful	success	U123VY4001UGPM	nb
797	\N	742.32	paid	2025-10-29 15:08:06.788812+05:30	878d239c-d238-457d-ba08-3aa1eb566b0d	BILLDESK12	123	OAUS11GAIJ2HTZ5F	742.32	356	DIRECT	01	netbanking	0.00	TRS0000	Transaction Successful	success	U123RMK001UGQY	nb
798	\N	274.25	paid	2025-10-29 15:15:03.943502+05:30	6e413b74-7e0e-4e48-8b81-fa46b0cefafb	BILLDESK12	123	OA6P2OLPKXTE2S99	274.25	356	DIRECT	01	netbanking	0.00	TRS0000	Transaction Successful	success	U123IIA001UGTA	nb
814	\N	\N	pending	2025-10-31 11:44:49.086849+05:30	4ce7eb45-df7d-4bae-99fa-a3263591f178	\N	\N	OA891W80V5FKXLQE	\N	\N	\N	\N	\N	\N	\N	\N	\N	\N	\N
800	\N	274.25	failed	2025-10-29 15:34:42.815775+05:30	91564101-f683-42f2-aeb6-426f3c978c51	BILLDESK12	123	OAF51U9XMJPP6ET0	274.25	356	DIRECT	01	netbanking	0.00	TRPPE0033	Payment processing error	payment_processing_error	U1233TU001UGYH	nb
801	\N	274.25	paid	2025-10-29 17:38:27.668627+05:30	c537cecb-2335-4b0f-947c-7748d09944d2	BILLDESK12	123	OA192IGP2Y3WP4SJ	274.25	356	DIRECT	01	netbanking	0.00	TRS0000	Transaction Successful	success	U123CH6001UHXZ	nb
806	\N	508.50	Paid	2025-10-30 18:26:20.696733+05:30	ccef904a-e296-4f01-b71c-644f1383d87e	BILLDESK12	123	OA0EZD0H8QPQV9T	508.50	356	DIRECT	01	netbanking	0.00	TRS0000	Transaction Successful	success	U123TYS001USKW	nb
802	\N	274.25	Paid	2025-10-30 12:59:46.957171+05:30	cf54300a-ca35-4bac-b105-8c0164afe95c	BILLDESK12	123	OAFUCNGQEAG25LX	274.25	356	DIRECT	01	netbanking	0.00	TRS0000	Transaction Successful	success	U123TLR001UQ63	nb
815	\N	1026.00	paid	2025-10-31 11:52:44.536004+05:30	dca70d13-8c17-4fa2-bc15-e20d4bedf44d	BILLDESK12	123	OAHN2GY4S2CTV6LX	1026.00	356	DIRECT	01	netbanking	0.00	TRS0000	Transaction Successful	success	U1235ER001UYN0	nb
799	\N	274.25	Paid	2025-10-29 15:23:32.543851+05:30	8e22894c-76ec-477b-8284-a163a2fbcb14	BILLDESK12	123	OAHR131D5YJUBR8S	274.25	356	DIRECT	01	netbanking	0.00	TRS0000	Transaction Successful	success	U1230TU001UGV5	nb
804	\N	423.75	paid	2025-10-30 18:21:09.468484+05:30	be1beabf-ce5c-4435-900d-91adc688b473	BILLDESK12	123	OALGO2KOKSWRS4J	423.75	356	DIRECT	01	netbanking	0.00	TRS0000	Transaction Successful	success	U123Q2U001USJV	nb
807	\N	\N	Failed	2025-10-31 10:54:14.167453+05:30	7b881382-9356-45c3-9692-fc65fa2fa7d3	\N	\N	OAY7HDXF9H7OQN4	\N	\N	\N	\N	\N	\N	\N	\N	\N	\N	\N
805	\N	508.50	Paid	2025-10-30 18:24:32.553539+05:30	b85a32d3-80df-44eb-9595-f621b4989731	BILLDESK12	123	OAOZ1ZRZ12U7XBCP	508.50	356	DIRECT	01	netbanking	0.00	TRS0000	Transaction Successful	success	U1235EW001USKH	nb
808	\N	\N	Failed	2025-10-31 10:55:07.240468+05:30	323542ed-22d2-447c-b06b-221ea8f3027e	\N	\N	OALW5NPAY3UNLDJ	\N	\N	\N	\N	\N	\N	\N	\N	\N	\N	\N
809	\N	\N	Failed	2025-10-31 10:56:13.054483+05:30	3cdc728b-aab1-4786-b139-9f4e4b57b752	\N	\N	OA5X2P4LLVIJUYE	\N	\N	\N	\N	\N	\N	\N	\N	\N	\N	\N
810	\N	\N	pending	2025-10-31 10:59:24.508769+05:30	2bb2f61e-eba5-40f3-adc1-05ca8f3e83d8	\N	\N	OAAC149AYCPVRYAR	\N	\N	\N	\N	\N	\N	\N	\N	\N	\N	\N
811	\N	684.00	Paid	2025-10-31 11:02:54.449775+05:30	99c8ac80-4521-4411-9562-40bf37e11e57	BILLDESK12	123	OAN81X24NZTO8T6L	684.00	356	DIRECT	01	netbanking	0.00	TRS0000	Transaction Successful	success	U123R4U001UYBB	nb
812	\N	1026.00	failed	2025-10-31 11:16:43.128224+05:30	23403f7f-edfb-4ebd-abfe-fa2cb73abb6a	BILLDESK12	123	OAQS1NOZ3DCBFJQ8	1026.00	356	DIRECT	01	netbanking	0.00	TRPPE0033	Payment processing error	payment_processing_error	U123BT1001UYEG	nb
803	\N	423.75	Failed	2025-10-30 13:01:23.771736+05:30	fb13a913-349c-479f-8164-f0e51ace3c75	BILLDESK12	123	OAQ61ICOOKWUOBY4	423.75	356	DIRECT	01	netbanking	0.00	TRPPE0033	Payment processing error	payment_processing_error	U1236F4001UQ6E	nb
813	\N	1026.00	paid	2025-10-31 11:38:42.330355+05:30	c31b131a-2038-4b3b-a9bb-e4de555c967a	BILLDESK12	123	OA2KH9F642QHM9E	1026.00	356	DIRECT	01	netbanking	0.00	TRS0000	Transaction Successful	success	U12368V001UYJ2	nb
816	\N	1026.00	paid	2025-10-31 12:03:41.001179+05:30	48757101-c134-4539-abb4-b9a70c86001e	BILLDESK12	123	OA3821C4Q0LVBQ1O	1026.00	356	DIRECT	01	netbanking	0.00	TRS0000	Transaction Successful	success	U123EGQ001UYQF	nb
818	\N	684.00	Failed	2025-10-31 12:17:54.755599+05:30	60f5f5c2-3ef4-4af4-9202-5e7245518715	BILLDESK12	123	OA0JAU6EQNYX7T3	684.00	356	DIRECT	01	netbanking	0.00	TRPPE0033	Payment processing error	payment_processing_error	U123TGN001UYV7	nb
817	\N	1026.00	Paid	2025-10-31 12:14:30.488224+05:30	3a9a8f7f-c1e0-4fa7-97dc-a044494096f0	BILLDESK12	123	OAVIV57UJ8IWZ49	1026.00	356	DIRECT	01	netbanking	0.00	TRS0000	Transaction Successful	success	U123T1V001UYUM	nb
819	\N	362.00	Failed	2025-10-31 12:22:35.851798+05:30	d483bbdd-3771-45b7-864d-7140ff198720	BILLDESK12	123	OAHO2OJCPIG16L30	362.00	356	DIRECT	01	netbanking	0.00	TRPPE0033	Payment processing error	payment_processing_error	U123RJL001UYWE	nb
820	\N	1311.00	Failed	2025-10-31 12:26:26.269762+05:30	472371da-502b-4234-8ec5-a8b74f3c057c	BILLDESK12	123	OABA7W2A9326O8Y	1311.00	356	DIRECT	01	netbanking	0.00	TRPPE0033	Payment processing error	payment_processing_error	U1238RP001UYX9	nb
821	\N	1311.00	Paid	2025-10-31 12:28:47.565283+05:30	21f1cc2d-17a3-4e89-be05-81f64c538505	BILLDESK12	123	OANS14F2VCO6S01A	1311.00	356	DIRECT	01	netbanking	0.00	TRS0000	Transaction Successful	success	U123HIH001UYXT	nb
822	\N	1311.00	Paid	2025-10-31 12:47:43.793247+05:30	fccb7f99-f95e-430b-b77f-581e9235a741	BILLDESK12	123	OAQHQLAKMHDQXLG	1311.00	356	DIRECT	01	netbanking	0.00	TRS0000	Transaction Successful	success	U123AM3001UZ2E	nb
823	\N	1395.75	Failed	2025-10-31 12:48:44.625147+05:30	07169a05-0ad1-4f36-84d7-f6cdd7a40d0c	BILLDESK12	123	OA161XURHDUX2UO1	1395.75	356	DIRECT	01	netbanking	0.00	TRPPE0033	Payment processing error	payment_processing_error	U123TC8001UZ2N	nb
824	\N	1395.75	Failed	2025-10-31 12:53:32.525165+05:30	97a6d652-13f9-4bf7-abd5-3d351b841dd7	BILLDESK12	123	OAM4R1RY661YTPA	1395.75	356	DIRECT	01	netbanking	0.00	TRPPE0033	Payment processing error	payment_processing_error	U1234W7001UZ3K	nb
825	\N	1395.75	Failed	2025-10-31 12:57:35.189311+05:30	89d5a05a-a398-4079-9ec5-743c6f692940	BILLDESK12	123	OA3Q1LCFMAB1YKLI	1395.75	356	DIRECT	01	netbanking	0.00	TRPPE0033	Payment processing error	payment_processing_error	U123P18001UZ4A	nb
826	\N	1395.75	Paid	2025-10-31 13:38:27.954623+05:30	331256ba-4d8e-4083-80b7-5d5d940d8682	BILLDESK12	123	OA36OK5B1P9WB9Y	1395.75	356	DIRECT	01	netbanking	0.00	TRS0000	Transaction Successful	success	U123ZDM001UZCR	nb
827	\N	1395.75	Paid	2025-10-31 14:02:24.714545+05:30	94c14226-61a1-43d5-a51f-83794210fd89	BILLDESK12	123	OAQA1W45WLJBG1WV	1395.75	356	DIRECT	01	netbanking	0.00	TRS0000	Transaction Successful	success	U123MV7001UZHA	nb
828	\N	1395.75	Paid	2025-10-31 14:03:04.718675+05:30	1bf5141f-b58d-4270-85ce-d6019e08b218	BILLDESK12	123	OA4NDXDYMD8CDXQ	1395.75	356	DIRECT	01	netbanking	0.00	TRS0000	Transaction Successful	success	U123N6H001UZHI	nb
\.


--
-- Data for Name: orders_someoneelse; Type: TABLE DATA; Schema: public; Owner: postgres
--

COPY public.orders_someoneelse (uuid, name, phone_number, message, cart_id, orders_id) FROM stdin;
b6fa6ad1-d310-46fa-8acb-df1b15e31130	Neena	9567652344		\N	a397f61d-d6c4-4535-8096-9fa50a0e9b3e
5500b0f9-13c2-4cf0-b98a-7fbad02d4ad4	neena	9496134556		\N	\N
e7f6554c-b173-4a89-95c1-271ef3eec7e4	Anandhu	8745874858		\N	a19c2033-5bbb-48b4-ba16-edba275ddd09
09cd631e-2359-4b7d-aaca-c87b89379302	Arun	9526029109		\N	4b0155ca-01b8-4573-8caa-93de352cc070
c0473c41-3c6f-4e47-afa8-d60371930e6c	Amal	9846988509		\N	30e7c27a-2de9-4328-acb7-3985677540c1
4907cd34-353f-40ca-8787-0c29c5b86567	Ganga	5213645236		\N	80e69b02-2c57-4dd9-bffd-440cb56339a8
a409351d-2a1b-45cc-b94d-5e7d4311e710	Amal	9445464948		\N	cbf60ba8-acab-43d8-a7a2-1100480dcbce
b95e187a-62af-4b56-8849-66ecd93e281b	Amal	9846494846		\N	ea619aab-937d-412f-9a56-7b5bc83d283b
0480b2c2-bb18-4e4c-a5d9-e16524c59fc2	neena	9898767876		\N	335fbf1c-4df6-4a9e-9697-02b4b5596c10
a2eb16e1-de08-4a35-a92e-29f945a63ee5	Arun	9526029109		\N	c9b2bea9-a418-4417-bfb9-e09a9f1d30ab
313b3a4c-3375-4feb-9084-6bcba79c7a14	neena	9496134703		\N	0d8cd6b0-0baf-4ead-b4df-0482d5415dd5
13b77c0b-4aea-4347-a0c4-462a076c30ba	Neena	9786756754		\N	7211f65c-f534-4434-88b3-80bc20b72cf6
2029b198-d442-41a4-97c5-6801d1e8f2b7	Musafar	9876543210		\N	9a247197-7ad3-40e3-8e7d-f0b3ce7ea284
65329ef6-6d2e-4563-a75d-e07e97144620	Neena	9947202115		\N	3146b84c-5910-45c8-bdbd-ae6cc369bb2f
4a6bd257-0b35-42e6-8918-6625057cbc22	NITHYA	7895698572		\N	0928b902-e8c4-44d7-9fa3-e88e4f05972b
0e49b677-08b6-420e-b0c9-23a05406e677	MUSAFIR	7561081858		\N	a20ee8d1-d2a9-4ce1-9724-a730ee869efd
\.


--
-- Data for Name: products_customproduct; Type: TABLE DATA; Schema: public; Owner: postgres
--

COPY public.products_customproduct (id, item_name, item_code, item_description, veg_or_non_veg_status, min_size, max_size, size_unit, availability, created_date, updated_date) FROM stdin;
1	Birthday Cakes	BC123	Birthday cake description\r\nAbsolutely! Here's a delightful description of a birthday cake:\r\n\r\nCelebrate your special day with our exquisite birthday cake, designed to make every moment unforgettable. This cake features layers of moist, fluffy sponge cake that melt in your mouth with every bite.	Non Veg	1	6	kg	Available	2025-01-23 14:43:03.707188+05:30	2025-01-23 14:43:03.707207+05:30
2	Wedding Cakes	WC123	Our exquisite wedding cake is designed to be the stunning centerpiece of your special day. This multi-tiered masterpiece is a perfect blend of elegance and taste, with each layer crafted to perfection.	Veg	1	5	kg	Available	2025-01-23 14:44:31.674409+05:30	2025-01-23 14:44:31.674429+05:30
\.


--
-- Data for Name: products_customproductimage; Type: TABLE DATA; Schema: public; Owner: postgres
--

COPY public.products_customproductimage (id, image, created_date, custom_product_id) FROM stdin;
1	custom_product_images/freshcakes.png	2025-01-23 14:43:03.712624+05:30	1
2	custom_product_images/Choclate_cake.png	2025-01-23 14:44:31.677911+05:30	2
\.


--
-- Data for Name: products_customproductvideo; Type: TABLE DATA; Schema: public; Owner: postgres
--

COPY public.products_customproductvideo (id, video, created_date, custom_product_id) FROM stdin;
\.


--
-- Data for Name: products_dynamicfiltering; Type: TABLE DATA; Schema: public; Owner: postgres
--

COPY public.products_dynamicfiltering (id, filter_name, created_at) FROM stdin;
5	Butterscotch	2025-03-27 14:50:34.770054+05:30
6	Caramel	2025-03-27 14:50:58.744875+05:30
7	Blue berry	2025-03-27 14:51:22.32203+05:30
8	Black forest	2025-03-27 14:51:43.432994+05:30
3	Dry fruits	2025-01-28 15:57:48.907503+05:30
\.


--
-- Data for Name: products_dynamicfiltering_products; Type: TABLE DATA; Schema: public; Owner: postgres
--

COPY public.products_dynamicfiltering_products (id, dynamicfiltering_id, products_id) FROM stdin;
55	3	92
56	3	88
59	3	93
67	5	84
68	6	85
69	7	83
70	8	82
71	3	57
\.


--
-- Data for Name: products_productcategory; Type: TABLE DATA; Schema: public; Owner: postgres
--

COPY public.products_productcategory (uuid, category_name, category_code, created_at, updated_date, icon, standard_image, banner_image, long_distance_availability) FROM stdin;
84318d41-b97c-42d2-95d1-eac98bb66016	Muffins	Ms123	2025-01-23 12:32:58.141241+05:30	2025-10-27 14:58:42.550389+05:30	icons/muffins_-_Copy.jpg	standard_images/muffins2_jW7XhGa.png		f
a3789a4d-a3d3-4dfe-9b47-078dbd6f6268	Snacks	Ps123	2025-01-23 12:32:40.364413+05:30	2025-10-27 14:58:42.556625+05:30	icons/snacks1.jpg	standard_images/snacks_Be8HSUP.png		f
cbd35352-cd3b-408d-8c8c-dd9d5082723e	Dry fruits	Dfs123	2025-01-23 12:29:59.784589+05:30	2025-10-27 14:58:42.582546+05:30	icons/dryfruits.jpg	standard_images/Dry_Fruit.png		f
59c134e9-db90-483c-b7a6-e86fc243d79a	Cakes	Cc123	2025-01-23 12:22:37.420111+05:30	2025-10-27 14:58:42.532696+05:30	icons/cakes.jpg	standard_images/Choclate_cake_TXOKa4L.png		f
eeccacf8-bd77-4f11-b128-78d1e9d59ffb	Savories	Ks123	2025-01-23 12:33:45.740338+05:30	2025-10-28 15:06:54.428055+05:30	icons/kerala.jpg	standard_images/savouries.png		t
4a68fb62-be9a-4d77-8f43-1a7727e8b2c4	Sweets	Ss123	2025-01-23 12:34:40.154234+05:30	2025-10-27 14:58:42.588536+05:30	icons/sweets.jpg	standard_images/sweets4.png		f
ccd11926-ac04-4205-a001-686095bca5ef	Bread	B123	2025-01-23 13:18:28.336292+05:30	2025-10-27 14:58:42.543653+05:30	icons/bread.jpg	standard_images/breads_Z3UDfY1.png		f
\.


--
-- Data for Name: products_productcategory_sales_unit; Type: TABLE DATA; Schema: public; Owner: postgres
--

COPY public.products_productcategory_sales_unit (id, productcategory_id, shop_id) FROM stdin;
778	a3789a4d-a3d3-4dfe-9b47-078dbd6f6268	34148290-f2ae-45ff-aeba-6bc6436fecef
780	eeccacf8-bd77-4f11-b128-78d1e9d59ffb	34148290-f2ae-45ff-aeba-6bc6436fecef
781	59c134e9-db90-483c-b7a6-e86fc243d79a	34148290-f2ae-45ff-aeba-6bc6436fecef
872	4a68fb62-be9a-4d77-8f43-1a7727e8b2c4	34148290-f2ae-45ff-aeba-6bc6436fecef
1527	a3789a4d-a3d3-4dfe-9b47-078dbd6f6268	3b331937-12ee-4c19-8bf6-68d1529e82b2
1529	eeccacf8-bd77-4f11-b128-78d1e9d59ffb	3b331937-12ee-4c19-8bf6-68d1529e82b2
1530	59c134e9-db90-483c-b7a6-e86fc243d79a	3b331937-12ee-4c19-8bf6-68d1529e82b2
1624	4a68fb62-be9a-4d77-8f43-1a7727e8b2c4	3b331937-12ee-4c19-8bf6-68d1529e82b2
8722	a3789a4d-a3d3-4dfe-9b47-078dbd6f6268	71183ca3-7bc4-4f52-9eb8-15ce65cb05aa
8724	eeccacf8-bd77-4f11-b128-78d1e9d59ffb	71183ca3-7bc4-4f52-9eb8-15ce65cb05aa
8725	59c134e9-db90-483c-b7a6-e86fc243d79a	71183ca3-7bc4-4f52-9eb8-15ce65cb05aa
8819	4a68fb62-be9a-4d77-8f43-1a7727e8b2c4	71183ca3-7bc4-4f52-9eb8-15ce65cb05aa
14197	59c134e9-db90-483c-b7a6-e86fc243d79a	ed80cb11-a4b3-4991-bcb2-454c7d72edc3
14198	a3789a4d-a3d3-4dfe-9b47-078dbd6f6268	ed80cb11-a4b3-4991-bcb2-454c7d72edc3
14199	eeccacf8-bd77-4f11-b128-78d1e9d59ffb	ed80cb11-a4b3-4991-bcb2-454c7d72edc3
14200	4a68fb62-be9a-4d77-8f43-1a7727e8b2c4	ed80cb11-a4b3-4991-bcb2-454c7d72edc3
\.


--
-- Data for Name: products_productimage; Type: TABLE DATA; Schema: public; Owner: postgres
--

COPY public.products_productimage (id, image, created_date, product_id) FROM stdin;
29	product_images/image_9.png	2025-02-04 12:16:25.828982+05:30	25
30	product_images/Burfi_tricolour.png	2025-02-04 12:55:08.521728+05:30	27
31	product_images/dry_fruits_dates_burfi.png	2025-02-04 12:55:35.415077+05:30	28
32	product_images/burfi_roll.png	2025-02-04 12:56:26.509616+05:30	29
33	product_images/jackfruit_burfi.png	2025-02-04 14:36:23.660612+05:30	26
34	product_images/mysore_pak.png	2025-02-04 14:36:52.517154+05:30	30
35	product_images/mysore_pak_dates.png	2025-02-04 14:37:36.098819+05:30	31
36	product_images/mysore_pak_horlicks.png	2025-02-04 14:37:54.086548+05:30	34
37	product_images/mysore_pak_ghee.png	2025-02-04 14:38:15.882937+05:30	36
38	product_images/milk_mysore_pak.png	2025-02-04 14:38:32.930646+05:30	38
39	product_images/kaju_choclate_ladu.png	2025-02-04 14:39:25.937172+05:30	39
40	product_images/kaju_choclate_ladu_RLdf0u6.png	2025-02-04 14:39:26.255628+05:30	39
41	product_images/kaju_roll.png	2025-02-04 14:39:41.878283+05:30	40
42	product_images/Kaju_soan_papadi.png	2025-02-04 14:40:05.294424+05:30	41
43	product_images/kaju_katil.png	2025-02-04 14:40:22.870164+05:30	42
44	product_images/kaju_choco_burfi.png	2025-02-04 14:41:03.332475+05:30	43
46	product_images/baby_murukku.png	2025-02-04 16:28:13.457692+05:30	44
47	product_images/garlic_murukku.png	2025-02-05 09:42:02.101845+05:30	46
48	product_images/ghee_mururkku.png	2025-02-05 12:47:42.082956+05:30	47
49	product_images/mullu_murukku.png	2025-02-05 13:04:51.006089+05:30	48
50	product_images/rice_murukku.png	2025-02-05 14:35:43.671508+05:30	49
51	product_images/banana_chips.png	2025-02-07 10:06:05.375856+05:30	51
52	product_images/banana_pepper_chips.png	2025-02-07 14:58:03.519319+05:30	52
53	product_images/Banana_chips_masala.png	2025-02-07 15:21:22.992348+05:30	53
54	product_images/sarkarravaratty.png	2025-02-07 15:49:46.382647+05:30	54
55	product_images/sweet_banana_chips.png	2025-02-07 16:18:01.709563+05:30	55
56	product_images/Bombay_Mixture.png	2025-02-11 12:48:54.947153+05:30	56
57	product_images/dry_fruit_mixture.png	2025-02-11 12:53:55.05595+05:30	57
58	product_images/Kerala_mixture.png	2025-02-11 12:57:50.446688+05:30	58
59	product_images/mixture_corn_flakes.png	2025-02-11 13:10:04.887525+05:30	59
60	product_images/mixture_sweet.png	2025-02-11 13:20:40.722826+05:30	60
61	product_images/bread_sand_wich_chicken.png	2025-02-11 14:36:26.949625+05:30	61
62	product_images/bread_sandwich_veg.png	2025-02-11 14:40:58.398064+05:30	62
63	product_images/bead_sandwich_fish.png	2025-02-11 14:44:00.599505+05:30	63
64	product_images/chicken_cutlet.png	2025-02-11 15:03:33.071122+05:30	64
65	product_images/veg_cutlet.png	2025-02-11 15:29:04.274596+05:30	65
66	product_images/meat_cutlet.png	2025-02-11 15:31:46.517668+05:30	66
67	product_images/fish_cutlet.png	2025-02-11 15:34:49.134609+05:30	67
68	product_images/chicken_fried_roll.png	2025-02-11 15:39:44.482552+05:30	68
69	product_images/garlic_dinner_roll.png	2025-02-11 15:58:33.306346+05:30	69
70	product_images/chicken_spring_roll.png	2025-02-11 16:03:38.463798+05:30	70
71	product_images/mushroom_wheat_roll.png	2025-02-11 16:22:58.789521+05:30	71
72	product_images/multigrain_roll.png	2025-02-11 16:25:52.663232+05:30	72
73	product_images/Beef_Pizza.png	2025-02-11 16:28:28.186401+05:30	73
74	product_images/chicken_puffs.png	2025-02-11 16:36:46.083491+05:30	74
75	product_images/french_loafs.png	2025-02-11 16:43:58.019515+05:30	75
76	product_images/chciken_samoosa.png	2025-02-11 16:47:45.955689+05:30	76
77	product_images/kinnathappam.png	2025-02-11 16:51:23.460547+05:30	77
78	product_images/kozhukatta.png	2025-02-11 16:54:46.087269+05:30	78
79	product_images/meat_samoosa.png	2025-02-11 16:56:44.833304+05:30	79
80	product_images/parippvada.png	2025-02-11 16:59:28.141509+05:30	80
81	product_images/meat_puffs.png	2025-02-11 17:02:50.230732+05:30	81
82	product_images/black_forest.png	2025-02-12 09:40:05.460259+05:30	82
83	product_images/Blueberry_mamosa.png	2025-02-12 10:03:49.591096+05:30	83
84	product_images/caramal_apple.png	2025-02-12 12:08:36.706735+05:30	85
85	product_images/caramale_apple.png	2025-02-12 12:11:23.09695+05:30	85
86	product_images/caramal_apple_2.png	2025-02-12 12:11:36.587491+05:30	85
87	product_images/cheesw_cake_lotus.png	2025-02-12 12:41:53.411435+05:30	86
88	product_images/butterscotch_delight.png	2025-02-12 12:43:36.937398+05:30	84
89	product_images/CHRISTMAS_ROYAL_ICING_CAKE.png	2025-02-12 12:59:04.079928+05:30	87
90	product_images/Dates_cake_side_icing.png	2025-02-12 13:09:03.412475+05:30	88
92	product_images/fudge_cake.png	2025-02-12 14:19:06.027207+05:30	90
94	product_images/marble_cake_side_icing.png	2025-02-12 14:23:28.749549+05:30	91
95	product_images/freshcakes_rgTfYJ4.png	2025-02-12 14:25:52.705259+05:30	89
96	product_images/almond_butter_scotch_cake.png	2025-02-12 14:32:12.221532+05:30	92
97	product_images/Apricot_coconut_cake.png	2025-02-12 14:39:13.567658+05:30	93
98	product_images/Bananan_Cake.png	2025-02-12 14:43:35.128718+05:30	94
99	product_images/Cho_truffle_spunch_round.png	2025-02-12 14:46:37.198751+05:30	95
100	product_images/chococ_mango_cake.png	2025-02-12 14:50:41.988856+05:30	96
101	product_images/butter_murukku_10VfUdc.png	2025-02-18 12:16:52.363389+05:30	100
102	product_images/burger_wheat_vegitable.png	2025-03-20 10:16:53.866601+05:30	101
105	product_images/burger_wheat_chicken.png	2025-03-20 10:21:34.415906+05:30	102
\.


--
-- Data for Name: products_productreview; Type: TABLE DATA; Schema: public; Owner: postgres
--

COPY public.products_productreview (id, rating, review_heading, review_text, created_at, user_id, product_id) FROM stdin;
16	5	nice cake	delicious	2025-02-18 16:06:05.083178+05:30	7c61fc71-eb78-4e17-a76d-3f614888cd1c	92
17	4	Good	Tasty	2025-02-18 17:25:26.263073+05:30	6cd2ca42-8658-40a2-8214-ca241cd05c81	90
18	5	God	Good	2025-02-18 17:40:34.850741+05:30	6cd2ca42-8658-40a2-8214-ca241cd05c81	93
19	5	Good	Good	2025-02-19 13:32:50.380093+05:30	6cd2ca42-8658-40a2-8214-ca241cd05c81	54
20	5	Good	Good	2025-02-19 18:25:44.896022+05:30	6cd2ca42-8658-40a2-8214-ca241cd05c81	58
22	5	Good	Good	2025-03-07 14:59:45.262063+05:30	a90d2bb5-830b-4cda-a1ff-83b41c8247e0	85
23	5	Good	Good	2025-03-07 15:09:30.655735+05:30	a90d2bb5-830b-4cda-a1ff-83b41c8247e0	64
24	5	Good	Good	2025-03-07 16:17:45.912572+05:30	120346b0-dd02-49a3-bf33-400569c8e33d	64
25	4	gj	hu	2025-03-07 16:48:53.639091+05:30	0d974337-9720-461e-8f0d-5f0134bb7374	61
26	3	we	dff	2025-03-11 15:55:07.15104+05:30	0d974337-9720-461e-8f0d-5f0134bb7374	61
27	5	delicious	nice	2025-03-20 11:11:42.934157+05:30	404a87db-2c17-43e5-9267-206fe1d90854	80
28	5	Good	good	2025-03-25 14:52:35.004695+05:30	f75db508-14f6-4858-8274-db2f2c2312ca	82
29	4	Good	Good	2025-03-25 17:11:01.886451+05:30	6f8fdab6-0855-4927-b257-2221c7df7e32	82
30	4	Good	Good	2025-05-16 11:23:20.817516+05:30	120346b0-dd02-49a3-bf33-400569c8e33d	59
31	4	Very good product 	nice product cool	2025-05-20 12:51:58.045841+05:30	9d0ee849-3c50-4bcb-bb7e-a99d194ffd2b	44
32	5	satisfied	good	2025-05-31 17:37:09.6023+05:30	8a799794-5067-491d-b8aa-aa644b2270db	58
33	5	Good	good	2025-06-03 16:01:38.924584+05:30	4f6165d3-0ed3-4306-a452-e5f16d06b415	87
34	5	good	good	2025-06-03 18:01:40.767352+05:30	6490a75b-5b73-48c9-afaf-7717c3231afd	91
35	5	good	good	2025-06-03 18:01:40.889178+05:30	6490a75b-5b73-48c9-afaf-7717c3231afd	91
36	5	Good	quality 	2025-06-04 10:51:29.43815+05:30	9d0ee849-3c50-4bcb-bb7e-a99d194ffd2b	95
37	4	Good	good	2025-06-09 10:34:21.10863+05:30	fb1bf4b4-fcdf-444b-a3e9-29bc092379c0	87
38	5	Good cutlet	Yummy treat well crafted	2025-06-09 15:11:51.033455+05:30	6d904814-ef69-48d2-b9fd-81df6fb5459b	65
39	5	Good Snacks	Really crispy	2025-06-09 15:20:10.22214+05:30	6d904814-ef69-48d2-b9fd-81df6fb5459b	58
40	3	Good	Good	2025-06-09 16:19:37.227655+05:30	d29cffe2-8793-498b-8436-991232dcc6ee	91
41	5	good	good	2025-06-10 14:45:08.043327+05:30	decb0cd6-6b9f-4a98-bf61-18b1a6e3cbda	91
42	5	Best	Best product	2025-06-10 15:59:58.345359+05:30	dae5a095-32db-4810-b1df-54e7ce7a4d89	54
43	5	Good	Good	2025-06-10 16:39:22.455663+05:30	d012a1ea-1ee5-4672-a751-692f1bde3bd2	91
44	5	Good	Good	2025-07-07 14:35:22.3895+05:30	7c55d391-2433-4e41-a95b-0241efcfbc91	90
46	4	very Good	Good	2025-09-08 16:40:24.711886+05:30	4c995fea-6a75-48cc-a83d-c4305bfabf60	59
45	5	Its Good	Good  and Better Good	2025-08-13 12:49:31.752627+05:30	4c995fea-6a75-48cc-a83d-c4305bfabf60	53
47	3	Good Food	Tasty and Better	2025-09-16 17:52:41.898175+05:30	4c995fea-6a75-48cc-a83d-c4305bfabf60	53
\.


--
-- Data for Name: products_products; Type: TABLE DATA; Schema: public; Owner: postgres
--

COPY public.products_products (id, product_type, item_name, item_code, item_description, veg_or_non_veg_status, i_gst, s_gst, c_gst, cess, created_date, updated_date, item_category_id, item_sub_category_id, long_distance_availability) FROM stdin;
88	Master Product	Dates Cake Side Icing	1579	Delight in the rich, natural sweetness of our Dates Cake, perfectly complemented by a luscious side icing.	Veg	18	9	9	1	2025-02-12 13:09:03.404892+05:30	2025-10-27 14:58:42.837185+05:30	59c134e9-db90-483c-b7a6-e86fc243d79a	acf3c8ac-e1c3-43e9-81b0-d1e6595e9b35	f
85	Master Product	Caramel Apple Cake	1344	: Experience the warm, comforting flavors of fall with our Caramel Apple Cake.	Veg	18	9	9	1	2025-02-12 12:08:36.701644+05:30	2025-10-27 14:58:42.861225+05:30	59c134e9-db90-483c-b7a6-e86fc243d79a	02a47f91-e33a-4c4d-bec8-ebdab3fbce62	f
84	Master Product	Butterscotch Delight	1269	Indulge in the rich, creamy flavors of our Butterscotch Delight. This sumptuous dessert features layers of velvety butterscotch mousse interspersed with fluffy whipped cream and a buttery, caramel-infused cake.	Non Veg	18	9	9	1	2025-02-12 12:04:35.437363+05:30	2025-10-27 14:58:42.869555+05:30	59c134e9-db90-483c-b7a6-e86fc243d79a	02a47f91-e33a-4c4d-bec8-ebdab3fbce62	f
81	Master Product	Meat Puffs	2840	Indulge in the deliciousness of our meat puffs, a delightful pastry that combines the perfect blend of flavor and texture.	Non Veg	18	9	9	1	2025-02-11 17:02:50.225579+05:30	2025-10-27 14:58:42.893383+05:30	a3789a4d-a3d3-4dfe-9b47-078dbd6f6268	febf6fc5-5b78-4c2c-a43c-a2793e6f89e2	f
80	Master Product	Parippuvada	2606	Delight in the crispy goodness of Parippu Vada, a beloved South Indian snack that promises to tantalize your taste buds.	Veg	18	9	9	1	2025-02-11 16:59:28.137775+05:30	2025-10-27 14:58:42.901344+05:30	a3789a4d-a3d3-4dfe-9b47-078dbd6f6268	febf6fc5-5b78-4c2c-a43c-a2793e6f89e2	f
93	Master Product	Apricot Coconut Cake	1062	Experience the tropical fusion of flavors with our Apricot Coconut Cake.	Veg	18	9	9	1	2025-02-12 14:39:13.562462+05:30	2025-10-27 14:58:42.797038+05:30	59c134e9-db90-483c-b7a6-e86fc243d79a	7d8027c2-6124-4193-9bc2-4d8d68ee9951	f
77	Master Product	Kinnathappam	2050	Treat your taste buds to the sweet delight of Kinnathappam, a traditional South Indian rice cake that’s a feast for the senses.	Veg	18	9	9	1	2025-02-11 16:51:23.445822+05:30	2025-10-27 14:58:42.926449+05:30	a3789a4d-a3d3-4dfe-9b47-078dbd6f6268	febf6fc5-5b78-4c2c-a43c-a2793e6f89e2	f
76	Master Product	Chicken Samosa	1401	Each samosa is expertly crafted with a crisp, golden-brown pastry shell, encasing a flavorful filling made from tender chicken, aromatic spices	Non Veg	18	9	9	1	2025-02-11 16:47:45.94892+05:30	2025-10-27 14:58:42.93467+05:30	a3789a4d-a3d3-4dfe-9b47-078dbd6f6268	febf6fc5-5b78-4c2c-a43c-a2793e6f89e2	f
92	Master Product	Almond Butter Scotch Cake	1016	Indulge in the irresistible combination of flavors with our Almond Butterscotch Cake.	Veg	18	9	9	1	2025-02-12 14:32:12.217328+05:30	2025-10-27 14:58:42.805065+05:30	59c134e9-db90-483c-b7a6-e86fc243d79a	7d8027c2-6124-4193-9bc2-4d8d68ee9951	f
91	Master Product	Marble Cake Side Icing	2241	Treat yourself to the classic elegance of our Marble Cake, a delightful fusion of vanilla and chocolate swirls.	Non Veg	18	9	9	1	2025-02-12 14:23:28.745427+05:30	2025-10-27 14:58:42.813157+05:30	59c134e9-db90-483c-b7a6-e86fc243d79a	acf3c8ac-e1c3-43e9-81b0-d1e6595e9b35	f
90	Master Product	Fudge Cake	1791	Immerse yourself in the decadent world of our Fudge Cake, a chocolate lover's dream come true.	Non Veg	18	9	9	1	2025-02-12 14:19:06.01418+05:30	2025-10-27 14:58:42.820969+05:30	59c134e9-db90-483c-b7a6-e86fc243d79a	acf3c8ac-e1c3-43e9-81b0-d1e6595e9b35	f
89	Master Product	Eggless English Fruit Cake Side Icing	1690	Savor the timeless elegance of our Eggless English Fruit Cake, now made accessible for all.	Veg	18	9	9	1	2025-02-12 13:31:14.180351+05:30	2025-10-27 14:58:42.82917+05:30	59c134e9-db90-483c-b7a6-e86fc243d79a	acf3c8ac-e1c3-43e9-81b0-d1e6595e9b35	f
58	Master Product	Kerala Mixture	2042	The mixture is seasoned with a blend of spices like chili powder, turmeric, and asafoetida, giving it a bold and spicy flavor	Veg	12	6	6	1	2025-02-11 12:57:50.434927+05:30	2025-10-28 15:06:53.244359+05:30	eeccacf8-bd77-4f11-b128-78d1e9d59ffb	7b0f0600-8df6-4d33-b657-8c70139e9ff5	t
83	Master Product	Blueberry Mimosa	1166	A delightful fusion of fruity elegance and rich flavors, our Blueberry Mimosa Cake is a treat for the senses	Non Veg	18	9	9	1	2025-02-12 10:03:49.585761+05:30	2025-10-27 14:58:42.87744+05:30	59c134e9-db90-483c-b7a6-e86fc243d79a	02a47f91-e33a-4c4d-bec8-ebdab3fbce62	f
82	Master Product	Black Forest Fresh Cream Cake	1159	Authentic Black Forest Cake is known for its use of Kirschwasser (cherry brandy), which is brushed onto the layers of cake to infuse them with a distinctive cherry flavor.	Non Veg	18	9	9	1	2025-02-12 09:40:05.434197+05:30	2025-10-27 14:58:42.885439+05:30	59c134e9-db90-483c-b7a6-e86fc243d79a	02a47f91-e33a-4c4d-bec8-ebdab3fbce62	f
75	Master Product	French Loafs	FL80	Savor the taste of France with our freshly baked French baguette.	Veg	18	9	9	1	2025-02-11 16:43:58.012429+05:30	2025-10-27 14:58:42.943371+05:30	a3789a4d-a3d3-4dfe-9b47-078dbd6f6268	febf6fc5-5b78-4c2c-a43c-a2793e6f89e2	f
79	Master Product	Meat Samosa	1598	Experience the bold and savory flavors of our meat samosas, a perfect blend of tradition and taste.	Non Veg	18	9	9	1	2025-02-11 16:56:44.827616+05:30	2025-10-27 14:58:42.909916+05:30	a3789a4d-a3d3-4dfe-9b47-078dbd6f6268	febf6fc5-5b78-4c2c-a43c-a2793e6f89e2	f
78	Master Product	Kozhukatta	2072	Savor the traditional flavors of Kozhukatta, a beloved South Indian steamed dumpling that’s sure to please your palate.	Veg	12	6	6	1	2025-02-11 16:54:46.083556+05:30	2025-10-27 14:58:42.918216+05:30	a3789a4d-a3d3-4dfe-9b47-078dbd6f6268	febf6fc5-5b78-4c2c-a43c-a2793e6f89e2	f
74	Master Product	Chicken Puffs	1398	Indulge in the flaky and savory delight of our Chicken Puffs.	Non Veg	18	9	9	1	2025-02-11 16:36:46.077978+05:30	2025-10-27 14:58:42.952111+05:30	a3789a4d-a3d3-4dfe-9b47-078dbd6f6268	febf6fc5-5b78-4c2c-a43c-a2793e6f89e2	f
73	Master Product	Beef Pizza	BP45	Indulge in the rich and savory flavors of our Beef Pizza. Topped with juicy, seasoned ground beef, fresh vegetables, and a blend of gooey cheeses, this pizza is a hearty and satisfying choice for any meal.	Non Veg	12	6	6	1	2025-02-11 16:28:28.182573+05:30	2025-10-27 14:58:42.960986+05:30	a3789a4d-a3d3-4dfe-9b47-078dbd6f6268	febf6fc5-5b78-4c2c-a43c-a2793e6f89e2	f
72	Master Product	Multigrain Roll	2381	Enjoy the wholesome and nutritious goodness of our Multigrain Rolls.	Veg	18	9	9	1	2025-02-11 16:25:52.657192+05:30	2025-10-27 14:58:42.969897+05:30	a3789a4d-a3d3-4dfe-9b47-078dbd6f6268	d6d20f91-4422-4e1f-b4cb-d2f98ef7a4f0	f
71	Master Product	Mushroom Wheat Roll	2390	hese rolls are filled with a rich and flavorful mushroom mixture, wrapped in a thin pastry, and baked or fried to perfection. Perfect as an appetizer, snack, or party treat, mushroom rolls are a great vegetarian option that's sure to please everyone.	Veg	18	9	9	1	2025-02-11 16:22:58.784406+05:30	2025-10-27 14:58:42.978343+05:30	a3789a4d-a3d3-4dfe-9b47-078dbd6f6268	d6d20f91-4422-4e1f-b4cb-d2f98ef7a4f0	f
56	Master Product	Bombay Mixtures	1169	This beloved snack is a harmonious blend of spicy, savory, and crunchy textures, crafted to perfection with the finest ingredients.	Veg	12	6	6	1	2025-02-11 12:48:54.936594+05:30	2025-10-28 15:06:53.500159+05:30	eeccacf8-bd77-4f11-b128-78d1e9d59ffb	7b0f0600-8df6-4d33-b657-8c70139e9ff5	t
87	Master Product	Christmas Royal Icing Cake	1463	Celebrate the festive season with our Christmas Royal Icing Cake. This traditional holiday dessert is a stunning centerpiece for any Christmas table.	Non Veg	18	9	9	1	2025-02-12 12:59:04.074714+05:30	2025-10-27 14:58:42.845168+05:30	59c134e9-db90-483c-b7a6-e86fc243d79a	acf3c8ac-e1c3-43e9-81b0-d1e6595e9b35	f
86	Master Product	Cheese Cake Lotus Bischoff	1377	Dive into the luxurious, creamy indulgence of our Lotus Biscoff Cheesecake.	Non Veg	18	9	9	1	2025-02-12 12:41:53.406295+05:30	2025-10-27 14:58:42.85291+05:30	59c134e9-db90-483c-b7a6-e86fc243d79a	02a47f91-e33a-4c4d-bec8-ebdab3fbce62	f
70	Master Product	Chicken Spring Roll	1404	Chicken spring rolls are a delicious and popular appetizer that feature a savory chicken filling wrapped in a thin, crispy pastry.	Non Veg	18	9	9	1	2025-02-11 16:03:38.399504+05:30	2025-10-27 14:58:42.986442+05:30	a3789a4d-a3d3-4dfe-9b47-078dbd6f6268	d6d20f91-4422-4e1f-b4cb-d2f98ef7a4f0	f
55	Master Product	Sweet Banana Chips	3099	Sweet banana chips make for a delicious snack on their own, and they can also be added to desserts, yogurt, or cereal for a sweet, crunchy element.	Veg	12	6	6	1	2025-02-07 16:18:01.701065+05:30	2025-10-28 15:06:53.543867+05:30	eeccacf8-bd77-4f11-b128-78d1e9d59ffb	20f547dd-6493-464a-a361-2d0e67c98a47	t
69	Master Product	Garlic Dinner Rolls	GD11	Experience the delight of our Garlic Dinner Rolls. These rolls are soft, fluffy, and infused with the rich flavor of garlic, making them the perfect accompaniment to soups, salads, or main courses.	Non Veg	18	9	9	1	2025-02-11 15:58:33.30112+05:30	2025-10-27 14:58:42.994299+05:30	a3789a4d-a3d3-4dfe-9b47-078dbd6f6268	d6d20f91-4422-4e1f-b4cb-d2f98ef7a4f0	f
68	Master Product	Chicken Fried roll	1396	These rolls are filled with a savory chicken mixture, wrapped in a thin pastry, and fried until golden and crispy. Perfect as an appetizer, snack, or party treat, chicken fried rolls are sure to please your taste buds.	Non Veg	18	9	9	1	2025-02-11 15:39:44.477423+05:30	2025-10-27 14:58:43.003119+05:30	a3789a4d-a3d3-4dfe-9b47-078dbd6f6268	d6d20f91-4422-4e1f-b4cb-d2f98ef7a4f0	f
67	Master Product	Cutlet Fish	1571	A perfect combination of spices and fresh fish.	Non Veg	18	9	9	1	2025-02-11 15:34:49.129278+05:30	2025-10-27 14:58:43.013508+05:30	a3789a4d-a3d3-4dfe-9b47-078dbd6f6268	5725aa96-181f-4114-892c-7bb63699d475	f
48	Master Product	Mullu Murukku	2377	Mullu murukku, also known as spiked or star-shaped murukku, is a popular South Indian snack, especially enjoyed during festive occasions.	Veg	12	6	6	1	2025-02-05 13:04:50.998521+05:30	2025-10-28 15:06:54.207729+05:30	eeccacf8-bd77-4f11-b128-78d1e9d59ffb	86ca2e18-2690-4463-9d99-24b2895bec91	t
42	Master Product	Kaju Katli	1993	Crafted with high-quality cashews, pure sugar, and a hint of cardamom for an aromatic experience.	Veg	5	2.5	2.5	1	2025-02-04 09:55:51.398194+05:30	2025-10-27 14:58:43.240728+05:30	4a68fb62-be9a-4d77-8f43-1a7727e8b2c4	1387081f-ee2f-4cda-98fe-a29cae9fc878	f
41	Master Product	Kaju Soan Pappdy	2002	Ideal for festive celebrations, special occasions, or as a delightful treat to enjoy with family and friends	Veg	5	2.5	2.5	1	2025-02-04 09:50:59.14515+05:30	2025-10-27 14:58:43.250449+05:30	4a68fb62-be9a-4d77-8f43-1a7727e8b2c4	1387081f-ee2f-4cda-98fe-a29cae9fc878	f
102	Master Product	Burger Wheat Chicken	1256	Indulge in the perfect combination of taste and nutrition with our Chicken Wheat Burger! Featuring a soft, freshly baked wheat bun, this burger is filled with a juicy and tender chicken patty, seasoned to perfection with a blend of spices.	Non Veg	18	9	9	0	2025-03-20 10:21:34.410833+05:30	2025-10-27 14:58:42.751838+05:30	a3789a4d-a3d3-4dfe-9b47-078dbd6f6268	49cc28d6-24d7-4b69-8632-bb2a525e2b4c	f
101	Master Product	Burger Wheat Vegitable	1257	The burger features a soft, wholesome wheat bun paired with a vibrant vegetable patty made from fresh, hand-picked ingredients like carrots, peas, potatoes, and spinach.	Veg	18	9	9	0	2025-03-20 10:16:53.850601+05:30	2025-10-27 14:58:42.761605+05:30	a3789a4d-a3d3-4dfe-9b47-078dbd6f6268	49cc28d6-24d7-4b69-8632-bb2a525e2b4c	f
40	Master Product	Kaju Roll	2001	Crafted with high-quality cashews, pure ghee, and a hint of cardamom for an aromatic experience.	Veg	5	2.5	2.5	1	2025-02-03 15:45:38.128355+05:30	2025-10-27 14:58:43.26026+05:30	4a68fb62-be9a-4d77-8f43-1a7727e8b2c4	1387081f-ee2f-4cda-98fe-a29cae9fc878	f
39	Master Product	Kaju Choclate Ladu	1996	Made with high-quality cashews, fine chocolate, and a touch of pure ghee, ensuring a rich and authentic taste.	Veg	5	2.5	2.5	2.5	2025-02-03 15:43:04.967103+05:30	2025-10-27 14:58:43.266888+05:30	4a68fb62-be9a-4d77-8f43-1a7727e8b2c4	1387081f-ee2f-4cda-98fe-a29cae9fc878	f
38	Master Product	Milk Mysore Pak	1756	Discover the creamy and rich delight of our Milk Mysore Pak	Veg	5	2.5	2.5	1	2025-02-03 14:12:02.065373+05:30	2025-10-27 14:58:43.275624+05:30	4a68fb62-be9a-4d77-8f43-1a7727e8b2c4	9e47664b-4036-4082-a8a3-55c8ddbe673a	f
36	Master Product	Mysore Pak Ghee	2404	: Made using a traditional recipe that combines gram flour (besan), pure ghee, and sugar to create a perfect balance of flavors.	Veg	5	2.5	2.5	1	2025-02-03 14:01:02.782662+05:30	2025-10-27 14:58:43.284245+05:30	4a68fb62-be9a-4d77-8f43-1a7727e8b2c4	9e47664b-4036-4082-a8a3-55c8ddbe673a	f
34	Master Product	Mysore Pak Horlicks	2405	The addition of Horlicks adds a creamy texture and a malty flavor that perfectly complements the buttery goodness of Mysore Pak.	Veg	5	2.5	2.5	1	2025-02-03 13:32:26.947425+05:30	2025-10-27 14:58:43.293123+05:30	4a68fb62-be9a-4d77-8f43-1a7727e8b2c4	9e47664b-4036-4082-a8a3-55c8ddbe673a	f
100	Master Product	Butter Murukku	1265	Snack known for its light, airy texture, and rich, buttery flavor that makes it incredibly addictive	Veg	12	6	6	0	2025-02-18 12:16:52.353918+05:30	2025-10-27 14:58:42.769751+05:30	eeccacf8-bd77-4f11-b128-78d1e9d59ffb	86ca2e18-2690-4463-9d99-24b2895bec91	f
96	Master Product	Choco Mango Cake	1453	Delight in the exotic fusion of flavors with our Choco Mango Cake.	Veg	18	9	9	1	2025-02-12 14:50:41.981779+05:30	2025-10-27 14:58:42.775413+05:30	59c134e9-db90-483c-b7a6-e86fc243d79a	7d8027c2-6124-4193-9bc2-4d8d68ee9951	f
57	Master Product	Dry Fruit Mixture	1662	Dry fruit mixture is a combination of various dried fruits and nuts, often mixed together to create a healthy, tasty, and energy-boosting snack.	Veg	12	6	6	1	2025-02-11 12:53:55.051014+05:30	2025-10-28 15:06:53.355574+05:30	eeccacf8-bd77-4f11-b128-78d1e9d59ffb	7b0f0600-8df6-4d33-b657-8c70139e9ff5	t
95	Master Product	CHO Triffle Spunch Round	1459	The trifle is beautifully presented in a round shape, showcasing the alternating layers of sponge, mousse, and custard.	Non Veg	18	9	9	0	2025-02-12 14:46:37.194075+05:30	2025-10-27 14:58:42.783343+05:30	59c134e9-db90-483c-b7a6-e86fc243d79a	7d8027c2-6124-4193-9bc2-4d8d68ee9951	f
94	Master Product	Banana Cake	1108	Enjoy the delightful sweetness of our Banana Cake, a perfect treat for any occasion.	Veg	18	9	9	1	2025-02-12 14:43:35.122205+05:30	2025-10-27 14:58:42.791437+05:30	59c134e9-db90-483c-b7a6-e86fc243d79a	7d8027c2-6124-4193-9bc2-4d8d68ee9951	f
66	Master Product	Cutlet Meat	1572	Savor the rich and flavorful taste of our Meat Cutlets. Made with ground meat, aromatic spices, and a crispy breadcrumb coating, these cutlets are a perfect appetizer, snack, or main course.	Non Veg	18	9	9	1	2025-02-11 15:31:46.513775+05:30	2025-10-27 14:58:43.022956+05:30	a3789a4d-a3d3-4dfe-9b47-078dbd6f6268	5725aa96-181f-4114-892c-7bb63699d475	f
51	Master Product	Banana Chips	1112	Delightful and crispy banana chips, made from thinly sliced bananas and expertly fried until golden brown.	Veg	12	6	6	1	2025-02-07 10:06:05.365857+05:30	2025-10-28 15:06:54.11615+05:30	eeccacf8-bd77-4f11-b128-78d1e9d59ffb	20f547dd-6493-464a-a361-2d0e67c98a47	t
59	Master Product	Mixture Corn Flakes	1779	Corn Flakes Mixture is a delightful and savory snack that's a popular variation of traditional Indian mixtures. It combines crunchy corn flakes with a variety of nuts, spices, and other ingredients to create a flavorful and satisfying treat.	Veg	12	6	6	1	2025-02-11 13:10:04.882505+05:30	2025-10-28 15:06:53.028419+05:30	eeccacf8-bd77-4f11-b128-78d1e9d59ffb	7b0f0600-8df6-4d33-b657-8c70139e9ff5	t
54	Master Product	Sarkaravaratty	2922	Delightful treat combines the natural sweetness of jaggery with a hint of spices like ginger, cardamom, and cumin, creating a perfect balance of sweet and savory flavors	Veg	12	6	6	1	2025-02-07 15:49:46.377712+05:30	2025-10-28 15:06:53.903545+05:30	eeccacf8-bd77-4f11-b128-78d1e9d59ffb	20f547dd-6493-464a-a361-2d0e67c98a47	t
65	Master Product	Cutlet Vegetable	1574	Enjoy the flavorful and crispy goodness of our Veg Cutlets. These cutlets are a delightful blend of vegetables, spices, and herbs, making them a perfect appetizer or snack. They are crispy on the outside and soft on the inside, offering a burst of flavor with every bite	Veg	18	9	9	1	2025-02-11 15:29:04.268676+05:30	2025-10-27 14:58:43.03175+05:30	a3789a4d-a3d3-4dfe-9b47-078dbd6f6268	5725aa96-181f-4114-892c-7bb63699d475	f
64	Master Product	Cutlet Chicken	1570	Indulge in the mouthwatering flavor of our Chicken Cutlets. These cutlets are made from tender chicken breast that is coated in a flavorful breadcrumb mixture and fried until crispy.	Non Veg	18	9	9	1	2025-02-11 15:03:33.065976+05:30	2025-10-27 14:58:43.04063+05:30	a3789a4d-a3d3-4dfe-9b47-078dbd6f6268	5725aa96-181f-4114-892c-7bb63699d475	f
63	Master Product	Bread S/W Fish	1191	ndulge in the delectable taste of our Fish Bread Sandwich, made with tender fish fillets, fresh vegetables, and a blend of savory condiments.	Non Veg	18	9	9	1	2025-02-11 14:44:00.592433+05:30	2025-10-27 14:58:43.04943+05:30	a3789a4d-a3d3-4dfe-9b47-078dbd6f6268	d2a9a729-694b-4ab6-a0e6-a5e69550933c	f
52	Master Product	Banana Chips Pepper	1111	These chips offer a delightful combination of the natural sweetness of bananas and a spicy kick from black pepper. The balance of sweet and spicy makes them an addictive snack.	Veg	12	6	6	1	2025-02-07 14:58:03.515054+05:30	2025-10-28 15:06:53.976064+05:30	eeccacf8-bd77-4f11-b128-78d1e9d59ffb	20f547dd-6493-464a-a361-2d0e67c98a47	t
49	Master Product	Rice Murukku	2887	Rice murukku is a crispy, savory South Indian snack made from rice flour and spices, deep-fried to perfection.	Veg	12	6	6	1	2025-02-05 14:35:43.667637+05:30	2025-10-28 15:06:54.184361+05:30	eeccacf8-bd77-4f11-b128-78d1e9d59ffb	86ca2e18-2690-4463-9d99-24b2895bec91	t
62	Master Product	Bread S/W Veg	1193	Savor the fresh and vibrant flavors of our Vegetable Sandwich.	Veg	18	9	9	1	2025-02-11 14:40:58.392728+05:30	2025-10-27 14:58:43.058508+05:30	a3789a4d-a3d3-4dfe-9b47-078dbd6f6268	d2a9a729-694b-4ab6-a0e6-a5e69550933c	f
31	Master Product	Mysore Pak Dates	2403	Sweetened naturally with dates, making it a healthier alternative to traditional sweets.	Veg	5	2.5	2.5	1	2025-02-03 12:42:36.947596+05:30	2025-10-27 14:58:43.302375+05:30	4a68fb62-be9a-4d77-8f43-1a7727e8b2c4	9e47664b-4036-4082-a8a3-55c8ddbe673a	f
61	Master Product	Bread S/W Chicken	1190	Juicy and flavorful, seasoned with the perfect blend of spices.	Non Veg	18	9	9	1	2025-02-11 14:36:26.932039+05:30	2025-10-27 14:58:43.067287+05:30	a3789a4d-a3d3-4dfe-9b47-078dbd6f6268	d2a9a729-694b-4ab6-a0e6-a5e69550933c	f
60	Master Product	Mixture Sweet	2308	A sweet mixture is a tasty and enjoyable snack made by blending different sweet ingredients to create a flavorful and satisfying treat. This mixture can be enjoyed on its own or used as a topping for desserts.	Veg	12	6	6	1	2025-02-11 13:20:40.717312+05:30	2025-10-28 15:06:52.953046+05:30	eeccacf8-bd77-4f11-b128-78d1e9d59ffb	7b0f0600-8df6-4d33-b657-8c70139e9ff5	t
53	Master Product	Banana Chips Masala	1115	Masala banana chips are a tantalizing blend of savory, spicy, and slightly tangy flavors. The masala seasoning adds a burst of aromatic spices, making these chips incredibly flavorful.	Veg	12	6	6	1	2025-02-07 15:21:22.988268+05:30	2025-10-28 15:06:53.929354+05:30	eeccacf8-bd77-4f11-b128-78d1e9d59ffb	20f547dd-6493-464a-a361-2d0e67c98a47	t
30	Master Product	Mysore Pak	2402	Made using a traditional recipe that combines gram flour (besan), ghee, and sugar to create a perfect balance of flavors.	Veg	5	2.5	2.5	1	2025-02-03 12:33:24.663589+05:30	2025-10-27 14:58:43.311034+05:30	4a68fb62-be9a-4d77-8f43-1a7727e8b2c4	9e47664b-4036-4082-a8a3-55c8ddbe673a	f
29	Master Product	Burfi Roll	1251	Rolled to perfection, these burfi rolls not only taste delicious but also look visually appealing.	Veg	5	2.5	2.5	1	2025-02-03 12:24:31.638943+05:30	2025-10-27 14:58:43.31989+05:30	4a68fb62-be9a-4d77-8f43-1a7727e8b2c4	4a717445-5063-4c59-aecc-b9edfbcb1181	f
28	Master Product	Dry Fruit Dates Burfi	1660	Each bite offers a delightful crunch from the dry fruits, complemented by the soft, chewy texture of dates.	Veg	5	2.5	2.5	1	2025-02-03 12:20:20.710913+05:30	2025-10-27 14:58:43.328298+05:30	4a68fb62-be9a-4d77-8f43-1a7727e8b2c4	4a717445-5063-4c59-aecc-b9edfbcb1181	f
27	Master Product	Burfi Tricolour	1253	This delightful sweet treat showcases three layers of exquisite flavors and colors, making it perfect for festive occasions and national celebrations.	Veg	5	2.5	2.5	1	2025-01-31 12:26:11.527747+05:30	2025-10-27 14:58:43.3365+05:30	4a68fb62-be9a-4d77-8f43-1a7727e8b2c4	4a717445-5063-4c59-aecc-b9edfbcb1181	f
26	Master Product	Burfi Jackfruit	1243	The sweet, fruity taste of jackfruit blends perfectly with the rich, creamy texture of the burfi.	Veg	5	2.5	2.5	1	2025-01-31 10:22:57.96593+05:30	2025-10-27 14:58:43.344784+05:30	4a68fb62-be9a-4d77-8f43-1a7727e8b2c4	4a717445-5063-4c59-aecc-b9edfbcb1181	f
25	Master Product	Burfi Badam	1237	Crafted with the highest quality almonds, pure ghee, and a touch of cardamom for a fragrant aroma	Veg	5	2.5	2.5	1	2025-01-29 10:19:46.412693+05:30	2025-10-27 14:58:43.353373+05:30	4a68fb62-be9a-4d77-8f43-1a7727e8b2c4	4a717445-5063-4c59-aecc-b9edfbcb1181	f
47	Master Product	Ghee Murukku	1838	Delightful variation of the traditional murukku, made even more indulgent with the rich taste of ghee.	Veg	12	6	6	1	2025-02-05 12:47:42.077558+05:30	2025-10-28 15:06:54.297885+05:30	eeccacf8-bd77-4f11-b128-78d1e9d59ffb	86ca2e18-2690-4463-9d99-24b2895bec91	t
46	Master Product	Garlic Murukku	1079	Crispy South Indian snack made from rice flour and infused with the bold flavors of garlic.	Veg	12	6	6	1	2025-02-05 09:42:02.084122+05:30	2025-10-28 15:06:54.381126+05:30	eeccacf8-bd77-4f11-b128-78d1e9d59ffb	86ca2e18-2690-4463-9d99-24b2895bec91	t
44	Master Product	Babby Murukku	1090	Made with high-quality rice flour, gram flour (besan), and a blend of aromatic spices to ensure an authentic taste.	Veg	12	6	6	1	2025-02-04 15:39:17.348729+05:30	2025-10-28 15:06:54.424534+05:30	eeccacf8-bd77-4f11-b128-78d1e9d59ffb	86ca2e18-2690-4463-9d99-24b2895bec91	t
43	Master Product	Kaju White Choco Burfi	2003	Indulge in the luxurious fusion of rich cashews and creamy white chocolate with our Kaju White Choco Burfi.	Veg	5	2.5	2.5	1	2025-02-04 09:58:45.308055+05:30	2025-10-27 14:58:43.231783+05:30	4a68fb62-be9a-4d77-8f43-1a7727e8b2c4	1387081f-ee2f-4cda-98fe-a29cae9fc878	f
\.


--
-- Data for Name: products_products_sales_unit; Type: TABLE DATA; Schema: public; Owner: postgres
--

COPY public.products_products_sales_unit (id, products_id, shop_id) FROM stdin;
778	102	34148290-f2ae-45ff-aeba-6bc6436fecef
779	101	34148290-f2ae-45ff-aeba-6bc6436fecef
781	96	34148290-f2ae-45ff-aeba-6bc6436fecef
782	95	34148290-f2ae-45ff-aeba-6bc6436fecef
785	93	34148290-f2ae-45ff-aeba-6bc6436fecef
788	92	34148290-f2ae-45ff-aeba-6bc6436fecef
791	91	34148290-f2ae-45ff-aeba-6bc6436fecef
792	90	34148290-f2ae-45ff-aeba-6bc6436fecef
793	89	34148290-f2ae-45ff-aeba-6bc6436fecef
794	88	34148290-f2ae-45ff-aeba-6bc6436fecef
795	87	34148290-f2ae-45ff-aeba-6bc6436fecef
796	86	34148290-f2ae-45ff-aeba-6bc6436fecef
797	85	34148290-f2ae-45ff-aeba-6bc6436fecef
798	84	34148290-f2ae-45ff-aeba-6bc6436fecef
799	83	34148290-f2ae-45ff-aeba-6bc6436fecef
801	82	34148290-f2ae-45ff-aeba-6bc6436fecef
803	81	34148290-f2ae-45ff-aeba-6bc6436fecef
804	80	34148290-f2ae-45ff-aeba-6bc6436fecef
805	79	34148290-f2ae-45ff-aeba-6bc6436fecef
806	78	34148290-f2ae-45ff-aeba-6bc6436fecef
807	77	34148290-f2ae-45ff-aeba-6bc6436fecef
809	76	34148290-f2ae-45ff-aeba-6bc6436fecef
810	75	34148290-f2ae-45ff-aeba-6bc6436fecef
811	74	34148290-f2ae-45ff-aeba-6bc6436fecef
812	73	34148290-f2ae-45ff-aeba-6bc6436fecef
813	72	34148290-f2ae-45ff-aeba-6bc6436fecef
814	71	34148290-f2ae-45ff-aeba-6bc6436fecef
815	70	34148290-f2ae-45ff-aeba-6bc6436fecef
816	69	34148290-f2ae-45ff-aeba-6bc6436fecef
817	68	34148290-f2ae-45ff-aeba-6bc6436fecef
818	67	34148290-f2ae-45ff-aeba-6bc6436fecef
819	66	34148290-f2ae-45ff-aeba-6bc6436fecef
820	65	34148290-f2ae-45ff-aeba-6bc6436fecef
821	64	34148290-f2ae-45ff-aeba-6bc6436fecef
822	63	34148290-f2ae-45ff-aeba-6bc6436fecef
823	62	34148290-f2ae-45ff-aeba-6bc6436fecef
824	61	34148290-f2ae-45ff-aeba-6bc6436fecef
826	60	34148290-f2ae-45ff-aeba-6bc6436fecef
827	59	34148290-f2ae-45ff-aeba-6bc6436fecef
829	58	34148290-f2ae-45ff-aeba-6bc6436fecef
835	57	34148290-f2ae-45ff-aeba-6bc6436fecef
838	56	34148290-f2ae-45ff-aeba-6bc6436fecef
842	55	34148290-f2ae-45ff-aeba-6bc6436fecef
843	54	34148290-f2ae-45ff-aeba-6bc6436fecef
852	53	34148290-f2ae-45ff-aeba-6bc6436fecef
853	52	34148290-f2ae-45ff-aeba-6bc6436fecef
855	51	34148290-f2ae-45ff-aeba-6bc6436fecef
861	48	34148290-f2ae-45ff-aeba-6bc6436fecef
862	47	34148290-f2ae-45ff-aeba-6bc6436fecef
866	46	34148290-f2ae-45ff-aeba-6bc6436fecef
870	44	34148290-f2ae-45ff-aeba-6bc6436fecef
872	43	34148290-f2ae-45ff-aeba-6bc6436fecef
873	42	34148290-f2ae-45ff-aeba-6bc6436fecef
874	41	34148290-f2ae-45ff-aeba-6bc6436fecef
876	38	34148290-f2ae-45ff-aeba-6bc6436fecef
877	36	34148290-f2ae-45ff-aeba-6bc6436fecef
878	34	34148290-f2ae-45ff-aeba-6bc6436fecef
879	31	34148290-f2ae-45ff-aeba-6bc6436fecef
880	29	34148290-f2ae-45ff-aeba-6bc6436fecef
881	28	34148290-f2ae-45ff-aeba-6bc6436fecef
882	26	34148290-f2ae-45ff-aeba-6bc6436fecef
1528	101	3b331937-12ee-4c19-8bf6-68d1529e82b2
1530	96	3b331937-12ee-4c19-8bf6-68d1529e82b2
1531	95	3b331937-12ee-4c19-8bf6-68d1529e82b2
1534	93	3b331937-12ee-4c19-8bf6-68d1529e82b2
1537	92	3b331937-12ee-4c19-8bf6-68d1529e82b2
1540	91	3b331937-12ee-4c19-8bf6-68d1529e82b2
1541	90	3b331937-12ee-4c19-8bf6-68d1529e82b2
1542	89	3b331937-12ee-4c19-8bf6-68d1529e82b2
1543	88	3b331937-12ee-4c19-8bf6-68d1529e82b2
1544	87	3b331937-12ee-4c19-8bf6-68d1529e82b2
1545	86	3b331937-12ee-4c19-8bf6-68d1529e82b2
1546	85	3b331937-12ee-4c19-8bf6-68d1529e82b2
1547	84	3b331937-12ee-4c19-8bf6-68d1529e82b2
1548	83	3b331937-12ee-4c19-8bf6-68d1529e82b2
1550	82	3b331937-12ee-4c19-8bf6-68d1529e82b2
1552	81	3b331937-12ee-4c19-8bf6-68d1529e82b2
1553	80	3b331937-12ee-4c19-8bf6-68d1529e82b2
1554	79	3b331937-12ee-4c19-8bf6-68d1529e82b2
1555	78	3b331937-12ee-4c19-8bf6-68d1529e82b2
1556	77	3b331937-12ee-4c19-8bf6-68d1529e82b2
1558	76	3b331937-12ee-4c19-8bf6-68d1529e82b2
1559	75	3b331937-12ee-4c19-8bf6-68d1529e82b2
1560	74	3b331937-12ee-4c19-8bf6-68d1529e82b2
1561	73	3b331937-12ee-4c19-8bf6-68d1529e82b2
1562	72	3b331937-12ee-4c19-8bf6-68d1529e82b2
1563	71	3b331937-12ee-4c19-8bf6-68d1529e82b2
1564	70	3b331937-12ee-4c19-8bf6-68d1529e82b2
1565	69	3b331937-12ee-4c19-8bf6-68d1529e82b2
1566	68	3b331937-12ee-4c19-8bf6-68d1529e82b2
1567	67	3b331937-12ee-4c19-8bf6-68d1529e82b2
1568	66	3b331937-12ee-4c19-8bf6-68d1529e82b2
1569	65	3b331937-12ee-4c19-8bf6-68d1529e82b2
1570	64	3b331937-12ee-4c19-8bf6-68d1529e82b2
1571	63	3b331937-12ee-4c19-8bf6-68d1529e82b2
1572	62	3b331937-12ee-4c19-8bf6-68d1529e82b2
1573	61	3b331937-12ee-4c19-8bf6-68d1529e82b2
1575	60	3b331937-12ee-4c19-8bf6-68d1529e82b2
1576	59	3b331937-12ee-4c19-8bf6-68d1529e82b2
1578	58	3b331937-12ee-4c19-8bf6-68d1529e82b2
1584	57	3b331937-12ee-4c19-8bf6-68d1529e82b2
1587	56	3b331937-12ee-4c19-8bf6-68d1529e82b2
1591	55	3b331937-12ee-4c19-8bf6-68d1529e82b2
1592	54	3b331937-12ee-4c19-8bf6-68d1529e82b2
1601	53	3b331937-12ee-4c19-8bf6-68d1529e82b2
1602	52	3b331937-12ee-4c19-8bf6-68d1529e82b2
1604	51	3b331937-12ee-4c19-8bf6-68d1529e82b2
1610	49	3b331937-12ee-4c19-8bf6-68d1529e82b2
1613	48	3b331937-12ee-4c19-8bf6-68d1529e82b2
1614	47	3b331937-12ee-4c19-8bf6-68d1529e82b2
1618	46	3b331937-12ee-4c19-8bf6-68d1529e82b2
1622	44	3b331937-12ee-4c19-8bf6-68d1529e82b2
1624	43	3b331937-12ee-4c19-8bf6-68d1529e82b2
1625	42	3b331937-12ee-4c19-8bf6-68d1529e82b2
1626	41	3b331937-12ee-4c19-8bf6-68d1529e82b2
1628	39	3b331937-12ee-4c19-8bf6-68d1529e82b2
1629	38	3b331937-12ee-4c19-8bf6-68d1529e82b2
1630	36	3b331937-12ee-4c19-8bf6-68d1529e82b2
1631	34	3b331937-12ee-4c19-8bf6-68d1529e82b2
1632	31	3b331937-12ee-4c19-8bf6-68d1529e82b2
1633	30	3b331937-12ee-4c19-8bf6-68d1529e82b2
1635	29	3b331937-12ee-4c19-8bf6-68d1529e82b2
1636	28	3b331937-12ee-4c19-8bf6-68d1529e82b2
1637	27	3b331937-12ee-4c19-8bf6-68d1529e82b2
1638	26	3b331937-12ee-4c19-8bf6-68d1529e82b2
8767	102	71183ca3-7bc4-4f52-9eb8-15ce65cb05aa
8768	101	71183ca3-7bc4-4f52-9eb8-15ce65cb05aa
8770	96	71183ca3-7bc4-4f52-9eb8-15ce65cb05aa
8771	95	71183ca3-7bc4-4f52-9eb8-15ce65cb05aa
8774	93	71183ca3-7bc4-4f52-9eb8-15ce65cb05aa
8777	92	71183ca3-7bc4-4f52-9eb8-15ce65cb05aa
8780	91	71183ca3-7bc4-4f52-9eb8-15ce65cb05aa
8781	90	71183ca3-7bc4-4f52-9eb8-15ce65cb05aa
8782	89	71183ca3-7bc4-4f52-9eb8-15ce65cb05aa
8783	88	71183ca3-7bc4-4f52-9eb8-15ce65cb05aa
8784	87	71183ca3-7bc4-4f52-9eb8-15ce65cb05aa
8785	86	71183ca3-7bc4-4f52-9eb8-15ce65cb05aa
8786	85	71183ca3-7bc4-4f52-9eb8-15ce65cb05aa
8787	84	71183ca3-7bc4-4f52-9eb8-15ce65cb05aa
8788	83	71183ca3-7bc4-4f52-9eb8-15ce65cb05aa
8790	82	71183ca3-7bc4-4f52-9eb8-15ce65cb05aa
8792	81	71183ca3-7bc4-4f52-9eb8-15ce65cb05aa
8793	80	71183ca3-7bc4-4f52-9eb8-15ce65cb05aa
8794	79	71183ca3-7bc4-4f52-9eb8-15ce65cb05aa
8795	78	71183ca3-7bc4-4f52-9eb8-15ce65cb05aa
8796	77	71183ca3-7bc4-4f52-9eb8-15ce65cb05aa
8798	76	71183ca3-7bc4-4f52-9eb8-15ce65cb05aa
8799	75	71183ca3-7bc4-4f52-9eb8-15ce65cb05aa
8800	74	71183ca3-7bc4-4f52-9eb8-15ce65cb05aa
8801	73	71183ca3-7bc4-4f52-9eb8-15ce65cb05aa
8802	72	71183ca3-7bc4-4f52-9eb8-15ce65cb05aa
8803	71	71183ca3-7bc4-4f52-9eb8-15ce65cb05aa
8804	70	71183ca3-7bc4-4f52-9eb8-15ce65cb05aa
8805	69	71183ca3-7bc4-4f52-9eb8-15ce65cb05aa
8806	68	71183ca3-7bc4-4f52-9eb8-15ce65cb05aa
8807	67	71183ca3-7bc4-4f52-9eb8-15ce65cb05aa
8808	66	71183ca3-7bc4-4f52-9eb8-15ce65cb05aa
8809	65	71183ca3-7bc4-4f52-9eb8-15ce65cb05aa
8810	64	71183ca3-7bc4-4f52-9eb8-15ce65cb05aa
8811	63	71183ca3-7bc4-4f52-9eb8-15ce65cb05aa
8812	62	71183ca3-7bc4-4f52-9eb8-15ce65cb05aa
8813	61	71183ca3-7bc4-4f52-9eb8-15ce65cb05aa
8815	60	71183ca3-7bc4-4f52-9eb8-15ce65cb05aa
8816	59	71183ca3-7bc4-4f52-9eb8-15ce65cb05aa
8818	58	71183ca3-7bc4-4f52-9eb8-15ce65cb05aa
8824	57	71183ca3-7bc4-4f52-9eb8-15ce65cb05aa
8827	56	71183ca3-7bc4-4f52-9eb8-15ce65cb05aa
8831	55	71183ca3-7bc4-4f52-9eb8-15ce65cb05aa
8832	54	71183ca3-7bc4-4f52-9eb8-15ce65cb05aa
8841	53	71183ca3-7bc4-4f52-9eb8-15ce65cb05aa
8842	52	71183ca3-7bc4-4f52-9eb8-15ce65cb05aa
8844	51	71183ca3-7bc4-4f52-9eb8-15ce65cb05aa
8850	49	71183ca3-7bc4-4f52-9eb8-15ce65cb05aa
8853	48	71183ca3-7bc4-4f52-9eb8-15ce65cb05aa
8854	47	71183ca3-7bc4-4f52-9eb8-15ce65cb05aa
8858	46	71183ca3-7bc4-4f52-9eb8-15ce65cb05aa
8862	44	71183ca3-7bc4-4f52-9eb8-15ce65cb05aa
8864	43	71183ca3-7bc4-4f52-9eb8-15ce65cb05aa
8865	42	71183ca3-7bc4-4f52-9eb8-15ce65cb05aa
8866	41	71183ca3-7bc4-4f52-9eb8-15ce65cb05aa
8868	39	71183ca3-7bc4-4f52-9eb8-15ce65cb05aa
8869	38	71183ca3-7bc4-4f52-9eb8-15ce65cb05aa
8870	36	71183ca3-7bc4-4f52-9eb8-15ce65cb05aa
8871	34	71183ca3-7bc4-4f52-9eb8-15ce65cb05aa
8872	31	71183ca3-7bc4-4f52-9eb8-15ce65cb05aa
8873	30	71183ca3-7bc4-4f52-9eb8-15ce65cb05aa
8875	29	71183ca3-7bc4-4f52-9eb8-15ce65cb05aa
8876	28	71183ca3-7bc4-4f52-9eb8-15ce65cb05aa
8877	27	71183ca3-7bc4-4f52-9eb8-15ce65cb05aa
8878	26	71183ca3-7bc4-4f52-9eb8-15ce65cb05aa
8880	25	71183ca3-7bc4-4f52-9eb8-15ce65cb05aa
13804	102	3b331937-12ee-4c19-8bf6-68d1529e82b2
14242	102	ed80cb11-a4b3-4991-bcb2-454c7d72edc3
14243	101	ed80cb11-a4b3-4991-bcb2-454c7d72edc3
14244	96	ed80cb11-a4b3-4991-bcb2-454c7d72edc3
14245	95	ed80cb11-a4b3-4991-bcb2-454c7d72edc3
14246	93	ed80cb11-a4b3-4991-bcb2-454c7d72edc3
14247	92	ed80cb11-a4b3-4991-bcb2-454c7d72edc3
14248	91	ed80cb11-a4b3-4991-bcb2-454c7d72edc3
14249	90	ed80cb11-a4b3-4991-bcb2-454c7d72edc3
14250	89	ed80cb11-a4b3-4991-bcb2-454c7d72edc3
14251	88	ed80cb11-a4b3-4991-bcb2-454c7d72edc3
14252	87	ed80cb11-a4b3-4991-bcb2-454c7d72edc3
14253	86	ed80cb11-a4b3-4991-bcb2-454c7d72edc3
14254	85	ed80cb11-a4b3-4991-bcb2-454c7d72edc3
14255	84	ed80cb11-a4b3-4991-bcb2-454c7d72edc3
14256	83	ed80cb11-a4b3-4991-bcb2-454c7d72edc3
14257	82	ed80cb11-a4b3-4991-bcb2-454c7d72edc3
14258	81	ed80cb11-a4b3-4991-bcb2-454c7d72edc3
14259	80	ed80cb11-a4b3-4991-bcb2-454c7d72edc3
14260	79	ed80cb11-a4b3-4991-bcb2-454c7d72edc3
14261	78	ed80cb11-a4b3-4991-bcb2-454c7d72edc3
14262	77	ed80cb11-a4b3-4991-bcb2-454c7d72edc3
14263	76	ed80cb11-a4b3-4991-bcb2-454c7d72edc3
14264	75	ed80cb11-a4b3-4991-bcb2-454c7d72edc3
14265	74	ed80cb11-a4b3-4991-bcb2-454c7d72edc3
14266	73	ed80cb11-a4b3-4991-bcb2-454c7d72edc3
14267	72	ed80cb11-a4b3-4991-bcb2-454c7d72edc3
14268	71	ed80cb11-a4b3-4991-bcb2-454c7d72edc3
14269	70	ed80cb11-a4b3-4991-bcb2-454c7d72edc3
14270	69	ed80cb11-a4b3-4991-bcb2-454c7d72edc3
14271	68	ed80cb11-a4b3-4991-bcb2-454c7d72edc3
14272	67	ed80cb11-a4b3-4991-bcb2-454c7d72edc3
14273	66	ed80cb11-a4b3-4991-bcb2-454c7d72edc3
14274	65	ed80cb11-a4b3-4991-bcb2-454c7d72edc3
14275	64	ed80cb11-a4b3-4991-bcb2-454c7d72edc3
14276	63	ed80cb11-a4b3-4991-bcb2-454c7d72edc3
14277	62	ed80cb11-a4b3-4991-bcb2-454c7d72edc3
14278	61	ed80cb11-a4b3-4991-bcb2-454c7d72edc3
14279	60	ed80cb11-a4b3-4991-bcb2-454c7d72edc3
14280	59	ed80cb11-a4b3-4991-bcb2-454c7d72edc3
14281	58	ed80cb11-a4b3-4991-bcb2-454c7d72edc3
14282	57	ed80cb11-a4b3-4991-bcb2-454c7d72edc3
14283	56	ed80cb11-a4b3-4991-bcb2-454c7d72edc3
14284	55	ed80cb11-a4b3-4991-bcb2-454c7d72edc3
14285	54	ed80cb11-a4b3-4991-bcb2-454c7d72edc3
14286	53	ed80cb11-a4b3-4991-bcb2-454c7d72edc3
14287	52	ed80cb11-a4b3-4991-bcb2-454c7d72edc3
14288	51	ed80cb11-a4b3-4991-bcb2-454c7d72edc3
14289	49	ed80cb11-a4b3-4991-bcb2-454c7d72edc3
14290	48	ed80cb11-a4b3-4991-bcb2-454c7d72edc3
14291	47	ed80cb11-a4b3-4991-bcb2-454c7d72edc3
14292	46	ed80cb11-a4b3-4991-bcb2-454c7d72edc3
14293	44	ed80cb11-a4b3-4991-bcb2-454c7d72edc3
14294	43	ed80cb11-a4b3-4991-bcb2-454c7d72edc3
14295	42	ed80cb11-a4b3-4991-bcb2-454c7d72edc3
14296	41	ed80cb11-a4b3-4991-bcb2-454c7d72edc3
14297	39	ed80cb11-a4b3-4991-bcb2-454c7d72edc3
14298	38	ed80cb11-a4b3-4991-bcb2-454c7d72edc3
14299	36	ed80cb11-a4b3-4991-bcb2-454c7d72edc3
14300	34	ed80cb11-a4b3-4991-bcb2-454c7d72edc3
14301	31	ed80cb11-a4b3-4991-bcb2-454c7d72edc3
14302	30	ed80cb11-a4b3-4991-bcb2-454c7d72edc3
14303	29	ed80cb11-a4b3-4991-bcb2-454c7d72edc3
14304	28	ed80cb11-a4b3-4991-bcb2-454c7d72edc3
14305	27	ed80cb11-a4b3-4991-bcb2-454c7d72edc3
14306	26	ed80cb11-a4b3-4991-bcb2-454c7d72edc3
\.


--
-- Data for Name: products_productsubcategory; Type: TABLE DATA; Schema: public; Owner: postgres
--

COPY public.products_productsubcategory (uuid, sub_category_name, sub_category_code, standard_image, created_at, updated_date, category_id, long_distance_availability) FROM stdin;
4f03559e-29ac-4a55-8113-f4c7495a2fbc	Cream Muffin	CM01	standard_images/Screenshot_2025-06-10_at_12.20.07PM.png	2025-06-10 12:17:59.416674+05:30	2025-10-27 14:58:42.599797+05:30	84318d41-b97c-42d2-95d1-eac98bb66016	f
301a2d8b-650f-4bf6-bce4-e8c1e7a25489	Wheat Bbread	Bbb@123		2025-02-18 09:43:14.227595+05:30	2025-10-27 14:58:42.657153+05:30	ccd11926-ac04-4205-a001-686095bca5ef	f
7d8027c2-6124-4193-9bc2-4d8d68ee9951	Dry Cake	Dc123	standard_images/english_fruit_cake_side_icing.png	2025-02-12 09:20:46.796898+05:30	2025-10-27 14:58:42.637756+05:30	59c134e9-db90-483c-b7a6-e86fc243d79a	f
acf3c8ac-e1c3-43e9-81b0-d1e6595e9b35	Butter Icing Cake	Bic123	standard_images/DATES_CAKE_SIDE_UeNiijk.png	2025-02-12 09:21:15.708357+05:30	2025-10-27 14:58:42.64778+05:30	59c134e9-db90-483c-b7a6-e86fc243d79a	f
86ca2e18-2690-4463-9d99-24b2895bec91	Murukku	Mm45	standard_images/murukku_sub.png	2025-02-04 10:15:09.827945+05:30	2025-10-28 15:06:54.431395+05:30	eeccacf8-bd77-4f11-b128-78d1e9d59ffb	t
02a47f91-e33a-4c4d-bec8-ebdab3fbce62	Fresh Cream Cakes And Dairy Cream Cakes	Fcd123	standard_images/black_forest_xk4n0tY.png	2025-02-12 09:20:15.757548+05:30	2025-10-27 14:58:42.663559+05:30	59c134e9-db90-483c-b7a6-e86fc243d79a	f
febf6fc5-5b78-4c2c-a43c-a2793e6f89e2	Other Daily Snacks	Ods123	standard_images/pazhyampori.png	2025-02-11 14:33:16.227548+05:30	2025-10-27 14:58:42.606518+05:30	a3789a4d-a3d3-4dfe-9b47-078dbd6f6268	f
49cc28d6-24d7-4b69-8632-bb2a525e2b4c	Burger	Br123	standard_images/burger_wheat_vegitable.png	2025-02-11 14:32:55.548582+05:30	2025-10-27 14:58:42.616065+05:30	a3789a4d-a3d3-4dfe-9b47-078dbd6f6268	f
d2a9a729-694b-4ab6-a0e6-a5e69550933c	Sandwiches	Sw123	standard_images/bead_sandwich_fish.png	2025-02-11 14:31:26.864515+05:30	2025-10-27 14:58:42.691351+05:30	a3789a4d-a3d3-4dfe-9b47-078dbd6f6268	f
d6d20f91-4422-4e1f-b4cb-d2f98ef7a4f0	Rolls	Rs123	standard_images/chicken_spring_roll.png	2025-02-11 14:32:24.778192+05:30	2025-10-27 14:58:42.672941+05:30	a3789a4d-a3d3-4dfe-9b47-078dbd6f6268	f
5725aa96-181f-4114-892c-7bb63699d475	Cutlet	Ct123	standard_images/veg_cutlet.png	2025-02-11 14:32:05.557103+05:30	2025-10-27 14:58:42.682299+05:30	a3789a4d-a3d3-4dfe-9b47-078dbd6f6268	f
20f547dd-6493-464a-a361-2d0e67c98a47	Banana Burst	Bb123	standard_images/banana_burst_sub.png	2025-02-04 10:17:04.268704+05:30	2025-10-28 15:06:54.123341+05:30	eeccacf8-bd77-4f11-b128-78d1e9d59ffb	t
1387081f-ee2f-4cda-98fe-a29cae9fc878	Kaju Sweets	Ks01	standard_images/kaju_sweets.png	2025-01-29 10:17:53.028018+05:30	2025-10-27 14:58:42.73391+05:30	4a68fb62-be9a-4d77-8f43-1a7727e8b2c4	f
9e47664b-4036-4082-a8a3-55c8ddbe673a	Mysore Pak	Mp01	standard_images/mysore_pav_sub.png	2025-01-29 10:17:19.433654+05:30	2025-10-27 14:58:42.742982+05:30	4a68fb62-be9a-4d77-8f43-1a7727e8b2c4	f
4a717445-5063-4c59-aecc-b9edfbcb1181	Burfies	Bs01	standard_images/burfies.png	2025-01-29 10:15:43.710217+05:30	2025-10-27 14:58:42.700371+05:30	4a68fb62-be9a-4d77-8f43-1a7727e8b2c4	f
7b0f0600-8df6-4d33-b657-8c70139e9ff5	Mixtures	Ms123	standard_images/mixtures_sub.png	2025-02-04 10:17:34.640683+05:30	2025-10-28 15:06:53.509418+05:30	eeccacf8-bd77-4f11-b128-78d1e9d59ffb	t
\.


--
-- Data for Name: products_productsubcategory_sales_unit; Type: TABLE DATA; Schema: public; Owner: postgres
--

COPY public.products_productsubcategory_sales_unit (id, productsubcategory_id, shop_id) FROM stdin;
778	49cc28d6-24d7-4b69-8632-bb2a525e2b4c	34148290-f2ae-45ff-aeba-6bc6436fecef
780	86ca2e18-2690-4463-9d99-24b2895bec91	34148290-f2ae-45ff-aeba-6bc6436fecef
781	7d8027c2-6124-4193-9bc2-4d8d68ee9951	34148290-f2ae-45ff-aeba-6bc6436fecef
791	acf3c8ac-e1c3-43e9-81b0-d1e6595e9b35	34148290-f2ae-45ff-aeba-6bc6436fecef
796	02a47f91-e33a-4c4d-bec8-ebdab3fbce62	34148290-f2ae-45ff-aeba-6bc6436fecef
803	febf6fc5-5b78-4c2c-a43c-a2793e6f89e2	34148290-f2ae-45ff-aeba-6bc6436fecef
813	d6d20f91-4422-4e1f-b4cb-d2f98ef7a4f0	34148290-f2ae-45ff-aeba-6bc6436fecef
818	5725aa96-181f-4114-892c-7bb63699d475	34148290-f2ae-45ff-aeba-6bc6436fecef
822	d2a9a729-694b-4ab6-a0e6-a5e69550933c	34148290-f2ae-45ff-aeba-6bc6436fecef
826	7b0f0600-8df6-4d33-b657-8c70139e9ff5	34148290-f2ae-45ff-aeba-6bc6436fecef
842	20f547dd-6493-464a-a361-2d0e67c98a47	34148290-f2ae-45ff-aeba-6bc6436fecef
872	1387081f-ee2f-4cda-98fe-a29cae9fc878	34148290-f2ae-45ff-aeba-6bc6436fecef
876	9e47664b-4036-4082-a8a3-55c8ddbe673a	34148290-f2ae-45ff-aeba-6bc6436fecef
880	4a717445-5063-4c59-aecc-b9edfbcb1181	34148290-f2ae-45ff-aeba-6bc6436fecef
1527	49cc28d6-24d7-4b69-8632-bb2a525e2b4c	3b331937-12ee-4c19-8bf6-68d1529e82b2
1529	86ca2e18-2690-4463-9d99-24b2895bec91	3b331937-12ee-4c19-8bf6-68d1529e82b2
1530	7d8027c2-6124-4193-9bc2-4d8d68ee9951	3b331937-12ee-4c19-8bf6-68d1529e82b2
1540	acf3c8ac-e1c3-43e9-81b0-d1e6595e9b35	3b331937-12ee-4c19-8bf6-68d1529e82b2
1545	02a47f91-e33a-4c4d-bec8-ebdab3fbce62	3b331937-12ee-4c19-8bf6-68d1529e82b2
1552	febf6fc5-5b78-4c2c-a43c-a2793e6f89e2	3b331937-12ee-4c19-8bf6-68d1529e82b2
1562	d6d20f91-4422-4e1f-b4cb-d2f98ef7a4f0	3b331937-12ee-4c19-8bf6-68d1529e82b2
1567	5725aa96-181f-4114-892c-7bb63699d475	3b331937-12ee-4c19-8bf6-68d1529e82b2
1571	d2a9a729-694b-4ab6-a0e6-a5e69550933c	3b331937-12ee-4c19-8bf6-68d1529e82b2
1575	7b0f0600-8df6-4d33-b657-8c70139e9ff5	3b331937-12ee-4c19-8bf6-68d1529e82b2
1591	20f547dd-6493-464a-a361-2d0e67c98a47	3b331937-12ee-4c19-8bf6-68d1529e82b2
1624	1387081f-ee2f-4cda-98fe-a29cae9fc878	3b331937-12ee-4c19-8bf6-68d1529e82b2
1629	9e47664b-4036-4082-a8a3-55c8ddbe673a	3b331937-12ee-4c19-8bf6-68d1529e82b2
1635	4a717445-5063-4c59-aecc-b9edfbcb1181	3b331937-12ee-4c19-8bf6-68d1529e82b2
8741	49cc28d6-24d7-4b69-8632-bb2a525e2b4c	71183ca3-7bc4-4f52-9eb8-15ce65cb05aa
8743	86ca2e18-2690-4463-9d99-24b2895bec91	71183ca3-7bc4-4f52-9eb8-15ce65cb05aa
8744	7d8027c2-6124-4193-9bc2-4d8d68ee9951	71183ca3-7bc4-4f52-9eb8-15ce65cb05aa
8754	acf3c8ac-e1c3-43e9-81b0-d1e6595e9b35	71183ca3-7bc4-4f52-9eb8-15ce65cb05aa
8759	02a47f91-e33a-4c4d-bec8-ebdab3fbce62	71183ca3-7bc4-4f52-9eb8-15ce65cb05aa
8766	febf6fc5-5b78-4c2c-a43c-a2793e6f89e2	71183ca3-7bc4-4f52-9eb8-15ce65cb05aa
8776	d6d20f91-4422-4e1f-b4cb-d2f98ef7a4f0	71183ca3-7bc4-4f52-9eb8-15ce65cb05aa
8781	5725aa96-181f-4114-892c-7bb63699d475	71183ca3-7bc4-4f52-9eb8-15ce65cb05aa
8785	d2a9a729-694b-4ab6-a0e6-a5e69550933c	71183ca3-7bc4-4f52-9eb8-15ce65cb05aa
8789	7b0f0600-8df6-4d33-b657-8c70139e9ff5	71183ca3-7bc4-4f52-9eb8-15ce65cb05aa
8805	20f547dd-6493-464a-a361-2d0e67c98a47	71183ca3-7bc4-4f52-9eb8-15ce65cb05aa
8838	1387081f-ee2f-4cda-98fe-a29cae9fc878	71183ca3-7bc4-4f52-9eb8-15ce65cb05aa
8843	9e47664b-4036-4082-a8a3-55c8ddbe673a	71183ca3-7bc4-4f52-9eb8-15ce65cb05aa
8849	4a717445-5063-4c59-aecc-b9edfbcb1181	71183ca3-7bc4-4f52-9eb8-15ce65cb05aa
14216	febf6fc5-5b78-4c2c-a43c-a2793e6f89e2	ed80cb11-a4b3-4991-bcb2-454c7d72edc3
14217	49cc28d6-24d7-4b69-8632-bb2a525e2b4c	ed80cb11-a4b3-4991-bcb2-454c7d72edc3
14218	86ca2e18-2690-4463-9d99-24b2895bec91	ed80cb11-a4b3-4991-bcb2-454c7d72edc3
14219	7d8027c2-6124-4193-9bc2-4d8d68ee9951	ed80cb11-a4b3-4991-bcb2-454c7d72edc3
14220	acf3c8ac-e1c3-43e9-81b0-d1e6595e9b35	ed80cb11-a4b3-4991-bcb2-454c7d72edc3
14221	02a47f91-e33a-4c4d-bec8-ebdab3fbce62	ed80cb11-a4b3-4991-bcb2-454c7d72edc3
14222	d6d20f91-4422-4e1f-b4cb-d2f98ef7a4f0	ed80cb11-a4b3-4991-bcb2-454c7d72edc3
14223	5725aa96-181f-4114-892c-7bb63699d475	ed80cb11-a4b3-4991-bcb2-454c7d72edc3
14224	d2a9a729-694b-4ab6-a0e6-a5e69550933c	ed80cb11-a4b3-4991-bcb2-454c7d72edc3
14225	4a717445-5063-4c59-aecc-b9edfbcb1181	ed80cb11-a4b3-4991-bcb2-454c7d72edc3
14226	7b0f0600-8df6-4d33-b657-8c70139e9ff5	ed80cb11-a4b3-4991-bcb2-454c7d72edc3
14227	20f547dd-6493-464a-a361-2d0e67c98a47	ed80cb11-a4b3-4991-bcb2-454c7d72edc3
14228	1387081f-ee2f-4cda-98fe-a29cae9fc878	ed80cb11-a4b3-4991-bcb2-454c7d72edc3
14229	9e47664b-4036-4082-a8a3-55c8ddbe673a	ed80cb11-a4b3-4991-bcb2-454c7d72edc3
\.


--
-- Data for Name: products_productvideo; Type: TABLE DATA; Schema: public; Owner: postgres
--

COPY public.products_productvideo (id, video, created_date, product_id) FROM stdin;
\.


--
-- Data for Name: products_salesunitproductselection; Type: TABLE DATA; Schema: public; Owner: postgres
--

COPY public.products_salesunitproductselection (id, shop_admin_status, status, sales_unit_id, sku_id) FROM stdin;
599	Visible	Visible	34148290-f2ae-45ff-aeba-6bc6436fecef	153
600	Visible	Visible	3b331937-12ee-4c19-8bf6-68d1529e82b2	153
616	Visible	Visible	71183ca3-7bc4-4f52-9eb8-15ce65cb05aa	137
617	Visible	Visible	71183ca3-7bc4-4f52-9eb8-15ce65cb05aa	135
59	Disabled	Disabled	3b331937-12ee-4c19-8bf6-68d1529e82b2	23
60	Disabled	Disabled	34148290-f2ae-45ff-aeba-6bc6436fecef	23
618	Visible	Visible	71183ca3-7bc4-4f52-9eb8-15ce65cb05aa	134
72	Disabled	Disabled	34148290-f2ae-45ff-aeba-6bc6436fecef	29
608	Visible	Visible	71183ca3-7bc4-4f52-9eb8-15ce65cb05aa	144
609	Visible	Visible	71183ca3-7bc4-4f52-9eb8-15ce65cb05aa	142
314	Visible	Visible	ed80cb11-a4b3-4991-bcb2-454c7d72edc3	133
601	Visible	Visible	ed80cb11-a4b3-4991-bcb2-454c7d72edc3	153
610	Visible	Visible	71183ca3-7bc4-4f52-9eb8-15ce65cb05aa	143
612	Visible	Visible	71183ca3-7bc4-4f52-9eb8-15ce65cb05aa	139
613	Visible	Visible	71183ca3-7bc4-4f52-9eb8-15ce65cb05aa	140
614	Visible	Visible	71183ca3-7bc4-4f52-9eb8-15ce65cb05aa	138
615	Visible	Visible	71183ca3-7bc4-4f52-9eb8-15ce65cb05aa	136
619	Visible	Visible	71183ca3-7bc4-4f52-9eb8-15ce65cb05aa	133
620	Visible	Visible	71183ca3-7bc4-4f52-9eb8-15ce65cb05aa	132
621	Visible	Visible	71183ca3-7bc4-4f52-9eb8-15ce65cb05aa	131
622	Visible	Visible	71183ca3-7bc4-4f52-9eb8-15ce65cb05aa	130
623	Visible	Visible	71183ca3-7bc4-4f52-9eb8-15ce65cb05aa	129
624	Visible	Visible	71183ca3-7bc4-4f52-9eb8-15ce65cb05aa	128
625	Visible	Visible	71183ca3-7bc4-4f52-9eb8-15ce65cb05aa	127
626	Visible	Visible	71183ca3-7bc4-4f52-9eb8-15ce65cb05aa	126
627	Visible	Visible	71183ca3-7bc4-4f52-9eb8-15ce65cb05aa	125
630	Visible	Visible	71183ca3-7bc4-4f52-9eb8-15ce65cb05aa	122
631	Visible	Visible	71183ca3-7bc4-4f52-9eb8-15ce65cb05aa	121
632	Visible	Visible	71183ca3-7bc4-4f52-9eb8-15ce65cb05aa	120
628	Visible	Visible	71183ca3-7bc4-4f52-9eb8-15ce65cb05aa	124
611	Out of Stock	Out of Stock	71183ca3-7bc4-4f52-9eb8-15ce65cb05aa	141
606	Disabled	Disabled	71183ca3-7bc4-4f52-9eb8-15ce65cb05aa	153
101	Out of Stock	Out of Stock	3b331937-12ee-4c19-8bf6-68d1529e82b2	44
102	Out of Stock	Out of Stock	34148290-f2ae-45ff-aeba-6bc6436fecef	44
629	Visible	Visible	71183ca3-7bc4-4f52-9eb8-15ce65cb05aa	123
605	Out of Stock	Out of Stock	71183ca3-7bc4-4f52-9eb8-15ce65cb05aa	154
61	Visible	Visible	3b331937-12ee-4c19-8bf6-68d1529e82b2	24
62	Visible	Visible	34148290-f2ae-45ff-aeba-6bc6436fecef	24
63	Visible	Visible	3b331937-12ee-4c19-8bf6-68d1529e82b2	25
64	Visible	Visible	34148290-f2ae-45ff-aeba-6bc6436fecef	25
65	Visible	Visible	3b331937-12ee-4c19-8bf6-68d1529e82b2	26
67	Visible	Visible	3b331937-12ee-4c19-8bf6-68d1529e82b2	27
68	Visible	Visible	34148290-f2ae-45ff-aeba-6bc6436fecef	27
69	Visible	Visible	3b331937-12ee-4c19-8bf6-68d1529e82b2	28
70	Visible	Visible	34148290-f2ae-45ff-aeba-6bc6436fecef	28
71	Visible	Visible	3b331937-12ee-4c19-8bf6-68d1529e82b2	29
73	Visible	Visible	3b331937-12ee-4c19-8bf6-68d1529e82b2	30
75	Visible	Visible	3b331937-12ee-4c19-8bf6-68d1529e82b2	31
76	Visible	Visible	34148290-f2ae-45ff-aeba-6bc6436fecef	31
81	Visible	Visible	3b331937-12ee-4c19-8bf6-68d1529e82b2	34
82	Visible	Visible	34148290-f2ae-45ff-aeba-6bc6436fecef	34
87	Visible	Visible	3b331937-12ee-4c19-8bf6-68d1529e82b2	37
88	Visible	Visible	34148290-f2ae-45ff-aeba-6bc6436fecef	37
97	Visible	Visible	3b331937-12ee-4c19-8bf6-68d1529e82b2	42
98	Visible	Visible	34148290-f2ae-45ff-aeba-6bc6436fecef	42
99	Visible	Visible	3b331937-12ee-4c19-8bf6-68d1529e82b2	43
103	Visible	Visible	3b331937-12ee-4c19-8bf6-68d1529e82b2	45
104	Visible	Visible	34148290-f2ae-45ff-aeba-6bc6436fecef	45
105	Visible	Visible	3b331937-12ee-4c19-8bf6-68d1529e82b2	46
106	Visible	Visible	34148290-f2ae-45ff-aeba-6bc6436fecef	46
107	Visible	Visible	3b331937-12ee-4c19-8bf6-68d1529e82b2	47
108	Visible	Visible	34148290-f2ae-45ff-aeba-6bc6436fecef	47
109	Visible	Visible	3b331937-12ee-4c19-8bf6-68d1529e82b2	48
110	Visible	Visible	34148290-f2ae-45ff-aeba-6bc6436fecef	48
111	Visible	Visible	3b331937-12ee-4c19-8bf6-68d1529e82b2	49
112	Visible	Visible	34148290-f2ae-45ff-aeba-6bc6436fecef	49
115	Visible	Visible	3b331937-12ee-4c19-8bf6-68d1529e82b2	51
116	Visible	Visible	34148290-f2ae-45ff-aeba-6bc6436fecef	51
117	Visible	Visible	3b331937-12ee-4c19-8bf6-68d1529e82b2	52
118	Visible	Visible	34148290-f2ae-45ff-aeba-6bc6436fecef	52
119	Visible	Visible	3b331937-12ee-4c19-8bf6-68d1529e82b2	53
120	Visible	Visible	34148290-f2ae-45ff-aeba-6bc6436fecef	53
121	Visible	Visible	3b331937-12ee-4c19-8bf6-68d1529e82b2	54
122	Visible	Visible	34148290-f2ae-45ff-aeba-6bc6436fecef	54
123	Visible	Visible	3b331937-12ee-4c19-8bf6-68d1529e82b2	55
124	Visible	Visible	34148290-f2ae-45ff-aeba-6bc6436fecef	55
125	Visible	Visible	3b331937-12ee-4c19-8bf6-68d1529e82b2	56
126	Visible	Visible	34148290-f2ae-45ff-aeba-6bc6436fecef	56
127	Visible	Visible	3b331937-12ee-4c19-8bf6-68d1529e82b2	57
128	Visible	Visible	34148290-f2ae-45ff-aeba-6bc6436fecef	57
129	Visible	Visible	3b331937-12ee-4c19-8bf6-68d1529e82b2	58
130	Visible	Visible	34148290-f2ae-45ff-aeba-6bc6436fecef	58
131	Visible	Visible	3b331937-12ee-4c19-8bf6-68d1529e82b2	59
132	Visible	Visible	34148290-f2ae-45ff-aeba-6bc6436fecef	59
133	Visible	Visible	3b331937-12ee-4c19-8bf6-68d1529e82b2	60
135	Visible	Visible	3b331937-12ee-4c19-8bf6-68d1529e82b2	61
137	Visible	Visible	3b331937-12ee-4c19-8bf6-68d1529e82b2	62
74	Disabled	Disabled	34148290-f2ae-45ff-aeba-6bc6436fecef	30
100	Disabled	Visible	34148290-f2ae-45ff-aeba-6bc6436fecef	43
66	Disabled	Visible	34148290-f2ae-45ff-aeba-6bc6436fecef	26
134	Disabled	Visible	34148290-f2ae-45ff-aeba-6bc6436fecef	60
136	Disabled	Visible	34148290-f2ae-45ff-aeba-6bc6436fecef	61
138	Disabled	Visible	34148290-f2ae-45ff-aeba-6bc6436fecef	62
143	Visible	Visible	3b331937-12ee-4c19-8bf6-68d1529e82b2	65
144	Visible	Visible	34148290-f2ae-45ff-aeba-6bc6436fecef	65
145	Visible	Visible	3b331937-12ee-4c19-8bf6-68d1529e82b2	66
146	Visible	Visible	34148290-f2ae-45ff-aeba-6bc6436fecef	66
147	Visible	Visible	3b331937-12ee-4c19-8bf6-68d1529e82b2	67
148	Visible	Visible	34148290-f2ae-45ff-aeba-6bc6436fecef	67
149	Visible	Visible	3b331937-12ee-4c19-8bf6-68d1529e82b2	68
150	Visible	Visible	34148290-f2ae-45ff-aeba-6bc6436fecef	68
151	Visible	Visible	3b331937-12ee-4c19-8bf6-68d1529e82b2	69
152	Visible	Visible	34148290-f2ae-45ff-aeba-6bc6436fecef	69
153	Visible	Visible	3b331937-12ee-4c19-8bf6-68d1529e82b2	70
154	Visible	Visible	34148290-f2ae-45ff-aeba-6bc6436fecef	70
155	Visible	Visible	3b331937-12ee-4c19-8bf6-68d1529e82b2	71
156	Visible	Visible	34148290-f2ae-45ff-aeba-6bc6436fecef	71
157	Visible	Visible	3b331937-12ee-4c19-8bf6-68d1529e82b2	72
158	Visible	Visible	34148290-f2ae-45ff-aeba-6bc6436fecef	72
159	Visible	Visible	3b331937-12ee-4c19-8bf6-68d1529e82b2	73
160	Visible	Visible	34148290-f2ae-45ff-aeba-6bc6436fecef	73
161	Visible	Visible	3b331937-12ee-4c19-8bf6-68d1529e82b2	74
162	Visible	Visible	34148290-f2ae-45ff-aeba-6bc6436fecef	74
163	Visible	Visible	3b331937-12ee-4c19-8bf6-68d1529e82b2	75
164	Visible	Visible	34148290-f2ae-45ff-aeba-6bc6436fecef	75
165	Visible	Visible	3b331937-12ee-4c19-8bf6-68d1529e82b2	76
166	Visible	Visible	34148290-f2ae-45ff-aeba-6bc6436fecef	76
167	Visible	Visible	3b331937-12ee-4c19-8bf6-68d1529e82b2	77
168	Visible	Visible	34148290-f2ae-45ff-aeba-6bc6436fecef	77
169	Visible	Visible	3b331937-12ee-4c19-8bf6-68d1529e82b2	78
170	Visible	Visible	34148290-f2ae-45ff-aeba-6bc6436fecef	78
171	Visible	Visible	3b331937-12ee-4c19-8bf6-68d1529e82b2	79
172	Visible	Visible	34148290-f2ae-45ff-aeba-6bc6436fecef	79
173	Visible	Visible	3b331937-12ee-4c19-8bf6-68d1529e82b2	80
174	Visible	Visible	34148290-f2ae-45ff-aeba-6bc6436fecef	80
175	Visible	Visible	3b331937-12ee-4c19-8bf6-68d1529e82b2	81
176	Visible	Visible	34148290-f2ae-45ff-aeba-6bc6436fecef	81
177	Visible	Visible	3b331937-12ee-4c19-8bf6-68d1529e82b2	82
178	Visible	Visible	34148290-f2ae-45ff-aeba-6bc6436fecef	82
179	Visible	Visible	3b331937-12ee-4c19-8bf6-68d1529e82b2	83
180	Visible	Visible	34148290-f2ae-45ff-aeba-6bc6436fecef	83
181	Visible	Visible	3b331937-12ee-4c19-8bf6-68d1529e82b2	84
182	Visible	Visible	34148290-f2ae-45ff-aeba-6bc6436fecef	84
183	Visible	Visible	3b331937-12ee-4c19-8bf6-68d1529e82b2	85
184	Visible	Visible	34148290-f2ae-45ff-aeba-6bc6436fecef	85
185	Visible	Visible	3b331937-12ee-4c19-8bf6-68d1529e82b2	86
186	Visible	Visible	34148290-f2ae-45ff-aeba-6bc6436fecef	86
187	Visible	Visible	3b331937-12ee-4c19-8bf6-68d1529e82b2	87
188	Visible	Visible	34148290-f2ae-45ff-aeba-6bc6436fecef	87
189	Visible	Visible	3b331937-12ee-4c19-8bf6-68d1529e82b2	88
190	Visible	Visible	34148290-f2ae-45ff-aeba-6bc6436fecef	88
191	Visible	Visible	3b331937-12ee-4c19-8bf6-68d1529e82b2	89
192	Visible	Visible	34148290-f2ae-45ff-aeba-6bc6436fecef	89
193	Visible	Visible	3b331937-12ee-4c19-8bf6-68d1529e82b2	90
194	Visible	Visible	34148290-f2ae-45ff-aeba-6bc6436fecef	90
195	Visible	Visible	3b331937-12ee-4c19-8bf6-68d1529e82b2	91
196	Visible	Visible	34148290-f2ae-45ff-aeba-6bc6436fecef	91
197	Visible	Visible	3b331937-12ee-4c19-8bf6-68d1529e82b2	92
198	Visible	Visible	34148290-f2ae-45ff-aeba-6bc6436fecef	92
201	Visible	Visible	3b331937-12ee-4c19-8bf6-68d1529e82b2	94
202	Visible	Visible	34148290-f2ae-45ff-aeba-6bc6436fecef	94
203	Visible	Visible	3b331937-12ee-4c19-8bf6-68d1529e82b2	95
204	Visible	Visible	34148290-f2ae-45ff-aeba-6bc6436fecef	95
205	Visible	Visible	3b331937-12ee-4c19-8bf6-68d1529e82b2	96
206	Visible	Visible	34148290-f2ae-45ff-aeba-6bc6436fecef	96
207	Visible	Visible	3b331937-12ee-4c19-8bf6-68d1529e82b2	97
208	Visible	Visible	34148290-f2ae-45ff-aeba-6bc6436fecef	97
209	Visible	Visible	3b331937-12ee-4c19-8bf6-68d1529e82b2	98
210	Visible	Visible	34148290-f2ae-45ff-aeba-6bc6436fecef	98
211	Visible	Visible	3b331937-12ee-4c19-8bf6-68d1529e82b2	99
212	Visible	Visible	34148290-f2ae-45ff-aeba-6bc6436fecef	99
213	Visible	Visible	3b331937-12ee-4c19-8bf6-68d1529e82b2	100
214	Visible	Visible	34148290-f2ae-45ff-aeba-6bc6436fecef	100
215	Visible	Visible	3b331937-12ee-4c19-8bf6-68d1529e82b2	101
216	Visible	Visible	34148290-f2ae-45ff-aeba-6bc6436fecef	101
217	Visible	Visible	3b331937-12ee-4c19-8bf6-68d1529e82b2	102
218	Visible	Visible	34148290-f2ae-45ff-aeba-6bc6436fecef	102
219	Visible	Visible	3b331937-12ee-4c19-8bf6-68d1529e82b2	103
220	Visible	Visible	34148290-f2ae-45ff-aeba-6bc6436fecef	103
221	Visible	Visible	3b331937-12ee-4c19-8bf6-68d1529e82b2	104
222	Visible	Visible	34148290-f2ae-45ff-aeba-6bc6436fecef	104
223	Visible	Visible	3b331937-12ee-4c19-8bf6-68d1529e82b2	105
224	Visible	Visible	34148290-f2ae-45ff-aeba-6bc6436fecef	105
225	Visible	Visible	3b331937-12ee-4c19-8bf6-68d1529e82b2	106
226	Visible	Visible	34148290-f2ae-45ff-aeba-6bc6436fecef	106
227	Visible	Visible	3b331937-12ee-4c19-8bf6-68d1529e82b2	107
228	Visible	Visible	34148290-f2ae-45ff-aeba-6bc6436fecef	107
229	Visible	Visible	3b331937-12ee-4c19-8bf6-68d1529e82b2	108
230	Visible	Visible	34148290-f2ae-45ff-aeba-6bc6436fecef	108
231	Visible	Visible	3b331937-12ee-4c19-8bf6-68d1529e82b2	109
232	Visible	Visible	34148290-f2ae-45ff-aeba-6bc6436fecef	109
233	Visible	Visible	3b331937-12ee-4c19-8bf6-68d1529e82b2	110
234	Visible	Visible	34148290-f2ae-45ff-aeba-6bc6436fecef	110
235	Visible	Visible	3b331937-12ee-4c19-8bf6-68d1529e82b2	111
236	Visible	Visible	34148290-f2ae-45ff-aeba-6bc6436fecef	111
237	Visible	Visible	3b331937-12ee-4c19-8bf6-68d1529e82b2	112
238	Visible	Visible	34148290-f2ae-45ff-aeba-6bc6436fecef	112
239	Visible	Visible	3b331937-12ee-4c19-8bf6-68d1529e82b2	113
240	Visible	Visible	34148290-f2ae-45ff-aeba-6bc6436fecef	113
241	Visible	Visible	3b331937-12ee-4c19-8bf6-68d1529e82b2	114
242	Visible	Visible	34148290-f2ae-45ff-aeba-6bc6436fecef	114
243	Visible	Visible	3b331937-12ee-4c19-8bf6-68d1529e82b2	115
244	Visible	Visible	34148290-f2ae-45ff-aeba-6bc6436fecef	115
245	Visible	Visible	3b331937-12ee-4c19-8bf6-68d1529e82b2	116
246	Visible	Visible	34148290-f2ae-45ff-aeba-6bc6436fecef	116
247	Visible	Visible	3b331937-12ee-4c19-8bf6-68d1529e82b2	117
248	Visible	Visible	34148290-f2ae-45ff-aeba-6bc6436fecef	117
249	Visible	Visible	3b331937-12ee-4c19-8bf6-68d1529e82b2	118
250	Visible	Visible	34148290-f2ae-45ff-aeba-6bc6436fecef	118
251	Visible	Visible	3b331937-12ee-4c19-8bf6-68d1529e82b2	119
252	Visible	Visible	34148290-f2ae-45ff-aeba-6bc6436fecef	119
200	Visible	Visible	34148290-f2ae-45ff-aeba-6bc6436fecef	93
253	Visible	Visible	3b331937-12ee-4c19-8bf6-68d1529e82b2	120
254	Visible	Visible	34148290-f2ae-45ff-aeba-6bc6436fecef	120
255	Visible	Visible	3b331937-12ee-4c19-8bf6-68d1529e82b2	121
256	Visible	Visible	34148290-f2ae-45ff-aeba-6bc6436fecef	121
257	Visible	Visible	3b331937-12ee-4c19-8bf6-68d1529e82b2	122
258	Visible	Visible	34148290-f2ae-45ff-aeba-6bc6436fecef	122
263	Visible	Visible	3b331937-12ee-4c19-8bf6-68d1529e82b2	125
264	Visible	Visible	34148290-f2ae-45ff-aeba-6bc6436fecef	125
265	Visible	Visible	3b331937-12ee-4c19-8bf6-68d1529e82b2	126
266	Visible	Visible	34148290-f2ae-45ff-aeba-6bc6436fecef	126
267	Visible	Visible	3b331937-12ee-4c19-8bf6-68d1529e82b2	127
268	Visible	Visible	34148290-f2ae-45ff-aeba-6bc6436fecef	127
269	Visible	Visible	3b331937-12ee-4c19-8bf6-68d1529e82b2	128
270	Visible	Visible	34148290-f2ae-45ff-aeba-6bc6436fecef	128
271	Visible	Visible	3b331937-12ee-4c19-8bf6-68d1529e82b2	129
272	Visible	Visible	34148290-f2ae-45ff-aeba-6bc6436fecef	129
273	Visible	Visible	3b331937-12ee-4c19-8bf6-68d1529e82b2	130
274	Visible	Visible	34148290-f2ae-45ff-aeba-6bc6436fecef	130
275	Visible	Visible	3b331937-12ee-4c19-8bf6-68d1529e82b2	131
276	Visible	Visible	34148290-f2ae-45ff-aeba-6bc6436fecef	131
277	Visible	Visible	3b331937-12ee-4c19-8bf6-68d1529e82b2	132
278	Visible	Visible	34148290-f2ae-45ff-aeba-6bc6436fecef	132
279	Visible	Visible	3b331937-12ee-4c19-8bf6-68d1529e82b2	133
280	Visible	Visible	34148290-f2ae-45ff-aeba-6bc6436fecef	133
281	Visible	Visible	3b331937-12ee-4c19-8bf6-68d1529e82b2	134
282	Visible	Visible	34148290-f2ae-45ff-aeba-6bc6436fecef	134
283	Visible	Visible	3b331937-12ee-4c19-8bf6-68d1529e82b2	135
284	Visible	Visible	34148290-f2ae-45ff-aeba-6bc6436fecef	135
285	Visible	Visible	3b331937-12ee-4c19-8bf6-68d1529e82b2	136
286	Visible	Visible	34148290-f2ae-45ff-aeba-6bc6436fecef	136
287	Visible	Visible	3b331937-12ee-4c19-8bf6-68d1529e82b2	137
288	Visible	Visible	34148290-f2ae-45ff-aeba-6bc6436fecef	137
289	Visible	Visible	3b331937-12ee-4c19-8bf6-68d1529e82b2	138
290	Visible	Visible	34148290-f2ae-45ff-aeba-6bc6436fecef	138
291	Visible	Visible	3b331937-12ee-4c19-8bf6-68d1529e82b2	139
292	Visible	Visible	34148290-f2ae-45ff-aeba-6bc6436fecef	139
293	Visible	Visible	3b331937-12ee-4c19-8bf6-68d1529e82b2	140
294	Visible	Visible	34148290-f2ae-45ff-aeba-6bc6436fecef	140
297	Visible	Visible	3b331937-12ee-4c19-8bf6-68d1529e82b2	142
298	Visible	Visible	34148290-f2ae-45ff-aeba-6bc6436fecef	142
299	Visible	Visible	3b331937-12ee-4c19-8bf6-68d1529e82b2	143
300	Visible	Visible	34148290-f2ae-45ff-aeba-6bc6436fecef	143
302	Visible	Visible	34148290-f2ae-45ff-aeba-6bc6436fecef	144
301	Visible	Visible	3b331937-12ee-4c19-8bf6-68d1529e82b2	144
596	Out of Stock	Out of Stock	34148290-f2ae-45ff-aeba-6bc6436fecef	152
597	Out of Stock	Out of Stock	3b331937-12ee-4c19-8bf6-68d1529e82b2	152
345	Visible	Visible	ed80cb11-a4b3-4991-bcb2-454c7d72edc3	102
607	Out of Stock	Out of Stock	71183ca3-7bc4-4f52-9eb8-15ce65cb05aa	152
346	Visible	Visible	ed80cb11-a4b3-4991-bcb2-454c7d72edc3	100
347	Visible	Visible	ed80cb11-a4b3-4991-bcb2-454c7d72edc3	101
295	Out of Stock	Out of Stock	3b331937-12ee-4c19-8bf6-68d1529e82b2	141
296	Out of Stock	Out of Stock	34148290-f2ae-45ff-aeba-6bc6436fecef	141
305	Visible	Visible	ed80cb11-a4b3-4991-bcb2-454c7d72edc3	143
307	Visible	Visible	ed80cb11-a4b3-4991-bcb2-454c7d72edc3	138
308	Visible	Visible	ed80cb11-a4b3-4991-bcb2-454c7d72edc3	139
260	Visible	Visible	34148290-f2ae-45ff-aeba-6bc6436fecef	123
262	Visible	Visible	34148290-f2ae-45ff-aeba-6bc6436fecef	124
261	Visible	Visible	3b331937-12ee-4c19-8bf6-68d1529e82b2	124
309	Visible	Visible	ed80cb11-a4b3-4991-bcb2-454c7d72edc3	140
310	Visible	Visible	ed80cb11-a4b3-4991-bcb2-454c7d72edc3	135
259	Visible	Visible	3b331937-12ee-4c19-8bf6-68d1529e82b2	123
311	Visible	Visible	ed80cb11-a4b3-4991-bcb2-454c7d72edc3	136
199	Visible	Visible	3b331937-12ee-4c19-8bf6-68d1529e82b2	93
312	Visible	Visible	ed80cb11-a4b3-4991-bcb2-454c7d72edc3	137
602	Visible	Visible	34148290-f2ae-45ff-aeba-6bc6436fecef	154
658	Visible	Visible	71183ca3-7bc4-4f52-9eb8-15ce65cb05aa	93
603	Visible	Visible	3b331937-12ee-4c19-8bf6-68d1529e82b2	154
360	Visible	Visible	ed80cb11-a4b3-4991-bcb2-454c7d72edc3	84
638	Visible	Visible	71183ca3-7bc4-4f52-9eb8-15ce65cb05aa	114
639	Visible	Visible	71183ca3-7bc4-4f52-9eb8-15ce65cb05aa	113
633	Visible	Visible	71183ca3-7bc4-4f52-9eb8-15ce65cb05aa	119
634	Visible	Visible	71183ca3-7bc4-4f52-9eb8-15ce65cb05aa	117
635	Visible	Visible	71183ca3-7bc4-4f52-9eb8-15ce65cb05aa	118
636	Visible	Visible	71183ca3-7bc4-4f52-9eb8-15ce65cb05aa	116
637	Visible	Visible	71183ca3-7bc4-4f52-9eb8-15ce65cb05aa	115
640	Visible	Visible	71183ca3-7bc4-4f52-9eb8-15ce65cb05aa	112
641	Visible	Visible	71183ca3-7bc4-4f52-9eb8-15ce65cb05aa	111
642	Visible	Visible	71183ca3-7bc4-4f52-9eb8-15ce65cb05aa	110
643	Visible	Visible	71183ca3-7bc4-4f52-9eb8-15ce65cb05aa	109
644	Visible	Visible	71183ca3-7bc4-4f52-9eb8-15ce65cb05aa	108
645	Visible	Visible	71183ca3-7bc4-4f52-9eb8-15ce65cb05aa	107
646	Visible	Visible	71183ca3-7bc4-4f52-9eb8-15ce65cb05aa	106
647	Visible	Visible	71183ca3-7bc4-4f52-9eb8-15ce65cb05aa	105
648	Visible	Visible	71183ca3-7bc4-4f52-9eb8-15ce65cb05aa	104
649	Visible	Visible	71183ca3-7bc4-4f52-9eb8-15ce65cb05aa	103
650	Visible	Visible	71183ca3-7bc4-4f52-9eb8-15ce65cb05aa	102
651	Visible	Visible	71183ca3-7bc4-4f52-9eb8-15ce65cb05aa	101
652	Visible	Visible	71183ca3-7bc4-4f52-9eb8-15ce65cb05aa	100
653	Visible	Visible	71183ca3-7bc4-4f52-9eb8-15ce65cb05aa	98
654	Visible	Visible	71183ca3-7bc4-4f52-9eb8-15ce65cb05aa	97
655	Visible	Visible	71183ca3-7bc4-4f52-9eb8-15ce65cb05aa	99
656	Visible	Visible	71183ca3-7bc4-4f52-9eb8-15ce65cb05aa	92
657	Visible	Visible	71183ca3-7bc4-4f52-9eb8-15ce65cb05aa	91
659	Visible	Visible	71183ca3-7bc4-4f52-9eb8-15ce65cb05aa	94
660	Visible	Visible	71183ca3-7bc4-4f52-9eb8-15ce65cb05aa	95
661	Visible	Visible	71183ca3-7bc4-4f52-9eb8-15ce65cb05aa	96
662	Visible	Visible	71183ca3-7bc4-4f52-9eb8-15ce65cb05aa	90
663	Visible	Visible	71183ca3-7bc4-4f52-9eb8-15ce65cb05aa	88
664	Visible	Visible	71183ca3-7bc4-4f52-9eb8-15ce65cb05aa	89
665	Visible	Visible	71183ca3-7bc4-4f52-9eb8-15ce65cb05aa	84
705	Out of Stock	Out of Stock	71183ca3-7bc4-4f52-9eb8-15ce65cb05aa	44
666	Visible	Visible	71183ca3-7bc4-4f52-9eb8-15ce65cb05aa	85
667	Visible	Visible	71183ca3-7bc4-4f52-9eb8-15ce65cb05aa	86
668	Visible	Visible	71183ca3-7bc4-4f52-9eb8-15ce65cb05aa	87
669	Visible	Visible	71183ca3-7bc4-4f52-9eb8-15ce65cb05aa	83
670	Visible	Visible	71183ca3-7bc4-4f52-9eb8-15ce65cb05aa	79
671	Visible	Visible	71183ca3-7bc4-4f52-9eb8-15ce65cb05aa	80
672	Visible	Visible	71183ca3-7bc4-4f52-9eb8-15ce65cb05aa	81
673	Visible	Visible	71183ca3-7bc4-4f52-9eb8-15ce65cb05aa	82
674	Visible	Visible	71183ca3-7bc4-4f52-9eb8-15ce65cb05aa	75
675	Visible	Visible	71183ca3-7bc4-4f52-9eb8-15ce65cb05aa	74
676	Visible	Visible	71183ca3-7bc4-4f52-9eb8-15ce65cb05aa	76
677	Visible	Visible	71183ca3-7bc4-4f52-9eb8-15ce65cb05aa	78
678	Visible	Visible	71183ca3-7bc4-4f52-9eb8-15ce65cb05aa	77
679	Visible	Visible	71183ca3-7bc4-4f52-9eb8-15ce65cb05aa	73
680	Visible	Visible	71183ca3-7bc4-4f52-9eb8-15ce65cb05aa	71
681	Visible	Visible	71183ca3-7bc4-4f52-9eb8-15ce65cb05aa	72
682	Visible	Visible	71183ca3-7bc4-4f52-9eb8-15ce65cb05aa	67
683	Visible	Visible	71183ca3-7bc4-4f52-9eb8-15ce65cb05aa	69
684	Visible	Visible	71183ca3-7bc4-4f52-9eb8-15ce65cb05aa	66
685	Visible	Visible	71183ca3-7bc4-4f52-9eb8-15ce65cb05aa	70
686	Visible	Visible	71183ca3-7bc4-4f52-9eb8-15ce65cb05aa	68
687	Visible	Visible	71183ca3-7bc4-4f52-9eb8-15ce65cb05aa	65
688	Visible	Visible	71183ca3-7bc4-4f52-9eb8-15ce65cb05aa	60
689	Visible	Visible	71183ca3-7bc4-4f52-9eb8-15ce65cb05aa	61
690	Visible	Visible	71183ca3-7bc4-4f52-9eb8-15ce65cb05aa	62
691	Visible	Visible	71183ca3-7bc4-4f52-9eb8-15ce65cb05aa	59
692	Visible	Visible	71183ca3-7bc4-4f52-9eb8-15ce65cb05aa	56
693	Visible	Visible	71183ca3-7bc4-4f52-9eb8-15ce65cb05aa	58
694	Visible	Visible	71183ca3-7bc4-4f52-9eb8-15ce65cb05aa	55
695	Visible	Visible	71183ca3-7bc4-4f52-9eb8-15ce65cb05aa	57
696	Visible	Visible	71183ca3-7bc4-4f52-9eb8-15ce65cb05aa	52
697	Visible	Visible	71183ca3-7bc4-4f52-9eb8-15ce65cb05aa	54
698	Visible	Visible	71183ca3-7bc4-4f52-9eb8-15ce65cb05aa	53
699	Visible	Visible	71183ca3-7bc4-4f52-9eb8-15ce65cb05aa	51
700	Visible	Visible	71183ca3-7bc4-4f52-9eb8-15ce65cb05aa	49
701	Visible	Visible	71183ca3-7bc4-4f52-9eb8-15ce65cb05aa	48
702	Visible	Visible	71183ca3-7bc4-4f52-9eb8-15ce65cb05aa	47
703	Visible	Visible	71183ca3-7bc4-4f52-9eb8-15ce65cb05aa	46
704	Visible	Visible	71183ca3-7bc4-4f52-9eb8-15ce65cb05aa	45
706	Visible	Visible	71183ca3-7bc4-4f52-9eb8-15ce65cb05aa	43
707	Visible	Visible	71183ca3-7bc4-4f52-9eb8-15ce65cb05aa	42
708	Visible	Visible	71183ca3-7bc4-4f52-9eb8-15ce65cb05aa	37
709	Visible	Visible	71183ca3-7bc4-4f52-9eb8-15ce65cb05aa	34
710	Visible	Visible	71183ca3-7bc4-4f52-9eb8-15ce65cb05aa	31
711	Visible	Visible	71183ca3-7bc4-4f52-9eb8-15ce65cb05aa	30
712	Visible	Visible	71183ca3-7bc4-4f52-9eb8-15ce65cb05aa	29
713	Visible	Visible	71183ca3-7bc4-4f52-9eb8-15ce65cb05aa	28
714	Visible	Visible	71183ca3-7bc4-4f52-9eb8-15ce65cb05aa	27
715	Visible	Visible	71183ca3-7bc4-4f52-9eb8-15ce65cb05aa	26
716	Visible	Visible	71183ca3-7bc4-4f52-9eb8-15ce65cb05aa	24
717	Visible	Visible	71183ca3-7bc4-4f52-9eb8-15ce65cb05aa	25
718	Visible	Visible	71183ca3-7bc4-4f52-9eb8-15ce65cb05aa	23
340	Visible	Visible	ed80cb11-a4b3-4991-bcb2-454c7d72edc3	107
341	Visible	Visible	ed80cb11-a4b3-4991-bcb2-454c7d72edc3	106
315	Visible	Visible	ed80cb11-a4b3-4991-bcb2-454c7d72edc3	132
317	Visible	Visible	ed80cb11-a4b3-4991-bcb2-454c7d72edc3	130
318	Visible	Visible	ed80cb11-a4b3-4991-bcb2-454c7d72edc3	129
319	Visible	Visible	ed80cb11-a4b3-4991-bcb2-454c7d72edc3	128
320	Visible	Visible	ed80cb11-a4b3-4991-bcb2-454c7d72edc3	127
321	Visible	Visible	ed80cb11-a4b3-4991-bcb2-454c7d72edc3	125
322	Visible	Visible	ed80cb11-a4b3-4991-bcb2-454c7d72edc3	126
598	Out of Stock	Out of Stock	ed80cb11-a4b3-4991-bcb2-454c7d72edc3	152
401	Out of Stock	Out of Stock	ed80cb11-a4b3-4991-bcb2-454c7d72edc3	44
353	Visible	Visible	ed80cb11-a4b3-4991-bcb2-454c7d72edc3	93
306	Out of Stock	Out of Stock	ed80cb11-a4b3-4991-bcb2-454c7d72edc3	141
323	Visible	Visible	ed80cb11-a4b3-4991-bcb2-454c7d72edc3	123
324	Visible	Visible	ed80cb11-a4b3-4991-bcb2-454c7d72edc3	124
348	Visible	Visible	ed80cb11-a4b3-4991-bcb2-454c7d72edc3	98
349	Visible	Visible	ed80cb11-a4b3-4991-bcb2-454c7d72edc3	97
350	Visible	Visible	ed80cb11-a4b3-4991-bcb2-454c7d72edc3	99
351	Visible	Visible	ed80cb11-a4b3-4991-bcb2-454c7d72edc3	91
352	Visible	Visible	ed80cb11-a4b3-4991-bcb2-454c7d72edc3	92
354	Visible	Visible	ed80cb11-a4b3-4991-bcb2-454c7d72edc3	94
355	Visible	Visible	ed80cb11-a4b3-4991-bcb2-454c7d72edc3	95
356	Visible	Visible	ed80cb11-a4b3-4991-bcb2-454c7d72edc3	96
357	Visible	Visible	ed80cb11-a4b3-4991-bcb2-454c7d72edc3	88
358	Visible	Visible	ed80cb11-a4b3-4991-bcb2-454c7d72edc3	89
359	Visible	Visible	ed80cb11-a4b3-4991-bcb2-454c7d72edc3	90
313	Visible	Visible	ed80cb11-a4b3-4991-bcb2-454c7d72edc3	134
304	Visible	Visible	ed80cb11-a4b3-4991-bcb2-454c7d72edc3	142
316	Visible	Visible	ed80cb11-a4b3-4991-bcb2-454c7d72edc3	131
325	Visible	Visible	ed80cb11-a4b3-4991-bcb2-454c7d72edc3	122
326	Visible	Visible	ed80cb11-a4b3-4991-bcb2-454c7d72edc3	121
327	Visible	Visible	ed80cb11-a4b3-4991-bcb2-454c7d72edc3	120
328	Visible	Visible	ed80cb11-a4b3-4991-bcb2-454c7d72edc3	119
361	Visible	Visible	ed80cb11-a4b3-4991-bcb2-454c7d72edc3	85
362	Visible	Visible	ed80cb11-a4b3-4991-bcb2-454c7d72edc3	86
363	Visible	Visible	ed80cb11-a4b3-4991-bcb2-454c7d72edc3	87
364	Visible	Visible	ed80cb11-a4b3-4991-bcb2-454c7d72edc3	83
365	Visible	Visible	ed80cb11-a4b3-4991-bcb2-454c7d72edc3	75
342	Visible	Visible	ed80cb11-a4b3-4991-bcb2-454c7d72edc3	105
366	Visible	Visible	ed80cb11-a4b3-4991-bcb2-454c7d72edc3	77
367	Visible	Visible	ed80cb11-a4b3-4991-bcb2-454c7d72edc3	74
368	Visible	Visible	ed80cb11-a4b3-4991-bcb2-454c7d72edc3	76
369	Visible	Visible	ed80cb11-a4b3-4991-bcb2-454c7d72edc3	78
370	Visible	Visible	ed80cb11-a4b3-4991-bcb2-454c7d72edc3	79
371	Visible	Visible	ed80cb11-a4b3-4991-bcb2-454c7d72edc3	80
372	Visible	Visible	ed80cb11-a4b3-4991-bcb2-454c7d72edc3	81
373	Visible	Visible	ed80cb11-a4b3-4991-bcb2-454c7d72edc3	82
374	Visible	Visible	ed80cb11-a4b3-4991-bcb2-454c7d72edc3	73
375	Visible	Visible	ed80cb11-a4b3-4991-bcb2-454c7d72edc3	72
376	Visible	Visible	ed80cb11-a4b3-4991-bcb2-454c7d72edc3	71
377	Visible	Visible	ed80cb11-a4b3-4991-bcb2-454c7d72edc3	65
378	Visible	Visible	ed80cb11-a4b3-4991-bcb2-454c7d72edc3	66
379	Visible	Visible	ed80cb11-a4b3-4991-bcb2-454c7d72edc3	67
380	Visible	Visible	ed80cb11-a4b3-4991-bcb2-454c7d72edc3	68
381	Visible	Visible	ed80cb11-a4b3-4991-bcb2-454c7d72edc3	69
382	Visible	Visible	ed80cb11-a4b3-4991-bcb2-454c7d72edc3	70
383	Visible	Visible	ed80cb11-a4b3-4991-bcb2-454c7d72edc3	60
384	Visible	Visible	ed80cb11-a4b3-4991-bcb2-454c7d72edc3	61
385	Visible	Visible	ed80cb11-a4b3-4991-bcb2-454c7d72edc3	62
386	Visible	Visible	ed80cb11-a4b3-4991-bcb2-454c7d72edc3	59
387	Visible	Visible	ed80cb11-a4b3-4991-bcb2-454c7d72edc3	55
388	Visible	Visible	ed80cb11-a4b3-4991-bcb2-454c7d72edc3	56
389	Visible	Visible	ed80cb11-a4b3-4991-bcb2-454c7d72edc3	57
390	Visible	Visible	ed80cb11-a4b3-4991-bcb2-454c7d72edc3	58
391	Visible	Visible	ed80cb11-a4b3-4991-bcb2-454c7d72edc3	51
392	Visible	Visible	ed80cb11-a4b3-4991-bcb2-454c7d72edc3	52
393	Visible	Visible	ed80cb11-a4b3-4991-bcb2-454c7d72edc3	53
394	Visible	Visible	ed80cb11-a4b3-4991-bcb2-454c7d72edc3	54
396	Visible	Visible	ed80cb11-a4b3-4991-bcb2-454c7d72edc3	48
397	Visible	Visible	ed80cb11-a4b3-4991-bcb2-454c7d72edc3	49
303	Visible	Visible	ed80cb11-a4b3-4991-bcb2-454c7d72edc3	144
398	Visible	Visible	ed80cb11-a4b3-4991-bcb2-454c7d72edc3	47
399	Visible	Visible	ed80cb11-a4b3-4991-bcb2-454c7d72edc3	46
400	Visible	Visible	ed80cb11-a4b3-4991-bcb2-454c7d72edc3	45
402	Visible	Visible	ed80cb11-a4b3-4991-bcb2-454c7d72edc3	43
403	Visible	Visible	ed80cb11-a4b3-4991-bcb2-454c7d72edc3	42
404	Visible	Visible	ed80cb11-a4b3-4991-bcb2-454c7d72edc3	37
405	Visible	Visible	ed80cb11-a4b3-4991-bcb2-454c7d72edc3	34
406	Visible	Visible	ed80cb11-a4b3-4991-bcb2-454c7d72edc3	31
407	Visible	Visible	ed80cb11-a4b3-4991-bcb2-454c7d72edc3	29
408	Visible	Visible	ed80cb11-a4b3-4991-bcb2-454c7d72edc3	30
409	Visible	Visible	ed80cb11-a4b3-4991-bcb2-454c7d72edc3	28
410	Visible	Visible	ed80cb11-a4b3-4991-bcb2-454c7d72edc3	27
411	Visible	Visible	ed80cb11-a4b3-4991-bcb2-454c7d72edc3	26
412	Visible	Visible	ed80cb11-a4b3-4991-bcb2-454c7d72edc3	24
413	Visible	Visible	ed80cb11-a4b3-4991-bcb2-454c7d72edc3	25
329	Visible	Visible	ed80cb11-a4b3-4991-bcb2-454c7d72edc3	117
330	Visible	Visible	ed80cb11-a4b3-4991-bcb2-454c7d72edc3	118
331	Visible	Visible	ed80cb11-a4b3-4991-bcb2-454c7d72edc3	116
332	Visible	Visible	ed80cb11-a4b3-4991-bcb2-454c7d72edc3	115
333	Visible	Visible	ed80cb11-a4b3-4991-bcb2-454c7d72edc3	114
334	Visible	Visible	ed80cb11-a4b3-4991-bcb2-454c7d72edc3	113
335	Visible	Visible	ed80cb11-a4b3-4991-bcb2-454c7d72edc3	112
336	Visible	Visible	ed80cb11-a4b3-4991-bcb2-454c7d72edc3	111
337	Visible	Visible	ed80cb11-a4b3-4991-bcb2-454c7d72edc3	110
338	Visible	Visible	ed80cb11-a4b3-4991-bcb2-454c7d72edc3	109
339	Visible	Visible	ed80cb11-a4b3-4991-bcb2-454c7d72edc3	108
414	Disabled	Disabled	ed80cb11-a4b3-4991-bcb2-454c7d72edc3	23
343	Visible	Visible	ed80cb11-a4b3-4991-bcb2-454c7d72edc3	104
344	Visible	Visible	ed80cb11-a4b3-4991-bcb2-454c7d72edc3	103
604	Visible	Visible	ed80cb11-a4b3-4991-bcb2-454c7d72edc3	154
\.


--
-- Data for Name: products_sku; Type: TABLE DATA; Schema: public; Owner: postgres
--

COPY public.products_sku (id, sku_name, sku_code, sku_quantity, sku_unit, sku_mrp, sku_expiry_duration, sku_bulk_qty_limit, sku_status, product_id, created_at, long_distance_availability, customization_available, same_day_delivery) FROM stdin;
91	Kerala Mixture	KM12	30	G	12	45	200	Visible	58	2025-04-09 17:27:08.953047+05:30	t	f	t
135	Almond Butterscotch Cake	AB325	500	G	325	2	25	Visible	92	2025-04-09 17:27:08.953047+05:30	f	f	t
136	Almond Butterscotch Cake	AB650	1	Kg	650	2	20	Visible	92	2025-04-09 17:27:08.953047+05:30	f	f	t
137	Almond Butterscotch Cake	AB1300	2	Kg	1300	2	20	Visible	92	2025-04-09 17:27:08.953047+05:30	f	f	t
134	Marble Cake with Side Icing	MC545	1	Kg	545	2	20	Visible	91	2025-04-09 17:27:08.953047+05:30	f	f	t
133	Fudge Cake	FC500	1	Kg	500	2	10	Visible	90	2025-04-09 17:27:08.953047+05:30	f	f	t
132	Eggless English Fruit Cake	EE2750	1	KG	2750	3	45	Visible	89	2025-04-09 17:27:08.953047+05:30	f	f	t
93	Kerala Mixture	KM70	200	G	70	45	150	Visible	58	2025-04-09 17:27:08.953047+05:30	t	f	t
88	Dry Fruit Mixture	DF180	200	G	180	45	200	Visible	57	2025-04-09 17:27:08.953047+05:30	t	f	t
131	Dates Cake Side Icing	DC625	1	KG	625	3	50	Visible	88	2025-04-09 17:27:08.953047+05:30	f	f	t
130	Christmas Royal Icing Cake	CR800	1	KG	800	2	45	Visible	87	2025-04-09 17:27:08.953047+05:30	f	f	t
129	Cheese Cake Lotus Bischoff	CC950	1	Kg	950	2	45	Visible	86	2025-04-09 17:27:08.953047+05:30	f	f	t
89	Dry Fruit Mixture	DF260	300	G	260	45	100	Visible	57	2025-04-09 17:27:08.953047+05:30	t	f	t
90	Dry Fruit Mixture	DF900	1	KG	900	45	50	Visible	57	2025-04-09 17:27:08.953047+05:30	t	f	t
84	Bombay mixture	BM70	200	G	70	45	100	Visible	56	2025-04-09 17:27:08.953047+05:30	t	f	t
128	Caramel Apple Cake	CA900	1	Kg	900	2	45	Visible	85	2025-04-09 17:27:08.953047+05:30	f	f	t
127	Butterscotch Delight	BSF900	1	Kg	900	2	45	Visible	84	2025-04-09 17:27:08.953047+05:30	f	f	t
125	Blueberry Mimosa	BM610	500	G	610	3	20	Visible	83	2025-04-09 17:27:08.953047+05:30	f	f	t
126	Blueberry Mimosa	BM1100	1	KG	1100	3	20	Visible	83	2025-04-09 17:27:08.953047+05:30	f	f	t
124	Black Forest Cake	BF600	1	KG	600	5	20	Visible	82	2025-04-09 17:27:08.953047+05:30	f	t	t
102	Bread S/W Veg	BS40	1	NO	40	1	200	Visible	62	2025-04-09 17:27:08.953047+05:30	f	f	t
101	Bread Sand wich chicken DBL	BS100	2	NOS	100	1	100	Visible	61	2025-04-09 17:27:08.953047+05:30	f	f	t
100	Bread Sand wich Chicken single	BSW	1	NO	50	1	50	Visible	61	2025-04-09 17:27:08.953047+05:30	f	f	t
98	Mixture Sweet	MS375	1	KG	375	45	100	Visible	60	2025-04-09 17:27:08.953047+05:30	t	f	t
154	Burger Wheat Chicken	BW85	1	NO	85	1	50	Visible	102	2025-04-09 17:27:08.953047+05:30	f	f	t
144	Choco Mango Cake	MFK850	1	Kg	850	4	25	Visible	96	2025-04-09 17:27:08.953047+05:30	f	f	t
143	Cheese CakeChocolate Trifle Sponge Round	CT150	1	KG	150	5	25	Visible	95	2025-04-09 17:27:08.953047+05:30	f	f	t
97	Corn flakes mixture	MC75	200	G	75	45	200	Visible	59	2025-04-09 17:27:08.953047+05:30	t	f	t
142	Chocolate Trifle Sponge Round	CT75	500	G	75	5	25	Visible	95	2025-04-09 17:27:08.953047+05:30	f	f	t
99	Mixtture Corn Flakes	MCK375	1	KG	375	45	100	Visible	59	2025-04-09 17:27:08.953047+05:30	t	f	t
92	Kerala Mixture	KM15	40	G	15	45	200	Visible	58	2025-04-09 17:27:08.953047+05:30	t	f	t
86	Bombay Mixture	BM140	400	G	140	45	100	Visible	56	2025-04-09 17:27:08.953047+05:30	t	f	t
87	Bombay Mixture	BM350	1	KG	350	45	50	Visible	56	2025-04-09 17:27:08.953047+05:30	t	f	t
85	Bombay Mixture	BM125	300	G	125	45	100	Visible	56	2025-04-09 17:27:08.953047+05:30	t	f	t
83	Sweet Banana Chips	CR2110	200	G	110	45	100	Visible	55	2025-04-09 17:27:08.953047+05:30	t	f	t
79	Sarkara Varatty	SV27	50	G	27	45	250	Visible	54	2025-04-09 17:27:08.953047+05:30	t	f	t
80	Sarkara Varatty	SV210	400	G	210	45	50	Visible	54	2025-04-09 17:27:08.953047+05:30	t	f	t
81	Sarkara Varatty	S5263	500	G	263	45	50	Visible	54	2025-04-09 17:27:08.953047+05:30	t	f	t
82	Sarkara Varatty	SV525	1	KG	525	45	30	Visible	54	2025-04-09 17:27:08.953047+05:30	t	f	t
75	Sarkara Varatty	S1100	150	G	100	45	100	Visible	54	2025-04-09 17:27:08.953047+05:30	t	f	t
74	Sarkara Varatty	SV53	100	G	53	45	100	Visible	54	2025-04-09 17:27:08.953047+05:30	t	f	t
76	Sarkara Varatty	SV105	200	G	105	45	100	Visible	54	2025-04-09 17:27:08.953047+05:30	t	f	t
78	Sarkaravaratty	SV22	40	G	22	45	200	Visible	54	2025-04-09 17:27:08.953047+05:30	t	f	t
77	Sarkara Varatty	SV132	250	G	132	45	100	Visible	54	2025-04-09 17:27:08.953047+05:30	t	f	t
73	Banana Chips masala	BCM110	200	G	110	45	150	Visible	53	2025-04-09 17:27:08.953047+05:30	t	f	t
72	Banana Chips Pepper	BC575	1	KG	575	45	50	Visible	52	2025-04-09 17:27:08.953047+05:30	t	f	t
123	Black forest Cake	BF330	500	G	330	5	20	Visible	82	2025-04-09 17:27:08.953047+05:30	f	t	t
122	Meat Puffs	PM25	1	NO	25	1	45	Visible	81	2025-04-09 17:27:08.953047+05:30	f	f	t
121	Parippuvada	P12	1	NO	12	1	45	Visible	80	2025-04-09 17:27:08.953047+05:30	f	f	t
120	Meat Samosa	MS23	1	NO	23	1	45	Visible	79	2025-04-09 17:27:08.953047+05:30	f	f	t
119	Kozhukatta	K15	1	NO	15	1	55	Visible	78	2025-04-09 17:27:08.953047+05:30	f	f	t
118	Kinnathappam	KS16	80	G	16	2	50	Visible	77	2025-04-09 17:27:08.953047+05:30	f	f	t
117	Kinnathapam	K250	250	G	50	2	45	Visible	77	2025-04-09 17:27:08.953047+05:30	f	f	t
116	Chicken Samoosa	C525	1	NO	25	1	45	Visible	76	2025-04-09 17:27:08.953047+05:30	f	f	t
115	French Loaf	FL80	1	NO	80	1	45	Visible	75	2025-04-09 17:27:08.953047+05:30	f	f	t
114	Chicken Puffs	CP14	1	NO	14	1	45	Visible	74	2025-04-09 17:27:08.953047+05:30	f	f	t
113	Beef Pizza	1140	1	NO	45	1	50	Visible	73	2025-04-09 17:27:08.953047+05:30	f	f	t
68	Banana Chips	BC132	250	G	132	40	150	Visible	51	2025-04-09 17:27:08.953047+05:30	t	f	t
112	Multigrain Roll	MR535	1	NO	35	1	25	Visible	72	2025-04-09 17:27:08.953047+05:30	f	f	t
65	Banana chips	BC525	1	KG	525	40	50	Visible	51	2025-04-09 17:27:08.953047+05:30	t	f	t
111	Mushroom Wheat Roll	MWR35	1	NO	35	1	50	Visible	71	2025-04-09 17:27:08.953047+05:30	f	f	t
67	Banana Chips	BC105	200	G	105	40	100	Visible	51	2025-04-09 17:27:08.953047+05:30	t	f	t
69	Banana Chips	BC185	350	G	185	40	150	Visible	51	2025-04-09 17:27:08.953047+05:30	t	f	t
66	Banana chips	BC22	40	G	22	40	100	Visible	51	2025-04-09 17:27:08.953047+05:30	t	f	t
60	Rice Murukku	RM28	80	g	28	45	100	Visible	49	2025-04-09 17:27:08.953047+05:30	t	f	t
110	Chicken spring roll	CSR35	1	NO	35	1	45	Visible	70	2025-04-09 17:27:08.953047+05:30	f	f	t
61	Rice Murukku	RM70	200	g	70	45	100	Visible	49	2025-04-09 17:27:08.953047+05:30	t	f	t
62	Rice Murukku	RM125	300	g	125	45	100	Visible	49	2025-04-09 17:27:08.953047+05:30	t	f	t
153	Burger wheat chicken	BW75	1	NO	75	1	50	Visible	101	2025-04-09 17:27:08.953047+05:30	f	f	t
152	Butter murukku	BM315	1	KG	315	35	100	Out of Stock	100	2025-04-09 17:27:08.953047+05:30	f	f	t
96	Kerala Mixture	KM350	1	KG	350	45	100	Visible	58	2025-04-09 17:27:08.953047+05:30	t	f	t
141	Banana Cake	BC220	400	G	220	5	50	Out of Stock	94	2025-04-09 17:27:08.953047+05:30	f	f	t
94	Kerala Mixture	KM120	300	G	120	45	100	Visible	58	2025-04-09 17:27:08.953047+05:30	t	f	t
95	Kerala Mixture	KM140	400	G	140	45	100	Visible	58	2025-04-09 17:27:08.953047+05:30	t	f	t
71	Banana chips pepper	BC150	250	G	150	45	100	Visible	52	2025-04-09 17:27:08.953047+05:30	t	f	t
140	Apricot Coconut Cake	AC1500	2	Kg	1500	5	25	Visible	93	2025-04-09 17:27:08.953047+05:30	f	f	t
138	Apricot Coconut Cake	AC300	400	G	300	5	25	Visible	93	2025-04-09 17:27:08.953047+05:30	f	f	t
70	Banana Chips	BC210	400	G	210	40	150	Visible	51	2025-04-09 17:27:08.953047+05:30	t	f	t
139	Apicot Coconut Cake	AC750	1	KG	750	5	25	Visible	93	2025-04-09 17:27:08.953047+05:30	f	f	t
46	Kaju Katli	KK460	400	g	460	25	100	Visible	42	2025-04-09 17:27:08.953047+05:30	f	f	t
45	Kaju Soan Pappdy	KS1250	1	Kg	1250	30	50	Visible	41	2025-04-09 17:27:08.953047+05:30	f	f	t
44	Kaju Roll	KR1250	1	Kg	1250	20	200	Out of Stock	40	2025-04-09 17:27:08.953047+05:30	f	f	t
43	Kaju Choclate Ladu	KC1300	1	Kg	1300	20	200	Visible	39	2025-04-09 17:27:08.953047+05:30	f	f	t
42	Milk Mysore Pak	MM580	1	Kg	580	10	150	Visible	38	2025-04-09 17:27:08.953047+05:30	f	f	t
37	Mysore Pak Ghee	MP150	250	g	150	15	150	Visible	36	2025-04-09 17:27:08.953047+05:30	f	f	t
34	Mysore pak Horlicks	MP160	250	g	160	10	150	Visible	34	2025-04-09 17:27:08.953047+05:30	f	f	t
31	Mysore pak dates	MP520	1	Kg	520	20	20	Visible	31	2025-04-09 17:27:08.953047+05:30	f	f	t
29	Mysore Pak	MP380	1	Kg	380	20	150	Visible	30	2025-04-09 17:27:08.953047+05:30	f	f	t
30	Mysore Pak	MP95	250	g	250	20	150	Visible	30	2025-04-09 17:27:08.953047+05:30	f	f	t
109	Garlic Dinner Rolls	GD11	1	No	11	1	45	Visible	69	2025-04-09 17:27:08.953047+05:30	f	f	t
108	Chicken fried roll	CF35	1	NO	35	1	50	Visible	68	2025-04-09 17:27:08.953047+05:30	f	f	t
107	Cutlet fish	CRF24	1	NO	24	1	45	Visible	67	2025-04-09 17:27:08.953047+05:30	f	f	t
106	Cutlet Meat	CM30	1	NO	30	1	45	Visible	66	2025-04-09 17:27:08.953047+05:30	f	f	t
105	Cutlet Veg	CV22	1	NO	22	1	50	Visible	65	2025-04-09 17:27:08.953047+05:30	f	f	t
104	Chicken Cutlet	CC30	1	NO	30	1	50	Visible	64	2025-04-09 17:27:08.953047+05:30	f	f	t
59	Mullu Murukku	MM50	200	g	50	45	100	Visible	48	2025-04-09 17:27:08.953047+05:30	t	f	t
57	Ghee murukku TIN	GM95	200	g	95	45	100	Visible	47	2025-04-09 17:27:08.953047+05:30	t	f	t
56	Ghee Murukku	GM375	1	Kg	375	45	100	Visible	47	2025-04-09 17:27:08.953047+05:30	t	f	t
58	Ghee murukku TIN	GM3135	300	g	135	45	100	Visible	47	2025-04-09 17:27:08.953047+05:30	t	f	t
28	Burfi Roll	BR650	1	Kg	650	2	50	Visible	29	2025-04-09 17:27:08.953047+05:30	f	f	t
27	Dry fruit dates burfi	DF1100	1	Kg	1100	10	200	Visible	28	2025-04-09 17:27:08.953047+05:30	f	f	t
26	Burfi tricolour	BT630	1	Kg	630	10	100	Visible	27	2025-04-09 17:27:08.953047+05:30	f	f	t
103	Bread S/W Fish	BS60	1	NO	60	1	50	Visible	63	2025-04-09 17:27:08.953047+05:30	f	f	t
25	Burfi Jackfruit	BJ600	1	Kg	600	8	100	Visible	26	2025-04-09 17:27:08.953047+05:30	f	f	t
24	Burfi Jackfruit	BJ120	200	gm	120	8	100	Visible	26	2025-04-09 17:27:08.953047+05:30	f	f	t
55	Ghee Murukku	GM275	200	g	75	45	100	Visible	47	2025-04-09 17:27:08.953047+05:30	t	f	t
54	Garlic Murukku TIN	MT290	200	g	90	45	100	Visible	46	2025-04-09 17:27:08.953047+05:30	t	f	t
23	Badam Burfi	BB500	500	g	300	10	100	Disabled	25	2025-04-09 17:27:08.953047+05:30	f	f	t
53	Garlic Murukku	GM400	1	KG	400	45	100	Visible	46	2025-04-09 17:27:08.953047+05:30	t	f	t
51	Garlic Murukku	GM280	200	g	80	45	150	Visible	46	2025-04-09 17:27:08.953047+05:30	t	f	t
52	Garlic Murukku TIN	GM135	300	g	135	45	100	Visible	46	2025-04-09 17:27:08.953047+05:30	t	f	t
49	Baby Murukku Tin	BM115	250	g	115	45	100	Visible	44	2025-04-09 17:27:08.953047+05:30	t	f	t
48	Baby Murukku	BM80	200	g	80	45	100	Visible	44	2025-04-09 17:27:08.953047+05:30	t	f	t
47	Kaju White Choco Burfi	KW1500	1	Kg	1500	10	50	Visible	43	2025-04-09 17:27:08.953047+05:30	f	f	t
\.


--
-- Data for Name: products_sku_sales_unit; Type: TABLE DATA; Schema: public; Owner: postgres
--

COPY public.products_sku_sales_unit (id, sku_id, shop_id) FROM stdin;
778	154	34148290-f2ae-45ff-aeba-6bc6436fecef
779	153	34148290-f2ae-45ff-aeba-6bc6436fecef
781	144	34148290-f2ae-45ff-aeba-6bc6436fecef
782	143	34148290-f2ae-45ff-aeba-6bc6436fecef
783	142	34148290-f2ae-45ff-aeba-6bc6436fecef
785	140	34148290-f2ae-45ff-aeba-6bc6436fecef
786	138	34148290-f2ae-45ff-aeba-6bc6436fecef
787	139	34148290-f2ae-45ff-aeba-6bc6436fecef
788	137	34148290-f2ae-45ff-aeba-6bc6436fecef
789	135	34148290-f2ae-45ff-aeba-6bc6436fecef
790	136	34148290-f2ae-45ff-aeba-6bc6436fecef
791	134	34148290-f2ae-45ff-aeba-6bc6436fecef
792	133	34148290-f2ae-45ff-aeba-6bc6436fecef
793	132	34148290-f2ae-45ff-aeba-6bc6436fecef
794	131	34148290-f2ae-45ff-aeba-6bc6436fecef
795	130	34148290-f2ae-45ff-aeba-6bc6436fecef
796	129	34148290-f2ae-45ff-aeba-6bc6436fecef
797	128	34148290-f2ae-45ff-aeba-6bc6436fecef
798	127	34148290-f2ae-45ff-aeba-6bc6436fecef
799	125	34148290-f2ae-45ff-aeba-6bc6436fecef
800	126	34148290-f2ae-45ff-aeba-6bc6436fecef
801	124	34148290-f2ae-45ff-aeba-6bc6436fecef
802	123	34148290-f2ae-45ff-aeba-6bc6436fecef
803	122	34148290-f2ae-45ff-aeba-6bc6436fecef
804	121	34148290-f2ae-45ff-aeba-6bc6436fecef
805	120	34148290-f2ae-45ff-aeba-6bc6436fecef
806	119	34148290-f2ae-45ff-aeba-6bc6436fecef
807	118	34148290-f2ae-45ff-aeba-6bc6436fecef
808	117	34148290-f2ae-45ff-aeba-6bc6436fecef
809	116	34148290-f2ae-45ff-aeba-6bc6436fecef
810	115	34148290-f2ae-45ff-aeba-6bc6436fecef
811	114	34148290-f2ae-45ff-aeba-6bc6436fecef
812	113	34148290-f2ae-45ff-aeba-6bc6436fecef
813	112	34148290-f2ae-45ff-aeba-6bc6436fecef
814	111	34148290-f2ae-45ff-aeba-6bc6436fecef
815	110	34148290-f2ae-45ff-aeba-6bc6436fecef
816	109	34148290-f2ae-45ff-aeba-6bc6436fecef
817	108	34148290-f2ae-45ff-aeba-6bc6436fecef
818	107	34148290-f2ae-45ff-aeba-6bc6436fecef
819	106	34148290-f2ae-45ff-aeba-6bc6436fecef
820	105	34148290-f2ae-45ff-aeba-6bc6436fecef
821	104	34148290-f2ae-45ff-aeba-6bc6436fecef
822	103	34148290-f2ae-45ff-aeba-6bc6436fecef
823	102	34148290-f2ae-45ff-aeba-6bc6436fecef
824	100	34148290-f2ae-45ff-aeba-6bc6436fecef
825	101	34148290-f2ae-45ff-aeba-6bc6436fecef
826	98	34148290-f2ae-45ff-aeba-6bc6436fecef
827	99	34148290-f2ae-45ff-aeba-6bc6436fecef
828	97	34148290-f2ae-45ff-aeba-6bc6436fecef
829	91	34148290-f2ae-45ff-aeba-6bc6436fecef
830	92	34148290-f2ae-45ff-aeba-6bc6436fecef
831	93	34148290-f2ae-45ff-aeba-6bc6436fecef
832	94	34148290-f2ae-45ff-aeba-6bc6436fecef
833	95	34148290-f2ae-45ff-aeba-6bc6436fecef
834	96	34148290-f2ae-45ff-aeba-6bc6436fecef
835	90	34148290-f2ae-45ff-aeba-6bc6436fecef
836	88	34148290-f2ae-45ff-aeba-6bc6436fecef
837	89	34148290-f2ae-45ff-aeba-6bc6436fecef
838	86	34148290-f2ae-45ff-aeba-6bc6436fecef
839	87	34148290-f2ae-45ff-aeba-6bc6436fecef
840	84	34148290-f2ae-45ff-aeba-6bc6436fecef
841	85	34148290-f2ae-45ff-aeba-6bc6436fecef
842	83	34148290-f2ae-45ff-aeba-6bc6436fecef
843	79	34148290-f2ae-45ff-aeba-6bc6436fecef
844	80	34148290-f2ae-45ff-aeba-6bc6436fecef
845	81	34148290-f2ae-45ff-aeba-6bc6436fecef
846	82	34148290-f2ae-45ff-aeba-6bc6436fecef
847	75	34148290-f2ae-45ff-aeba-6bc6436fecef
848	77	34148290-f2ae-45ff-aeba-6bc6436fecef
849	74	34148290-f2ae-45ff-aeba-6bc6436fecef
850	76	34148290-f2ae-45ff-aeba-6bc6436fecef
851	78	34148290-f2ae-45ff-aeba-6bc6436fecef
852	73	34148290-f2ae-45ff-aeba-6bc6436fecef
853	72	34148290-f2ae-45ff-aeba-6bc6436fecef
854	71	34148290-f2ae-45ff-aeba-6bc6436fecef
855	67	34148290-f2ae-45ff-aeba-6bc6436fecef
856	69	34148290-f2ae-45ff-aeba-6bc6436fecef
857	70	34148290-f2ae-45ff-aeba-6bc6436fecef
858	66	34148290-f2ae-45ff-aeba-6bc6436fecef
859	65	34148290-f2ae-45ff-aeba-6bc6436fecef
860	68	34148290-f2ae-45ff-aeba-6bc6436fecef
861	59	34148290-f2ae-45ff-aeba-6bc6436fecef
862	57	34148290-f2ae-45ff-aeba-6bc6436fecef
863	56	34148290-f2ae-45ff-aeba-6bc6436fecef
864	58	34148290-f2ae-45ff-aeba-6bc6436fecef
865	55	34148290-f2ae-45ff-aeba-6bc6436fecef
866	51	34148290-f2ae-45ff-aeba-6bc6436fecef
867	52	34148290-f2ae-45ff-aeba-6bc6436fecef
868	54	34148290-f2ae-45ff-aeba-6bc6436fecef
869	53	34148290-f2ae-45ff-aeba-6bc6436fecef
870	48	34148290-f2ae-45ff-aeba-6bc6436fecef
871	49	34148290-f2ae-45ff-aeba-6bc6436fecef
872	47	34148290-f2ae-45ff-aeba-6bc6436fecef
873	46	34148290-f2ae-45ff-aeba-6bc6436fecef
874	45	34148290-f2ae-45ff-aeba-6bc6436fecef
876	42	34148290-f2ae-45ff-aeba-6bc6436fecef
877	37	34148290-f2ae-45ff-aeba-6bc6436fecef
878	34	34148290-f2ae-45ff-aeba-6bc6436fecef
879	31	34148290-f2ae-45ff-aeba-6bc6436fecef
880	28	34148290-f2ae-45ff-aeba-6bc6436fecef
881	27	34148290-f2ae-45ff-aeba-6bc6436fecef
882	24	34148290-f2ae-45ff-aeba-6bc6436fecef
883	25	34148290-f2ae-45ff-aeba-6bc6436fecef
1528	153	3b331937-12ee-4c19-8bf6-68d1529e82b2
1530	144	3b331937-12ee-4c19-8bf6-68d1529e82b2
1531	143	3b331937-12ee-4c19-8bf6-68d1529e82b2
1532	142	3b331937-12ee-4c19-8bf6-68d1529e82b2
1534	138	3b331937-12ee-4c19-8bf6-68d1529e82b2
1535	139	3b331937-12ee-4c19-8bf6-68d1529e82b2
1536	140	3b331937-12ee-4c19-8bf6-68d1529e82b2
1537	136	3b331937-12ee-4c19-8bf6-68d1529e82b2
1538	137	3b331937-12ee-4c19-8bf6-68d1529e82b2
1539	135	3b331937-12ee-4c19-8bf6-68d1529e82b2
1540	134	3b331937-12ee-4c19-8bf6-68d1529e82b2
1541	133	3b331937-12ee-4c19-8bf6-68d1529e82b2
1542	132	3b331937-12ee-4c19-8bf6-68d1529e82b2
1543	131	3b331937-12ee-4c19-8bf6-68d1529e82b2
1544	130	3b331937-12ee-4c19-8bf6-68d1529e82b2
1545	129	3b331937-12ee-4c19-8bf6-68d1529e82b2
1546	128	3b331937-12ee-4c19-8bf6-68d1529e82b2
1547	127	3b331937-12ee-4c19-8bf6-68d1529e82b2
1548	125	3b331937-12ee-4c19-8bf6-68d1529e82b2
1549	126	3b331937-12ee-4c19-8bf6-68d1529e82b2
1550	123	3b331937-12ee-4c19-8bf6-68d1529e82b2
1551	124	3b331937-12ee-4c19-8bf6-68d1529e82b2
1552	122	3b331937-12ee-4c19-8bf6-68d1529e82b2
1553	121	3b331937-12ee-4c19-8bf6-68d1529e82b2
1554	120	3b331937-12ee-4c19-8bf6-68d1529e82b2
1555	119	3b331937-12ee-4c19-8bf6-68d1529e82b2
1556	117	3b331937-12ee-4c19-8bf6-68d1529e82b2
1557	118	3b331937-12ee-4c19-8bf6-68d1529e82b2
1558	116	3b331937-12ee-4c19-8bf6-68d1529e82b2
1559	115	3b331937-12ee-4c19-8bf6-68d1529e82b2
1560	114	3b331937-12ee-4c19-8bf6-68d1529e82b2
1561	113	3b331937-12ee-4c19-8bf6-68d1529e82b2
1562	112	3b331937-12ee-4c19-8bf6-68d1529e82b2
1563	111	3b331937-12ee-4c19-8bf6-68d1529e82b2
1564	110	3b331937-12ee-4c19-8bf6-68d1529e82b2
1565	109	3b331937-12ee-4c19-8bf6-68d1529e82b2
1566	108	3b331937-12ee-4c19-8bf6-68d1529e82b2
1567	107	3b331937-12ee-4c19-8bf6-68d1529e82b2
1568	106	3b331937-12ee-4c19-8bf6-68d1529e82b2
1569	105	3b331937-12ee-4c19-8bf6-68d1529e82b2
1570	104	3b331937-12ee-4c19-8bf6-68d1529e82b2
1571	103	3b331937-12ee-4c19-8bf6-68d1529e82b2
1572	102	3b331937-12ee-4c19-8bf6-68d1529e82b2
1573	101	3b331937-12ee-4c19-8bf6-68d1529e82b2
1574	100	3b331937-12ee-4c19-8bf6-68d1529e82b2
1575	98	3b331937-12ee-4c19-8bf6-68d1529e82b2
1576	99	3b331937-12ee-4c19-8bf6-68d1529e82b2
1577	97	3b331937-12ee-4c19-8bf6-68d1529e82b2
1578	91	3b331937-12ee-4c19-8bf6-68d1529e82b2
1579	92	3b331937-12ee-4c19-8bf6-68d1529e82b2
1580	93	3b331937-12ee-4c19-8bf6-68d1529e82b2
1581	95	3b331937-12ee-4c19-8bf6-68d1529e82b2
1582	96	3b331937-12ee-4c19-8bf6-68d1529e82b2
1583	94	3b331937-12ee-4c19-8bf6-68d1529e82b2
1584	88	3b331937-12ee-4c19-8bf6-68d1529e82b2
1585	90	3b331937-12ee-4c19-8bf6-68d1529e82b2
1586	89	3b331937-12ee-4c19-8bf6-68d1529e82b2
1587	85	3b331937-12ee-4c19-8bf6-68d1529e82b2
1588	86	3b331937-12ee-4c19-8bf6-68d1529e82b2
1589	87	3b331937-12ee-4c19-8bf6-68d1529e82b2
1590	84	3b331937-12ee-4c19-8bf6-68d1529e82b2
1591	83	3b331937-12ee-4c19-8bf6-68d1529e82b2
1592	76	3b331937-12ee-4c19-8bf6-68d1529e82b2
1593	78	3b331937-12ee-4c19-8bf6-68d1529e82b2
1594	79	3b331937-12ee-4c19-8bf6-68d1529e82b2
1595	80	3b331937-12ee-4c19-8bf6-68d1529e82b2
1596	81	3b331937-12ee-4c19-8bf6-68d1529e82b2
1597	82	3b331937-12ee-4c19-8bf6-68d1529e82b2
1598	75	3b331937-12ee-4c19-8bf6-68d1529e82b2
1599	77	3b331937-12ee-4c19-8bf6-68d1529e82b2
1600	74	3b331937-12ee-4c19-8bf6-68d1529e82b2
1601	73	3b331937-12ee-4c19-8bf6-68d1529e82b2
1602	71	3b331937-12ee-4c19-8bf6-68d1529e82b2
1603	72	3b331937-12ee-4c19-8bf6-68d1529e82b2
1604	69	3b331937-12ee-4c19-8bf6-68d1529e82b2
1605	70	3b331937-12ee-4c19-8bf6-68d1529e82b2
1606	66	3b331937-12ee-4c19-8bf6-68d1529e82b2
1607	65	3b331937-12ee-4c19-8bf6-68d1529e82b2
1608	68	3b331937-12ee-4c19-8bf6-68d1529e82b2
1609	67	3b331937-12ee-4c19-8bf6-68d1529e82b2
1610	60	3b331937-12ee-4c19-8bf6-68d1529e82b2
1611	61	3b331937-12ee-4c19-8bf6-68d1529e82b2
1612	62	3b331937-12ee-4c19-8bf6-68d1529e82b2
1613	59	3b331937-12ee-4c19-8bf6-68d1529e82b2
1614	58	3b331937-12ee-4c19-8bf6-68d1529e82b2
1615	55	3b331937-12ee-4c19-8bf6-68d1529e82b2
1616	57	3b331937-12ee-4c19-8bf6-68d1529e82b2
1617	56	3b331937-12ee-4c19-8bf6-68d1529e82b2
1618	54	3b331937-12ee-4c19-8bf6-68d1529e82b2
1619	53	3b331937-12ee-4c19-8bf6-68d1529e82b2
1620	51	3b331937-12ee-4c19-8bf6-68d1529e82b2
1621	52	3b331937-12ee-4c19-8bf6-68d1529e82b2
1622	49	3b331937-12ee-4c19-8bf6-68d1529e82b2
1623	48	3b331937-12ee-4c19-8bf6-68d1529e82b2
1624	47	3b331937-12ee-4c19-8bf6-68d1529e82b2
1625	46	3b331937-12ee-4c19-8bf6-68d1529e82b2
1626	45	3b331937-12ee-4c19-8bf6-68d1529e82b2
1628	43	3b331937-12ee-4c19-8bf6-68d1529e82b2
1629	42	3b331937-12ee-4c19-8bf6-68d1529e82b2
1630	37	3b331937-12ee-4c19-8bf6-68d1529e82b2
1631	34	3b331937-12ee-4c19-8bf6-68d1529e82b2
1632	31	3b331937-12ee-4c19-8bf6-68d1529e82b2
1633	29	3b331937-12ee-4c19-8bf6-68d1529e82b2
1634	30	3b331937-12ee-4c19-8bf6-68d1529e82b2
1635	28	3b331937-12ee-4c19-8bf6-68d1529e82b2
1636	27	3b331937-12ee-4c19-8bf6-68d1529e82b2
1637	26	3b331937-12ee-4c19-8bf6-68d1529e82b2
1638	24	3b331937-12ee-4c19-8bf6-68d1529e82b2
1639	25	3b331937-12ee-4c19-8bf6-68d1529e82b2
8775	144	71183ca3-7bc4-4f52-9eb8-15ce65cb05aa
8776	142	71183ca3-7bc4-4f52-9eb8-15ce65cb05aa
8777	143	71183ca3-7bc4-4f52-9eb8-15ce65cb05aa
8779	139	71183ca3-7bc4-4f52-9eb8-15ce65cb05aa
8780	140	71183ca3-7bc4-4f52-9eb8-15ce65cb05aa
8781	138	71183ca3-7bc4-4f52-9eb8-15ce65cb05aa
8782	136	71183ca3-7bc4-4f52-9eb8-15ce65cb05aa
8783	137	71183ca3-7bc4-4f52-9eb8-15ce65cb05aa
8784	135	71183ca3-7bc4-4f52-9eb8-15ce65cb05aa
8785	134	71183ca3-7bc4-4f52-9eb8-15ce65cb05aa
8786	133	71183ca3-7bc4-4f52-9eb8-15ce65cb05aa
8787	132	71183ca3-7bc4-4f52-9eb8-15ce65cb05aa
8788	131	71183ca3-7bc4-4f52-9eb8-15ce65cb05aa
8789	130	71183ca3-7bc4-4f52-9eb8-15ce65cb05aa
8790	129	71183ca3-7bc4-4f52-9eb8-15ce65cb05aa
8791	128	71183ca3-7bc4-4f52-9eb8-15ce65cb05aa
8792	127	71183ca3-7bc4-4f52-9eb8-15ce65cb05aa
8793	126	71183ca3-7bc4-4f52-9eb8-15ce65cb05aa
8794	125	71183ca3-7bc4-4f52-9eb8-15ce65cb05aa
8795	124	71183ca3-7bc4-4f52-9eb8-15ce65cb05aa
8796	123	71183ca3-7bc4-4f52-9eb8-15ce65cb05aa
8797	122	71183ca3-7bc4-4f52-9eb8-15ce65cb05aa
8798	121	71183ca3-7bc4-4f52-9eb8-15ce65cb05aa
8799	120	71183ca3-7bc4-4f52-9eb8-15ce65cb05aa
8800	119	71183ca3-7bc4-4f52-9eb8-15ce65cb05aa
8801	117	71183ca3-7bc4-4f52-9eb8-15ce65cb05aa
8802	118	71183ca3-7bc4-4f52-9eb8-15ce65cb05aa
8803	116	71183ca3-7bc4-4f52-9eb8-15ce65cb05aa
8804	115	71183ca3-7bc4-4f52-9eb8-15ce65cb05aa
8805	114	71183ca3-7bc4-4f52-9eb8-15ce65cb05aa
8806	113	71183ca3-7bc4-4f52-9eb8-15ce65cb05aa
8807	112	71183ca3-7bc4-4f52-9eb8-15ce65cb05aa
8808	111	71183ca3-7bc4-4f52-9eb8-15ce65cb05aa
8809	110	71183ca3-7bc4-4f52-9eb8-15ce65cb05aa
8810	109	71183ca3-7bc4-4f52-9eb8-15ce65cb05aa
8811	108	71183ca3-7bc4-4f52-9eb8-15ce65cb05aa
8812	107	71183ca3-7bc4-4f52-9eb8-15ce65cb05aa
8813	106	71183ca3-7bc4-4f52-9eb8-15ce65cb05aa
8814	105	71183ca3-7bc4-4f52-9eb8-15ce65cb05aa
8815	104	71183ca3-7bc4-4f52-9eb8-15ce65cb05aa
8816	103	71183ca3-7bc4-4f52-9eb8-15ce65cb05aa
8817	102	71183ca3-7bc4-4f52-9eb8-15ce65cb05aa
8818	101	71183ca3-7bc4-4f52-9eb8-15ce65cb05aa
8819	100	71183ca3-7bc4-4f52-9eb8-15ce65cb05aa
8820	98	71183ca3-7bc4-4f52-9eb8-15ce65cb05aa
8821	97	71183ca3-7bc4-4f52-9eb8-15ce65cb05aa
8822	99	71183ca3-7bc4-4f52-9eb8-15ce65cb05aa
8823	92	71183ca3-7bc4-4f52-9eb8-15ce65cb05aa
8824	91	71183ca3-7bc4-4f52-9eb8-15ce65cb05aa
8825	93	71183ca3-7bc4-4f52-9eb8-15ce65cb05aa
8826	94	71183ca3-7bc4-4f52-9eb8-15ce65cb05aa
8827	95	71183ca3-7bc4-4f52-9eb8-15ce65cb05aa
8828	96	71183ca3-7bc4-4f52-9eb8-15ce65cb05aa
8829	90	71183ca3-7bc4-4f52-9eb8-15ce65cb05aa
8830	88	71183ca3-7bc4-4f52-9eb8-15ce65cb05aa
8831	89	71183ca3-7bc4-4f52-9eb8-15ce65cb05aa
8832	84	71183ca3-7bc4-4f52-9eb8-15ce65cb05aa
8833	85	71183ca3-7bc4-4f52-9eb8-15ce65cb05aa
8834	86	71183ca3-7bc4-4f52-9eb8-15ce65cb05aa
8835	87	71183ca3-7bc4-4f52-9eb8-15ce65cb05aa
8836	83	71183ca3-7bc4-4f52-9eb8-15ce65cb05aa
8837	79	71183ca3-7bc4-4f52-9eb8-15ce65cb05aa
8838	80	71183ca3-7bc4-4f52-9eb8-15ce65cb05aa
8839	81	71183ca3-7bc4-4f52-9eb8-15ce65cb05aa
8840	82	71183ca3-7bc4-4f52-9eb8-15ce65cb05aa
8841	75	71183ca3-7bc4-4f52-9eb8-15ce65cb05aa
8842	74	71183ca3-7bc4-4f52-9eb8-15ce65cb05aa
8843	76	71183ca3-7bc4-4f52-9eb8-15ce65cb05aa
8844	78	71183ca3-7bc4-4f52-9eb8-15ce65cb05aa
8845	77	71183ca3-7bc4-4f52-9eb8-15ce65cb05aa
8846	73	71183ca3-7bc4-4f52-9eb8-15ce65cb05aa
8847	71	71183ca3-7bc4-4f52-9eb8-15ce65cb05aa
8848	72	71183ca3-7bc4-4f52-9eb8-15ce65cb05aa
8849	67	71183ca3-7bc4-4f52-9eb8-15ce65cb05aa
8850	69	71183ca3-7bc4-4f52-9eb8-15ce65cb05aa
8851	66	71183ca3-7bc4-4f52-9eb8-15ce65cb05aa
8852	70	71183ca3-7bc4-4f52-9eb8-15ce65cb05aa
8853	68	71183ca3-7bc4-4f52-9eb8-15ce65cb05aa
8854	65	71183ca3-7bc4-4f52-9eb8-15ce65cb05aa
8855	60	71183ca3-7bc4-4f52-9eb8-15ce65cb05aa
8856	61	71183ca3-7bc4-4f52-9eb8-15ce65cb05aa
8857	62	71183ca3-7bc4-4f52-9eb8-15ce65cb05aa
8858	59	71183ca3-7bc4-4f52-9eb8-15ce65cb05aa
8859	56	71183ca3-7bc4-4f52-9eb8-15ce65cb05aa
8860	58	71183ca3-7bc4-4f52-9eb8-15ce65cb05aa
8861	55	71183ca3-7bc4-4f52-9eb8-15ce65cb05aa
8862	57	71183ca3-7bc4-4f52-9eb8-15ce65cb05aa
8863	52	71183ca3-7bc4-4f52-9eb8-15ce65cb05aa
8864	54	71183ca3-7bc4-4f52-9eb8-15ce65cb05aa
8865	53	71183ca3-7bc4-4f52-9eb8-15ce65cb05aa
8866	51	71183ca3-7bc4-4f52-9eb8-15ce65cb05aa
8867	49	71183ca3-7bc4-4f52-9eb8-15ce65cb05aa
8868	48	71183ca3-7bc4-4f52-9eb8-15ce65cb05aa
8869	47	71183ca3-7bc4-4f52-9eb8-15ce65cb05aa
8870	46	71183ca3-7bc4-4f52-9eb8-15ce65cb05aa
8871	45	71183ca3-7bc4-4f52-9eb8-15ce65cb05aa
8873	43	71183ca3-7bc4-4f52-9eb8-15ce65cb05aa
8874	42	71183ca3-7bc4-4f52-9eb8-15ce65cb05aa
8875	37	71183ca3-7bc4-4f52-9eb8-15ce65cb05aa
8876	34	71183ca3-7bc4-4f52-9eb8-15ce65cb05aa
8877	31	71183ca3-7bc4-4f52-9eb8-15ce65cb05aa
8878	30	71183ca3-7bc4-4f52-9eb8-15ce65cb05aa
8879	29	71183ca3-7bc4-4f52-9eb8-15ce65cb05aa
8880	28	71183ca3-7bc4-4f52-9eb8-15ce65cb05aa
8881	27	71183ca3-7bc4-4f52-9eb8-15ce65cb05aa
8882	26	71183ca3-7bc4-4f52-9eb8-15ce65cb05aa
8883	24	71183ca3-7bc4-4f52-9eb8-15ce65cb05aa
8884	25	71183ca3-7bc4-4f52-9eb8-15ce65cb05aa
8885	23	71183ca3-7bc4-4f52-9eb8-15ce65cb05aa
13809	154	3b331937-12ee-4c19-8bf6-68d1529e82b2
14247	154	ed80cb11-a4b3-4991-bcb2-454c7d72edc3
14248	153	ed80cb11-a4b3-4991-bcb2-454c7d72edc3
14249	144	ed80cb11-a4b3-4991-bcb2-454c7d72edc3
14250	143	ed80cb11-a4b3-4991-bcb2-454c7d72edc3
14251	142	ed80cb11-a4b3-4991-bcb2-454c7d72edc3
14252	140	ed80cb11-a4b3-4991-bcb2-454c7d72edc3
14253	138	ed80cb11-a4b3-4991-bcb2-454c7d72edc3
14254	139	ed80cb11-a4b3-4991-bcb2-454c7d72edc3
14255	135	ed80cb11-a4b3-4991-bcb2-454c7d72edc3
14256	136	ed80cb11-a4b3-4991-bcb2-454c7d72edc3
14257	137	ed80cb11-a4b3-4991-bcb2-454c7d72edc3
14258	134	ed80cb11-a4b3-4991-bcb2-454c7d72edc3
14259	133	ed80cb11-a4b3-4991-bcb2-454c7d72edc3
14260	132	ed80cb11-a4b3-4991-bcb2-454c7d72edc3
14261	131	ed80cb11-a4b3-4991-bcb2-454c7d72edc3
14262	130	ed80cb11-a4b3-4991-bcb2-454c7d72edc3
14263	129	ed80cb11-a4b3-4991-bcb2-454c7d72edc3
14264	128	ed80cb11-a4b3-4991-bcb2-454c7d72edc3
14265	127	ed80cb11-a4b3-4991-bcb2-454c7d72edc3
14266	126	ed80cb11-a4b3-4991-bcb2-454c7d72edc3
14267	125	ed80cb11-a4b3-4991-bcb2-454c7d72edc3
14268	124	ed80cb11-a4b3-4991-bcb2-454c7d72edc3
14269	123	ed80cb11-a4b3-4991-bcb2-454c7d72edc3
14270	122	ed80cb11-a4b3-4991-bcb2-454c7d72edc3
14271	121	ed80cb11-a4b3-4991-bcb2-454c7d72edc3
14272	120	ed80cb11-a4b3-4991-bcb2-454c7d72edc3
14273	119	ed80cb11-a4b3-4991-bcb2-454c7d72edc3
14274	118	ed80cb11-a4b3-4991-bcb2-454c7d72edc3
14275	117	ed80cb11-a4b3-4991-bcb2-454c7d72edc3
14276	116	ed80cb11-a4b3-4991-bcb2-454c7d72edc3
14277	115	ed80cb11-a4b3-4991-bcb2-454c7d72edc3
14278	114	ed80cb11-a4b3-4991-bcb2-454c7d72edc3
14279	113	ed80cb11-a4b3-4991-bcb2-454c7d72edc3
14280	112	ed80cb11-a4b3-4991-bcb2-454c7d72edc3
14281	111	ed80cb11-a4b3-4991-bcb2-454c7d72edc3
14282	110	ed80cb11-a4b3-4991-bcb2-454c7d72edc3
14283	109	ed80cb11-a4b3-4991-bcb2-454c7d72edc3
14284	108	ed80cb11-a4b3-4991-bcb2-454c7d72edc3
14285	107	ed80cb11-a4b3-4991-bcb2-454c7d72edc3
14286	106	ed80cb11-a4b3-4991-bcb2-454c7d72edc3
14287	105	ed80cb11-a4b3-4991-bcb2-454c7d72edc3
14288	104	ed80cb11-a4b3-4991-bcb2-454c7d72edc3
14289	103	ed80cb11-a4b3-4991-bcb2-454c7d72edc3
14290	102	ed80cb11-a4b3-4991-bcb2-454c7d72edc3
14291	101	ed80cb11-a4b3-4991-bcb2-454c7d72edc3
14292	100	ed80cb11-a4b3-4991-bcb2-454c7d72edc3
14293	98	ed80cb11-a4b3-4991-bcb2-454c7d72edc3
14294	97	ed80cb11-a4b3-4991-bcb2-454c7d72edc3
14295	99	ed80cb11-a4b3-4991-bcb2-454c7d72edc3
14296	91	ed80cb11-a4b3-4991-bcb2-454c7d72edc3
14297	93	ed80cb11-a4b3-4991-bcb2-454c7d72edc3
14298	92	ed80cb11-a4b3-4991-bcb2-454c7d72edc3
14299	96	ed80cb11-a4b3-4991-bcb2-454c7d72edc3
14300	94	ed80cb11-a4b3-4991-bcb2-454c7d72edc3
14301	95	ed80cb11-a4b3-4991-bcb2-454c7d72edc3
14302	89	ed80cb11-a4b3-4991-bcb2-454c7d72edc3
14303	90	ed80cb11-a4b3-4991-bcb2-454c7d72edc3
14304	88	ed80cb11-a4b3-4991-bcb2-454c7d72edc3
14305	84	ed80cb11-a4b3-4991-bcb2-454c7d72edc3
14306	87	ed80cb11-a4b3-4991-bcb2-454c7d72edc3
14307	85	ed80cb11-a4b3-4991-bcb2-454c7d72edc3
14308	86	ed80cb11-a4b3-4991-bcb2-454c7d72edc3
14309	83	ed80cb11-a4b3-4991-bcb2-454c7d72edc3
14310	79	ed80cb11-a4b3-4991-bcb2-454c7d72edc3
14311	80	ed80cb11-a4b3-4991-bcb2-454c7d72edc3
14312	81	ed80cb11-a4b3-4991-bcb2-454c7d72edc3
14313	82	ed80cb11-a4b3-4991-bcb2-454c7d72edc3
14314	75	ed80cb11-a4b3-4991-bcb2-454c7d72edc3
14315	74	ed80cb11-a4b3-4991-bcb2-454c7d72edc3
14316	76	ed80cb11-a4b3-4991-bcb2-454c7d72edc3
14317	78	ed80cb11-a4b3-4991-bcb2-454c7d72edc3
14318	77	ed80cb11-a4b3-4991-bcb2-454c7d72edc3
14319	73	ed80cb11-a4b3-4991-bcb2-454c7d72edc3
14320	72	ed80cb11-a4b3-4991-bcb2-454c7d72edc3
14321	71	ed80cb11-a4b3-4991-bcb2-454c7d72edc3
14322	70	ed80cb11-a4b3-4991-bcb2-454c7d72edc3
14323	68	ed80cb11-a4b3-4991-bcb2-454c7d72edc3
14324	65	ed80cb11-a4b3-4991-bcb2-454c7d72edc3
14325	67	ed80cb11-a4b3-4991-bcb2-454c7d72edc3
14326	69	ed80cb11-a4b3-4991-bcb2-454c7d72edc3
14327	66	ed80cb11-a4b3-4991-bcb2-454c7d72edc3
14328	60	ed80cb11-a4b3-4991-bcb2-454c7d72edc3
14329	61	ed80cb11-a4b3-4991-bcb2-454c7d72edc3
14330	62	ed80cb11-a4b3-4991-bcb2-454c7d72edc3
14331	59	ed80cb11-a4b3-4991-bcb2-454c7d72edc3
14332	55	ed80cb11-a4b3-4991-bcb2-454c7d72edc3
14333	57	ed80cb11-a4b3-4991-bcb2-454c7d72edc3
14334	56	ed80cb11-a4b3-4991-bcb2-454c7d72edc3
14335	58	ed80cb11-a4b3-4991-bcb2-454c7d72edc3
14336	51	ed80cb11-a4b3-4991-bcb2-454c7d72edc3
14337	52	ed80cb11-a4b3-4991-bcb2-454c7d72edc3
14338	54	ed80cb11-a4b3-4991-bcb2-454c7d72edc3
14339	53	ed80cb11-a4b3-4991-bcb2-454c7d72edc3
14340	49	ed80cb11-a4b3-4991-bcb2-454c7d72edc3
14341	48	ed80cb11-a4b3-4991-bcb2-454c7d72edc3
14342	47	ed80cb11-a4b3-4991-bcb2-454c7d72edc3
14343	46	ed80cb11-a4b3-4991-bcb2-454c7d72edc3
14344	45	ed80cb11-a4b3-4991-bcb2-454c7d72edc3
14345	43	ed80cb11-a4b3-4991-bcb2-454c7d72edc3
14346	42	ed80cb11-a4b3-4991-bcb2-454c7d72edc3
14347	37	ed80cb11-a4b3-4991-bcb2-454c7d72edc3
14348	34	ed80cb11-a4b3-4991-bcb2-454c7d72edc3
14349	31	ed80cb11-a4b3-4991-bcb2-454c7d72edc3
14350	29	ed80cb11-a4b3-4991-bcb2-454c7d72edc3
14351	30	ed80cb11-a4b3-4991-bcb2-454c7d72edc3
14352	28	ed80cb11-a4b3-4991-bcb2-454c7d72edc3
14353	27	ed80cb11-a4b3-4991-bcb2-454c7d72edc3
14354	26	ed80cb11-a4b3-4991-bcb2-454c7d72edc3
14355	25	ed80cb11-a4b3-4991-bcb2-454c7d72edc3
14356	24	ed80cb11-a4b3-4991-bcb2-454c7d72edc3
\.


--
-- Data for Name: products_speciallist; Type: TABLE DATA; Schema: public; Owner: postgres
--

COPY public.products_speciallist (id, special_name, icon, standard_image, banner_image, created_at) FROM stdin;
6	Flavors				2025-02-12 15:20:19.487417+05:30
5	Delights				2025-02-12 15:16:25.972301+05:30
4	Sugaries	icons/sweets4.png	standard_images/sweets_2.png	banners/sweets3.png	2025-02-12 15:04:47.655652+05:30
7	Tidbits				2025-02-12 15:21:44.347518+05:30
\.


--
-- Data for Name: products_speciallist_products; Type: TABLE DATA; Schema: public; Owner: postgres
--

COPY public.products_speciallist_products (id, speciallist_id, products_id) FROM stdin;
28	4	38
30	4	42
31	4	25
37	4	40
38	4	27
39	5	82
40	5	85
41	5	87
42	5	89
43	5	90
45	6	48
46	6	53
47	6	54
48	6	58
49	6	59
50	7	64
51	7	70
52	7	80
53	7	81
54	7	61
\.


--
-- Data for Name: products_tags; Type: TABLE DATA; Schema: public; Owner: postgres
--

COPY public.products_tags (id, tag_name, icon, created_at) FROM stdin;
4	Bestseller		2025-01-23 14:49:13.437102+05:30
14	Sugarfree Sugar		2025-03-27 14:42:51.526855+05:30
13	Healthy Bites		2025-03-19 10:54:05.141171+05:30
3	Diwali Sweets		2025-01-23 14:48:33.214018+05:30
\.


--
-- Data for Name: products_tags_products; Type: TABLE DATA; Schema: public; Owner: postgres
--

COPY public.products_tags_products (id, tags_id, products_id) FROM stdin;
35	4	65
36	4	34
37	4	40
38	4	74
39	4	76
41	4	47
42	4	56
43	4	26
44	4	59
45	4	28
46	3	34
47	3	38
48	3	39
49	3	41
50	3	29
51	3	30
84	13	96
85	13	93
86	13	85
87	13	94
88	14	83
89	14	29
\.


--
-- Data for Name: products_wishlist; Type: TABLE DATA; Schema: public; Owner: postgres
--

COPY public.products_wishlist (id, created_at, updated_at, product_id, user_id) FROM stdin;
177	2025-06-02 19:46:50.060136+05:30	2025-06-02 19:46:50.060157+05:30	53	8a799794-5067-491d-b8aa-aa644b2270db
178	2025-06-03 16:00:27.617759+05:30	2025-06-03 16:00:27.617779+05:30	87	4f6165d3-0ed3-4306-a452-e5f16d06b415
69	2025-02-26 18:09:47.408736+05:30	2025-02-26 18:09:47.408757+05:30	38	bcef3dda-e52c-4f72-b58d-d36073f8a07d
71	2025-02-26 18:12:25.806944+05:30	2025-02-26 18:12:25.806964+05:30	31	bcef3dda-e52c-4f72-b58d-d36073f8a07d
181	2025-06-03 18:00:39.776224+05:30	2025-06-03 18:00:39.776245+05:30	90	6490a75b-5b73-48c9-afaf-7717c3231afd
182	2025-06-03 18:01:13.580149+05:30	2025-06-03 18:01:13.58017+05:30	91	6490a75b-5b73-48c9-afaf-7717c3231afd
75	2025-02-26 18:12:36.595347+05:30	2025-02-26 18:12:36.595367+05:30	36	bcef3dda-e52c-4f72-b58d-d36073f8a07d
77	2025-02-28 08:54:48.392368+05:30	2025-02-28 08:54:48.393414+05:30	38	6cd2ca42-8658-40a2-8214-ca241cd05c81
184	2025-06-04 22:14:13.577847+05:30	2025-06-04 22:14:13.577866+05:30	82	8a799794-5067-491d-b8aa-aa644b2270db
79	2025-03-03 13:18:42.777605+05:30	2025-03-03 13:18:42.777629+05:30	82	50cd849b-df03-485c-b7e0-2c0077a70dde
80	2025-03-03 13:18:45.477017+05:30	2025-03-03 13:18:45.477038+05:30	89	50cd849b-df03-485c-b7e0-2c0077a70dde
81	2025-03-07 10:54:59.742336+05:30	2025-03-07 10:54:59.742357+05:30	48	2d6997e6-420c-423b-a699-ada650a66c1d
82	2025-03-07 16:17:09.589321+05:30	2025-03-07 16:17:09.589344+05:30	64	120346b0-dd02-49a3-bf33-400569c8e33d
185	2025-06-05 00:15:17.559039+05:30	2025-06-05 00:15:17.559059+05:30	38	8a799794-5067-491d-b8aa-aa644b2270db
84	2025-03-07 16:46:26.080817+05:30	2025-03-07 16:46:26.080842+05:30	61	0d974337-9720-461e-8f0d-5f0134bb7374
86	2025-03-11 15:09:56.599276+05:30	2025-03-11 15:09:56.600415+05:30	82	0d974337-9720-461e-8f0d-5f0134bb7374
24	2025-02-12 16:23:34.747423+05:30	2025-02-12 16:23:34.747444+05:30	26	c972daf6-63e6-44a0-9734-ac21322367b3
25	2025-02-13 17:51:46.675454+05:30	2025-02-13 17:51:46.675475+05:30	80	fdd124cb-05bf-4dd9-b28b-dfd5b61951e7
190	2025-06-05 12:45:44.820117+05:30	2025-06-05 12:45:44.820138+05:30	54	ef5a688f-ad88-43f2-9c9e-fd9402e7ab9a
28	2025-02-18 10:45:03.494404+05:30	2025-02-18 10:45:03.494425+05:30	89	c972daf6-63e6-44a0-9734-ac21322367b3
29	2025-02-18 10:49:55.453539+05:30	2025-02-18 10:49:55.45356+05:30	48	c972daf6-63e6-44a0-9734-ac21322367b3
30	2025-02-18 10:49:58.629677+05:30	2025-02-18 10:49:58.629698+05:30	53	c972daf6-63e6-44a0-9734-ac21322367b3
31	2025-02-18 10:50:20.169598+05:30	2025-02-18 10:50:20.169619+05:30	59	c972daf6-63e6-44a0-9734-ac21322367b3
192	2025-06-05 12:54:54.542472+05:30	2025-06-05 12:54:54.542491+05:30	58	08e86556-1e2f-4ac8-bfca-3331e68c6a67
93	2025-03-20 17:29:43.992307+05:30	2025-03-20 17:29:43.992331+05:30	48	0d974337-9720-461e-8f0d-5f0134bb7374
94	2025-03-20 17:44:08.870209+05:30	2025-03-20 17:44:08.87023+05:30	54	0d974337-9720-461e-8f0d-5f0134bb7374
35	2025-02-18 17:24:39.169523+05:30	2025-02-18 17:24:39.169544+05:30	90	6cd2ca42-8658-40a2-8214-ca241cd05c81
36	2025-02-18 18:08:00.015761+05:30	2025-02-18 18:08:00.015787+05:30	82	b2fd4341-bda9-44cf-912d-25952e6ecab8
193	2025-06-05 12:54:55.175173+05:30	2025-06-05 12:54:55.17519+05:30	59	08e86556-1e2f-4ac8-bfca-3331e68c6a67
38	2025-02-18 18:08:02.57824+05:30	2025-02-18 18:08:02.578296+05:30	85	b2fd4341-bda9-44cf-912d-25952e6ecab8
194	2025-06-05 12:54:56.155598+05:30	2025-06-05 12:54:56.155618+05:30	48	08e86556-1e2f-4ac8-bfca-3331e68c6a67
195	2025-06-05 12:55:01.009261+05:30	2025-06-05 12:55:01.009283+05:30	90	08e86556-1e2f-4ac8-bfca-3331e68c6a67
41	2025-02-19 10:39:41.970968+05:30	2025-02-19 10:39:41.97099+05:30	60	e315a490-321f-4ca6-ad0f-5788fd70f7d0
42	2025-02-21 13:05:00.381278+05:30	2025-02-21 13:05:00.381301+05:30	90	c972daf6-63e6-44a0-9734-ac21322367b3
43	2025-02-24 14:58:20.369625+05:30	2025-02-24 14:58:20.369646+05:30	81	e315a490-321f-4ca6-ad0f-5788fd70f7d0
196	2025-06-05 12:55:01.672712+05:30	2025-06-05 12:55:01.672749+05:30	91	08e86556-1e2f-4ac8-bfca-3331e68c6a67
101	2025-03-24 10:34:27.250624+05:30	2025-03-24 10:34:27.250646+05:30	58	9af2af1b-b7fc-473e-addd-45c1a402f874
204	2025-06-05 17:18:06.560175+05:30	2025-06-05 17:18:06.560196+05:30	40	977a9a2b-f9b6-4b86-a1f4-6435304d083d
110	2025-03-25 17:03:08.907215+05:30	2025-03-25 17:03:08.907239+05:30	61	d6527eb9-33e4-4714-8a9c-c2573d9de59d
114	2025-03-27 13:40:41.038735+05:30	2025-03-27 13:40:41.038756+05:30	53	a350fc77-d214-4f69-a159-b78ccab34053
115	2025-03-28 13:21:12.637664+05:30	2025-03-28 13:21:12.637686+05:30	59	a350fc77-d214-4f69-a159-b78ccab34053
116	2025-03-28 14:34:03.790133+05:30	2025-03-28 14:34:03.790155+05:30	79	a350fc77-d214-4f69-a159-b78ccab34053
117	2025-05-16 14:16:24.474621+05:30	2025-05-16 14:16:24.47464+05:30	59	d19e364b-6768-4f13-95fe-7649f88335f1
118	2025-05-16 14:16:26.303829+05:30	2025-05-16 14:16:26.303851+05:30	53	d19e364b-6768-4f13-95fe-7649f88335f1
119	2025-05-16 14:17:21.554318+05:30	2025-05-16 14:17:21.554339+05:30	90	d19e364b-6768-4f13-95fe-7649f88335f1
124	2025-05-16 18:09:25.738544+05:30	2025-05-16 18:09:25.738566+05:30	81	0a6232ec-25d1-4b44-ac8c-3d99fc57119d
125	2025-05-16 18:09:27.346804+05:30	2025-05-16 18:09:27.346825+05:30	80	0a6232ec-25d1-4b44-ac8c-3d99fc57119d
126	2025-05-16 18:09:31.565456+05:30	2025-05-16 18:09:31.565476+05:30	74	0a6232ec-25d1-4b44-ac8c-3d99fc57119d
127	2025-05-16 18:09:35.037636+05:30	2025-05-16 18:09:35.037657+05:30	71	0a6232ec-25d1-4b44-ac8c-3d99fc57119d
128	2025-05-16 18:10:46.986152+05:30	2025-05-16 18:10:46.986181+05:30	70	a9c26415-5653-46c3-98ea-cb85be223b99
142	2025-05-29 13:30:57.511615+05:30	2025-05-29 13:30:57.511637+05:30	59	9d0ee849-3c50-4bcb-bb7e-a99d194ffd2b
143	2025-05-29 13:30:58.770814+05:30	2025-05-29 13:30:58.770835+05:30	58	9d0ee849-3c50-4bcb-bb7e-a99d194ffd2b
144	2025-05-29 13:31:03.882254+05:30	2025-05-29 13:31:03.882276+05:30	89	9d0ee849-3c50-4bcb-bb7e-a99d194ffd2b
234	2025-06-05 17:43:26.816251+05:30	2025-06-05 17:43:26.816271+05:30	87	977a9a2b-f9b6-4b86-a1f4-6435304d083d
237	2025-06-09 10:32:45.62557+05:30	2025-06-09 10:32:45.625613+05:30	90	fb1bf4b4-fcdf-444b-a3e9-29bc092379c0
238	2025-06-09 10:32:46.999011+05:30	2025-06-09 10:32:46.999031+05:30	91	fb1bf4b4-fcdf-444b-a3e9-29bc092379c0
241	2025-06-09 15:30:37.833602+05:30	2025-06-09 15:30:37.833622+05:30	59	6d904814-ef69-48d2-b9fd-81df6fb5459b
242	2025-06-09 15:30:51.315434+05:30	2025-06-09 15:30:51.315455+05:30	54	6d904814-ef69-48d2-b9fd-81df6fb5459b
274	2025-06-09 16:18:36.164221+05:30	2025-06-09 16:18:36.164241+05:30	90	d29cffe2-8793-498b-8436-991232dcc6ee
164	2025-06-01 17:08:23.516722+05:30	2025-06-01 17:08:23.516743+05:30	59	8a799794-5067-491d-b8aa-aa644b2270db
165	2025-06-01 17:09:52.306066+05:30	2025-06-01 17:09:52.306086+05:30	58	8a799794-5067-491d-b8aa-aa644b2270db
166	2025-06-01 23:04:25.122792+05:30	2025-06-01 23:04:25.122813+05:30	42	8a799794-5067-491d-b8aa-aa644b2270db
167	2025-06-01 23:38:44.341405+05:30	2025-06-01 23:38:44.341425+05:30	94	8a799794-5067-491d-b8aa-aa644b2270db
168	2025-06-02 10:38:16.635769+05:30	2025-06-02 10:38:16.63579+05:30	54	17be636b-7f66-4b14-80a4-6fda2c61238b
277	2025-06-09 16:18:40.997588+05:30	2025-06-09 16:18:40.997609+05:30	87	d29cffe2-8793-498b-8436-991232dcc6ee
170	2025-06-02 10:38:21.94776+05:30	2025-06-02 10:38:21.947782+05:30	89	17be636b-7f66-4b14-80a4-6fda2c61238b
171	2025-06-02 11:18:24.025381+05:30	2025-06-02 11:18:24.025405+05:30	54	9d0ee849-3c50-4bcb-bb7e-a99d194ffd2b
172	2025-06-02 11:18:26.442813+05:30	2025-06-02 11:18:26.442833+05:30	27	9d0ee849-3c50-4bcb-bb7e-a99d194ffd2b
173	2025-06-02 12:50:48.459249+05:30	2025-06-02 12:50:48.45927+05:30	87	4eaed3dd-f656-488c-a7a8-edc8a9b9e889
174	2025-06-02 12:50:49.957151+05:30	2025-06-02 12:50:49.957173+05:30	88	4eaed3dd-f656-488c-a7a8-edc8a9b9e889
278	2025-06-09 16:19:08.990595+05:30	2025-06-09 16:19:08.990616+05:30	91	d29cffe2-8793-498b-8436-991232dcc6ee
282	2025-06-10 14:38:02.02375+05:30	2025-06-10 14:38:02.023772+05:30	90	decb0cd6-6b9f-4a98-bf61-18b1a6e3cbda
284	2025-06-10 14:42:40.85512+05:30	2025-06-10 14:42:40.855141+05:30	91	decb0cd6-6b9f-4a98-bf61-18b1a6e3cbda
285	2025-06-10 15:57:21.794597+05:30	2025-06-10 15:57:21.794615+05:30	59	dae5a095-32db-4810-b1df-54e7ce7a4d89
286	2025-06-10 15:57:22.597016+05:30	2025-06-10 15:57:22.597035+05:30	58	dae5a095-32db-4810-b1df-54e7ce7a4d89
287	2025-06-10 15:57:24.619854+05:30	2025-06-10 15:57:24.619872+05:30	53	dae5a095-32db-4810-b1df-54e7ce7a4d89
288	2025-06-10 15:59:08.509013+05:30	2025-06-10 15:59:08.509033+05:30	54	dae5a095-32db-4810-b1df-54e7ce7a4d89
290	2025-06-10 16:36:47.964329+05:30	2025-06-10 16:36:47.964348+05:30	90	d012a1ea-1ee5-4672-a751-692f1bde3bd2
292	2025-06-10 16:36:50.614783+05:30	2025-06-10 16:36:50.614802+05:30	87	d012a1ea-1ee5-4672-a751-692f1bde3bd2
294	2025-06-10 16:37:52.088091+05:30	2025-06-10 16:37:52.088114+05:30	91	d012a1ea-1ee5-4672-a751-692f1bde3bd2
295	2025-07-03 11:39:39.624705+05:30	2025-07-03 11:39:39.624726+05:30	58	0bea732a-48b3-458b-9d7c-b147f6aa544f
296	2025-07-03 11:42:00.578802+05:30	2025-07-03 11:42:00.578824+05:30	90	0bea732a-48b3-458b-9d7c-b147f6aa544f
300	2025-07-07 14:34:32.962209+05:30	2025-07-07 14:34:32.96223+05:30	91	7c55d391-2433-4e41-a95b-0241efcfbc91
303	2025-07-09 15:22:16.97574+05:30	2025-07-09 15:22:16.975764+05:30	69	9d0ee849-3c50-4bcb-bb7e-a99d194ffd2b
304	2025-07-09 15:22:40.095346+05:30	2025-07-09 15:22:40.095367+05:30	57	9d0ee849-3c50-4bcb-bb7e-a99d194ffd2b
305	2025-07-09 15:22:47.612838+05:30	2025-07-09 15:22:47.612858+05:30	90	9d0ee849-3c50-4bcb-bb7e-a99d194ffd2b
306	2025-07-09 16:14:58.480634+05:30	2025-07-09 16:14:58.480655+05:30	41	9d0ee849-3c50-4bcb-bb7e-a99d194ffd2b
307	2025-07-09 16:31:09.403712+05:30	2025-07-09 16:31:09.403734+05:30	90	7c55d391-2433-4e41-a95b-0241efcfbc91
309	2025-07-09 16:32:40.85124+05:30	2025-07-09 16:32:40.851263+05:30	58	7c55d391-2433-4e41-a95b-0241efcfbc91
310	2025-07-09 16:34:35.108621+05:30	2025-07-09 16:34:35.108643+05:30	54	7c55d391-2433-4e41-a95b-0241efcfbc91
312	2025-07-10 10:35:37.045807+05:30	2025-07-10 10:35:37.045827+05:30	91	4eaed3dd-f656-488c-a7a8-edc8a9b9e889
313	2025-07-10 12:07:15.710379+05:30	2025-07-10 12:07:15.7104+05:30	58	caf965c1-f9c4-48b9-bf78-315269ca6b55
315	2025-07-14 11:30:22.587781+05:30	2025-07-14 11:30:22.5878+05:30	39	4b0d16a2-a7e7-4142-92d0-f5c3202a908e
316	2025-07-14 14:04:35.924302+05:30	2025-07-14 14:04:35.924322+05:30	58	91f4b701-5007-4701-ad65-bcf3da6bfb22
317	2025-07-16 11:13:08.275056+05:30	2025-07-16 11:13:08.275077+05:30	58	a4266978-b8ae-44ed-b429-87a3bd4f6f49
328	2025-08-28 18:06:31.446145+05:30	2025-08-28 18:06:31.446167+05:30	63	a08e6533-db42-43f4-803b-0c07152b2d32
329	2025-08-28 18:06:33.256813+05:30	2025-08-28 18:06:33.256835+05:30	62	a08e6533-db42-43f4-803b-0c07152b2d32
331	2025-09-02 13:09:02.488328+05:30	2025-09-02 13:09:02.488348+05:30	91	0d974337-9720-461e-8f0d-5f0134bb7374
334	2025-09-03 14:57:14.189919+05:30	2025-09-03 14:57:14.189941+05:30	54	e9909719-4ddd-4dde-a72c-521654b853d5
335	2025-09-03 15:41:26.917392+05:30	2025-09-03 15:41:26.917412+05:30	41	e9909719-4ddd-4dde-a72c-521654b853d5
336	2025-09-03 15:41:29.115584+05:30	2025-09-03 15:41:29.115603+05:30	42	e9909719-4ddd-4dde-a72c-521654b853d5
338	2025-09-09 13:36:20.637549+05:30	2025-09-09 13:36:20.637571+05:30	48	7639bf37-f4ae-4f75-8854-937c1e4b11cc
339	2025-09-09 14:00:39.311782+05:30	2025-09-09 14:00:39.311804+05:30	42	7639bf37-f4ae-4f75-8854-937c1e4b11cc
341	2025-09-09 14:00:42.207768+05:30	2025-09-09 14:00:42.20779+05:30	43	7639bf37-f4ae-4f75-8854-937c1e4b11cc
344	2025-09-11 16:04:52.700212+05:30	2025-09-11 16:04:52.700247+05:30	58	4c995fea-6a75-48cc-a83d-c4305bfabf60
347	2025-09-16 17:49:17.454222+05:30	2025-09-16 17:49:17.454245+05:30	94	4c995fea-6a75-48cc-a83d-c4305bfabf60
348	2025-09-22 12:06:17.993386+05:30	2025-09-22 12:06:17.993407+05:30	48	e9909719-4ddd-4dde-a72c-521654b853d5
350	2025-09-23 12:32:04.3568+05:30	2025-09-23 12:32:04.35682+05:30	92	4c995fea-6a75-48cc-a83d-c4305bfabf60
351	2025-09-24 10:56:57.719714+05:30	2025-09-24 10:56:57.719736+05:30	95	4c995fea-6a75-48cc-a83d-c4305bfabf60
352	2025-09-26 14:54:37.512669+05:30	2025-09-26 14:54:37.51269+05:30	47	4c995fea-6a75-48cc-a83d-c4305bfabf60
354	2025-10-09 09:42:20.408869+05:30	2025-10-09 09:42:20.411014+05:30	93	4c995fea-6a75-48cc-a83d-c4305bfabf60
\.


--
-- Data for Name: products_youmayalsolike; Type: TABLE DATA; Schema: public; Owner: postgres
--

COPY public.products_youmayalsolike (id, created_at, updated_at, product_id) FROM stdin;
\.


--
-- Data for Name: products_youmayalsolike_liked_products; Type: TABLE DATA; Schema: public; Owner: postgres
--

COPY public.products_youmayalsolike_liked_products (id, youmayalsolike_id, products_id) FROM stdin;
\.


--
-- Data for Name: shops_bankdetails; Type: TABLE DATA; Schema: public; Owner: postgres
--

COPY public.shops_bankdetails (id, account_name, bank_name, branch_name, ifsc_code, account_number, created_date, updated_date, shop_id) FROM stdin;
4	gAAAAABnsxhKrLlTuOQ6eWUWhiUqigzxTlHRgnC0KXOgqtumdFVsTxa2pEMd3YMZWSHZW3qHDAr3qPqA8CKazhPF2nnQTtqj4w==	gAAAAABnsxhK8OZdPfxbJ198rRvK6sF-CJYuUEz4XYrOI_6VgqXNbKbuGij5lF8H-zpkZ5IyRVLamH_sd1SoweAi2JY3XlaUxA==	gAAAAABnsxhKZNkmlFc205LYYST4UrdDnNC16_eW8new5PBTP_TUF8XktjtCakSVMfOKjn05UHDjp8DVgly2P7_yVsKy6cCqew==	gAAAAABnsxhKlkUL9isw6PXE3GunfTIFJJz2BPGTiWxEfSwCjGsaQsF2gmoLiiOuqK1x0uhuXMBbafYyOovM35x_MwDqnA5hEw==	gAAAAABnsxhKmPNRmWdNY9ZzvXywF3XZMbEwrwHl-I0e1FytffWKroj0Ti6iy3qHmdhSCaqeRwVlOWcMItltXhjNxZYHAIX15g==	2025-02-14 10:53:03.319717+05:30	2025-02-17 16:36:50.066588+05:30	ed80cb11-a4b3-4991-bcb2-454c7d72edc3
1	gAAAAABnrtJVoE5kEwimYjTMM-IBgjysE9pwNMnn-w7DMBx5QFimaVG-12vYyFDHHi0Td-JHQ8RnWh5fCrnW9ckZX4LYCAEw7uQ_dLWDIXrMnD5jVE4Leok=	gAAAAABnrtJVqrIqZAaAMKBOVAHZ3fufKeP-bArXe0ISqQiQXB_zbeIQpdlHfSI2r7ckPERzZSOu9u_Y7alm7Ljd0TjRtCSR8Q==	gAAAAABnrtJVlYY6pe9U3eQUjLFGg8gMnyrt7NG8kPucRVKz6N_wljMMPLKoWQkuZ_wTmR7UzHB4V-TxEx50PM-OO6R9oNhVrA==	gAAAAABnrtJVbvDIeTeFoR5wN405Y0o_P1clf6mwkLdffensm8_HCspSUxTMde-Sv_Ejx2obdIvxEc9vSwWwwAAHGBu65ILx7A==	gAAAAABnrtJVvZc5MM1hZkhyyfFeLxhWE2Tm57Hzxlgmadzm6RnnRt_v_bgWJYpO-Sq8zNUrNLLLlO4sXagyLfePrbN2m6mokQ==	2025-01-23 12:13:45.406894+05:30	2025-02-14 10:49:17.036151+05:30	3b331937-12ee-4c19-8bf6-68d1529e82b2
3	gAAAAABn9PcIohSYI3itvC6cmxgmwo6X8wM3GPRVKWuHM6-sHiNYkAxG5fIA94jUFQNmqIRt7hpHdNCWYAOrTmMfwieayEliTA==	gAAAAABn9PcIl34jGAD1EaRBw31oQpilq_zIbiG_oW4wos17ld7_OcsMH9wScX2XnBC9TZXccHUa9_cDMTaMAf1NBe5sLY1NTQ==	gAAAAABn9PcINnr6u_VhZjujUh0Gtnu8u7T9keOh828dr4d-PCxcyq9n7DyAC4aOZfzE7zbb3zZoTvxACBk9rwdZ1Uoi8pyPyQ==	gAAAAABn9PcIS1e-m8VzZTiWtvCeLdXZosY2Ob7q9h9bvwtn9ETBv_8ekI_osyRUiBjqliijl_XxDtKKoryjVjigE1fMLoZU3w==	gAAAAABn9PcIFV-5GSUxQhCwGvh3BYYOTUkkyxiKBWzF-Qfv_rngJfZTuxjI27-X58zF6W-Muj35xd1CTlBRE3mDWpTg-qsdBQ==	2025-01-27 16:12:31.170868+05:30	2025-04-08 15:44:32.487046+05:30	34148290-f2ae-45ff-aeba-6bc6436fecef
16	gAAAAABo0Q91hVI-N3j054SaRpjK416aEtxfpPLiR2UxypbNmSpX4OveVKc5-7K1liCvE1yInLNd4UaCdB8IIf7rcXHZ0fnr-Q==	gAAAAABo0Q91ga1J-d2Y1CHUaz5KFhGNIik77hC6ofIN8yNj2rwnwTewvUEPPcEgHGNBFm67LJqGrqqkB85J2JOQi_PX2ireW_1UUx_41MjWL--N-iUfx1A=	gAAAAABo0Q91cEf4LsqnP3V50S1FO1FqaWuBVMsLEzTPg2ejzIk3Qpg_-WGB5TUnCE-7QUOovh2zhbXCilAOLAFLdPj6j7Lpig==	gAAAAABo0Q91R6FJ69VjAAQPb3x7J4yDbh91Be7pMdNhv634_laa6grkaVLoeTSh0wMQnrDYMprLHhZfBi81yLWFlqqVKH_txg==	gAAAAABo0Q91EsLqkD2w6Gl5xn2BUG4iy2-DWNVlQEvIV0AAgqy92P84LsbyEZfeqn_omA3SoChfV3KLRNuXNkAZ1Q9LMNa-Mg==	2025-06-10 12:13:36.805435+05:30	2025-09-22 14:27:25.189114+05:30	71183ca3-7bc4-4f52-9eb8-15ce65cb05aa
\.


--
-- Data for Name: shops_productionunit; Type: TABLE DATA; Schema: public; Owner: postgres
--

COPY public.shops_productionunit (uuid, pu_name, pu_code, pu_location, street, city, district, state_or_province, pin_code, latitude, longitude, gst, contact_no, email, status, created_at, updated_date) FROM stdin;
28f32346-9fd6-4bc5-8a89-7b1cee668b79	Navya Bake SHop PU Kakkanad	NB@PU@Kakkanad	Kakkanad	Near Info park	North Paravur	Ernakulam	Kerala	683513	10.0158605	76.3418666	27ABCDE1234F1Z	8598478596	gayathriiiarun123@gmail.com	open	2025-01-23 12:20:26.580254+05:30	2025-08-22 15:50:11.678582+05:30
\.


--
-- Data for Name: shops_shop; Type: TABLE DATA; Schema: public; Owner: postgres
--

COPY public.shops_shop (uuid, unit_name, unit_code, unit_location, street, city, district, state_or_province, pin_code, latitude, longitude, contact_no, email, status, delivery_mode, created_at, updated_date, gst, delivery_radius) FROM stdin;
71183ca3-7bc4-4f52-9eb8-15ce65cb05aa	Navya Bakers Kaloor	NA04	Kaloor	kaloor	Ernakulam	Ernakulam	Kerala	682017	9.9939954	76.2908576	7012951574	navyabakers007@gmail.com	Open	Shop own	2025-06-10 12:13:36.781377+05:30	2025-09-22 14:27:25.177831+05:30	13AAAAA1234A11	4
3b331937-12ee-4c19-8bf6-68d1529e82b2	Navya Bake Shop Kakkanad	NB@682021	Kakkanad	Kakanad	Palery	Ernakulam	Kerala	673508	10.0158605	76.3418666	8965874589	gayathriiiammu@gmail.com	Open	Shop own	2025-01-23 12:13:45.39115+05:30	2025-03-26 10:37:38.631635+05:30	27ABCDE1234F1Z	10
ed80cb11-a4b3-4991-bcb2-454c7d72edc3	Navya Bake Shop Tripunitara	NBST	Tripunitara	Near Poornatryshya Temple	Kochi	Ernakulam	Kerala	682020	9.9486828	76.34636239999999	09747549535	gayathriiiarun123@gmail.com	Open	Shop own	2025-02-14 10:53:03.30906+05:30	2025-03-26 15:28:09.627135+05:30	27ABCDE1234F1Z	10
34148290-f2ae-45ff-aeba-6bc6436fecef	Navya Bake Shop Vytila	NBS@VY	Vytila	Vyttilla	Kochi	Vytila	Kerala	682019	9.966643099999999	76.3192689	5896587458	jbvhj@gmail.com	Open	Shop own	2025-01-27 16:12:31.159215+05:30	2025-04-08 15:44:32.457041+05:30	27ABCDE1234F1Z	10
\.


--
-- Data for Name: shops_shop_unit_admin_user; Type: TABLE DATA; Schema: public; Owner: postgres
--

COPY public.shops_shop_unit_admin_user (id, shop_id, users_id) FROM stdin;
1	3b331937-12ee-4c19-8bf6-68d1529e82b2	c5b1073b-87b9-42bf-927c-53529730799f
3	34148290-f2ae-45ff-aeba-6bc6436fecef	a57f0ddf-89ab-464f-a5a3-fbb38a27fb04
16	ed80cb11-a4b3-4991-bcb2-454c7d72edc3	50cd849b-df03-485c-b7e0-2c0077a70dde
17	71183ca3-7bc4-4f52-9eb8-15ce65cb05aa	2a92888d-a3bc-4fb1-858b-f11ac93344e1
\.


--
-- Name: accounts_address_id_seq; Type: SEQUENCE SET; Schema: public; Owner: postgres
--

SELECT pg_catalog.setval('public.accounts_address_id_seq', 411, true);


--
-- Name: accounts_loggingoperation_id_seq; Type: SEQUENCE SET; Schema: public; Owner: postgres
--

SELECT pg_catalog.setval('public.accounts_loggingoperation_id_seq', 97, true);


--
-- Name: accounts_otp_id_seq; Type: SEQUENCE SET; Schema: public; Owner: postgres
--

SELECT pg_catalog.setval('public.accounts_otp_id_seq', 928, true);


--
-- Name: accounts_referral_id_seq; Type: SEQUENCE SET; Schema: public; Owner: postgres
--

SELECT pg_catalog.setval('public.accounts_referral_id_seq', 49, true);


--
-- Name: accounts_userlocation_id_seq; Type: SEQUENCE SET; Schema: public; Owner: postgres
--

SELECT pg_catalog.setval('public.accounts_userlocation_id_seq', 604, true);


--
-- Name: accounts_users_groups_id_seq; Type: SEQUENCE SET; Schema: public; Owner: postgres
--

SELECT pg_catalog.setval('public.accounts_users_groups_id_seq', 1, false);


--
-- Name: accounts_users_user_permissions_id_seq; Type: SEQUENCE SET; Schema: public; Owner: postgres
--

SELECT pg_catalog.setval('public.accounts_users_user_permissions_id_seq', 1, false);


--
-- Name: auth_group_id_seq; Type: SEQUENCE SET; Schema: public; Owner: postgres
--

SELECT pg_catalog.setval('public.auth_group_id_seq', 1, false);


--
-- Name: auth_group_permissions_id_seq; Type: SEQUENCE SET; Schema: public; Owner: postgres
--

SELECT pg_catalog.setval('public.auth_group_permissions_id_seq', 1, false);


--
-- Name: auth_permission_id_seq; Type: SEQUENCE SET; Schema: public; Owner: postgres
--

SELECT pg_catalog.setval('public.auth_permission_id_seq', 300, true);


--
-- Name: chatbot_chat_data_options_id_seq; Type: SEQUENCE SET; Schema: public; Owner: postgres
--

SELECT pg_catalog.setval('public.chatbot_chat_data_options_id_seq', 54, true);


--
-- Name: cms_aboutus_id_seq; Type: SEQUENCE SET; Schema: public; Owner: postgres
--

SELECT pg_catalog.setval('public.cms_aboutus_id_seq', 1, true);


--
-- Name: cms_appurl_id_seq; Type: SEQUENCE SET; Schema: public; Owner: postgres
--

SELECT pg_catalog.setval('public.cms_appurl_id_seq', 1, true);


--
-- Name: cms_contactus_id_seq; Type: SEQUENCE SET; Schema: public; Owner: postgres
--

SELECT pg_catalog.setval('public.cms_contactus_id_seq', 1, true);


--
-- Name: cms_faq_id_seq; Type: SEQUENCE SET; Schema: public; Owner: postgres
--

SELECT pg_catalog.setval('public.cms_faq_id_seq', 34, true);


--
-- Name: cms_privacypolicy_id_seq; Type: SEQUENCE SET; Schema: public; Owner: postgres
--

SELECT pg_catalog.setval('public.cms_privacypolicy_id_seq', 1, true);


--
-- Name: cms_termsandconditions_id_seq; Type: SEQUENCE SET; Schema: public; Owner: postgres
--

SELECT pg_catalog.setval('public.cms_termsandconditions_id_seq', 1, true);


--
-- Name: django_admin_log_id_seq; Type: SEQUENCE SET; Schema: public; Owner: postgres
--

SELECT pg_catalog.setval('public.django_admin_log_id_seq', 161, true);


--
-- Name: django_celery_beat_clockedschedule_id_seq; Type: SEQUENCE SET; Schema: public; Owner: postgres
--

SELECT pg_catalog.setval('public.django_celery_beat_clockedschedule_id_seq', 1, false);


--
-- Name: django_celery_beat_crontabschedule_id_seq; Type: SEQUENCE SET; Schema: public; Owner: postgres
--

SELECT pg_catalog.setval('public.django_celery_beat_crontabschedule_id_seq', 2, true);


--
-- Name: django_celery_beat_intervalschedule_id_seq; Type: SEQUENCE SET; Schema: public; Owner: postgres
--

SELECT pg_catalog.setval('public.django_celery_beat_intervalschedule_id_seq', 1, true);


--
-- Name: django_celery_beat_periodictask_id_seq; Type: SEQUENCE SET; Schema: public; Owner: postgres
--

SELECT pg_catalog.setval('public.django_celery_beat_periodictask_id_seq', 3, true);


--
-- Name: django_celery_beat_solarschedule_id_seq; Type: SEQUENCE SET; Schema: public; Owner: postgres
--

SELECT pg_catalog.setval('public.django_celery_beat_solarschedule_id_seq', 1, false);


--
-- Name: django_content_type_id_seq; Type: SEQUENCE SET; Schema: public; Owner: postgres
--

SELECT pg_catalog.setval('public.django_content_type_id_seq', 75, true);


--
-- Name: django_migrations_id_seq; Type: SEQUENCE SET; Schema: public; Owner: postgres
--

SELECT pg_catalog.setval('public.django_migrations_id_seq', 87, true);


--
-- Name: orders_cart_id_seq; Type: SEQUENCE SET; Schema: public; Owner: postgres
--

SELECT pg_catalog.setval('public.orders_cart_id_seq', 1170, true);


--
-- Name: orders_cartitem_id_seq; Type: SEQUENCE SET; Schema: public; Owner: postgres
--

SELECT pg_catalog.setval('public.orders_cartitem_id_seq', 2071, true);


--
-- Name: orders_cartitemcustomization_id_seq; Type: SEQUENCE SET; Schema: public; Owner: postgres
--

SELECT pg_catalog.setval('public.orders_cartitemcustomization_id_seq', 18, true);


--
-- Name: orders_communication_id_seq; Type: SEQUENCE SET; Schema: public; Owner: postgres
--

SELECT pg_catalog.setval('public.orders_communication_id_seq', 136, true);


--
-- Name: orders_coupons_ApplicableCategory_id_seq; Type: SEQUENCE SET; Schema: public; Owner: postgres
--

SELECT pg_catalog.setval('public."orders_coupons_ApplicableCategory_id_seq"', 120, true);


--
-- Name: orders_coupons_ApplicableProduct_id_seq; Type: SEQUENCE SET; Schema: public; Owner: postgres
--

SELECT pg_catalog.setval('public."orders_coupons_ApplicableProduct_id_seq"', 214, true);


--
-- Name: orders_coupons_ApplicableSku_id_seq; Type: SEQUENCE SET; Schema: public; Owner: postgres
--

SELECT pg_catalog.setval('public."orders_coupons_ApplicableSku_id_seq"', 343, true);


--
-- Name: orders_coupons_ApplicableSubCategory_id_seq; Type: SEQUENCE SET; Schema: public; Owner: postgres
--

SELECT pg_catalog.setval('public."orders_coupons_ApplicableSubCategory_id_seq"', 70, true);


--
-- Name: orders_coupons_CouponUsed_id_seq; Type: SEQUENCE SET; Schema: public; Owner: postgres
--

SELECT pg_catalog.setval('public."orders_coupons_CouponUsed_id_seq"', 1, false);


--
-- Name: orders_coupons_id_seq; Type: SEQUENCE SET; Schema: public; Owner: postgres
--

SELECT pg_catalog.setval('public.orders_coupons_id_seq', 28, true);


--
-- Name: orders_customcoupon_id_seq; Type: SEQUENCE SET; Schema: public; Owner: postgres
--

SELECT pg_catalog.setval('public.orders_customcoupon_id_seq', 1, true);


--
-- Name: orders_customcouponsettings_id_seq; Type: SEQUENCE SET; Schema: public; Owner: postgres
--

SELECT pg_catalog.setval('public.orders_customcouponsettings_id_seq', 1, true);


--
-- Name: orders_deliveryboys_id_seq; Type: SEQUENCE SET; Schema: public; Owner: postgres
--

SELECT pg_catalog.setval('public.orders_deliveryboys_id_seq', 14, true);


--
-- Name: orders_deliverydiscount_id_seq; Type: SEQUENCE SET; Schema: public; Owner: postgres
--

SELECT pg_catalog.setval('public.orders_deliverydiscount_id_seq', 4, true);


--
-- Name: orders_deliverysettings_id_seq; Type: SEQUENCE SET; Schema: public; Owner: postgres
--

SELECT pg_catalog.setval('public.orders_deliverysettings_id_seq', 1, true);


--
-- Name: orders_deliveryslot_id_seq; Type: SEQUENCE SET; Schema: public; Owner: postgres
--

SELECT pg_catalog.setval('public.orders_deliveryslot_id_seq', 3, true);


--
-- Name: orders_discount_ApplicableCategory_id_seq; Type: SEQUENCE SET; Schema: public; Owner: postgres
--

SELECT pg_catalog.setval('public."orders_discount_ApplicableCategory_id_seq"', 9, true);


--
-- Name: orders_discount_ApplicableProduct_id_seq; Type: SEQUENCE SET; Schema: public; Owner: postgres
--

SELECT pg_catalog.setval('public."orders_discount_ApplicableProduct_id_seq"', 1, false);


--
-- Name: orders_discount_ApplicableSku_id_seq; Type: SEQUENCE SET; Schema: public; Owner: postgres
--

SELECT pg_catalog.setval('public."orders_discount_ApplicableSku_id_seq"', 1, false);


--
-- Name: orders_discount_ApplicableSubCategory_id_seq; Type: SEQUENCE SET; Schema: public; Owner: postgres
--

SELECT pg_catalog.setval('public."orders_discount_ApplicableSubCategory_id_seq"', 5, true);


--
-- Name: orders_discount_id_seq; Type: SEQUENCE SET; Schema: public; Owner: postgres
--

SELECT pg_catalog.setval('public.orders_discount_id_seq', 6, true);


--
-- Name: orders_notificationstat_id_seq; Type: SEQUENCE SET; Schema: public; Owner: postgres
--

SELECT pg_catalog.setval('public.orders_notificationstat_id_seq', 442, true);


--
-- Name: orders_orderdelivery_id_seq; Type: SEQUENCE SET; Schema: public; Owner: postgres
--

SELECT pg_catalog.setval('public.orders_orderdelivery_id_seq', 114, true);


--
-- Name: orders_payment_id_seq; Type: SEQUENCE SET; Schema: public; Owner: postgres
--

SELECT pg_catalog.setval('public.orders_payment_id_seq', 828, true);


--
-- Name: products_customproduct_id_seq; Type: SEQUENCE SET; Schema: public; Owner: postgres
--

SELECT pg_catalog.setval('public.products_customproduct_id_seq', 2, true);


--
-- Name: products_customproductimage_id_seq; Type: SEQUENCE SET; Schema: public; Owner: postgres
--

SELECT pg_catalog.setval('public.products_customproductimage_id_seq', 2, true);


--
-- Name: products_customproductvideo_id_seq; Type: SEQUENCE SET; Schema: public; Owner: postgres
--

SELECT pg_catalog.setval('public.products_customproductvideo_id_seq', 1, false);


--
-- Name: products_dynamicfiltering_id_seq; Type: SEQUENCE SET; Schema: public; Owner: postgres
--

SELECT pg_catalog.setval('public.products_dynamicfiltering_id_seq', 8, true);


--
-- Name: products_dynamicfiltering_products_id_seq; Type: SEQUENCE SET; Schema: public; Owner: postgres
--

SELECT pg_catalog.setval('public.products_dynamicfiltering_products_id_seq', 71, true);


--
-- Name: products_productcategory_sales_unit_id_seq; Type: SEQUENCE SET; Schema: public; Owner: postgres
--

SELECT pg_catalog.setval('public.products_productcategory_sales_unit_id_seq', 15401, true);


--
-- Name: products_productimage_id_seq; Type: SEQUENCE SET; Schema: public; Owner: postgres
--

SELECT pg_catalog.setval('public.products_productimage_id_seq', 105, true);


--
-- Name: products_productreview_id_seq; Type: SEQUENCE SET; Schema: public; Owner: postgres
--

SELECT pg_catalog.setval('public.products_productreview_id_seq', 48, true);


--
-- Name: products_products_id_seq; Type: SEQUENCE SET; Schema: public; Owner: postgres
--

SELECT pg_catalog.setval('public.products_products_id_seq', 102, true);


--
-- Name: products_products_sales_unit_id_seq; Type: SEQUENCE SET; Schema: public; Owner: postgres
--

SELECT pg_catalog.setval('public.products_products_sales_unit_id_seq', 15507, true);


--
-- Name: products_productsubcategory_sales_unit_id_seq; Type: SEQUENCE SET; Schema: public; Owner: postgres
--

SELECT pg_catalog.setval('public.products_productsubcategory_sales_unit_id_seq', 15430, true);


--
-- Name: products_productvideo_id_seq; Type: SEQUENCE SET; Schema: public; Owner: postgres
--

SELECT pg_catalog.setval('public.products_productvideo_id_seq', 1, false);


--
-- Name: products_salesunitproductselection_id_seq; Type: SEQUENCE SET; Schema: public; Owner: postgres
--

SELECT pg_catalog.setval('public.products_salesunitproductselection_id_seq', 832, true);


--
-- Name: products_sku_id_seq; Type: SEQUENCE SET; Schema: public; Owner: postgres
--

SELECT pg_catalog.setval('public.products_sku_id_seq', 154, true);


--
-- Name: products_sku_sales_unit_id_seq; Type: SEQUENCE SET; Schema: public; Owner: postgres
--

SELECT pg_catalog.setval('public.products_sku_sales_unit_id_seq', 15557, true);


--
-- Name: products_speciallist_id_seq; Type: SEQUENCE SET; Schema: public; Owner: postgres
--

SELECT pg_catalog.setval('public.products_speciallist_id_seq', 11, true);


--
-- Name: products_speciallist_products_id_seq; Type: SEQUENCE SET; Schema: public; Owner: postgres
--

SELECT pg_catalog.setval('public.products_speciallist_products_id_seq', 58, true);


--
-- Name: products_tags_id_seq; Type: SEQUENCE SET; Schema: public; Owner: postgres
--

SELECT pg_catalog.setval('public.products_tags_id_seq', 16, true);


--
-- Name: products_tags_products_id_seq; Type: SEQUENCE SET; Schema: public; Owner: postgres
--

SELECT pg_catalog.setval('public.products_tags_products_id_seq', 98, true);


--
-- Name: products_wishlist_id_seq; Type: SEQUENCE SET; Schema: public; Owner: postgres
--

SELECT pg_catalog.setval('public.products_wishlist_id_seq', 354, true);


--
-- Name: products_youmayalsolike_id_seq; Type: SEQUENCE SET; Schema: public; Owner: postgres
--

SELECT pg_catalog.setval('public.products_youmayalsolike_id_seq', 1, false);


--
-- Name: products_youmayalsolike_liked_products_id_seq; Type: SEQUENCE SET; Schema: public; Owner: postgres
--

SELECT pg_catalog.setval('public.products_youmayalsolike_liked_products_id_seq', 1, false);


--
-- Name: shops_bankdetails_id_seq; Type: SEQUENCE SET; Schema: public; Owner: postgres
--

SELECT pg_catalog.setval('public.shops_bankdetails_id_seq', 17, true);


--
-- Name: shops_shop_unit_admin_user_id_seq; Type: SEQUENCE SET; Schema: public; Owner: postgres
--

SELECT pg_catalog.setval('public.shops_shop_unit_admin_user_id_seq', 18, true);


--
-- Name: accounts_address accounts_address_pkey; Type: CONSTRAINT; Schema: public; Owner: postgres
--

ALTER TABLE ONLY public.accounts_address
    ADD CONSTRAINT accounts_address_pkey PRIMARY KEY (id);


--
-- Name: accounts_loggingoperation accounts_loggingoperation_pkey; Type: CONSTRAINT; Schema: public; Owner: postgres
--

ALTER TABLE ONLY public.accounts_loggingoperation
    ADD CONSTRAINT accounts_loggingoperation_pkey PRIMARY KEY (id);


--
-- Name: accounts_otp accounts_otp_pkey; Type: CONSTRAINT; Schema: public; Owner: postgres
--

ALTER TABLE ONLY public.accounts_otp
    ADD CONSTRAINT accounts_otp_pkey PRIMARY KEY (id);


--
-- Name: accounts_referral accounts_referral_pkey; Type: CONSTRAINT; Schema: public; Owner: postgres
--

ALTER TABLE ONLY public.accounts_referral
    ADD CONSTRAINT accounts_referral_pkey PRIMARY KEY (id);


--
-- Name: accounts_referral accounts_referral_referral_code_key; Type: CONSTRAINT; Schema: public; Owner: postgres
--

ALTER TABLE ONLY public.accounts_referral
    ADD CONSTRAINT accounts_referral_referral_code_key UNIQUE (referral_code);


--
-- Name: accounts_referral accounts_referral_user_id_key; Type: CONSTRAINT; Schema: public; Owner: postgres
--

ALTER TABLE ONLY public.accounts_referral
    ADD CONSTRAINT accounts_referral_user_id_key UNIQUE (user_id);


--
-- Name: accounts_userlocation accounts_userlocation_pkey; Type: CONSTRAINT; Schema: public; Owner: postgres
--

ALTER TABLE ONLY public.accounts_userlocation
    ADD CONSTRAINT accounts_userlocation_pkey PRIMARY KEY (id);


--
-- Name: accounts_users accounts_users_email_key; Type: CONSTRAINT; Schema: public; Owner: postgres
--

ALTER TABLE ONLY public.accounts_users
    ADD CONSTRAINT accounts_users_email_key UNIQUE (email);


--
-- Name: accounts_users_groups accounts_users_groups_pkey; Type: CONSTRAINT; Schema: public; Owner: postgres
--

ALTER TABLE ONLY public.accounts_users_groups
    ADD CONSTRAINT accounts_users_groups_pkey PRIMARY KEY (id);


--
-- Name: accounts_users_groups accounts_users_groups_users_id_group_id_8dfb39d5_uniq; Type: CONSTRAINT; Schema: public; Owner: postgres
--

ALTER TABLE ONLY public.accounts_users_groups
    ADD CONSTRAINT accounts_users_groups_users_id_group_id_8dfb39d5_uniq UNIQUE (users_id, group_id);


--
-- Name: accounts_users accounts_users_pkey; Type: CONSTRAINT; Schema: public; Owner: postgres
--

ALTER TABLE ONLY public.accounts_users
    ADD CONSTRAINT accounts_users_pkey PRIMARY KEY (uuid);


--
-- Name: accounts_users_user_permissions accounts_users_user_perm_users_id_permission_id_866b235f_uniq; Type: CONSTRAINT; Schema: public; Owner: postgres
--

ALTER TABLE ONLY public.accounts_users_user_permissions
    ADD CONSTRAINT accounts_users_user_perm_users_id_permission_id_866b235f_uniq UNIQUE (users_id, permission_id);


--
-- Name: accounts_users_user_permissions accounts_users_user_permissions_pkey; Type: CONSTRAINT; Schema: public; Owner: postgres
--

ALTER TABLE ONLY public.accounts_users_user_permissions
    ADD CONSTRAINT accounts_users_user_permissions_pkey PRIMARY KEY (id);


--
-- Name: auth_group auth_group_name_key; Type: CONSTRAINT; Schema: public; Owner: postgres
--

ALTER TABLE ONLY public.auth_group
    ADD CONSTRAINT auth_group_name_key UNIQUE (name);


--
-- Name: auth_group_permissions auth_group_permissions_group_id_permission_id_0cd325b0_uniq; Type: CONSTRAINT; Schema: public; Owner: postgres
--

ALTER TABLE ONLY public.auth_group_permissions
    ADD CONSTRAINT auth_group_permissions_group_id_permission_id_0cd325b0_uniq UNIQUE (group_id, permission_id);


--
-- Name: auth_group_permissions auth_group_permissions_pkey; Type: CONSTRAINT; Schema: public; Owner: postgres
--

ALTER TABLE ONLY public.auth_group_permissions
    ADD CONSTRAINT auth_group_permissions_pkey PRIMARY KEY (id);


--
-- Name: auth_group auth_group_pkey; Type: CONSTRAINT; Schema: public; Owner: postgres
--

ALTER TABLE ONLY public.auth_group
    ADD CONSTRAINT auth_group_pkey PRIMARY KEY (id);


--
-- Name: auth_permission auth_permission_content_type_id_codename_01ab375a_uniq; Type: CONSTRAINT; Schema: public; Owner: postgres
--

ALTER TABLE ONLY public.auth_permission
    ADD CONSTRAINT auth_permission_content_type_id_codename_01ab375a_uniq UNIQUE (content_type_id, codename);


--
-- Name: auth_permission auth_permission_pkey; Type: CONSTRAINT; Schema: public; Owner: postgres
--

ALTER TABLE ONLY public.auth_permission
    ADD CONSTRAINT auth_permission_pkey PRIMARY KEY (id);


--
-- Name: authtoken_token authtoken_token_pkey; Type: CONSTRAINT; Schema: public; Owner: postgres
--

ALTER TABLE ONLY public.authtoken_token
    ADD CONSTRAINT authtoken_token_pkey PRIMARY KEY (key);


--
-- Name: authtoken_token authtoken_token_user_id_key; Type: CONSTRAINT; Schema: public; Owner: postgres
--

ALTER TABLE ONLY public.authtoken_token
    ADD CONSTRAINT authtoken_token_user_id_key UNIQUE (user_id);


--
-- Name: chatbot_chat_data_options chatbot_chat_data_options_chat_data_id_options_id_cd0f3353_uniq; Type: CONSTRAINT; Schema: public; Owner: postgres
--

ALTER TABLE ONLY public.chatbot_chat_data_options
    ADD CONSTRAINT chatbot_chat_data_options_chat_data_id_options_id_cd0f3353_uniq UNIQUE (chat_data_id, relatedoptiontable_id);


--
-- Name: chatbot_chat_data_options chatbot_chat_data_options_pkey; Type: CONSTRAINT; Schema: public; Owner: postgres
--

ALTER TABLE ONLY public.chatbot_chat_data_options
    ADD CONSTRAINT chatbot_chat_data_options_pkey PRIMARY KEY (id);


--
-- Name: chatbot_chat_data chatbot_chat_data_pkey; Type: CONSTRAINT; Schema: public; Owner: postgres
--

ALTER TABLE ONLY public.chatbot_chat_data
    ADD CONSTRAINT chatbot_chat_data_pkey PRIMARY KEY (chat_id);


--
-- Name: chatbot_columnlist chatbot_columnlist_pkey; Type: CONSTRAINT; Schema: public; Owner: postgres
--

ALTER TABLE ONLY public.chatbot_columnlist
    ADD CONSTRAINT chatbot_columnlist_pkey PRIMARY KEY (id);


--
-- Name: chatbot_maptables chatbot_maptables_map_name_key; Type: CONSTRAINT; Schema: public; Owner: postgres
--

ALTER TABLE ONLY public.chatbot_maptables
    ADD CONSTRAINT chatbot_maptables_map_name_key UNIQUE (map_name);


--
-- Name: chatbot_maptables chatbot_maptables_pkey; Type: CONSTRAINT; Schema: public; Owner: postgres
--

ALTER TABLE ONLY public.chatbot_maptables
    ADD CONSTRAINT chatbot_maptables_pkey PRIMARY KEY (id);


--
-- Name: chatbot_options chatbot_options_pkey; Type: CONSTRAINT; Schema: public; Owner: postgres
--

ALTER TABLE ONLY public.chatbot_options
    ADD CONSTRAINT chatbot_options_pkey PRIMARY KEY (id);


--
-- Name: chatbot_relatedoptiontable chatbot_relatedoptiontable_pkey; Type: CONSTRAINT; Schema: public; Owner: postgres
--

ALTER TABLE ONLY public.chatbot_relatedoptiontable
    ADD CONSTRAINT chatbot_relatedoptiontable_pkey PRIMARY KEY (id);


--
-- Name: chatbot_tablelist chatbot_tablelist_pkey; Type: CONSTRAINT; Schema: public; Owner: postgres
--

ALTER TABLE ONLY public.chatbot_tablelist
    ADD CONSTRAINT chatbot_tablelist_pkey PRIMARY KEY (id);


--
-- Name: chatbot_tablelist chatbot_tablelist_table_name_key; Type: CONSTRAINT; Schema: public; Owner: postgres
--

ALTER TABLE ONLY public.chatbot_tablelist
    ADD CONSTRAINT chatbot_tablelist_table_name_key UNIQUE (table_name);


--
-- Name: cms_aboutus cms_aboutus_pkey; Type: CONSTRAINT; Schema: public; Owner: postgres
--

ALTER TABLE ONLY public.cms_aboutus
    ADD CONSTRAINT cms_aboutus_pkey PRIMARY KEY (id);


--
-- Name: cms_appurl cms_appurl_pkey; Type: CONSTRAINT; Schema: public; Owner: postgres
--

ALTER TABLE ONLY public.cms_appurl
    ADD CONSTRAINT cms_appurl_pkey PRIMARY KEY (id);


--
-- Name: cms_contactus cms_contactus_pkey; Type: CONSTRAINT; Schema: public; Owner: postgres
--

ALTER TABLE ONLY public.cms_contactus
    ADD CONSTRAINT cms_contactus_pkey PRIMARY KEY (id);


--
-- Name: cms_faq cms_faq_pkey; Type: CONSTRAINT; Schema: public; Owner: postgres
--

ALTER TABLE ONLY public.cms_faq
    ADD CONSTRAINT cms_faq_pkey PRIMARY KEY (id);


--
-- Name: cms_privacypolicy cms_privacypolicy_pkey; Type: CONSTRAINT; Schema: public; Owner: postgres
--

ALTER TABLE ONLY public.cms_privacypolicy
    ADD CONSTRAINT cms_privacypolicy_pkey PRIMARY KEY (id);


--
-- Name: cms_termsandconditions cms_termsandconditions_pkey; Type: CONSTRAINT; Schema: public; Owner: postgres
--

ALTER TABLE ONLY public.cms_termsandconditions
    ADD CONSTRAINT cms_termsandconditions_pkey PRIMARY KEY (id);


--
-- Name: django_admin_log django_admin_log_pkey; Type: CONSTRAINT; Schema: public; Owner: postgres
--

ALTER TABLE ONLY public.django_admin_log
    ADD CONSTRAINT django_admin_log_pkey PRIMARY KEY (id);


--
-- Name: django_celery_beat_clockedschedule django_celery_beat_clockedschedule_pkey; Type: CONSTRAINT; Schema: public; Owner: postgres
--

ALTER TABLE ONLY public.django_celery_beat_clockedschedule
    ADD CONSTRAINT django_celery_beat_clockedschedule_pkey PRIMARY KEY (id);


--
-- Name: django_celery_beat_crontabschedule django_celery_beat_crontabschedule_pkey; Type: CONSTRAINT; Schema: public; Owner: postgres
--

ALTER TABLE ONLY public.django_celery_beat_crontabschedule
    ADD CONSTRAINT django_celery_beat_crontabschedule_pkey PRIMARY KEY (id);


--
-- Name: django_celery_beat_intervalschedule django_celery_beat_intervalschedule_pkey; Type: CONSTRAINT; Schema: public; Owner: postgres
--

ALTER TABLE ONLY public.django_celery_beat_intervalschedule
    ADD CONSTRAINT django_celery_beat_intervalschedule_pkey PRIMARY KEY (id);


--
-- Name: django_celery_beat_periodictask django_celery_beat_periodictask_name_key; Type: CONSTRAINT; Schema: public; Owner: postgres
--

ALTER TABLE ONLY public.django_celery_beat_periodictask
    ADD CONSTRAINT django_celery_beat_periodictask_name_key UNIQUE (name);


--
-- Name: django_celery_beat_periodictask django_celery_beat_periodictask_pkey; Type: CONSTRAINT; Schema: public; Owner: postgres
--

ALTER TABLE ONLY public.django_celery_beat_periodictask
    ADD CONSTRAINT django_celery_beat_periodictask_pkey PRIMARY KEY (id);


--
-- Name: django_celery_beat_periodictasks django_celery_beat_periodictasks_pkey; Type: CONSTRAINT; Schema: public; Owner: postgres
--

ALTER TABLE ONLY public.django_celery_beat_periodictasks
    ADD CONSTRAINT django_celery_beat_periodictasks_pkey PRIMARY KEY (ident);


--
-- Name: django_celery_beat_solarschedule django_celery_beat_solar_event_latitude_longitude_ba64999a_uniq; Type: CONSTRAINT; Schema: public; Owner: postgres
--

ALTER TABLE ONLY public.django_celery_beat_solarschedule
    ADD CONSTRAINT django_celery_beat_solar_event_latitude_longitude_ba64999a_uniq UNIQUE (event, latitude, longitude);


--
-- Name: django_celery_beat_solarschedule django_celery_beat_solarschedule_pkey; Type: CONSTRAINT; Schema: public; Owner: postgres
--

ALTER TABLE ONLY public.django_celery_beat_solarschedule
    ADD CONSTRAINT django_celery_beat_solarschedule_pkey PRIMARY KEY (id);


--
-- Name: django_content_type django_content_type_app_label_model_76bd3d3b_uniq; Type: CONSTRAINT; Schema: public; Owner: postgres
--

ALTER TABLE ONLY public.django_content_type
    ADD CONSTRAINT django_content_type_app_label_model_76bd3d3b_uniq UNIQUE (app_label, model);


--
-- Name: django_content_type django_content_type_pkey; Type: CONSTRAINT; Schema: public; Owner: postgres
--

ALTER TABLE ONLY public.django_content_type
    ADD CONSTRAINT django_content_type_pkey PRIMARY KEY (id);


--
-- Name: django_migrations django_migrations_pkey; Type: CONSTRAINT; Schema: public; Owner: postgres
--

ALTER TABLE ONLY public.django_migrations
    ADD CONSTRAINT django_migrations_pkey PRIMARY KEY (id);


--
-- Name: django_session django_session_pkey; Type: CONSTRAINT; Schema: public; Owner: postgres
--

ALTER TABLE ONLY public.django_session
    ADD CONSTRAINT django_session_pkey PRIMARY KEY (session_key);


--
-- Name: orders_ads orders_ads_pkey; Type: CONSTRAINT; Schema: public; Owner: postgres
--

ALTER TABLE ONLY public.orders_ads
    ADD CONSTRAINT orders_ads_pkey PRIMARY KEY (uuid);


--
-- Name: orders_cart orders_cart_pkey; Type: CONSTRAINT; Schema: public; Owner: postgres
--

ALTER TABLE ONLY public.orders_cart
    ADD CONSTRAINT orders_cart_pkey PRIMARY KEY (id);


--
-- Name: orders_cart orders_cart_user_id_key; Type: CONSTRAINT; Schema: public; Owner: postgres
--

ALTER TABLE ONLY public.orders_cart
    ADD CONSTRAINT orders_cart_user_id_key UNIQUE (user_id);


--
-- Name: orders_cartitem orders_cartitem_pkey; Type: CONSTRAINT; Schema: public; Owner: postgres
--

ALTER TABLE ONLY public.orders_cartitem
    ADD CONSTRAINT orders_cartitem_pkey PRIMARY KEY (id);


--
-- Name: orders_cartitemcustomization orders_cartitemcustomization_pkey; Type: CONSTRAINT; Schema: public; Owner: postgres
--

ALTER TABLE ONLY public.orders_cartitemcustomization
    ADD CONSTRAINT orders_cartitemcustomization_pkey PRIMARY KEY (id);


--
-- Name: orders_communication orders_communication_pkey; Type: CONSTRAINT; Schema: public; Owner: postgres
--

ALTER TABLE ONLY public.orders_communication
    ADD CONSTRAINT orders_communication_pkey PRIMARY KEY (id);


--
-- Name: orders_coupons_ApplicableCategory orders_coupons_Applicabl_coupons_id_productcatego_edf4ba95_uniq; Type: CONSTRAINT; Schema: public; Owner: postgres
--

ALTER TABLE ONLY public."orders_coupons_ApplicableCategory"
    ADD CONSTRAINT "orders_coupons_Applicabl_coupons_id_productcatego_edf4ba95_uniq" UNIQUE (coupons_id, productcategory_id);


--
-- Name: orders_coupons_ApplicableProduct orders_coupons_Applicabl_coupons_id_products_id_3160be93_uniq; Type: CONSTRAINT; Schema: public; Owner: postgres
--

ALTER TABLE ONLY public."orders_coupons_ApplicableProduct"
    ADD CONSTRAINT "orders_coupons_Applicabl_coupons_id_products_id_3160be93_uniq" UNIQUE (coupons_id, products_id);


--
-- Name: orders_coupons_ApplicableSubCategory orders_coupons_Applicabl_coupons_id_productsubcat_1114c2a3_uniq; Type: CONSTRAINT; Schema: public; Owner: postgres
--

ALTER TABLE ONLY public."orders_coupons_ApplicableSubCategory"
    ADD CONSTRAINT "orders_coupons_Applicabl_coupons_id_productsubcat_1114c2a3_uniq" UNIQUE (coupons_id, productsubcategory_id);


--
-- Name: orders_coupons_ApplicableCategory orders_coupons_ApplicableCategory_pkey; Type: CONSTRAINT; Schema: public; Owner: postgres
--

ALTER TABLE ONLY public."orders_coupons_ApplicableCategory"
    ADD CONSTRAINT "orders_coupons_ApplicableCategory_pkey" PRIMARY KEY (id);


--
-- Name: orders_coupons_ApplicableProduct orders_coupons_ApplicableProduct_pkey; Type: CONSTRAINT; Schema: public; Owner: postgres
--

ALTER TABLE ONLY public."orders_coupons_ApplicableProduct"
    ADD CONSTRAINT "orders_coupons_ApplicableProduct_pkey" PRIMARY KEY (id);


--
-- Name: orders_coupons_ApplicableSku orders_coupons_ApplicableSku_coupons_id_sku_id_441ace85_uniq; Type: CONSTRAINT; Schema: public; Owner: postgres
--

ALTER TABLE ONLY public."orders_coupons_ApplicableSku"
    ADD CONSTRAINT "orders_coupons_ApplicableSku_coupons_id_sku_id_441ace85_uniq" UNIQUE (coupons_id, sku_id);


--
-- Name: orders_coupons_ApplicableSku orders_coupons_ApplicableSku_pkey; Type: CONSTRAINT; Schema: public; Owner: postgres
--

ALTER TABLE ONLY public."orders_coupons_ApplicableSku"
    ADD CONSTRAINT "orders_coupons_ApplicableSku_pkey" PRIMARY KEY (id);


--
-- Name: orders_coupons_ApplicableSubCategory orders_coupons_ApplicableSubCategory_pkey; Type: CONSTRAINT; Schema: public; Owner: postgres
--

ALTER TABLE ONLY public."orders_coupons_ApplicableSubCategory"
    ADD CONSTRAINT "orders_coupons_ApplicableSubCategory_pkey" PRIMARY KEY (id);


--
-- Name: orders_coupons_CouponUsed orders_coupons_CouponUsed_coupons_id_users_id_b0183099_uniq; Type: CONSTRAINT; Schema: public; Owner: postgres
--

ALTER TABLE ONLY public."orders_coupons_CouponUsed"
    ADD CONSTRAINT "orders_coupons_CouponUsed_coupons_id_users_id_b0183099_uniq" UNIQUE (coupons_id, users_id);


--
-- Name: orders_coupons_CouponUsed orders_coupons_CouponUsed_pkey; Type: CONSTRAINT; Schema: public; Owner: postgres
--

ALTER TABLE ONLY public."orders_coupons_CouponUsed"
    ADD CONSTRAINT "orders_coupons_CouponUsed_pkey" PRIMARY KEY (id);


--
-- Name: orders_coupons orders_coupons_pkey; Type: CONSTRAINT; Schema: public; Owner: postgres
--

ALTER TABLE ONLY public.orders_coupons
    ADD CONSTRAINT orders_coupons_pkey PRIMARY KEY (id);


--
-- Name: orders_customcoupon orders_customcoupon_pkey; Type: CONSTRAINT; Schema: public; Owner: postgres
--

ALTER TABLE ONLY public.orders_customcoupon
    ADD CONSTRAINT orders_customcoupon_pkey PRIMARY KEY (id);


--
-- Name: orders_customcouponsettings orders_customcouponsettings_pkey; Type: CONSTRAINT; Schema: public; Owner: postgres
--

ALTER TABLE ONLY public.orders_customcouponsettings
    ADD CONSTRAINT orders_customcouponsettings_pkey PRIMARY KEY (id);


--
-- Name: orders_deletedorders orders_deletedorders_pkey; Type: CONSTRAINT; Schema: public; Owner: postgres
--

ALTER TABLE ONLY public.orders_deletedorders
    ADD CONSTRAINT orders_deletedorders_pkey PRIMARY KEY (uuid);


--
-- Name: orders_deliveryboys orders_deliveryboys_email_7dd6cf1b_uniq; Type: CONSTRAINT; Schema: public; Owner: postgres
--

ALTER TABLE ONLY public.orders_deliveryboys
    ADD CONSTRAINT orders_deliveryboys_email_7dd6cf1b_uniq UNIQUE (email);


--
-- Name: orders_deliveryboys orders_deliveryboys_phone_number_cd56671f_uniq; Type: CONSTRAINT; Schema: public; Owner: postgres
--

ALTER TABLE ONLY public.orders_deliveryboys
    ADD CONSTRAINT orders_deliveryboys_phone_number_cd56671f_uniq UNIQUE (phone_number);


--
-- Name: orders_deliveryboys orders_deliveryboys_pkey; Type: CONSTRAINT; Schema: public; Owner: postgres
--

ALTER TABLE ONLY public.orders_deliveryboys
    ADD CONSTRAINT orders_deliveryboys_pkey PRIMARY KEY (id);


--
-- Name: orders_deliverydiscount orders_deliverydiscount_pkey; Type: CONSTRAINT; Schema: public; Owner: postgres
--

ALTER TABLE ONLY public.orders_deliverydiscount
    ADD CONSTRAINT orders_deliverydiscount_pkey PRIMARY KEY (id);


--
-- Name: orders_deliverysettings orders_deliverysettings_pkey; Type: CONSTRAINT; Schema: public; Owner: postgres
--

ALTER TABLE ONLY public.orders_deliverysettings
    ADD CONSTRAINT orders_deliverysettings_pkey PRIMARY KEY (id);


--
-- Name: orders_deliveryslot orders_deliveryslot_pkey; Type: CONSTRAINT; Schema: public; Owner: postgres
--

ALTER TABLE ONLY public.orders_deliveryslot
    ADD CONSTRAINT orders_deliveryslot_pkey PRIMARY KEY (id);


--
-- Name: orders_discount_ApplicableCategory orders_discount_Applicab_discount_id_productcateg_249d31ba_uniq; Type: CONSTRAINT; Schema: public; Owner: postgres
--

ALTER TABLE ONLY public."orders_discount_ApplicableCategory"
    ADD CONSTRAINT "orders_discount_Applicab_discount_id_productcateg_249d31ba_uniq" UNIQUE (discount_id, productcategory_id);


--
-- Name: orders_discount_ApplicableProduct orders_discount_Applicab_discount_id_products_id_39c9a435_uniq; Type: CONSTRAINT; Schema: public; Owner: postgres
--

ALTER TABLE ONLY public."orders_discount_ApplicableProduct"
    ADD CONSTRAINT "orders_discount_Applicab_discount_id_products_id_39c9a435_uniq" UNIQUE (discount_id, products_id);


--
-- Name: orders_discount_ApplicableSubCategory orders_discount_Applicab_discount_id_productsubca_0cdc1095_uniq; Type: CONSTRAINT; Schema: public; Owner: postgres
--

ALTER TABLE ONLY public."orders_discount_ApplicableSubCategory"
    ADD CONSTRAINT "orders_discount_Applicab_discount_id_productsubca_0cdc1095_uniq" UNIQUE (discount_id, productsubcategory_id);


--
-- Name: orders_discount_ApplicableCategory orders_discount_ApplicableCategory_pkey; Type: CONSTRAINT; Schema: public; Owner: postgres
--

ALTER TABLE ONLY public."orders_discount_ApplicableCategory"
    ADD CONSTRAINT "orders_discount_ApplicableCategory_pkey" PRIMARY KEY (id);


--
-- Name: orders_discount_ApplicableProduct orders_discount_ApplicableProduct_pkey; Type: CONSTRAINT; Schema: public; Owner: postgres
--

ALTER TABLE ONLY public."orders_discount_ApplicableProduct"
    ADD CONSTRAINT "orders_discount_ApplicableProduct_pkey" PRIMARY KEY (id);


--
-- Name: orders_discount_ApplicableSku orders_discount_ApplicableSku_discount_id_sku_id_9a2397f1_uniq; Type: CONSTRAINT; Schema: public; Owner: postgres
--

ALTER TABLE ONLY public."orders_discount_ApplicableSku"
    ADD CONSTRAINT "orders_discount_ApplicableSku_discount_id_sku_id_9a2397f1_uniq" UNIQUE (discount_id, sku_id);


--
-- Name: orders_discount_ApplicableSku orders_discount_ApplicableSku_pkey; Type: CONSTRAINT; Schema: public; Owner: postgres
--

ALTER TABLE ONLY public."orders_discount_ApplicableSku"
    ADD CONSTRAINT "orders_discount_ApplicableSku_pkey" PRIMARY KEY (id);


--
-- Name: orders_discount_ApplicableSubCategory orders_discount_ApplicableSubCategory_pkey; Type: CONSTRAINT; Schema: public; Owner: postgres
--

ALTER TABLE ONLY public."orders_discount_ApplicableSubCategory"
    ADD CONSTRAINT "orders_discount_ApplicableSubCategory_pkey" PRIMARY KEY (id);


--
-- Name: orders_discount orders_discount_DiscountCode_7070f0f4_uniq; Type: CONSTRAINT; Schema: public; Owner: postgres
--

ALTER TABLE ONLY public.orders_discount
    ADD CONSTRAINT "orders_discount_DiscountCode_7070f0f4_uniq" UNIQUE ("DiscountCode");


--
-- Name: orders_discount orders_discount_pkey; Type: CONSTRAINT; Schema: public; Owner: postgres
--

ALTER TABLE ONLY public.orders_discount
    ADD CONSTRAINT orders_discount_pkey PRIMARY KEY (id);


--
-- Name: orders_dropaddress orders_dropaddress_pkey; Type: CONSTRAINT; Schema: public; Owner: postgres
--

ALTER TABLE ONLY public.orders_dropaddress
    ADD CONSTRAINT orders_dropaddress_pkey PRIMARY KEY (uuid);


--
-- Name: orders_message orders_message_pkey; Type: CONSTRAINT; Schema: public; Owner: postgres
--

ALTER TABLE ONLY public.orders_message
    ADD CONSTRAINT orders_message_pkey PRIMARY KEY (uuid);


--
-- Name: orders_notificationstat orders_notificationstat_pkey; Type: CONSTRAINT; Schema: public; Owner: postgres
--

ALTER TABLE ONLY public.orders_notificationstat
    ADD CONSTRAINT orders_notificationstat_pkey PRIMARY KEY (id);


--
-- Name: orders_orderdelivery orders_orderdelivery_pkey; Type: CONSTRAINT; Schema: public; Owner: postgres
--

ALTER TABLE ONLY public.orders_orderdelivery
    ADD CONSTRAINT orders_orderdelivery_pkey PRIMARY KEY (id);


--
-- Name: orders_orderproducts orders_orderproducts_pkey; Type: CONSTRAINT; Schema: public; Owner: postgres
--

ALTER TABLE ONLY public.orders_orderproducts
    ADD CONSTRAINT orders_orderproducts_pkey PRIMARY KEY (order_product_id);


--
-- Name: orders_orders orders_orders_drop_address_id_key; Type: CONSTRAINT; Schema: public; Owner: postgres
--

ALTER TABLE ONLY public.orders_orders
    ADD CONSTRAINT orders_orders_drop_address_id_key UNIQUE (drop_address_id);


--
-- Name: orders_orders orders_orders_pkey; Type: CONSTRAINT; Schema: public; Owner: postgres
--

ALTER TABLE ONLY public.orders_orders
    ADD CONSTRAINT orders_orders_pkey PRIMARY KEY (uuid);


--
-- Name: orders_payment orders_payment_order_id_key; Type: CONSTRAINT; Schema: public; Owner: postgres
--

ALTER TABLE ONLY public.orders_payment
    ADD CONSTRAINT orders_payment_order_id_key UNIQUE (order_id);


--
-- Name: orders_payment orders_payment_pkey; Type: CONSTRAINT; Schema: public; Owner: postgres
--

ALTER TABLE ONLY public.orders_payment
    ADD CONSTRAINT orders_payment_pkey PRIMARY KEY (id);


--
-- Name: orders_someoneelse orders_someoneelse_cart_id_key; Type: CONSTRAINT; Schema: public; Owner: postgres
--

ALTER TABLE ONLY public.orders_someoneelse
    ADD CONSTRAINT orders_someoneelse_cart_id_key UNIQUE (cart_id);


--
-- Name: orders_someoneelse orders_someoneelse_orders_id_key; Type: CONSTRAINT; Schema: public; Owner: postgres
--

ALTER TABLE ONLY public.orders_someoneelse
    ADD CONSTRAINT orders_someoneelse_orders_id_key UNIQUE (orders_id);


--
-- Name: orders_someoneelse orders_someoneelse_pkey; Type: CONSTRAINT; Schema: public; Owner: postgres
--

ALTER TABLE ONLY public.orders_someoneelse
    ADD CONSTRAINT orders_someoneelse_pkey PRIMARY KEY (uuid);


--
-- Name: products_customproduct products_customproduct_pkey; Type: CONSTRAINT; Schema: public; Owner: postgres
--

ALTER TABLE ONLY public.products_customproduct
    ADD CONSTRAINT products_customproduct_pkey PRIMARY KEY (id);


--
-- Name: products_customproductimage products_customproductimage_pkey; Type: CONSTRAINT; Schema: public; Owner: postgres
--

ALTER TABLE ONLY public.products_customproductimage
    ADD CONSTRAINT products_customproductimage_pkey PRIMARY KEY (id);


--
-- Name: products_customproductvideo products_customproductvideo_pkey; Type: CONSTRAINT; Schema: public; Owner: postgres
--

ALTER TABLE ONLY public.products_customproductvideo
    ADD CONSTRAINT products_customproductvideo_pkey PRIMARY KEY (id);


--
-- Name: products_dynamicfiltering_products products_dynamicfilterin_dynamicfiltering_id_prod_a14dfabc_uniq; Type: CONSTRAINT; Schema: public; Owner: postgres
--

ALTER TABLE ONLY public.products_dynamicfiltering_products
    ADD CONSTRAINT products_dynamicfilterin_dynamicfiltering_id_prod_a14dfabc_uniq UNIQUE (dynamicfiltering_id, products_id);


--
-- Name: products_dynamicfiltering products_dynamicfiltering_pkey; Type: CONSTRAINT; Schema: public; Owner: postgres
--

ALTER TABLE ONLY public.products_dynamicfiltering
    ADD CONSTRAINT products_dynamicfiltering_pkey PRIMARY KEY (id);


--
-- Name: products_dynamicfiltering_products products_dynamicfiltering_products_pkey; Type: CONSTRAINT; Schema: public; Owner: postgres
--

ALTER TABLE ONLY public.products_dynamicfiltering_products
    ADD CONSTRAINT products_dynamicfiltering_products_pkey PRIMARY KEY (id);


--
-- Name: products_productcategory products_productcategory_category_code_key; Type: CONSTRAINT; Schema: public; Owner: postgres
--

ALTER TABLE ONLY public.products_productcategory
    ADD CONSTRAINT products_productcategory_category_code_key UNIQUE (category_code);


--
-- Name: products_productcategory products_productcategory_pkey; Type: CONSTRAINT; Schema: public; Owner: postgres
--

ALTER TABLE ONLY public.products_productcategory
    ADD CONSTRAINT products_productcategory_pkey PRIMARY KEY (uuid);


--
-- Name: products_productcategory_sales_unit products_productcategory_productcategory_id_shop__871846d8_uniq; Type: CONSTRAINT; Schema: public; Owner: postgres
--

ALTER TABLE ONLY public.products_productcategory_sales_unit
    ADD CONSTRAINT products_productcategory_productcategory_id_shop__871846d8_uniq UNIQUE (productcategory_id, shop_id);


--
-- Name: products_productcategory_sales_unit products_productcategory_sales_unit_pkey; Type: CONSTRAINT; Schema: public; Owner: postgres
--

ALTER TABLE ONLY public.products_productcategory_sales_unit
    ADD CONSTRAINT products_productcategory_sales_unit_pkey PRIMARY KEY (id);


--
-- Name: products_productimage products_productimage_pkey; Type: CONSTRAINT; Schema: public; Owner: postgres
--

ALTER TABLE ONLY public.products_productimage
    ADD CONSTRAINT products_productimage_pkey PRIMARY KEY (id);


--
-- Name: products_productreview products_productreview_pkey; Type: CONSTRAINT; Schema: public; Owner: postgres
--

ALTER TABLE ONLY public.products_productreview
    ADD CONSTRAINT products_productreview_pkey PRIMARY KEY (id);


--
-- Name: products_products products_products_pkey; Type: CONSTRAINT; Schema: public; Owner: postgres
--

ALTER TABLE ONLY public.products_products
    ADD CONSTRAINT products_products_pkey PRIMARY KEY (id);


--
-- Name: products_products_sales_unit products_products_sales_unit_pkey; Type: CONSTRAINT; Schema: public; Owner: postgres
--

ALTER TABLE ONLY public.products_products_sales_unit
    ADD CONSTRAINT products_products_sales_unit_pkey PRIMARY KEY (id);


--
-- Name: products_products_sales_unit products_products_sales_unit_products_id_shop_id_22458565_uniq; Type: CONSTRAINT; Schema: public; Owner: postgres
--

ALTER TABLE ONLY public.products_products_sales_unit
    ADD CONSTRAINT products_products_sales_unit_products_id_shop_id_22458565_uniq UNIQUE (products_id, shop_id);


--
-- Name: products_productsubcategory_sales_unit products_productsubcateg_productsubcategory_id_sh_2074998c_uniq; Type: CONSTRAINT; Schema: public; Owner: postgres
--

ALTER TABLE ONLY public.products_productsubcategory_sales_unit
    ADD CONSTRAINT products_productsubcateg_productsubcategory_id_sh_2074998c_uniq UNIQUE (productsubcategory_id, shop_id);


--
-- Name: products_productsubcategory products_productsubcategory_pkey; Type: CONSTRAINT; Schema: public; Owner: postgres
--

ALTER TABLE ONLY public.products_productsubcategory
    ADD CONSTRAINT products_productsubcategory_pkey PRIMARY KEY (uuid);


--
-- Name: products_productsubcategory_sales_unit products_productsubcategory_sales_unit_pkey; Type: CONSTRAINT; Schema: public; Owner: postgres
--

ALTER TABLE ONLY public.products_productsubcategory_sales_unit
    ADD CONSTRAINT products_productsubcategory_sales_unit_pkey PRIMARY KEY (id);


--
-- Name: products_productsubcategory products_productsubcategory_sub_category_code_key; Type: CONSTRAINT; Schema: public; Owner: postgres
--

ALTER TABLE ONLY public.products_productsubcategory
    ADD CONSTRAINT products_productsubcategory_sub_category_code_key UNIQUE (sub_category_code);


--
-- Name: products_productvideo products_productvideo_pkey; Type: CONSTRAINT; Schema: public; Owner: postgres
--

ALTER TABLE ONLY public.products_productvideo
    ADD CONSTRAINT products_productvideo_pkey PRIMARY KEY (id);


--
-- Name: products_salesunitproductselection products_salesunitproductselection_pkey; Type: CONSTRAINT; Schema: public; Owner: postgres
--

ALTER TABLE ONLY public.products_salesunitproductselection
    ADD CONSTRAINT products_salesunitproductselection_pkey PRIMARY KEY (id);


--
-- Name: products_sku products_sku_pkey; Type: CONSTRAINT; Schema: public; Owner: postgres
--

ALTER TABLE ONLY public.products_sku
    ADD CONSTRAINT products_sku_pkey PRIMARY KEY (id);


--
-- Name: products_sku_sales_unit products_sku_sales_unit_pkey; Type: CONSTRAINT; Schema: public; Owner: postgres
--

ALTER TABLE ONLY public.products_sku_sales_unit
    ADD CONSTRAINT products_sku_sales_unit_pkey PRIMARY KEY (id);


--
-- Name: products_sku_sales_unit products_sku_sales_unit_sku_id_shop_id_09e8cf83_uniq; Type: CONSTRAINT; Schema: public; Owner: postgres
--

ALTER TABLE ONLY public.products_sku_sales_unit
    ADD CONSTRAINT products_sku_sales_unit_sku_id_shop_id_09e8cf83_uniq UNIQUE (sku_id, shop_id);


--
-- Name: products_speciallist products_speciallist_pkey; Type: CONSTRAINT; Schema: public; Owner: postgres
--

ALTER TABLE ONLY public.products_speciallist
    ADD CONSTRAINT products_speciallist_pkey PRIMARY KEY (id);


--
-- Name: products_speciallist_products products_speciallist_pro_speciallist_id_products__e107d190_uniq; Type: CONSTRAINT; Schema: public; Owner: postgres
--

ALTER TABLE ONLY public.products_speciallist_products
    ADD CONSTRAINT products_speciallist_pro_speciallist_id_products__e107d190_uniq UNIQUE (speciallist_id, products_id);


--
-- Name: products_speciallist_products products_speciallist_products_pkey; Type: CONSTRAINT; Schema: public; Owner: postgres
--

ALTER TABLE ONLY public.products_speciallist_products
    ADD CONSTRAINT products_speciallist_products_pkey PRIMARY KEY (id);


--
-- Name: products_tags products_tags_pkey; Type: CONSTRAINT; Schema: public; Owner: postgres
--

ALTER TABLE ONLY public.products_tags
    ADD CONSTRAINT products_tags_pkey PRIMARY KEY (id);


--
-- Name: products_tags_products products_tags_products_pkey; Type: CONSTRAINT; Schema: public; Owner: postgres
--

ALTER TABLE ONLY public.products_tags_products
    ADD CONSTRAINT products_tags_products_pkey PRIMARY KEY (id);


--
-- Name: products_tags_products products_tags_products_tags_id_products_id_cc5285e9_uniq; Type: CONSTRAINT; Schema: public; Owner: postgres
--

ALTER TABLE ONLY public.products_tags_products
    ADD CONSTRAINT products_tags_products_tags_id_products_id_cc5285e9_uniq UNIQUE (tags_id, products_id);


--
-- Name: products_wishlist products_wishlist_pkey; Type: CONSTRAINT; Schema: public; Owner: postgres
--

ALTER TABLE ONLY public.products_wishlist
    ADD CONSTRAINT products_wishlist_pkey PRIMARY KEY (id);


--
-- Name: products_wishlist products_wishlist_user_id_product_id_dcf61f93_uniq; Type: CONSTRAINT; Schema: public; Owner: postgres
--

ALTER TABLE ONLY public.products_wishlist
    ADD CONSTRAINT products_wishlist_user_id_product_id_dcf61f93_uniq UNIQUE (user_id, product_id);


--
-- Name: products_youmayalsolike_liked_products products_youmayalsolike__youmayalsolike_id_produc_e1af0818_uniq; Type: CONSTRAINT; Schema: public; Owner: postgres
--

ALTER TABLE ONLY public.products_youmayalsolike_liked_products
    ADD CONSTRAINT products_youmayalsolike__youmayalsolike_id_produc_e1af0818_uniq UNIQUE (youmayalsolike_id, products_id);


--
-- Name: products_youmayalsolike_liked_products products_youmayalsolike_liked_products_pkey; Type: CONSTRAINT; Schema: public; Owner: postgres
--

ALTER TABLE ONLY public.products_youmayalsolike_liked_products
    ADD CONSTRAINT products_youmayalsolike_liked_products_pkey PRIMARY KEY (id);


--
-- Name: products_youmayalsolike products_youmayalsolike_pkey; Type: CONSTRAINT; Schema: public; Owner: postgres
--

ALTER TABLE ONLY public.products_youmayalsolike
    ADD CONSTRAINT products_youmayalsolike_pkey PRIMARY KEY (id);


--
-- Name: products_youmayalsolike products_youmayalsolike_product_id_key; Type: CONSTRAINT; Schema: public; Owner: postgres
--

ALTER TABLE ONLY public.products_youmayalsolike
    ADD CONSTRAINT products_youmayalsolike_product_id_key UNIQUE (product_id);


--
-- Name: shops_bankdetails shops_bankdetails_pkey; Type: CONSTRAINT; Schema: public; Owner: postgres
--

ALTER TABLE ONLY public.shops_bankdetails
    ADD CONSTRAINT shops_bankdetails_pkey PRIMARY KEY (id);


--
-- Name: shops_bankdetails shops_bankdetails_shop_id_key; Type: CONSTRAINT; Schema: public; Owner: postgres
--

ALTER TABLE ONLY public.shops_bankdetails
    ADD CONSTRAINT shops_bankdetails_shop_id_key UNIQUE (shop_id);


--
-- Name: shops_productionunit shops_productionunit_pkey; Type: CONSTRAINT; Schema: public; Owner: postgres
--

ALTER TABLE ONLY public.shops_productionunit
    ADD CONSTRAINT shops_productionunit_pkey PRIMARY KEY (uuid);


--
-- Name: shops_productionunit shops_productionunit_pu_code_key; Type: CONSTRAINT; Schema: public; Owner: postgres
--

ALTER TABLE ONLY public.shops_productionunit
    ADD CONSTRAINT shops_productionunit_pu_code_key UNIQUE (pu_code);


--
-- Name: shops_shop shops_shop_pkey; Type: CONSTRAINT; Schema: public; Owner: postgres
--

ALTER TABLE ONLY public.shops_shop
    ADD CONSTRAINT shops_shop_pkey PRIMARY KEY (uuid);


--
-- Name: shops_shop_unit_admin_user shops_shop_unit_admin_user_pkey; Type: CONSTRAINT; Schema: public; Owner: postgres
--

ALTER TABLE ONLY public.shops_shop_unit_admin_user
    ADD CONSTRAINT shops_shop_unit_admin_user_pkey PRIMARY KEY (id);


--
-- Name: shops_shop_unit_admin_user shops_shop_unit_admin_user_shop_id_users_id_dc14dff0_uniq; Type: CONSTRAINT; Schema: public; Owner: postgres
--

ALTER TABLE ONLY public.shops_shop_unit_admin_user
    ADD CONSTRAINT shops_shop_unit_admin_user_shop_id_users_id_dc14dff0_uniq UNIQUE (shop_id, users_id);


--
-- Name: shops_shop shops_shop_unit_code_key; Type: CONSTRAINT; Schema: public; Owner: postgres
--

ALTER TABLE ONLY public.shops_shop
    ADD CONSTRAINT shops_shop_unit_code_key UNIQUE (unit_code);


--
-- Name: accounts_address_user_id_c8c74ddf; Type: INDEX; Schema: public; Owner: postgres
--

CREATE INDEX accounts_address_user_id_c8c74ddf ON public.accounts_address USING btree (user_id);


--
-- Name: accounts_loggingoperation_user_id_e9f3911c; Type: INDEX; Schema: public; Owner: postgres
--

CREATE INDEX accounts_loggingoperation_user_id_e9f3911c ON public.accounts_loggingoperation USING btree (user_id);


--
-- Name: accounts_otp_user_id_7275536e; Type: INDEX; Schema: public; Owner: postgres
--

CREATE INDEX accounts_otp_user_id_7275536e ON public.accounts_otp USING btree (user_id);


--
-- Name: accounts_referral_referral_code_3d112ceb_like; Type: INDEX; Schema: public; Owner: postgres
--

CREATE INDEX accounts_referral_referral_code_3d112ceb_like ON public.accounts_referral USING btree (referral_code varchar_pattern_ops);


--
-- Name: accounts_userlocation_address_id_fb7f0194; Type: INDEX; Schema: public; Owner: postgres
--

CREATE INDEX accounts_userlocation_address_id_fb7f0194 ON public.accounts_userlocation USING btree (address_id);


--
-- Name: accounts_userlocation_shop_id_4690abe2; Type: INDEX; Schema: public; Owner: postgres
--

CREATE INDEX accounts_userlocation_shop_id_4690abe2 ON public.accounts_userlocation USING btree (shop_id);


--
-- Name: accounts_userlocation_user_id_66f94a3f; Type: INDEX; Schema: public; Owner: postgres
--

CREATE INDEX accounts_userlocation_user_id_66f94a3f ON public.accounts_userlocation USING btree (user_id);


--
-- Name: accounts_users_email_2547c084_like; Type: INDEX; Schema: public; Owner: postgres
--

CREATE INDEX accounts_users_email_2547c084_like ON public.accounts_users USING btree (email varchar_pattern_ops);


--
-- Name: accounts_users_groups_group_id_371be490; Type: INDEX; Schema: public; Owner: postgres
--

CREATE INDEX accounts_users_groups_group_id_371be490 ON public.accounts_users_groups USING btree (group_id);


--
-- Name: accounts_users_groups_users_id_c8303f87; Type: INDEX; Schema: public; Owner: postgres
--

CREATE INDEX accounts_users_groups_users_id_c8303f87 ON public.accounts_users_groups USING btree (users_id);


--
-- Name: accounts_users_user_permissions_permission_id_5f3d0fff; Type: INDEX; Schema: public; Owner: postgres
--

CREATE INDEX accounts_users_user_permissions_permission_id_5f3d0fff ON public.accounts_users_user_permissions USING btree (permission_id);


--
-- Name: accounts_users_user_permissions_users_id_62a47b5b; Type: INDEX; Schema: public; Owner: postgres
--

CREATE INDEX accounts_users_user_permissions_users_id_62a47b5b ON public.accounts_users_user_permissions USING btree (users_id);


--
-- Name: auth_group_name_a6ea08ec_like; Type: INDEX; Schema: public; Owner: postgres
--

CREATE INDEX auth_group_name_a6ea08ec_like ON public.auth_group USING btree (name varchar_pattern_ops);


--
-- Name: auth_group_permissions_group_id_b120cbf9; Type: INDEX; Schema: public; Owner: postgres
--

CREATE INDEX auth_group_permissions_group_id_b120cbf9 ON public.auth_group_permissions USING btree (group_id);


--
-- Name: auth_group_permissions_permission_id_84c5c92e; Type: INDEX; Schema: public; Owner: postgres
--

CREATE INDEX auth_group_permissions_permission_id_84c5c92e ON public.auth_group_permissions USING btree (permission_id);


--
-- Name: auth_permission_content_type_id_2f476e4b; Type: INDEX; Schema: public; Owner: postgres
--

CREATE INDEX auth_permission_content_type_id_2f476e4b ON public.auth_permission USING btree (content_type_id);


--
-- Name: authtoken_token_key_10f0b77e_like; Type: INDEX; Schema: public; Owner: postgres
--

CREATE INDEX authtoken_token_key_10f0b77e_like ON public.authtoken_token USING btree (key varchar_pattern_ops);


--
-- Name: chatbot_chat_data_option_column_id_16d6aa34; Type: INDEX; Schema: public; Owner: postgres
--

CREATE INDEX chatbot_chat_data_option_column_id_16d6aa34 ON public.chatbot_chat_data USING btree (option_column_id);


--
-- Name: chatbot_chat_data_option_table_id_cd601c06; Type: INDEX; Schema: public; Owner: postgres
--

CREATE INDEX chatbot_chat_data_option_table_id_cd601c06 ON public.chatbot_chat_data USING btree (option_table_id);


--
-- Name: chatbot_chat_data_options_chat_data_id_07b8a9b8; Type: INDEX; Schema: public; Owner: postgres
--

CREATE INDEX chatbot_chat_data_options_chat_data_id_07b8a9b8 ON public.chatbot_chat_data_options USING btree (chat_data_id);


--
-- Name: chatbot_chat_data_options_options_id_d39ab04d; Type: INDEX; Schema: public; Owner: postgres
--

CREATE INDEX chatbot_chat_data_options_options_id_d39ab04d ON public.chatbot_chat_data_options USING btree (relatedoptiontable_id);


--
-- Name: chatbot_chat_data_related_chat_id_866fad6b; Type: INDEX; Schema: public; Owner: postgres
--

CREATE INDEX chatbot_chat_data_related_chat_id_866fad6b ON public.chatbot_chat_data USING btree (related_chat_id);


--
-- Name: chatbot_chat_data_related_option_id_id_c888b96f; Type: INDEX; Schema: public; Owner: postgres
--

CREATE INDEX chatbot_chat_data_related_option_id_id_c888b96f ON public.chatbot_chat_data USING btree (related_option_id_id);


--
-- Name: chatbot_columnlist_table_id_4054184d; Type: INDEX; Schema: public; Owner: postgres
--

CREATE INDEX chatbot_columnlist_table_id_4054184d ON public.chatbot_columnlist USING btree (table_id);


--
-- Name: chatbot_maptables_map_name_000b101e_like; Type: INDEX; Schema: public; Owner: postgres
--

CREATE INDEX chatbot_maptables_map_name_000b101e_like ON public.chatbot_maptables USING btree (map_name varchar_pattern_ops);


--
-- Name: chatbot_maptables_table_name_id_c61c7999; Type: INDEX; Schema: public; Owner: postgres
--

CREATE INDEX chatbot_maptables_table_name_id_c61c7999 ON public.chatbot_maptables USING btree (table_name_id);


--
-- Name: chatbot_options_column_id_5d022efa; Type: INDEX; Schema: public; Owner: postgres
--

CREATE INDEX chatbot_options_column_id_5d022efa ON public.chatbot_options USING btree (column_id);


--
-- Name: chatbot_options_table_id_408e39aa; Type: INDEX; Schema: public; Owner: postgres
--

CREATE INDEX chatbot_options_table_id_408e39aa ON public.chatbot_options USING btree (table_id);


--
-- Name: chatbot_tablelist_table_name_fa161c58_like; Type: INDEX; Schema: public; Owner: postgres
--

CREATE INDEX chatbot_tablelist_table_name_fa161c58_like ON public.chatbot_tablelist USING btree (table_name varchar_pattern_ops);


--
-- Name: django_admin_log_content_type_id_c4bce8eb; Type: INDEX; Schema: public; Owner: postgres
--

CREATE INDEX django_admin_log_content_type_id_c4bce8eb ON public.django_admin_log USING btree (content_type_id);


--
-- Name: django_admin_log_user_id_c564eba6; Type: INDEX; Schema: public; Owner: postgres
--

CREATE INDEX django_admin_log_user_id_c564eba6 ON public.django_admin_log USING btree (user_id);


--
-- Name: django_celery_beat_periodictask_clocked_id_47a69f82; Type: INDEX; Schema: public; Owner: postgres
--

CREATE INDEX django_celery_beat_periodictask_clocked_id_47a69f82 ON public.django_celery_beat_periodictask USING btree (clocked_id);


--
-- Name: django_celery_beat_periodictask_crontab_id_d3cba168; Type: INDEX; Schema: public; Owner: postgres
--

CREATE INDEX django_celery_beat_periodictask_crontab_id_d3cba168 ON public.django_celery_beat_periodictask USING btree (crontab_id);


--
-- Name: django_celery_beat_periodictask_interval_id_a8ca27da; Type: INDEX; Schema: public; Owner: postgres
--

CREATE INDEX django_celery_beat_periodictask_interval_id_a8ca27da ON public.django_celery_beat_periodictask USING btree (interval_id);


--
-- Name: django_celery_beat_periodictask_name_265a36b7_like; Type: INDEX; Schema: public; Owner: postgres
--

CREATE INDEX django_celery_beat_periodictask_name_265a36b7_like ON public.django_celery_beat_periodictask USING btree (name varchar_pattern_ops);


--
-- Name: django_celery_beat_periodictask_solar_id_a87ce72c; Type: INDEX; Schema: public; Owner: postgres
--

CREATE INDEX django_celery_beat_periodictask_solar_id_a87ce72c ON public.django_celery_beat_periodictask USING btree (solar_id);


--
-- Name: django_session_expire_date_a5c62663; Type: INDEX; Schema: public; Owner: postgres
--

CREATE INDEX django_session_expire_date_a5c62663 ON public.django_session USING btree (expire_date);


--
-- Name: django_session_session_key_c0390e0f_like; Type: INDEX; Schema: public; Owner: postgres
--

CREATE INDEX django_session_session_key_c0390e0f_like ON public.django_session USING btree (session_key varchar_pattern_ops);


--
-- Name: orders_ads_Coupon_id_6197998d; Type: INDEX; Schema: public; Owner: postgres
--

CREATE INDEX "orders_ads_Coupon_id_6197998d" ON public.orders_ads USING btree ("Coupon_id");


--
-- Name: orders_ads_Discount_id_c79f2649; Type: INDEX; Schema: public; Owner: postgres
--

CREATE INDEX "orders_ads_Discount_id_c79f2649" ON public.orders_ads USING btree ("Discount_id");


--
-- Name: orders_ads_Product_id_09870131; Type: INDEX; Schema: public; Owner: postgres
--

CREATE INDEX "orders_ads_Product_id_09870131" ON public.orders_ads USING btree ("Product_id");


--
-- Name: orders_cart_coupon_id_1516a12b; Type: INDEX; Schema: public; Owner: postgres
--

CREATE INDEX orders_cart_coupon_id_1516a12b ON public.orders_cart USING btree (coupon_id);


--
-- Name: orders_cartitem_cart_id_529df5fa; Type: INDEX; Schema: public; Owner: postgres
--

CREATE INDEX orders_cartitem_cart_id_529df5fa ON public.orders_cartitem USING btree (cart_id);


--
-- Name: orders_cartitem_sku_id_8979a8b3; Type: INDEX; Schema: public; Owner: postgres
--

CREATE INDEX orders_cartitem_sku_id_8979a8b3 ON public.orders_cartitem USING btree (sku_id);


--
-- Name: orders_cartitemcustomization_cart_item_id_4a3c1775; Type: INDEX; Schema: public; Owner: postgres
--

CREATE INDEX orders_cartitemcustomization_cart_item_id_4a3c1775 ON public.orders_cartitemcustomization USING btree (cart_item_id);


--
-- Name: orders_communication_message_id_194fd048; Type: INDEX; Schema: public; Owner: postgres
--

CREATE INDEX orders_communication_message_id_194fd048 ON public.orders_communication USING btree (message_id);


--
-- Name: orders_communication_user_id_350755d0; Type: INDEX; Schema: public; Owner: postgres
--

CREATE INDEX orders_communication_user_id_350755d0 ON public.orders_communication USING btree (user_id);


--
-- Name: orders_coupons_ApplicableCategory_coupons_id_45f7f28c; Type: INDEX; Schema: public; Owner: postgres
--

CREATE INDEX "orders_coupons_ApplicableCategory_coupons_id_45f7f28c" ON public."orders_coupons_ApplicableCategory" USING btree (coupons_id);


--
-- Name: orders_coupons_ApplicableCategory_productcategory_id_bfeddffc; Type: INDEX; Schema: public; Owner: postgres
--

CREATE INDEX "orders_coupons_ApplicableCategory_productcategory_id_bfeddffc" ON public."orders_coupons_ApplicableCategory" USING btree (productcategory_id);


--
-- Name: orders_coupons_ApplicableProduct_coupons_id_8e55e0c5; Type: INDEX; Schema: public; Owner: postgres
--

CREATE INDEX "orders_coupons_ApplicableProduct_coupons_id_8e55e0c5" ON public."orders_coupons_ApplicableProduct" USING btree (coupons_id);


--
-- Name: orders_coupons_ApplicableProduct_products_id_80bade5f; Type: INDEX; Schema: public; Owner: postgres
--

CREATE INDEX "orders_coupons_ApplicableProduct_products_id_80bade5f" ON public."orders_coupons_ApplicableProduct" USING btree (products_id);


--
-- Name: orders_coupons_ApplicableS_productsubcategory_id_a30de261; Type: INDEX; Schema: public; Owner: postgres
--

CREATE INDEX "orders_coupons_ApplicableS_productsubcategory_id_a30de261" ON public."orders_coupons_ApplicableSubCategory" USING btree (productsubcategory_id);


--
-- Name: orders_coupons_ApplicableSku_coupons_id_cadf26f0; Type: INDEX; Schema: public; Owner: postgres
--

CREATE INDEX "orders_coupons_ApplicableSku_coupons_id_cadf26f0" ON public."orders_coupons_ApplicableSku" USING btree (coupons_id);


--
-- Name: orders_coupons_ApplicableSku_sku_id_f357422c; Type: INDEX; Schema: public; Owner: postgres
--

CREATE INDEX "orders_coupons_ApplicableSku_sku_id_f357422c" ON public."orders_coupons_ApplicableSku" USING btree (sku_id);


--
-- Name: orders_coupons_ApplicableSubCategory_coupons_id_ba9e27f9; Type: INDEX; Schema: public; Owner: postgres
--

CREATE INDEX "orders_coupons_ApplicableSubCategory_coupons_id_ba9e27f9" ON public."orders_coupons_ApplicableSubCategory" USING btree (coupons_id);


--
-- Name: orders_coupons_CouponUsed_coupons_id_8e9da3a8; Type: INDEX; Schema: public; Owner: postgres
--

CREATE INDEX "orders_coupons_CouponUsed_coupons_id_8e9da3a8" ON public."orders_coupons_CouponUsed" USING btree (coupons_id);


--
-- Name: orders_coupons_CouponUsed_users_id_1e49933c; Type: INDEX; Schema: public; Owner: postgres
--

CREATE INDEX "orders_coupons_CouponUsed_users_id_1e49933c" ON public."orders_coupons_CouponUsed" USING btree (users_id);


--
-- Name: orders_customcoupon_coupon_id_98bdb814; Type: INDEX; Schema: public; Owner: postgres
--

CREATE INDEX orders_customcoupon_coupon_id_98bdb814 ON public.orders_customcoupon USING btree (coupon_id);


--
-- Name: orders_customcoupon_user_id_a812bc8d; Type: INDEX; Schema: public; Owner: postgres
--

CREATE INDEX orders_customcoupon_user_id_a812bc8d ON public.orders_customcoupon USING btree (user_id);


--
-- Name: orders_deletedorders_custom_product_id_8f4c4a64; Type: INDEX; Schema: public; Owner: postgres
--

CREATE INDEX orders_deletedorders_custom_product_id_8f4c4a64 ON public.orders_deletedorders USING btree (custom_product_id);


--
-- Name: orders_deletedorders_pu_uuid_id_8054bd19; Type: INDEX; Schema: public; Owner: postgres
--

CREATE INDEX orders_deletedorders_pu_uuid_id_8054bd19 ON public.orders_deletedorders USING btree (pu_uuid_id);


--
-- Name: orders_deletedorders_store_uuid_id_e6186178; Type: INDEX; Schema: public; Owner: postgres
--

CREATE INDEX orders_deletedorders_store_uuid_id_e6186178 ON public.orders_deletedorders USING btree (store_uuid_id);


--
-- Name: orders_deliveryboys_email_7dd6cf1b_like; Type: INDEX; Schema: public; Owner: postgres
--

CREATE INDEX orders_deliveryboys_email_7dd6cf1b_like ON public.orders_deliveryboys USING btree (email varchar_pattern_ops);


--
-- Name: orders_deliveryboys_phone_number_cd56671f_like; Type: INDEX; Schema: public; Owner: postgres
--

CREATE INDEX orders_deliveryboys_phone_number_cd56671f_like ON public.orders_deliveryboys USING btree (phone_number varchar_pattern_ops);


--
-- Name: orders_deliveryboys_shop_id_ff21c5f0; Type: INDEX; Schema: public; Owner: postgres
--

CREATE INDEX orders_deliveryboys_shop_id_ff21c5f0 ON public.orders_deliveryboys USING btree (shop_id);


--
-- Name: orders_discount_ApplicableCategory_discount_id_f69a9ed6; Type: INDEX; Schema: public; Owner: postgres
--

CREATE INDEX "orders_discount_ApplicableCategory_discount_id_f69a9ed6" ON public."orders_discount_ApplicableCategory" USING btree (discount_id);


--
-- Name: orders_discount_ApplicableCategory_productcategory_id_7f4f8ff1; Type: INDEX; Schema: public; Owner: postgres
--

CREATE INDEX "orders_discount_ApplicableCategory_productcategory_id_7f4f8ff1" ON public."orders_discount_ApplicableCategory" USING btree (productcategory_id);


--
-- Name: orders_discount_ApplicableProduct_discount_id_12fc963a; Type: INDEX; Schema: public; Owner: postgres
--

CREATE INDEX "orders_discount_ApplicableProduct_discount_id_12fc963a" ON public."orders_discount_ApplicableProduct" USING btree (discount_id);


--
-- Name: orders_discount_ApplicableProduct_products_id_730b5e38; Type: INDEX; Schema: public; Owner: postgres
--

CREATE INDEX "orders_discount_ApplicableProduct_products_id_730b5e38" ON public."orders_discount_ApplicableProduct" USING btree (products_id);


--
-- Name: orders_discount_ApplicableSku_discount_id_965ff66b; Type: INDEX; Schema: public; Owner: postgres
--

CREATE INDEX "orders_discount_ApplicableSku_discount_id_965ff66b" ON public."orders_discount_ApplicableSku" USING btree (discount_id);


--
-- Name: orders_discount_ApplicableSku_sku_id_42caded9; Type: INDEX; Schema: public; Owner: postgres
--

CREATE INDEX "orders_discount_ApplicableSku_sku_id_42caded9" ON public."orders_discount_ApplicableSku" USING btree (sku_id);


--
-- Name: orders_discount_ApplicableSubCategory_discount_id_ef92e1df; Type: INDEX; Schema: public; Owner: postgres
--

CREATE INDEX "orders_discount_ApplicableSubCategory_discount_id_ef92e1df" ON public."orders_discount_ApplicableSubCategory" USING btree (discount_id);


--
-- Name: orders_discount_Applicable_productsubcategory_id_0e0b7574; Type: INDEX; Schema: public; Owner: postgres
--

CREATE INDEX "orders_discount_Applicable_productsubcategory_id_0e0b7574" ON public."orders_discount_ApplicableSubCategory" USING btree (productsubcategory_id);


--
-- Name: orders_discount_DiscountCode_7070f0f4_like; Type: INDEX; Schema: public; Owner: postgres
--

CREATE INDEX "orders_discount_DiscountCode_7070f0f4_like" ON public.orders_discount USING btree ("DiscountCode" varchar_pattern_ops);


--
-- Name: orders_message_ads_id_85076f46; Type: INDEX; Schema: public; Owner: postgres
--

CREATE INDEX orders_message_ads_id_85076f46 ON public.orders_message USING btree (ads_id);


--
-- Name: orders_notificationstat_OrderID_id_9b054517; Type: INDEX; Schema: public; Owner: postgres
--

CREATE INDEX "orders_notificationstat_OrderID_id_9b054517" ON public.orders_notificationstat USING btree ("OrderID_id");


--
-- Name: orders_notificationstat_sendTo_id_e4d53a9f; Type: INDEX; Schema: public; Owner: postgres
--

CREATE INDEX "orders_notificationstat_sendTo_id_e4d53a9f" ON public.orders_notificationstat USING btree ("sendTo_id");


--
-- Name: orders_orderdelivery_delivery_boy_id_6541e35e; Type: INDEX; Schema: public; Owner: postgres
--

CREATE INDEX orders_orderdelivery_delivery_boy_id_6541e35e ON public.orders_orderdelivery USING btree (delivery_boy_id);


--
-- Name: orders_orderdelivery_order_id_a59ce03a; Type: INDEX; Schema: public; Owner: postgres
--

CREATE INDEX orders_orderdelivery_order_id_a59ce03a ON public.orders_orderdelivery USING btree (order_id);


--
-- Name: orders_orderproducts_order_id_b2226dca; Type: INDEX; Schema: public; Owner: postgres
--

CREATE INDEX orders_orderproducts_order_id_b2226dca ON public.orders_orderproducts USING btree (order_id);


--
-- Name: orders_orderproducts_sku_id_6ac0d8d1; Type: INDEX; Schema: public; Owner: postgres
--

CREATE INDEX orders_orderproducts_sku_id_6ac0d8d1 ON public.orders_orderproducts USING btree (sku_id);


--
-- Name: orders_orders_custom_product_id_f4e8b710; Type: INDEX; Schema: public; Owner: postgres
--

CREATE INDEX orders_orders_custom_product_id_f4e8b710 ON public.orders_orders USING btree (custom_product_id);


--
-- Name: orders_orders_pu_uuid_id_4bedef19; Type: INDEX; Schema: public; Owner: postgres
--

CREATE INDEX orders_orders_pu_uuid_id_4bedef19 ON public.orders_orders USING btree (pu_uuid_id);


--
-- Name: orders_orders_store_uuid_id_baf70444; Type: INDEX; Schema: public; Owner: postgres
--

CREATE INDEX orders_orders_store_uuid_id_baf70444 ON public.orders_orders USING btree (store_uuid_id);


--
-- Name: orders_orders_user_uuid_id_a0d42e9d; Type: INDEX; Schema: public; Owner: postgres
--

CREATE INDEX orders_orders_user_uuid_id_a0d42e9d ON public.orders_orders USING btree (user_uuid_id);


--
-- Name: products_customproductimage_custom_product_id_0da30137; Type: INDEX; Schema: public; Owner: postgres
--

CREATE INDEX products_customproductimage_custom_product_id_0da30137 ON public.products_customproductimage USING btree (custom_product_id);


--
-- Name: products_customproductvideo_custom_product_id_212eef51; Type: INDEX; Schema: public; Owner: postgres
--

CREATE INDEX products_customproductvideo_custom_product_id_212eef51 ON public.products_customproductvideo USING btree (custom_product_id);


--
-- Name: products_dynamicfiltering_products_dynamicfiltering_id_71d2d6d2; Type: INDEX; Schema: public; Owner: postgres
--

CREATE INDEX products_dynamicfiltering_products_dynamicfiltering_id_71d2d6d2 ON public.products_dynamicfiltering_products USING btree (dynamicfiltering_id);


--
-- Name: products_dynamicfiltering_products_products_id_f465b11f; Type: INDEX; Schema: public; Owner: postgres
--

CREATE INDEX products_dynamicfiltering_products_products_id_f465b11f ON public.products_dynamicfiltering_products USING btree (products_id);


--
-- Name: products_productcategory_category_code_02fe1443_like; Type: INDEX; Schema: public; Owner: postgres
--

CREATE INDEX products_productcategory_category_code_02fe1443_like ON public.products_productcategory USING btree (category_code varchar_pattern_ops);


--
-- Name: products_productcategory_sales_unit_productcategory_id_153e7f99; Type: INDEX; Schema: public; Owner: postgres
--

CREATE INDEX products_productcategory_sales_unit_productcategory_id_153e7f99 ON public.products_productcategory_sales_unit USING btree (productcategory_id);


--
-- Name: products_productcategory_sales_unit_shop_id_715a5624; Type: INDEX; Schema: public; Owner: postgres
--

CREATE INDEX products_productcategory_sales_unit_shop_id_715a5624 ON public.products_productcategory_sales_unit USING btree (shop_id);


--
-- Name: products_productimage_product_id_e747596a; Type: INDEX; Schema: public; Owner: postgres
--

CREATE INDEX products_productimage_product_id_e747596a ON public.products_productimage USING btree (product_id);


--
-- Name: products_productreview_product_id_7e81c4a6; Type: INDEX; Schema: public; Owner: postgres
--

CREATE INDEX products_productreview_product_id_7e81c4a6 ON public.products_productreview USING btree (product_id);


--
-- Name: products_productreview_user_id_5c551aaa; Type: INDEX; Schema: public; Owner: postgres
--

CREATE INDEX products_productreview_user_id_5c551aaa ON public.products_productreview USING btree (user_id);


--
-- Name: products_products_item_category_id_4b8009b2; Type: INDEX; Schema: public; Owner: postgres
--

CREATE INDEX products_products_item_category_id_4b8009b2 ON public.products_products USING btree (item_category_id);


--
-- Name: products_products_item_sub_category_id_554c669a; Type: INDEX; Schema: public; Owner: postgres
--

CREATE INDEX products_products_item_sub_category_id_554c669a ON public.products_products USING btree (item_sub_category_id);


--
-- Name: products_products_sales_unit_products_id_91641478; Type: INDEX; Schema: public; Owner: postgres
--

CREATE INDEX products_products_sales_unit_products_id_91641478 ON public.products_products_sales_unit USING btree (products_id);


--
-- Name: products_products_sales_unit_shop_id_597b720c; Type: INDEX; Schema: public; Owner: postgres
--

CREATE INDEX products_products_sales_unit_shop_id_597b720c ON public.products_products_sales_unit USING btree (shop_id);


--
-- Name: products_productsubcategor_productsubcategory_id_a9ccdbda; Type: INDEX; Schema: public; Owner: postgres
--

CREATE INDEX products_productsubcategor_productsubcategory_id_a9ccdbda ON public.products_productsubcategory_sales_unit USING btree (productsubcategory_id);


--
-- Name: products_productsubcategory_category_id_69ded4ff; Type: INDEX; Schema: public; Owner: postgres
--

CREATE INDEX products_productsubcategory_category_id_69ded4ff ON public.products_productsubcategory USING btree (category_id);


--
-- Name: products_productsubcategory_sales_unit_shop_id_226ce0c1; Type: INDEX; Schema: public; Owner: postgres
--

CREATE INDEX products_productsubcategory_sales_unit_shop_id_226ce0c1 ON public.products_productsubcategory_sales_unit USING btree (shop_id);


--
-- Name: products_productsubcategory_sub_category_code_3996df38_like; Type: INDEX; Schema: public; Owner: postgres
--

CREATE INDEX products_productsubcategory_sub_category_code_3996df38_like ON public.products_productsubcategory USING btree (sub_category_code varchar_pattern_ops);


--
-- Name: products_productvideo_product_id_872fe729; Type: INDEX; Schema: public; Owner: postgres
--

CREATE INDEX products_productvideo_product_id_872fe729 ON public.products_productvideo USING btree (product_id);


--
-- Name: products_salesunitproductselection_sales_unit_id_d26b1a54; Type: INDEX; Schema: public; Owner: postgres
--

CREATE INDEX products_salesunitproductselection_sales_unit_id_d26b1a54 ON public.products_salesunitproductselection USING btree (sales_unit_id);


--
-- Name: products_salesunitproductselection_sku_id_5c12014b; Type: INDEX; Schema: public; Owner: postgres
--

CREATE INDEX products_salesunitproductselection_sku_id_5c12014b ON public.products_salesunitproductselection USING btree (sku_id);


--
-- Name: products_sku_product_id_42b6697f; Type: INDEX; Schema: public; Owner: postgres
--

CREATE INDEX products_sku_product_id_42b6697f ON public.products_sku USING btree (product_id);


--
-- Name: products_sku_sales_unit_shop_id_13b1bb53; Type: INDEX; Schema: public; Owner: postgres
--

CREATE INDEX products_sku_sales_unit_shop_id_13b1bb53 ON public.products_sku_sales_unit USING btree (shop_id);


--
-- Name: products_sku_sales_unit_sku_id_6766a514; Type: INDEX; Schema: public; Owner: postgres
--

CREATE INDEX products_sku_sales_unit_sku_id_6766a514 ON public.products_sku_sales_unit USING btree (sku_id);


--
-- Name: products_speciallist_products_products_id_33f039e0; Type: INDEX; Schema: public; Owner: postgres
--

CREATE INDEX products_speciallist_products_products_id_33f039e0 ON public.products_speciallist_products USING btree (products_id);


--
-- Name: products_speciallist_products_speciallist_id_51692aa9; Type: INDEX; Schema: public; Owner: postgres
--

CREATE INDEX products_speciallist_products_speciallist_id_51692aa9 ON public.products_speciallist_products USING btree (speciallist_id);


--
-- Name: products_tags_products_products_id_8cf06332; Type: INDEX; Schema: public; Owner: postgres
--

CREATE INDEX products_tags_products_products_id_8cf06332 ON public.products_tags_products USING btree (products_id);


--
-- Name: products_tags_products_tags_id_fc39ee50; Type: INDEX; Schema: public; Owner: postgres
--

CREATE INDEX products_tags_products_tags_id_fc39ee50 ON public.products_tags_products USING btree (tags_id);


--
-- Name: products_wishlist_product_id_7c798228; Type: INDEX; Schema: public; Owner: postgres
--

CREATE INDEX products_wishlist_product_id_7c798228 ON public.products_wishlist USING btree (product_id);


--
-- Name: products_wishlist_user_id_eea5692f; Type: INDEX; Schema: public; Owner: postgres
--

CREATE INDEX products_wishlist_user_id_eea5692f ON public.products_wishlist USING btree (user_id);


--
-- Name: products_youmayalsolike_li_youmayalsolike_id_5a074187; Type: INDEX; Schema: public; Owner: postgres
--

CREATE INDEX products_youmayalsolike_li_youmayalsolike_id_5a074187 ON public.products_youmayalsolike_liked_products USING btree (youmayalsolike_id);


--
-- Name: products_youmayalsolike_liked_products_products_id_d8fd711c; Type: INDEX; Schema: public; Owner: postgres
--

CREATE INDEX products_youmayalsolike_liked_products_products_id_d8fd711c ON public.products_youmayalsolike_liked_products USING btree (products_id);


--
-- Name: shops_productionunit_pu_code_4bdf956e_like; Type: INDEX; Schema: public; Owner: postgres
--

CREATE INDEX shops_productionunit_pu_code_4bdf956e_like ON public.shops_productionunit USING btree (pu_code varchar_pattern_ops);


--
-- Name: shops_shop_unit_admin_user_shop_id_24ae0b55; Type: INDEX; Schema: public; Owner: postgres
--

CREATE INDEX shops_shop_unit_admin_user_shop_id_24ae0b55 ON public.shops_shop_unit_admin_user USING btree (shop_id);


--
-- Name: shops_shop_unit_admin_user_users_id_334f0b93; Type: INDEX; Schema: public; Owner: postgres
--

CREATE INDEX shops_shop_unit_admin_user_users_id_334f0b93 ON public.shops_shop_unit_admin_user USING btree (users_id);


--
-- Name: shops_shop_unit_code_d0760be3_like; Type: INDEX; Schema: public; Owner: postgres
--

CREATE INDEX shops_shop_unit_code_d0760be3_like ON public.shops_shop USING btree (unit_code varchar_pattern_ops);


--
-- Name: accounts_address accounts_address_user_id_c8c74ddf_fk_accounts_users_uuid; Type: FK CONSTRAINT; Schema: public; Owner: postgres
--

ALTER TABLE ONLY public.accounts_address
    ADD CONSTRAINT accounts_address_user_id_c8c74ddf_fk_accounts_users_uuid FOREIGN KEY (user_id) REFERENCES public.accounts_users(uuid) DEFERRABLE INITIALLY DEFERRED;


--
-- Name: accounts_loggingoperation accounts_loggingoper_user_id_e9f3911c_fk_accounts_; Type: FK CONSTRAINT; Schema: public; Owner: postgres
--

ALTER TABLE ONLY public.accounts_loggingoperation
    ADD CONSTRAINT accounts_loggingoper_user_id_e9f3911c_fk_accounts_ FOREIGN KEY (user_id) REFERENCES public.accounts_users(uuid) DEFERRABLE INITIALLY DEFERRED;


--
-- Name: accounts_otp accounts_otp_user_id_7275536e_fk_accounts_users_uuid; Type: FK CONSTRAINT; Schema: public; Owner: postgres
--

ALTER TABLE ONLY public.accounts_otp
    ADD CONSTRAINT accounts_otp_user_id_7275536e_fk_accounts_users_uuid FOREIGN KEY (user_id) REFERENCES public.accounts_users(uuid) DEFERRABLE INITIALLY DEFERRED;


--
-- Name: accounts_referral accounts_referral_user_id_9e6d8a80_fk_accounts_users_uuid; Type: FK CONSTRAINT; Schema: public; Owner: postgres
--

ALTER TABLE ONLY public.accounts_referral
    ADD CONSTRAINT accounts_referral_user_id_9e6d8a80_fk_accounts_users_uuid FOREIGN KEY (user_id) REFERENCES public.accounts_users(uuid) DEFERRABLE INITIALLY DEFERRED;


--
-- Name: accounts_userlocation accounts_userlocatio_address_id_fb7f0194_fk_accounts_; Type: FK CONSTRAINT; Schema: public; Owner: postgres
--

ALTER TABLE ONLY public.accounts_userlocation
    ADD CONSTRAINT accounts_userlocatio_address_id_fb7f0194_fk_accounts_ FOREIGN KEY (address_id) REFERENCES public.accounts_address(id) DEFERRABLE INITIALLY DEFERRED;


--
-- Name: accounts_userlocation accounts_userlocation_shop_id_4690abe2_fk_shops_shop_uuid; Type: FK CONSTRAINT; Schema: public; Owner: postgres
--

ALTER TABLE ONLY public.accounts_userlocation
    ADD CONSTRAINT accounts_userlocation_shop_id_4690abe2_fk_shops_shop_uuid FOREIGN KEY (shop_id) REFERENCES public.shops_shop(uuid) DEFERRABLE INITIALLY DEFERRED;


--
-- Name: accounts_userlocation accounts_userlocation_user_id_66f94a3f_fk_accounts_users_uuid; Type: FK CONSTRAINT; Schema: public; Owner: postgres
--

ALTER TABLE ONLY public.accounts_userlocation
    ADD CONSTRAINT accounts_userlocation_user_id_66f94a3f_fk_accounts_users_uuid FOREIGN KEY (user_id) REFERENCES public.accounts_users(uuid) DEFERRABLE INITIALLY DEFERRED;


--
-- Name: accounts_users_groups accounts_users_groups_group_id_371be490_fk_auth_group_id; Type: FK CONSTRAINT; Schema: public; Owner: postgres
--

ALTER TABLE ONLY public.accounts_users_groups
    ADD CONSTRAINT accounts_users_groups_group_id_371be490_fk_auth_group_id FOREIGN KEY (group_id) REFERENCES public.auth_group(id) DEFERRABLE INITIALLY DEFERRED;


--
-- Name: accounts_users_groups accounts_users_groups_users_id_c8303f87_fk_accounts_users_uuid; Type: FK CONSTRAINT; Schema: public; Owner: postgres
--

ALTER TABLE ONLY public.accounts_users_groups
    ADD CONSTRAINT accounts_users_groups_users_id_c8303f87_fk_accounts_users_uuid FOREIGN KEY (users_id) REFERENCES public.accounts_users(uuid) DEFERRABLE INITIALLY DEFERRED;


--
-- Name: accounts_users_user_permissions accounts_users_user__permission_id_5f3d0fff_fk_auth_perm; Type: FK CONSTRAINT; Schema: public; Owner: postgres
--

ALTER TABLE ONLY public.accounts_users_user_permissions
    ADD CONSTRAINT accounts_users_user__permission_id_5f3d0fff_fk_auth_perm FOREIGN KEY (permission_id) REFERENCES public.auth_permission(id) DEFERRABLE INITIALLY DEFERRED;


--
-- Name: accounts_users_user_permissions accounts_users_user__users_id_62a47b5b_fk_accounts_; Type: FK CONSTRAINT; Schema: public; Owner: postgres
--

ALTER TABLE ONLY public.accounts_users_user_permissions
    ADD CONSTRAINT accounts_users_user__users_id_62a47b5b_fk_accounts_ FOREIGN KEY (users_id) REFERENCES public.accounts_users(uuid) DEFERRABLE INITIALLY DEFERRED;


--
-- Name: auth_group_permissions auth_group_permissio_permission_id_84c5c92e_fk_auth_perm; Type: FK CONSTRAINT; Schema: public; Owner: postgres
--

ALTER TABLE ONLY public.auth_group_permissions
    ADD CONSTRAINT auth_group_permissio_permission_id_84c5c92e_fk_auth_perm FOREIGN KEY (permission_id) REFERENCES public.auth_permission(id) DEFERRABLE INITIALLY DEFERRED;


--
-- Name: auth_group_permissions auth_group_permissions_group_id_b120cbf9_fk_auth_group_id; Type: FK CONSTRAINT; Schema: public; Owner: postgres
--

ALTER TABLE ONLY public.auth_group_permissions
    ADD CONSTRAINT auth_group_permissions_group_id_b120cbf9_fk_auth_group_id FOREIGN KEY (group_id) REFERENCES public.auth_group(id) DEFERRABLE INITIALLY DEFERRED;


--
-- Name: auth_permission auth_permission_content_type_id_2f476e4b_fk_django_co; Type: FK CONSTRAINT; Schema: public; Owner: postgres
--

ALTER TABLE ONLY public.auth_permission
    ADD CONSTRAINT auth_permission_content_type_id_2f476e4b_fk_django_co FOREIGN KEY (content_type_id) REFERENCES public.django_content_type(id) DEFERRABLE INITIALLY DEFERRED;


--
-- Name: authtoken_token authtoken_token_user_id_35299eff_fk_accounts_users_uuid; Type: FK CONSTRAINT; Schema: public; Owner: postgres
--

ALTER TABLE ONLY public.authtoken_token
    ADD CONSTRAINT authtoken_token_user_id_35299eff_fk_accounts_users_uuid FOREIGN KEY (user_id) REFERENCES public.accounts_users(uuid) DEFERRABLE INITIALLY DEFERRED;


--
-- Name: chatbot_chat_data_options chatbot_chat_data_op_chat_data_id_07b8a9b8_fk_chatbot_c; Type: FK CONSTRAINT; Schema: public; Owner: postgres
--

ALTER TABLE ONLY public.chatbot_chat_data_options
    ADD CONSTRAINT chatbot_chat_data_op_chat_data_id_07b8a9b8_fk_chatbot_c FOREIGN KEY (chat_data_id) REFERENCES public.chatbot_chat_data(chat_id) DEFERRABLE INITIALLY DEFERRED;


--
-- Name: chatbot_chat_data_options chatbot_chat_data_op_relatedoptiontable_i_66b8c5cd_fk_chatbot_r; Type: FK CONSTRAINT; Schema: public; Owner: postgres
--

ALTER TABLE ONLY public.chatbot_chat_data_options
    ADD CONSTRAINT chatbot_chat_data_op_relatedoptiontable_i_66b8c5cd_fk_chatbot_r FOREIGN KEY (relatedoptiontable_id) REFERENCES public.chatbot_relatedoptiontable(id) DEFERRABLE INITIALLY DEFERRED;


--
-- Name: chatbot_chat_data chatbot_chat_data_option_column_id_16d6aa34_fk_chatbot_c; Type: FK CONSTRAINT; Schema: public; Owner: postgres
--

ALTER TABLE ONLY public.chatbot_chat_data
    ADD CONSTRAINT chatbot_chat_data_option_column_id_16d6aa34_fk_chatbot_c FOREIGN KEY (option_column_id) REFERENCES public.chatbot_columnlist(id) DEFERRABLE INITIALLY DEFERRED;


--
-- Name: chatbot_chat_data chatbot_chat_data_option_table_id_cd601c06_fk_chatbot_t; Type: FK CONSTRAINT; Schema: public; Owner: postgres
--

ALTER TABLE ONLY public.chatbot_chat_data
    ADD CONSTRAINT chatbot_chat_data_option_table_id_cd601c06_fk_chatbot_t FOREIGN KEY (option_table_id) REFERENCES public.chatbot_tablelist(id) DEFERRABLE INITIALLY DEFERRED;


--
-- Name: chatbot_chat_data chatbot_chat_data_related_chat_id_866fad6b_fk_chatbot_c; Type: FK CONSTRAINT; Schema: public; Owner: postgres
--

ALTER TABLE ONLY public.chatbot_chat_data
    ADD CONSTRAINT chatbot_chat_data_related_chat_id_866fad6b_fk_chatbot_c FOREIGN KEY (related_chat_id) REFERENCES public.chatbot_chat_data(chat_id) DEFERRABLE INITIALLY DEFERRED;


--
-- Name: chatbot_chat_data chatbot_chat_data_related_option_id_id_c888b96f_fk_chatbot_r; Type: FK CONSTRAINT; Schema: public; Owner: postgres
--

ALTER TABLE ONLY public.chatbot_chat_data
    ADD CONSTRAINT chatbot_chat_data_related_option_id_id_c888b96f_fk_chatbot_r FOREIGN KEY (related_option_id_id) REFERENCES public.chatbot_relatedoptiontable(id) DEFERRABLE INITIALLY DEFERRED;


--
-- Name: chatbot_columnlist chatbot_columnlist_table_id_4054184d_fk_chatbot_tablelist_id; Type: FK CONSTRAINT; Schema: public; Owner: postgres
--

ALTER TABLE ONLY public.chatbot_columnlist
    ADD CONSTRAINT chatbot_columnlist_table_id_4054184d_fk_chatbot_tablelist_id FOREIGN KEY (table_id) REFERENCES public.chatbot_tablelist(id) DEFERRABLE INITIALLY DEFERRED;


--
-- Name: chatbot_maptables chatbot_maptables_table_name_id_c61c7999_fk_chatbot_t; Type: FK CONSTRAINT; Schema: public; Owner: postgres
--

ALTER TABLE ONLY public.chatbot_maptables
    ADD CONSTRAINT chatbot_maptables_table_name_id_c61c7999_fk_chatbot_t FOREIGN KEY (table_name_id) REFERENCES public.chatbot_tablelist(id) DEFERRABLE INITIALLY DEFERRED;


--
-- Name: chatbot_options chatbot_options_column_id_5d022efa_fk_chatbot_columnlist_id; Type: FK CONSTRAINT; Schema: public; Owner: postgres
--

ALTER TABLE ONLY public.chatbot_options
    ADD CONSTRAINT chatbot_options_column_id_5d022efa_fk_chatbot_columnlist_id FOREIGN KEY (column_id) REFERENCES public.chatbot_columnlist(id) DEFERRABLE INITIALLY DEFERRED;


--
-- Name: chatbot_options chatbot_options_table_id_408e39aa_fk_chatbot_tablelist_id; Type: FK CONSTRAINT; Schema: public; Owner: postgres
--

ALTER TABLE ONLY public.chatbot_options
    ADD CONSTRAINT chatbot_options_table_id_408e39aa_fk_chatbot_tablelist_id FOREIGN KEY (table_id) REFERENCES public.chatbot_tablelist(id) DEFERRABLE INITIALLY DEFERRED;


--
-- Name: django_admin_log django_admin_log_content_type_id_c4bce8eb_fk_django_co; Type: FK CONSTRAINT; Schema: public; Owner: postgres
--

ALTER TABLE ONLY public.django_admin_log
    ADD CONSTRAINT django_admin_log_content_type_id_c4bce8eb_fk_django_co FOREIGN KEY (content_type_id) REFERENCES public.django_content_type(id) DEFERRABLE INITIALLY DEFERRED;


--
-- Name: django_admin_log django_admin_log_user_id_c564eba6_fk_accounts_users_uuid; Type: FK CONSTRAINT; Schema: public; Owner: postgres
--

ALTER TABLE ONLY public.django_admin_log
    ADD CONSTRAINT django_admin_log_user_id_c564eba6_fk_accounts_users_uuid FOREIGN KEY (user_id) REFERENCES public.accounts_users(uuid) DEFERRABLE INITIALLY DEFERRED;


--
-- Name: django_celery_beat_periodictask django_celery_beat_p_clocked_id_47a69f82_fk_django_ce; Type: FK CONSTRAINT; Schema: public; Owner: postgres
--

ALTER TABLE ONLY public.django_celery_beat_periodictask
    ADD CONSTRAINT django_celery_beat_p_clocked_id_47a69f82_fk_django_ce FOREIGN KEY (clocked_id) REFERENCES public.django_celery_beat_clockedschedule(id) DEFERRABLE INITIALLY DEFERRED;


--
-- Name: django_celery_beat_periodictask django_celery_beat_p_crontab_id_d3cba168_fk_django_ce; Type: FK CONSTRAINT; Schema: public; Owner: postgres
--

ALTER TABLE ONLY public.django_celery_beat_periodictask
    ADD CONSTRAINT django_celery_beat_p_crontab_id_d3cba168_fk_django_ce FOREIGN KEY (crontab_id) REFERENCES public.django_celery_beat_crontabschedule(id) DEFERRABLE INITIALLY DEFERRED;


--
-- Name: django_celery_beat_periodictask django_celery_beat_p_interval_id_a8ca27da_fk_django_ce; Type: FK CONSTRAINT; Schema: public; Owner: postgres
--

ALTER TABLE ONLY public.django_celery_beat_periodictask
    ADD CONSTRAINT django_celery_beat_p_interval_id_a8ca27da_fk_django_ce FOREIGN KEY (interval_id) REFERENCES public.django_celery_beat_intervalschedule(id) DEFERRABLE INITIALLY DEFERRED;


--
-- Name: django_celery_beat_periodictask django_celery_beat_p_solar_id_a87ce72c_fk_django_ce; Type: FK CONSTRAINT; Schema: public; Owner: postgres
--

ALTER TABLE ONLY public.django_celery_beat_periodictask
    ADD CONSTRAINT django_celery_beat_p_solar_id_a87ce72c_fk_django_ce FOREIGN KEY (solar_id) REFERENCES public.django_celery_beat_solarschedule(id) DEFERRABLE INITIALLY DEFERRED;


--
-- Name: orders_ads orders_ads_Coupon_id_6197998d_fk_orders_coupons_id; Type: FK CONSTRAINT; Schema: public; Owner: postgres
--

ALTER TABLE ONLY public.orders_ads
    ADD CONSTRAINT "orders_ads_Coupon_id_6197998d_fk_orders_coupons_id" FOREIGN KEY ("Coupon_id") REFERENCES public.orders_coupons(id) DEFERRABLE INITIALLY DEFERRED;


--
-- Name: orders_ads orders_ads_Discount_id_c79f2649_fk_orders_discount_id; Type: FK CONSTRAINT; Schema: public; Owner: postgres
--

ALTER TABLE ONLY public.orders_ads
    ADD CONSTRAINT "orders_ads_Discount_id_c79f2649_fk_orders_discount_id" FOREIGN KEY ("Discount_id") REFERENCES public.orders_discount(id) DEFERRABLE INITIALLY DEFERRED;


--
-- Name: orders_ads orders_ads_Product_id_09870131_fk_products_products_id; Type: FK CONSTRAINT; Schema: public; Owner: postgres
--

ALTER TABLE ONLY public.orders_ads
    ADD CONSTRAINT "orders_ads_Product_id_09870131_fk_products_products_id" FOREIGN KEY ("Product_id") REFERENCES public.products_products(id) DEFERRABLE INITIALLY DEFERRED;


--
-- Name: orders_cart orders_cart_coupon_id_1516a12b_fk_orders_coupons_id; Type: FK CONSTRAINT; Schema: public; Owner: postgres
--

ALTER TABLE ONLY public.orders_cart
    ADD CONSTRAINT orders_cart_coupon_id_1516a12b_fk_orders_coupons_id FOREIGN KEY (coupon_id) REFERENCES public.orders_coupons(id) DEFERRABLE INITIALLY DEFERRED;


--
-- Name: orders_cart orders_cart_user_id_121a069e_fk_accounts_users_uuid; Type: FK CONSTRAINT; Schema: public; Owner: postgres
--

ALTER TABLE ONLY public.orders_cart
    ADD CONSTRAINT orders_cart_user_id_121a069e_fk_accounts_users_uuid FOREIGN KEY (user_id) REFERENCES public.accounts_users(uuid) DEFERRABLE INITIALLY DEFERRED;


--
-- Name: orders_cartitem orders_cartitem_cart_id_529df5fa_fk_orders_cart_id; Type: FK CONSTRAINT; Schema: public; Owner: postgres
--

ALTER TABLE ONLY public.orders_cartitem
    ADD CONSTRAINT orders_cartitem_cart_id_529df5fa_fk_orders_cart_id FOREIGN KEY (cart_id) REFERENCES public.orders_cart(id) DEFERRABLE INITIALLY DEFERRED;


--
-- Name: orders_cartitem orders_cartitem_sku_id_8979a8b3_fk_products_sku_id; Type: FK CONSTRAINT; Schema: public; Owner: postgres
--

ALTER TABLE ONLY public.orders_cartitem
    ADD CONSTRAINT orders_cartitem_sku_id_8979a8b3_fk_products_sku_id FOREIGN KEY (sku_id) REFERENCES public.products_sku(id) DEFERRABLE INITIALLY DEFERRED;


--
-- Name: orders_cartitemcustomization orders_cartitemcusto_cart_item_id_4a3c1775_fk_orders_ca; Type: FK CONSTRAINT; Schema: public; Owner: postgres
--

ALTER TABLE ONLY public.orders_cartitemcustomization
    ADD CONSTRAINT orders_cartitemcusto_cart_item_id_4a3c1775_fk_orders_ca FOREIGN KEY (cart_item_id) REFERENCES public.orders_cartitem(id) DEFERRABLE INITIALLY DEFERRED;


--
-- Name: orders_communication orders_communication_message_id_194fd048_fk_orders_message_uuid; Type: FK CONSTRAINT; Schema: public; Owner: postgres
--

ALTER TABLE ONLY public.orders_communication
    ADD CONSTRAINT orders_communication_message_id_194fd048_fk_orders_message_uuid FOREIGN KEY (message_id) REFERENCES public.orders_message(uuid) DEFERRABLE INITIALLY DEFERRED;


--
-- Name: orders_communication orders_communication_user_id_350755d0_fk_accounts_users_uuid; Type: FK CONSTRAINT; Schema: public; Owner: postgres
--

ALTER TABLE ONLY public.orders_communication
    ADD CONSTRAINT orders_communication_user_id_350755d0_fk_accounts_users_uuid FOREIGN KEY (user_id) REFERENCES public.accounts_users(uuid) DEFERRABLE INITIALLY DEFERRED;


--
-- Name: orders_coupons_ApplicableCategory orders_coupons_Appli_coupons_id_45f7f28c_fk_orders_co; Type: FK CONSTRAINT; Schema: public; Owner: postgres
--

ALTER TABLE ONLY public."orders_coupons_ApplicableCategory"
    ADD CONSTRAINT "orders_coupons_Appli_coupons_id_45f7f28c_fk_orders_co" FOREIGN KEY (coupons_id) REFERENCES public.orders_coupons(id) DEFERRABLE INITIALLY DEFERRED;


--
-- Name: orders_coupons_ApplicableProduct orders_coupons_Appli_coupons_id_8e55e0c5_fk_orders_co; Type: FK CONSTRAINT; Schema: public; Owner: postgres
--

ALTER TABLE ONLY public."orders_coupons_ApplicableProduct"
    ADD CONSTRAINT "orders_coupons_Appli_coupons_id_8e55e0c5_fk_orders_co" FOREIGN KEY (coupons_id) REFERENCES public.orders_coupons(id) DEFERRABLE INITIALLY DEFERRED;


--
-- Name: orders_coupons_ApplicableSubCategory orders_coupons_Appli_coupons_id_ba9e27f9_fk_orders_co; Type: FK CONSTRAINT; Schema: public; Owner: postgres
--

ALTER TABLE ONLY public."orders_coupons_ApplicableSubCategory"
    ADD CONSTRAINT "orders_coupons_Appli_coupons_id_ba9e27f9_fk_orders_co" FOREIGN KEY (coupons_id) REFERENCES public.orders_coupons(id) DEFERRABLE INITIALLY DEFERRED;


--
-- Name: orders_coupons_ApplicableSku orders_coupons_Appli_coupons_id_cadf26f0_fk_orders_co; Type: FK CONSTRAINT; Schema: public; Owner: postgres
--

ALTER TABLE ONLY public."orders_coupons_ApplicableSku"
    ADD CONSTRAINT "orders_coupons_Appli_coupons_id_cadf26f0_fk_orders_co" FOREIGN KEY (coupons_id) REFERENCES public.orders_coupons(id) DEFERRABLE INITIALLY DEFERRED;


--
-- Name: orders_coupons_ApplicableCategory orders_coupons_Appli_productcategory_id_bfeddffc_fk_products_; Type: FK CONSTRAINT; Schema: public; Owner: postgres
--

ALTER TABLE ONLY public."orders_coupons_ApplicableCategory"
    ADD CONSTRAINT "orders_coupons_Appli_productcategory_id_bfeddffc_fk_products_" FOREIGN KEY (productcategory_id) REFERENCES public.products_productcategory(uuid) DEFERRABLE INITIALLY DEFERRED;


--
-- Name: orders_coupons_ApplicableProduct orders_coupons_Appli_products_id_80bade5f_fk_products_; Type: FK CONSTRAINT; Schema: public; Owner: postgres
--

ALTER TABLE ONLY public."orders_coupons_ApplicableProduct"
    ADD CONSTRAINT "orders_coupons_Appli_products_id_80bade5f_fk_products_" FOREIGN KEY (products_id) REFERENCES public.products_products(id) DEFERRABLE INITIALLY DEFERRED;


--
-- Name: orders_coupons_ApplicableSubCategory orders_coupons_Appli_productsubcategory_i_a30de261_fk_products_; Type: FK CONSTRAINT; Schema: public; Owner: postgres
--

ALTER TABLE ONLY public."orders_coupons_ApplicableSubCategory"
    ADD CONSTRAINT "orders_coupons_Appli_productsubcategory_i_a30de261_fk_products_" FOREIGN KEY (productsubcategory_id) REFERENCES public.products_productsubcategory(uuid) DEFERRABLE INITIALLY DEFERRED;


--
-- Name: orders_coupons_ApplicableSku orders_coupons_ApplicableSku_sku_id_f357422c_fk_products_sku_id; Type: FK CONSTRAINT; Schema: public; Owner: postgres
--

ALTER TABLE ONLY public."orders_coupons_ApplicableSku"
    ADD CONSTRAINT "orders_coupons_ApplicableSku_sku_id_f357422c_fk_products_sku_id" FOREIGN KEY (sku_id) REFERENCES public.products_sku(id) DEFERRABLE INITIALLY DEFERRED;


--
-- Name: orders_coupons_CouponUsed orders_coupons_Coupo_coupons_id_8e9da3a8_fk_orders_co; Type: FK CONSTRAINT; Schema: public; Owner: postgres
--

ALTER TABLE ONLY public."orders_coupons_CouponUsed"
    ADD CONSTRAINT "orders_coupons_Coupo_coupons_id_8e9da3a8_fk_orders_co" FOREIGN KEY (coupons_id) REFERENCES public.orders_coupons(id) DEFERRABLE INITIALLY DEFERRED;


--
-- Name: orders_coupons_CouponUsed orders_coupons_Coupo_users_id_1e49933c_fk_accounts_; Type: FK CONSTRAINT; Schema: public; Owner: postgres
--

ALTER TABLE ONLY public."orders_coupons_CouponUsed"
    ADD CONSTRAINT "orders_coupons_Coupo_users_id_1e49933c_fk_accounts_" FOREIGN KEY (users_id) REFERENCES public.accounts_users(uuid) DEFERRABLE INITIALLY DEFERRED;


--
-- Name: orders_customcoupon orders_customcoupon_coupon_id_98bdb814_fk_orders_cu; Type: FK CONSTRAINT; Schema: public; Owner: postgres
--

ALTER TABLE ONLY public.orders_customcoupon
    ADD CONSTRAINT orders_customcoupon_coupon_id_98bdb814_fk_orders_cu FOREIGN KEY (coupon_id) REFERENCES public.orders_customcouponsettings(id) DEFERRABLE INITIALLY DEFERRED;


--
-- Name: orders_customcoupon orders_customcoupon_user_id_a812bc8d_fk_accounts_users_uuid; Type: FK CONSTRAINT; Schema: public; Owner: postgres
--

ALTER TABLE ONLY public.orders_customcoupon
    ADD CONSTRAINT orders_customcoupon_user_id_a812bc8d_fk_accounts_users_uuid FOREIGN KEY (user_id) REFERENCES public.accounts_users(uuid) DEFERRABLE INITIALLY DEFERRED;


--
-- Name: orders_deletedorders orders_deletedorders_custom_product_id_8f4c4a64_fk_products_; Type: FK CONSTRAINT; Schema: public; Owner: postgres
--

ALTER TABLE ONLY public.orders_deletedorders
    ADD CONSTRAINT orders_deletedorders_custom_product_id_8f4c4a64_fk_products_ FOREIGN KEY (custom_product_id) REFERENCES public.products_customproduct(id) DEFERRABLE INITIALLY DEFERRED;


--
-- Name: orders_deletedorders orders_deletedorders_pu_uuid_id_8054bd19_fk_shops_pro; Type: FK CONSTRAINT; Schema: public; Owner: postgres
--

ALTER TABLE ONLY public.orders_deletedorders
    ADD CONSTRAINT orders_deletedorders_pu_uuid_id_8054bd19_fk_shops_pro FOREIGN KEY (pu_uuid_id) REFERENCES public.shops_productionunit(uuid) DEFERRABLE INITIALLY DEFERRED;


--
-- Name: orders_deletedorders orders_deletedorders_store_uuid_id_e6186178_fk_shops_shop_uuid; Type: FK CONSTRAINT; Schema: public; Owner: postgres
--

ALTER TABLE ONLY public.orders_deletedorders
    ADD CONSTRAINT orders_deletedorders_store_uuid_id_e6186178_fk_shops_shop_uuid FOREIGN KEY (store_uuid_id) REFERENCES public.shops_shop(uuid) DEFERRABLE INITIALLY DEFERRED;


--
-- Name: orders_deliveryboys orders_deliveryboys_shop_id_ff21c5f0_fk_shops_shop_uuid; Type: FK CONSTRAINT; Schema: public; Owner: postgres
--

ALTER TABLE ONLY public.orders_deliveryboys
    ADD CONSTRAINT orders_deliveryboys_shop_id_ff21c5f0_fk_shops_shop_uuid FOREIGN KEY (shop_id) REFERENCES public.shops_shop(uuid) DEFERRABLE INITIALLY DEFERRED;


--
-- Name: orders_discount_ApplicableProduct orders_discount_Appl_discount_id_12fc963a_fk_orders_di; Type: FK CONSTRAINT; Schema: public; Owner: postgres
--

ALTER TABLE ONLY public."orders_discount_ApplicableProduct"
    ADD CONSTRAINT "orders_discount_Appl_discount_id_12fc963a_fk_orders_di" FOREIGN KEY (discount_id) REFERENCES public.orders_discount(id) DEFERRABLE INITIALLY DEFERRED;


--
-- Name: orders_discount_ApplicableSku orders_discount_Appl_discount_id_965ff66b_fk_orders_di; Type: FK CONSTRAINT; Schema: public; Owner: postgres
--

ALTER TABLE ONLY public."orders_discount_ApplicableSku"
    ADD CONSTRAINT "orders_discount_Appl_discount_id_965ff66b_fk_orders_di" FOREIGN KEY (discount_id) REFERENCES public.orders_discount(id) DEFERRABLE INITIALLY DEFERRED;


--
-- Name: orders_discount_ApplicableSubCategory orders_discount_Appl_discount_id_ef92e1df_fk_orders_di; Type: FK CONSTRAINT; Schema: public; Owner: postgres
--

ALTER TABLE ONLY public."orders_discount_ApplicableSubCategory"
    ADD CONSTRAINT "orders_discount_Appl_discount_id_ef92e1df_fk_orders_di" FOREIGN KEY (discount_id) REFERENCES public.orders_discount(id) DEFERRABLE INITIALLY DEFERRED;


--
-- Name: orders_discount_ApplicableCategory orders_discount_Appl_discount_id_f69a9ed6_fk_orders_di; Type: FK CONSTRAINT; Schema: public; Owner: postgres
--

ALTER TABLE ONLY public."orders_discount_ApplicableCategory"
    ADD CONSTRAINT "orders_discount_Appl_discount_id_f69a9ed6_fk_orders_di" FOREIGN KEY (discount_id) REFERENCES public.orders_discount(id) DEFERRABLE INITIALLY DEFERRED;


--
-- Name: orders_discount_ApplicableCategory orders_discount_Appl_productcategory_id_7f4f8ff1_fk_products_; Type: FK CONSTRAINT; Schema: public; Owner: postgres
--

ALTER TABLE ONLY public."orders_discount_ApplicableCategory"
    ADD CONSTRAINT "orders_discount_Appl_productcategory_id_7f4f8ff1_fk_products_" FOREIGN KEY (productcategory_id) REFERENCES public.products_productcategory(uuid) DEFERRABLE INITIALLY DEFERRED;


--
-- Name: orders_discount_ApplicableProduct orders_discount_Appl_products_id_730b5e38_fk_products_; Type: FK CONSTRAINT; Schema: public; Owner: postgres
--

ALTER TABLE ONLY public."orders_discount_ApplicableProduct"
    ADD CONSTRAINT "orders_discount_Appl_products_id_730b5e38_fk_products_" FOREIGN KEY (products_id) REFERENCES public.products_products(id) DEFERRABLE INITIALLY DEFERRED;


--
-- Name: orders_discount_ApplicableSubCategory orders_discount_Appl_productsubcategory_i_0e0b7574_fk_products_; Type: FK CONSTRAINT; Schema: public; Owner: postgres
--

ALTER TABLE ONLY public."orders_discount_ApplicableSubCategory"
    ADD CONSTRAINT "orders_discount_Appl_productsubcategory_i_0e0b7574_fk_products_" FOREIGN KEY (productsubcategory_id) REFERENCES public.products_productsubcategory(uuid) DEFERRABLE INITIALLY DEFERRED;


--
-- Name: orders_discount_ApplicableSku orders_discount_Appl_sku_id_42caded9_fk_products_; Type: FK CONSTRAINT; Schema: public; Owner: postgres
--

ALTER TABLE ONLY public."orders_discount_ApplicableSku"
    ADD CONSTRAINT "orders_discount_Appl_sku_id_42caded9_fk_products_" FOREIGN KEY (sku_id) REFERENCES public.products_sku(id) DEFERRABLE INITIALLY DEFERRED;


--
-- Name: orders_message orders_message_ads_id_85076f46_fk_orders_ads_uuid; Type: FK CONSTRAINT; Schema: public; Owner: postgres
--

ALTER TABLE ONLY public.orders_message
    ADD CONSTRAINT orders_message_ads_id_85076f46_fk_orders_ads_uuid FOREIGN KEY (ads_id) REFERENCES public.orders_ads(uuid) DEFERRABLE INITIALLY DEFERRED;


--
-- Name: orders_notificationstat orders_notifications_OrderID_id_9b054517_fk_orders_or; Type: FK CONSTRAINT; Schema: public; Owner: postgres
--

ALTER TABLE ONLY public.orders_notificationstat
    ADD CONSTRAINT "orders_notifications_OrderID_id_9b054517_fk_orders_or" FOREIGN KEY ("OrderID_id") REFERENCES public.orders_orders(uuid) DEFERRABLE INITIALLY DEFERRED;


--
-- Name: orders_notificationstat orders_notifications_sendTo_id_e4d53a9f_fk_accounts_; Type: FK CONSTRAINT; Schema: public; Owner: postgres
--

ALTER TABLE ONLY public.orders_notificationstat
    ADD CONSTRAINT "orders_notifications_sendTo_id_e4d53a9f_fk_accounts_" FOREIGN KEY ("sendTo_id") REFERENCES public.accounts_users(uuid) DEFERRABLE INITIALLY DEFERRED;


--
-- Name: orders_orderdelivery orders_orderdelivery_delivery_boy_id_6541e35e_fk_orders_de; Type: FK CONSTRAINT; Schema: public; Owner: postgres
--

ALTER TABLE ONLY public.orders_orderdelivery
    ADD CONSTRAINT orders_orderdelivery_delivery_boy_id_6541e35e_fk_orders_de FOREIGN KEY (delivery_boy_id) REFERENCES public.orders_deliveryboys(id) DEFERRABLE INITIALLY DEFERRED;


--
-- Name: orders_orderdelivery orders_orderdelivery_order_id_a59ce03a_fk_orders_orders_uuid; Type: FK CONSTRAINT; Schema: public; Owner: postgres
--

ALTER TABLE ONLY public.orders_orderdelivery
    ADD CONSTRAINT orders_orderdelivery_order_id_a59ce03a_fk_orders_orders_uuid FOREIGN KEY (order_id) REFERENCES public.orders_orders(uuid) DEFERRABLE INITIALLY DEFERRED;


--
-- Name: orders_orderproducts orders_orderproducts_order_id_b2226dca_fk_orders_orders_uuid; Type: FK CONSTRAINT; Schema: public; Owner: postgres
--

ALTER TABLE ONLY public.orders_orderproducts
    ADD CONSTRAINT orders_orderproducts_order_id_b2226dca_fk_orders_orders_uuid FOREIGN KEY (order_id) REFERENCES public.orders_orders(uuid) DEFERRABLE INITIALLY DEFERRED;


--
-- Name: orders_orderproducts orders_orderproducts_sku_id_6ac0d8d1_fk_products_sku_id; Type: FK CONSTRAINT; Schema: public; Owner: postgres
--

ALTER TABLE ONLY public.orders_orderproducts
    ADD CONSTRAINT orders_orderproducts_sku_id_6ac0d8d1_fk_products_sku_id FOREIGN KEY (sku_id) REFERENCES public.products_sku(id) DEFERRABLE INITIALLY DEFERRED;


--
-- Name: orders_orders orders_orders_custom_product_id_f4e8b710_fk_products_; Type: FK CONSTRAINT; Schema: public; Owner: postgres
--

ALTER TABLE ONLY public.orders_orders
    ADD CONSTRAINT orders_orders_custom_product_id_f4e8b710_fk_products_ FOREIGN KEY (custom_product_id) REFERENCES public.products_customproduct(id) DEFERRABLE INITIALLY DEFERRED;


--
-- Name: orders_orders orders_orders_drop_address_id_3740fea6_fk_orders_dr; Type: FK CONSTRAINT; Schema: public; Owner: postgres
--

ALTER TABLE ONLY public.orders_orders
    ADD CONSTRAINT orders_orders_drop_address_id_3740fea6_fk_orders_dr FOREIGN KEY (drop_address_id) REFERENCES public.orders_dropaddress(uuid) DEFERRABLE INITIALLY DEFERRED;


--
-- Name: orders_orders orders_orders_pu_uuid_id_4bedef19_fk_shops_productionunit_uuid; Type: FK CONSTRAINT; Schema: public; Owner: postgres
--

ALTER TABLE ONLY public.orders_orders
    ADD CONSTRAINT orders_orders_pu_uuid_id_4bedef19_fk_shops_productionunit_uuid FOREIGN KEY (pu_uuid_id) REFERENCES public.shops_productionunit(uuid) DEFERRABLE INITIALLY DEFERRED;


--
-- Name: orders_orders orders_orders_store_uuid_id_baf70444_fk_shops_shop_uuid; Type: FK CONSTRAINT; Schema: public; Owner: postgres
--

ALTER TABLE ONLY public.orders_orders
    ADD CONSTRAINT orders_orders_store_uuid_id_baf70444_fk_shops_shop_uuid FOREIGN KEY (store_uuid_id) REFERENCES public.shops_shop(uuid) DEFERRABLE INITIALLY DEFERRED;


--
-- Name: orders_orders orders_orders_user_uuid_id_a0d42e9d_fk_accounts_users_uuid; Type: FK CONSTRAINT; Schema: public; Owner: postgres
--

ALTER TABLE ONLY public.orders_orders
    ADD CONSTRAINT orders_orders_user_uuid_id_a0d42e9d_fk_accounts_users_uuid FOREIGN KEY (user_uuid_id) REFERENCES public.accounts_users(uuid) DEFERRABLE INITIALLY DEFERRED;


--
-- Name: orders_payment orders_payment_order_id_bdccf250_fk_orders_orders_uuid; Type: FK CONSTRAINT; Schema: public; Owner: postgres
--

ALTER TABLE ONLY public.orders_payment
    ADD CONSTRAINT orders_payment_order_id_bdccf250_fk_orders_orders_uuid FOREIGN KEY (order_id) REFERENCES public.orders_orders(uuid) DEFERRABLE INITIALLY DEFERRED;


--
-- Name: orders_someoneelse orders_someoneelse_cart_id_aa9be21f_fk_orders_cart_id; Type: FK CONSTRAINT; Schema: public; Owner: postgres
--

ALTER TABLE ONLY public.orders_someoneelse
    ADD CONSTRAINT orders_someoneelse_cart_id_aa9be21f_fk_orders_cart_id FOREIGN KEY (cart_id) REFERENCES public.orders_cart(id) DEFERRABLE INITIALLY DEFERRED;


--
-- Name: orders_someoneelse orders_someoneelse_orders_id_fa1e5fd7_fk_orders_orders_uuid; Type: FK CONSTRAINT; Schema: public; Owner: postgres
--

ALTER TABLE ONLY public.orders_someoneelse
    ADD CONSTRAINT orders_someoneelse_orders_id_fa1e5fd7_fk_orders_orders_uuid FOREIGN KEY (orders_id) REFERENCES public.orders_orders(uuid) DEFERRABLE INITIALLY DEFERRED;


--
-- Name: products_customproductimage products_customprodu_custom_product_id_0da30137_fk_products_; Type: FK CONSTRAINT; Schema: public; Owner: postgres
--

ALTER TABLE ONLY public.products_customproductimage
    ADD CONSTRAINT products_customprodu_custom_product_id_0da30137_fk_products_ FOREIGN KEY (custom_product_id) REFERENCES public.products_customproduct(id) DEFERRABLE INITIALLY DEFERRED;


--
-- Name: products_customproductvideo products_customprodu_custom_product_id_212eef51_fk_products_; Type: FK CONSTRAINT; Schema: public; Owner: postgres
--

ALTER TABLE ONLY public.products_customproductvideo
    ADD CONSTRAINT products_customprodu_custom_product_id_212eef51_fk_products_ FOREIGN KEY (custom_product_id) REFERENCES public.products_customproduct(id) DEFERRABLE INITIALLY DEFERRED;


--
-- Name: products_dynamicfiltering_products products_dynamicfilt_dynamicfiltering_id_71d2d6d2_fk_products_; Type: FK CONSTRAINT; Schema: public; Owner: postgres
--

ALTER TABLE ONLY public.products_dynamicfiltering_products
    ADD CONSTRAINT products_dynamicfilt_dynamicfiltering_id_71d2d6d2_fk_products_ FOREIGN KEY (dynamicfiltering_id) REFERENCES public.products_dynamicfiltering(id) DEFERRABLE INITIALLY DEFERRED;


--
-- Name: products_dynamicfiltering_products products_dynamicfilt_products_id_f465b11f_fk_products_; Type: FK CONSTRAINT; Schema: public; Owner: postgres
--

ALTER TABLE ONLY public.products_dynamicfiltering_products
    ADD CONSTRAINT products_dynamicfilt_products_id_f465b11f_fk_products_ FOREIGN KEY (products_id) REFERENCES public.products_products(id) DEFERRABLE INITIALLY DEFERRED;


--
-- Name: products_productcategory_sales_unit products_productcate_productcategory_id_153e7f99_fk_products_; Type: FK CONSTRAINT; Schema: public; Owner: postgres
--

ALTER TABLE ONLY public.products_productcategory_sales_unit
    ADD CONSTRAINT products_productcate_productcategory_id_153e7f99_fk_products_ FOREIGN KEY (productcategory_id) REFERENCES public.products_productcategory(uuid) DEFERRABLE INITIALLY DEFERRED;


--
-- Name: products_productcategory_sales_unit products_productcate_shop_id_715a5624_fk_shops_sho; Type: FK CONSTRAINT; Schema: public; Owner: postgres
--

ALTER TABLE ONLY public.products_productcategory_sales_unit
    ADD CONSTRAINT products_productcate_shop_id_715a5624_fk_shops_sho FOREIGN KEY (shop_id) REFERENCES public.shops_shop(uuid) DEFERRABLE INITIALLY DEFERRED;


--
-- Name: products_productimage products_productimag_product_id_e747596a_fk_products_; Type: FK CONSTRAINT; Schema: public; Owner: postgres
--

ALTER TABLE ONLY public.products_productimage
    ADD CONSTRAINT products_productimag_product_id_e747596a_fk_products_ FOREIGN KEY (product_id) REFERENCES public.products_products(id) DEFERRABLE INITIALLY DEFERRED;


--
-- Name: products_productreview products_productrevi_product_id_7e81c4a6_fk_products_; Type: FK CONSTRAINT; Schema: public; Owner: postgres
--

ALTER TABLE ONLY public.products_productreview
    ADD CONSTRAINT products_productrevi_product_id_7e81c4a6_fk_products_ FOREIGN KEY (product_id) REFERENCES public.products_products(id) DEFERRABLE INITIALLY DEFERRED;


--
-- Name: products_productreview products_productreview_user_id_5c551aaa_fk_accounts_users_uuid; Type: FK CONSTRAINT; Schema: public; Owner: postgres
--

ALTER TABLE ONLY public.products_productreview
    ADD CONSTRAINT products_productreview_user_id_5c551aaa_fk_accounts_users_uuid FOREIGN KEY (user_id) REFERENCES public.accounts_users(uuid) DEFERRABLE INITIALLY DEFERRED;


--
-- Name: products_products products_products_item_category_id_4b8009b2_fk_products_; Type: FK CONSTRAINT; Schema: public; Owner: postgres
--

ALTER TABLE ONLY public.products_products
    ADD CONSTRAINT products_products_item_category_id_4b8009b2_fk_products_ FOREIGN KEY (item_category_id) REFERENCES public.products_productcategory(uuid) DEFERRABLE INITIALLY DEFERRED;


--
-- Name: products_products products_products_item_sub_category_id_554c669a_fk_products_; Type: FK CONSTRAINT; Schema: public; Owner: postgres
--

ALTER TABLE ONLY public.products_products
    ADD CONSTRAINT products_products_item_sub_category_id_554c669a_fk_products_ FOREIGN KEY (item_sub_category_id) REFERENCES public.products_productsubcategory(uuid) DEFERRABLE INITIALLY DEFERRED;


--
-- Name: products_products_sales_unit products_products_sa_products_id_91641478_fk_products_; Type: FK CONSTRAINT; Schema: public; Owner: postgres
--

ALTER TABLE ONLY public.products_products_sales_unit
    ADD CONSTRAINT products_products_sa_products_id_91641478_fk_products_ FOREIGN KEY (products_id) REFERENCES public.products_products(id) DEFERRABLE INITIALLY DEFERRED;


--
-- Name: products_products_sales_unit products_products_sa_shop_id_597b720c_fk_shops_sho; Type: FK CONSTRAINT; Schema: public; Owner: postgres
--

ALTER TABLE ONLY public.products_products_sales_unit
    ADD CONSTRAINT products_products_sa_shop_id_597b720c_fk_shops_sho FOREIGN KEY (shop_id) REFERENCES public.shops_shop(uuid) DEFERRABLE INITIALLY DEFERRED;


--
-- Name: products_productsubcategory products_productsubc_category_id_69ded4ff_fk_products_; Type: FK CONSTRAINT; Schema: public; Owner: postgres
--

ALTER TABLE ONLY public.products_productsubcategory
    ADD CONSTRAINT products_productsubc_category_id_69ded4ff_fk_products_ FOREIGN KEY (category_id) REFERENCES public.products_productcategory(uuid) DEFERRABLE INITIALLY DEFERRED;


--
-- Name: products_productsubcategory_sales_unit products_productsubc_productsubcategory_i_a9ccdbda_fk_products_; Type: FK CONSTRAINT; Schema: public; Owner: postgres
--

ALTER TABLE ONLY public.products_productsubcategory_sales_unit
    ADD CONSTRAINT products_productsubc_productsubcategory_i_a9ccdbda_fk_products_ FOREIGN KEY (productsubcategory_id) REFERENCES public.products_productsubcategory(uuid) DEFERRABLE INITIALLY DEFERRED;


--
-- Name: products_productsubcategory_sales_unit products_productsubc_shop_id_226ce0c1_fk_shops_sho; Type: FK CONSTRAINT; Schema: public; Owner: postgres
--

ALTER TABLE ONLY public.products_productsubcategory_sales_unit
    ADD CONSTRAINT products_productsubc_shop_id_226ce0c1_fk_shops_sho FOREIGN KEY (shop_id) REFERENCES public.shops_shop(uuid) DEFERRABLE INITIALLY DEFERRED;


--
-- Name: products_productvideo products_productvide_product_id_872fe729_fk_products_; Type: FK CONSTRAINT; Schema: public; Owner: postgres
--

ALTER TABLE ONLY public.products_productvideo
    ADD CONSTRAINT products_productvide_product_id_872fe729_fk_products_ FOREIGN KEY (product_id) REFERENCES public.products_products(id) DEFERRABLE INITIALLY DEFERRED;


--
-- Name: products_salesunitproductselection products_salesunitpr_sales_unit_id_d26b1a54_fk_shops_sho; Type: FK CONSTRAINT; Schema: public; Owner: postgres
--

ALTER TABLE ONLY public.products_salesunitproductselection
    ADD CONSTRAINT products_salesunitpr_sales_unit_id_d26b1a54_fk_shops_sho FOREIGN KEY (sales_unit_id) REFERENCES public.shops_shop(uuid) DEFERRABLE INITIALLY DEFERRED;


--
-- Name: products_salesunitproductselection products_salesunitpr_sku_id_5c12014b_fk_products_; Type: FK CONSTRAINT; Schema: public; Owner: postgres
--

ALTER TABLE ONLY public.products_salesunitproductselection
    ADD CONSTRAINT products_salesunitpr_sku_id_5c12014b_fk_products_ FOREIGN KEY (sku_id) REFERENCES public.products_sku(id) DEFERRABLE INITIALLY DEFERRED;


--
-- Name: products_sku products_sku_product_id_42b6697f_fk_products_products_id; Type: FK CONSTRAINT; Schema: public; Owner: postgres
--

ALTER TABLE ONLY public.products_sku
    ADD CONSTRAINT products_sku_product_id_42b6697f_fk_products_products_id FOREIGN KEY (product_id) REFERENCES public.products_products(id) DEFERRABLE INITIALLY DEFERRED;


--
-- Name: products_sku_sales_unit products_sku_sales_unit_shop_id_13b1bb53_fk_shops_shop_uuid; Type: FK CONSTRAINT; Schema: public; Owner: postgres
--

ALTER TABLE ONLY public.products_sku_sales_unit
    ADD CONSTRAINT products_sku_sales_unit_shop_id_13b1bb53_fk_shops_shop_uuid FOREIGN KEY (shop_id) REFERENCES public.shops_shop(uuid) DEFERRABLE INITIALLY DEFERRED;


--
-- Name: products_sku_sales_unit products_sku_sales_unit_sku_id_6766a514_fk_products_sku_id; Type: FK CONSTRAINT; Schema: public; Owner: postgres
--

ALTER TABLE ONLY public.products_sku_sales_unit
    ADD CONSTRAINT products_sku_sales_unit_sku_id_6766a514_fk_products_sku_id FOREIGN KEY (sku_id) REFERENCES public.products_sku(id) DEFERRABLE INITIALLY DEFERRED;


--
-- Name: products_speciallist_products products_speciallist_products_id_33f039e0_fk_products_; Type: FK CONSTRAINT; Schema: public; Owner: postgres
--

ALTER TABLE ONLY public.products_speciallist_products
    ADD CONSTRAINT products_speciallist_products_id_33f039e0_fk_products_ FOREIGN KEY (products_id) REFERENCES public.products_products(id) DEFERRABLE INITIALLY DEFERRED;


--
-- Name: products_speciallist_products products_speciallist_speciallist_id_51692aa9_fk_products_; Type: FK CONSTRAINT; Schema: public; Owner: postgres
--

ALTER TABLE ONLY public.products_speciallist_products
    ADD CONSTRAINT products_speciallist_speciallist_id_51692aa9_fk_products_ FOREIGN KEY (speciallist_id) REFERENCES public.products_speciallist(id) DEFERRABLE INITIALLY DEFERRED;


--
-- Name: products_tags_products products_tags_produc_products_id_8cf06332_fk_products_; Type: FK CONSTRAINT; Schema: public; Owner: postgres
--

ALTER TABLE ONLY public.products_tags_products
    ADD CONSTRAINT products_tags_produc_products_id_8cf06332_fk_products_ FOREIGN KEY (products_id) REFERENCES public.products_products(id) DEFERRABLE INITIALLY DEFERRED;


--
-- Name: products_tags_products products_tags_products_tags_id_fc39ee50_fk_products_tags_id; Type: FK CONSTRAINT; Schema: public; Owner: postgres
--

ALTER TABLE ONLY public.products_tags_products
    ADD CONSTRAINT products_tags_products_tags_id_fc39ee50_fk_products_tags_id FOREIGN KEY (tags_id) REFERENCES public.products_tags(id) DEFERRABLE INITIALLY DEFERRED;


--
-- Name: products_wishlist products_wishlist_product_id_7c798228_fk_products_products_id; Type: FK CONSTRAINT; Schema: public; Owner: postgres
--

ALTER TABLE ONLY public.products_wishlist
    ADD CONSTRAINT products_wishlist_product_id_7c798228_fk_products_products_id FOREIGN KEY (product_id) REFERENCES public.products_products(id) DEFERRABLE INITIALLY DEFERRED;


--
-- Name: products_wishlist products_wishlist_user_id_eea5692f_fk_accounts_users_uuid; Type: FK CONSTRAINT; Schema: public; Owner: postgres
--

ALTER TABLE ONLY public.products_wishlist
    ADD CONSTRAINT products_wishlist_user_id_eea5692f_fk_accounts_users_uuid FOREIGN KEY (user_id) REFERENCES public.accounts_users(uuid) DEFERRABLE INITIALLY DEFERRED;


--
-- Name: products_youmayalsolike products_youmayalsol_product_id_fd01fa03_fk_products_; Type: FK CONSTRAINT; Schema: public; Owner: postgres
--

ALTER TABLE ONLY public.products_youmayalsolike
    ADD CONSTRAINT products_youmayalsol_product_id_fd01fa03_fk_products_ FOREIGN KEY (product_id) REFERENCES public.products_products(id) DEFERRABLE INITIALLY DEFERRED;


--
-- Name: products_youmayalsolike_liked_products products_youmayalsol_products_id_d8fd711c_fk_products_; Type: FK CONSTRAINT; Schema: public; Owner: postgres
--

ALTER TABLE ONLY public.products_youmayalsolike_liked_products
    ADD CONSTRAINT products_youmayalsol_products_id_d8fd711c_fk_products_ FOREIGN KEY (products_id) REFERENCES public.products_products(id) DEFERRABLE INITIALLY DEFERRED;


--
-- Name: products_youmayalsolike_liked_products products_youmayalsol_youmayalsolike_id_5a074187_fk_products_; Type: FK CONSTRAINT; Schema: public; Owner: postgres
--

ALTER TABLE ONLY public.products_youmayalsolike_liked_products
    ADD CONSTRAINT products_youmayalsol_youmayalsolike_id_5a074187_fk_products_ FOREIGN KEY (youmayalsolike_id) REFERENCES public.products_youmayalsolike(id) DEFERRABLE INITIALLY DEFERRED;


--
-- Name: shops_bankdetails shops_bankdetails_shop_id_aa4aabda_fk_shops_shop_uuid; Type: FK CONSTRAINT; Schema: public; Owner: postgres
--

ALTER TABLE ONLY public.shops_bankdetails
    ADD CONSTRAINT shops_bankdetails_shop_id_aa4aabda_fk_shops_shop_uuid FOREIGN KEY (shop_id) REFERENCES public.shops_shop(uuid) DEFERRABLE INITIALLY DEFERRED;


--
-- Name: shops_shop_unit_admin_user shops_shop_unit_admi_users_id_334f0b93_fk_accounts_; Type: FK CONSTRAINT; Schema: public; Owner: postgres
--

ALTER TABLE ONLY public.shops_shop_unit_admin_user
    ADD CONSTRAINT shops_shop_unit_admi_users_id_334f0b93_fk_accounts_ FOREIGN KEY (users_id) REFERENCES public.accounts_users(uuid) DEFERRABLE INITIALLY DEFERRED;


--
-- Name: shops_shop_unit_admin_user shops_shop_unit_admin_user_shop_id_24ae0b55_fk_shops_shop_uuid; Type: FK CONSTRAINT; Schema: public; Owner: postgres
--

ALTER TABLE ONLY public.shops_shop_unit_admin_user
    ADD CONSTRAINT shops_shop_unit_admin_user_shop_id_24ae0b55_fk_shops_shop_uuid FOREIGN KEY (shop_id) REFERENCES public.shops_shop(uuid) DEFERRABLE INITIALLY DEFERRED;


--
--

