-- Data for Name: chatbot_chat_data; Type: TABLE DATA; Schema: public; Owner: postgres
--

COPY public.chatbot_chat_data (chat_id, chat_name, chat_type, message, related_option_id_id, option_type, created_date, related_chat_id, option_column_id, option_table_id, redirect) FROM stdin;
5ce39b6c-6fdb-4c52-b940-d187918ba995	End of Ordering	End Message	Thank you for using my service	\N		2025-06-04 09:35:45.693266+05:30	e3861552-6374-40b0-b41d-50983795af33	\N	\N	No
af187749-010a-4335-a087-774fe1dc6b2e	Special Offer List	Related	🎉 Great Deals Await!\r\nCheck out the latest offers specially picked for you.	7c7de156-d152-4766-ba66-fda31e139152	Table	2025-05-15 11:52:56.307636+05:30	9dc3f295-796c-42fa-8045-922506da01db	70fdaf37-d404-4761-a5df-74612fbf94af	fee5bc0d-87ec-42d7-a0d1-0e8a2aca079e	Yes
ca6c13d1-0a6b-4bba-aa8d-60fcac37aaae	Payment Answer 3	End Message	We accept: \r\n ● Credit/Debit Cards (Visa, MasterCard, RuPay, etc.) \r\n ● UPI & Wallet Payments (Google Pay, Paytm, PhonePe, etc.) \r\n ● Net Banking \r\n ● Cash on Delivery (available in selected locations)	e09b4232-3390-47f9-8e35-664e6d317fa8		2025-06-05 09:31:49.458271+05:30	0430b16e-f226-4e05-b2e5-76eff602660d	\N	\N	No
1bed1788-439c-4395-b491-057e6d7ce09a	Payment Answer 4	End Message	Yes, COD is available for select locations and products. Additional charges may apply.	5a990021-3f33-4b38-b6a3-dc67c70b485f		2025-06-05 09:32:17.550247+05:30	0430b16e-f226-4e05-b2e5-76eff602660d	\N	\N	No
3172a27f-3e5a-43aa-b573-bfa160528c01	Welcome Message	Welcome Message	Hi there!! Welcome to Navya Bakeshop.	\N		2025-05-06 10:34:12.58317+05:30	\N	\N	\N	No
d7d5101c-5dc2-48e4-b631-ee91c95ddc83	Payment Answer 5	End Message	Yes, an invoice will be sent to your registered email once your order is confirmed.\r\n\r\nThank you	da2da1f3-4181-4d0e-82b3-6dcf14b88405		2025-06-05 09:32:48.832583+05:30	0430b16e-f226-4e05-b2e5-76eff602660d	\N	\N	No
9dc3f295-796c-42fa-8045-922506da01db	Related message	Related	What’s your favorite baked treat?	\N	Custom	2025-05-06 10:37:23.784339+05:30	3172a27f-3e5a-43aa-b573-bfa160528c01	ab16453b-8d3d-4586-b4c6-89c2bad687cd	646c9cd0-ee3f-44e3-bae2-41f87d01ad71	No
afb3342d-c711-40e0-bb5b-a819dfde2fea	End of Special Offers	End Message	Thank you for using our service!	\N		2025-06-04 10:37:15.685084+05:30	af187749-010a-4335-a087-774fe1dc6b2e	\N	\N	No
3d73bda2-9193-46f3-b917-b68011cbc893	Select Location	Related	Heyy! We have several locations around city. Pick any outlet for location details.	061c89a5-5064-41e4-aa9c-02a5b7b9b880	Table	2025-05-15 11:46:03.645795+05:30	9dc3f295-796c-42fa-8045-922506da01db	b2360679-8011-4649-b62e-f7b5249ee052	a5f15920-3aad-40bf-960b-b6c0e8952729	Yes
23687ac0-863a-4100-8f74-98f198de9b0f	Shipment	Related	Shipment Related Queries:	185733b0-6bee-4db5-8e39-a8f2a0e36a5a	Custom	2025-06-05 09:35:52.356067+05:30	e5774734-8787-4a02-b37e-8edade918a0f	\N	\N	No
ec5a5738-8141-4f7d-a8dc-273765175af5	CategoryList	Related	Great. What would you like to order? Checkout some of our popular categories: (here we will show some selected sub-categories that is fast moving)	724a7234-115e-4f4a-b2ae-7e60f4118808	Table	2025-05-15 11:34:07.109206+05:30	9dc3f295-796c-42fa-8045-922506da01db	f7719d60-99e1-4eaf-bc5b-3808d7354023	c4b40a73-3c0a-4f5b-ba36-a8fbeeb4a91f	No
0b78b70e-658d-49a6-879e-bcf4fb97ac76	SubCategoryList	Related	Fantastic Choice! Here are some of our yummy products in <category name>: (here we will show some selected products that is fast moving)	\N	Table	2025-06-04 09:33:34.641049+05:30	ec5a5738-8141-4f7d-a8dc-273765175af5	f0621fc7-9a9e-4fc9-a940-af38b882ba1c	3bf91025-fdb5-4884-9228-8c5d22c5ccdf	No
e3861552-6374-40b0-b41d-50983795af33	ProductList	Related	Select Product:	\N	Table	2025-06-04 09:35:05.306919+05:30	0b78b70e-658d-49a6-879e-bcf4fb97ac76	ab16453b-8d3d-4586-b4c6-89c2bad687cd	646c9cd0-ee3f-44e3-bae2-41f87d01ad71	Yes
e5774734-8787-4a02-b37e-8edade918a0f	FAQ  Categories	Related	Please select Related FAQ:	962918fc-2868-4623-9fe6-ac80ee26e544	Custom	2025-06-05 09:23:02.756301+05:30	9dc3f295-796c-42fa-8045-922506da01db	\N	\N	No
4cdd4cfe-82ad-466a-a14b-2b985118fc71	General Question 1	Related	Please check this:	9f0c6365-30f3-4978-a66e-6a12e2f38f28	Custom	2025-06-05 09:24:57.912822+05:30	e5774734-8787-4a02-b37e-8edade918a0f	\N	\N	No
ec650246-f1e0-4410-aa56-d72661b843a0	General Answer 1	End Message	We have 45 branches across Kerala. You can Locate your nearest store from our website https://www.navyabakers.com\r\n\r\nThank you.	58305aae-75ad-42f4-8175-a56ecc7e1190		2025-06-05 09:26:41.340265+05:30	4cdd4cfe-82ad-466a-a14b-2b985118fc71	\N	\N	No
ab02f238-115f-40bc-8310-2e3b2436dbeb	General Answer 2	End Message	Yes! We cater to bulk orders for events, corporate gifting, and celebrations.\r\nPlease contact us or call for inquiries.\r\n\r\nThank you	c9c181e6-3cb4-47ca-8aa4-96fe9aa444fc		2025-06-05 09:27:24.064504+05:30	4cdd4cfe-82ad-466a-a14b-2b985118fc71	\N	\N	No
0430b16e-f226-4e05-b2e5-76eff602660d	Payment Questions	Related	Payment related Queries:	97988da8-0de0-4856-a474-c68de4286223	Custom	2025-06-05 09:29:50.129684+05:30	e5774734-8787-4a02-b37e-8edade918a0f	\N	\N	No
023fd4ea-94c0-4e5d-937e-c3b5ccd49f6d	Payement Answer 1	End Message	We accept a variety of payment methods for your convenience, including credit cards, debit cards, UPI, online banking, and digital wallets like Paytm and Google Pay. For in-store purchases, cash payments are also accepted.\r\n\r\nThank you	878dc97a-fcc5-4a36-9be1-b1df445c0e46		2025-06-05 09:30:52.219075+05:30	0430b16e-f226-4e05-b2e5-76eff602660d	\N	\N	No
6df6fe46-1896-4a70-acf4-056d3bf12d8d	Payment Answer 2	End Message	Yes! We use SSL encryption and secure payment gateways to ensure your transactions are safe.	a1fb719d-019b-437c-a57e-6bde6758bb70		2025-06-05 09:31:20.976071+05:30	0430b16e-f226-4e05-b2e5-76eff602660d	\N	\N	No
4e7ab993-2314-4f58-a389-78bdca566945	Shipment Answers 1	End Message	Shipping charges depend on your location and order size. For local deliveries within [specific area], a flat rate applies.\r\n\r\nThank You	b9b64ed8-430c-4d59-b2df-848d722880b6		2025-06-05 09:36:47.382358+05:30	23687ac0-863a-4100-8f74-98f198de9b0f	\N	\N	No
a662cd31-1af2-4d0c-8777-5ba6b7b65d6a	Shipment Answer 2	End Message	When you place a Local Delivery Order, the system shows the available slots for you to choose from.\r\n\r\nThank You	3f89fd4a-dfc6-49d2-a476-8e37cb576855		2025-06-05 09:37:52.510718+05:30	23687ac0-863a-4100-8f74-98f198de9b0f	\N	\N	No
a914b771-1861-4df7-9b89-f5e1accc073b	Shipment Answer 3	End Message	Yes, you can choose from the available delivery slots displayed at checkout.\r\n\r\nThank You	dcc53425-b487-475b-bbe3-61408e565406		2025-06-05 09:38:26.256704+05:30	23687ac0-863a-4100-8f74-98f198de9b0f	\N	\N	No
d4db0bcb-6736-439a-94a4-c8976d08bbc8	Shipment Answer 4	End Message	A delivery delay setting is applied to ensure sufficient time for order preparation. The default delay is 120 minutes (2 hours), meaning only slots after this time will be shown for selection.\r\n\r\nThank You	3704db0b-14e4-49c8-ad44-93d59eb18d93		2025-06-05 09:38:56.249179+05:30	23687ac0-863a-4100-8f74-98f198de9b0f	\N	\N	No
d4767141-f4f8-4581-9265-78a908bf82ee	Shipment Answer 5	End Message	Free delivery is available if your order meets both of these conditions: \r\n● The delivery address is within 4 km of our store. \r\n● Your total order value is ₹400 or more\r\n\r\nThank You	1644cd2d-a080-4650-a8e5-f14adcb3f740		2025-06-05 09:39:35.628104+05:30	23687ac0-863a-4100-8f74-98f198de9b0f	\N	\N	No
fb87ec4e-e381-47fa-8a5d-971b58b2ac0c	Shipment Answer 6	End Message	No, free delivery is only applicable if your total order value is ₹400 or more within the free delivery distance. Otherwise, a delivery fee will apply.\r\n\r\nThank You	3aa3670c-55fd-401c-8d0e-92eb66deaa0f		2025-06-05 09:40:13.127862+05:30	23687ac0-863a-4100-8f74-98f198de9b0f	\N	\N	No
de076775-54e6-44bf-adef-1c80152c18ac	Shipment Answer 7	End Message	The system calculates the distance based on your delivery address and the nearest store location. If it falls within the default 4 km limit, your order may qualify for free delivery if the value condition is also met.	7b5269cf-b116-4be8-8980-7b29a6c35db0		2025-06-05 09:40:42.474149+05:30	23687ac0-863a-4100-8f74-98f198de9b0f	\N	\N	No
465dee91-4dc2-4d64-8c37-72261ee65f55	Shipment Answer 8	End Message	If your address is beyond the 4 km limit, a delivery fee will apply, regardless of the order value. The exact fee will be displayed at checkout.\r\n\r\nThank You	85372639-be33-4c28-b66b-eca44b0d6a90		2025-06-05 09:41:18.233138+05:30	23687ac0-863a-4100-8f74-98f198de9b0f	\N	\N	No
0a3b268a-01c8-4fb1-8c75-9fb7ae318ad2	Shipment Answer 9	End Message	If your order qualifies for free delivery, the actual delivery fee is shown as canceled (crossed-out) to indicate that no delivery charge applies.\r\n\r\nThank You	5476133b-cb44-4835-928c-37a0bdc739b9		2025-06-05 09:41:57.641626+05:30	23687ac0-863a-4100-8f74-98f198de9b0f	\N	\N	No
8a86f87c-1f75-4084-a5fc-f76f2821b647	Shipment Answer 10	End Message	Yes! Once your order is dispatched, you will receive details via Whatsapp, also it can be tracked in our mobile app.\r\n\r\nThank You	5758abd0-d535-4b5b-b1a2-1ab9abc12a0e		2025-06-05 09:42:35.90608+05:30	23687ac0-863a-4100-8f74-98f198de9b0f	\N	\N	No
16d773bb-5c1f-40a2-8362-0577cdfaea6a	Product Questions	Related	Here are the product related queries :	588f24a5-f9ef-4ea2-8154-0ebf9df6b9ab	Custom	2025-06-05 09:46:33.08588+05:30	e5774734-8787-4a02-b37e-8edade918a0f	\N	\N	No
033e66f2-e6f2-4667-9a9f-32e8f88588d0	Product Answer 1	End Message	We offer a variety of baked goods including cakes, cookies, pastries, breads, and more.\r\n\r\nThank You	ffc09c4a-9992-4bd1-90c8-b24af8e39b89		2025-06-05 09:47:07.72599+05:30	16d773bb-5c1f-40a2-8362-0577cdfaea6a	\N	\N	No
6982267d-2f4a-4ed7-ba62-f968af211242	Product Answer 2	End Message	Yes! All our products are baked fresh daily using the finest ingredients.\r\n\r\nThank You	e0080f9e-8976-4474-bf18-11be40a37c37		2025-06-05 09:47:38.647788+05:30	16d773bb-5c1f-40a2-8362-0577cdfaea6a	\N	\N	No
15cad848-d75f-474f-b9d6-56b69e006065	Product Answer 3	End Message	No, we take pride in using 100% natural flavors and colors, without any artificial preservatives.\r\n\r\nThank You	3bcd89d6-95bd-4b23-8b4f-47057d3ac6a4		2025-06-05 09:48:06.719722+05:30	16d773bb-5c1f-40a2-8362-0577cdfaea6a	\N	\N	No
d836353a-888b-473b-8899-002bb126c2dd	Product Answer 4	End Message	Absolutely! We offer custom cakes and pastries for birthdays, weddings, and special occasions. Contact us in advance for custom orders.\r\n\r\nThank You	a9d7b55b-55f5-4387-86aa-3caa8cebb81e		2025-06-05 09:48:33.857055+05:30	16d773bb-5c1f-40a2-8362-0577cdfaea6a	\N	\N	No
bcd24461-549a-4d93-9ef7-ccf82cfb7cf9	Product Answer 5	End Message	Yes, we have a selection of eggless, vegan, and gluten-free products. Please check the product description or contact us for details.\r\n\r\nThank You	e6ac1740-f6e8-4a35-8346-4abfab4ccd2a		2025-06-05 09:49:06.096088+05:30	16d773bb-5c1f-40a2-8362-0577cdfaea6a	\N	\N	No
4e214a10-aeba-4419-a24e-040451e2914d	Product Answer 6	End Message	Absolutely! You can add a custom message while ordering, and for special decorations, please contact us in advance, before delivery.\r\n\r\nThank You	a567dfe1-953d-48f9-90e5-ece4fe56df62		2025-06-05 09:49:42.455021+05:30	16d773bb-5c1f-40a2-8362-0577cdfaea6a	\N	\N	No
59e18f36-f617-4c07-b8fe-4863fb23ca60	Product Answer 7	End Message	Yes, we have gluten-free and sugar-free options. Please check the product description or filter by dietary preferences while browsing.\r\n\r\nThank You	7b83a88c-bc36-4439-93d8-502dc16bc391		2025-06-05 09:50:17.260926+05:30	16d773bb-5c1f-40a2-8362-0577cdfaea6a	\N	\N	No
216b80f4-b6b2-417a-a7c4-410cd6eb1f69	Product Answer 8	End Message	Our products are best consumed fresh. Please check the packaging for specific storage instructions.\r\n\r\nThank You	e2901682-442b-443f-a368-1a7c0c13b09f		2025-06-05 09:50:47.400637+05:30	16d773bb-5c1f-40a2-8362-0577cdfaea6a	\N	\N	No
fcda9cd8-afa0-48f8-8156-66bf59911b9e	End of Location	End Message	Thank You	\N		2025-06-05 09:52:04.518436+05:30	3d73bda2-9193-46f3-b917-b68011cbc893	\N	\N	No
\.


--
-- Data for Name: chatbot_chat_data_options; Type: TABLE DATA; Schema: public; Owner: postgres
--

COPY public.chatbot_chat_data_options (id, chat_data_id, relatedoptiontable_id) FROM stdin;
15	9dc3f295-796c-42fa-8045-922506da01db	724a7234-115e-4f4a-b2ae-7e60f4118808
16	9dc3f295-796c-42fa-8045-922506da01db	061c89a5-5064-41e4-aa9c-02a5b7b9b880
17	9dc3f295-796c-42fa-8045-922506da01db	7c7de156-d152-4766-ba66-fda31e139152
18	9dc3f295-796c-42fa-8045-922506da01db	962918fc-2868-4623-9fe6-ac80ee26e544
19	ec5a5738-8141-4f7d-a8dc-273765175af5	27b15efe-9992-4ca8-8045-7614c2839ec9
20	3d73bda2-9193-46f3-b917-b68011cbc893	4ac8f4e5-ce54-490f-b545-f3845e45a996
21	3d73bda2-9193-46f3-b917-b68011cbc893	f250f53c-7348-4811-bb7a-98518fa456dc
22	af187749-010a-4335-a087-774fe1dc6b2e	883ac869-573d-48cc-83bb-fc4af2e5ed49
23	af187749-010a-4335-a087-774fe1dc6b2e	ad8e03c6-c8f1-4251-82c4-61194eb38c55
24	af187749-010a-4335-a087-774fe1dc6b2e	882738dc-e758-48e6-9aac-b14e8d4935c0
25	af187749-010a-4335-a087-774fe1dc6b2e	a63b835f-2ab1-4e7d-ba98-099d0f199ba0
26	e5774734-8787-4a02-b37e-8edade918a0f	185733b0-6bee-4db5-8e39-a8f2a0e36a5a
27	e5774734-8787-4a02-b37e-8edade918a0f	9f0c6365-30f3-4978-a66e-6a12e2f38f28
28	e5774734-8787-4a02-b37e-8edade918a0f	588f24a5-f9ef-4ea2-8154-0ebf9df6b9ab
29	e5774734-8787-4a02-b37e-8edade918a0f	97988da8-0de0-4856-a474-c68de4286223
30	4cdd4cfe-82ad-466a-a14b-2b985118fc71	58305aae-75ad-42f4-8175-a56ecc7e1190
31	4cdd4cfe-82ad-466a-a14b-2b985118fc71	c9c181e6-3cb4-47ca-8aa4-96fe9aa444fc
32	0430b16e-f226-4e05-b2e5-76eff602660d	e09b4232-3390-47f9-8e35-664e6d317fa8
33	0430b16e-f226-4e05-b2e5-76eff602660d	da2da1f3-4181-4d0e-82b3-6dcf14b88405
34	0430b16e-f226-4e05-b2e5-76eff602660d	5a990021-3f33-4b38-b6a3-dc67c70b485f
35	0430b16e-f226-4e05-b2e5-76eff602660d	878dc97a-fcc5-4a36-9be1-b1df445c0e46
36	0430b16e-f226-4e05-b2e5-76eff602660d	a1fb719d-019b-437c-a57e-6bde6758bb70
37	23687ac0-863a-4100-8f74-98f198de9b0f	5758abd0-d535-4b5b-b1a2-1ab9abc12a0e
38	23687ac0-863a-4100-8f74-98f198de9b0f	3aa3670c-55fd-401c-8d0e-92eb66deaa0f
39	23687ac0-863a-4100-8f74-98f198de9b0f	3704db0b-14e4-49c8-ad44-93d59eb18d93
40	23687ac0-863a-4100-8f74-98f198de9b0f	1644cd2d-a080-4650-a8e5-f14adcb3f740
41	23687ac0-863a-4100-8f74-98f198de9b0f	b9b64ed8-430c-4d59-b2df-848d722880b6
42	23687ac0-863a-4100-8f74-98f198de9b0f	7b5269cf-b116-4be8-8980-7b29a6c35db0
43	23687ac0-863a-4100-8f74-98f198de9b0f	85372639-be33-4c28-b66b-eca44b0d6a90
44	23687ac0-863a-4100-8f74-98f198de9b0f	3f89fd4a-dfc6-49d2-a476-8e37cb576855
45	23687ac0-863a-4100-8f74-98f198de9b0f	dcc53425-b487-475b-bbe3-61408e565406
46	23687ac0-863a-4100-8f74-98f198de9b0f	5476133b-cb44-4835-928c-37a0bdc739b9
47	16d773bb-5c1f-40a2-8362-0577cdfaea6a	a9d7b55b-55f5-4387-86aa-3caa8cebb81e
48	16d773bb-5c1f-40a2-8362-0577cdfaea6a	e6ac1740-f6e8-4a35-8346-4abfab4ccd2a
49	16d773bb-5c1f-40a2-8362-0577cdfaea6a	3bcd89d6-95bd-4b23-8b4f-47057d3ac6a4
50	16d773bb-5c1f-40a2-8362-0577cdfaea6a	e0080f9e-8976-4474-bf18-11be40a37c37
51	16d773bb-5c1f-40a2-8362-0577cdfaea6a	ffc09c4a-9992-4bd1-90c8-b24af8e39b89
52	16d773bb-5c1f-40a2-8362-0577cdfaea6a	e2901682-442b-443f-a368-1a7c0c13b09f
53	16d773bb-5c1f-40a2-8362-0577cdfaea6a	a567dfe1-953d-48f9-90e5-ece4fe56df62
54	16d773bb-5c1f-40a2-8362-0577cdfaea6a	7b83a88c-bc36-4439-93d8-502dc16bc391
\.


--
-- Data for Name: chatbot_columnlist; Type: TABLE DATA; Schema: public; Owner: postgres
--

COPY public.chatbot_columnlist (id, column_name, table_id, column_id, created_date) FROM stdin;
f0621fc7-9a9e-4fc9-a940-af38b882ba1c	sub_category_name	3bf91025-fdb5-4884-9228-8c5d22c5ccdf	uuid	2025-04-28 12:36:01.397326+05:30
ab16453b-8d3d-4586-b4c6-89c2bad687cd	item_name	646c9cd0-ee3f-44e3-bae2-41f87d01ad71	id	2025-04-28 15:40:44.020906+05:30
f7719d60-99e1-4eaf-bc5b-3808d7354023	category_name	c4b40a73-3c0a-4f5b-ba36-a8fbeeb4a91f	uuid	2025-05-15 11:38:42.752893+05:30
70fdaf37-d404-4761-a5df-74612fbf94af	DiscountName	fee5bc0d-87ec-42d7-a0d1-0e8a2aca079e	id	2025-06-04 10:34:54.475813+05:30
b2360679-8011-4649-b62e-f7b5249ee052	unit_name	a5f15920-3aad-40bf-960b-b6c0e8952729	uuid	2025-06-04 10:45:46.280813+05:30
\.


--
-- Data for Name: chatbot_maptables; Type: TABLE DATA; Schema: public; Owner: postgres
--

COPY public.chatbot_maptables (id, map_name, created_date, table_name_id) FROM stdin;
c1cbc95f-f444-4e18-8ebe-16533a11f19e	Products	2025-05-21 11:37:39.659032+05:30	646c9cd0-ee3f-44e3-bae2-41f87d01ad71
b7206039-e948-46e6-b310-c8d72bec830e	Offers	2025-06-04 10:35:11.683909+05:30	fee5bc0d-87ec-42d7-a0d1-0e8a2aca079e
89d26681-a9f9-44c7-80ce-7d4b7528ec89	Address	2025-06-04 10:46:38.513355+05:30	a5f15920-3aad-40bf-960b-b6c0e8952729
\.


--
-- Data for Name: chatbot_options; Type: TABLE DATA; Schema: public; Owner: postgres
--

COPY public.chatbot_options (id, option_value, column_id, table_id) FROM stdin;
\.


--
-- Data for Name: chatbot_relatedoptiontable; Type: TABLE DATA; Schema: public; Owner: postgres
--

COPY public.chatbot_relatedoptiontable (id, option_value) FROM stdin;
ea9dc62b-6dcf-4b01-908a-6d503f84a489	abc
1b14d541-265c-4922-84c1-6a8bfdd39875	bcd
996d1a86-8b32-48b2-8942-ade6198bbfaa	a
e818ee81-945d-4195-948b-8d8acae0feac	b
0223b822-9f9c-4ace-a804-ed63120f6ad7	aa
5e2e93ff-3281-40cc-af89-ccb040b7e398	bb
d814436b-e33a-4c58-9835-6918b5887fd5	Hai
28064bc1-5d83-4317-add4-01d40a651e38	Follow the gudeliness
0b4664bd-383e-4f8b-ba2b-669eed4bc10a	Welcome to the application
ebf910de-2a48-46ec-b10a-b3a6cad3970f	Welcome
55703038-b8b1-4ff6-8b3c-ba37b1aa6ded	query 1
ecf843aa-9dd5-4f10-ae51-6a523ffda957	query 2
724a7234-115e-4f4a-b2ae-7e60f4118808	Ordering
061c89a5-5064-41e4-aa9c-02a5b7b9b880	Store Location
7c7de156-d152-4766-ba66-fda31e139152	Special Offers
962918fc-2868-4623-9fe6-ac80ee26e544	FAQ
27b15efe-9992-4ca8-8045-7614c2839ec9	Enter Location
f250f53c-7348-4811-bb7a-98518fa456dc	Place 1
4ac8f4e5-ce54-490f-b545-f3845e45a996	Place 2
a63b835f-2ab1-4e7d-ba98-099d0f199ba0	Offer 1
ad8e03c6-c8f1-4251-82c4-61194eb38c55	Offer 2
883ac869-573d-48cc-83bb-fc4af2e5ed49	Offer 3
882738dc-e758-48e6-9aac-b14e8d4935c0	Offer 4
9f0c6365-30f3-4978-a66e-6a12e2f38f28	General
588f24a5-f9ef-4ea2-8154-0ebf9df6b9ab	Product
185733b0-6bee-4db5-8e39-a8f2a0e36a5a	Shipment
97988da8-0de0-4856-a474-c68de4286223	Payment
58305aae-75ad-42f4-8175-a56ecc7e1190	Where is your bakery located?
c9c181e6-3cb4-47ca-8aa4-96fe9aa444fc	Do you offer bulk or corporate orders?
878dc97a-fcc5-4a36-9be1-b1df445c0e46	What payment methods do you accept?
a1fb719d-019b-437c-a57e-6bde6758bb70	Is online payment secure?
e09b4232-3390-47f9-8e35-664e6d317fa8	What payment methods do you accept?
5a990021-3f33-4b38-b6a3-dc67c70b485f	Do you offer Cash on Delivery (COD)?
da2da1f3-4181-4d0e-82b3-6dcf14b88405	Do you provide invoices for online orders?
b9b64ed8-430c-4d59-b2df-848d722880b6	What are the shipping charges and delivery times?
3f89fd4a-dfc6-49d2-a476-8e37cb576855	What are delivery time slots?
dcc53425-b487-475b-bbe3-61408e565406	Can I select any delivery slot for my order?
3704db0b-14e4-49c8-ad44-93d59eb18d93	 Why can’t I see immediate delivery slots after placing an order?
1644cd2d-a080-4650-a8e5-f14adcb3f740	How does free delivery work?
3aa3670c-55fd-401c-8d0e-92eb66deaa0f	Can I get free delivery if my order is below ₹400?
7b5269cf-b116-4be8-8980-7b29a6c35db0	How is the free delivery distance calculated?
85372639-be33-4c28-b66b-eca44b0d6a90	What if address is beyond the free delivery distance?
5476133b-cb44-4835-928c-37a0bdc739b9	Why do I see a crossed-out delivery fee on my order summary?
5758abd0-d535-4b5b-b1a2-1ab9abc12a0e	Can I track my order?
ffc09c4a-9992-4bd1-90c8-b24af8e39b89	What types of baked goods do you offer?
e0080f9e-8976-4474-bf18-11be40a37c37	Are your products freshly baked?
3bcd89d6-95bd-4b23-8b4f-47057d3ac6a4	Do you use preservatives or artificial flavors?
a9d7b55b-55f5-4387-86aa-3caa8cebb81e	Can I customize my cake or pastries?
e6ac1740-f6e8-4a35-8346-4abfab4ccd2a	Do you offer eggless or vegan options?
a567dfe1-953d-48f9-90e5-ece4fe56df62	Can I request special decorations or a message on my cake?
7b83a88c-bc36-4439-93d8-502dc16bc391	Do you offer gluten-free or sugar-free options?
e2901682-442b-443f-a368-1a7c0c13b09f	How long will my baked goods stay fresh?
\.


--
-- Data for Name: chatbot_tablelist; Type: TABLE DATA; Schema: public; Owner: postgres
--

COPY public.chatbot_tablelist (id, table_name, created_date) FROM stdin;
3bf91025-fdb5-4884-9228-8c5d22c5ccdf	ProductSubCategory	2025-04-28 12:36:01.395012+05:30
646c9cd0-ee3f-44e3-bae2-41f87d01ad71	Products	2025-04-28 15:40:44.01857+05:30
c4b40a73-3c0a-4f5b-ba36-a8fbeeb4a91f	ProductCategory	2025-05-15 11:38:42.749885+05:30
fee5bc0d-87ec-42d7-a0d1-0e8a2aca079e	Discount	2025-06-04 10:34:54.473123+05:30
a5f15920-3aad-40bf-960b-b6c0e8952729	Shop	2025-06-04 10:45:46.278792+05:30
\.


--
-- Data for Name: cms_aboutus; Type: TABLE DATA; Schema: public; Owner: postgres
--

COPY public.cms_aboutus (id, content, image) FROM stdin;
1	<h5><span style="color:#000000"><strong>Delivering Freshness Every Day</strong></span></h5>\r\n\r\n<p><span style="color:#000000">At Navya Bake Shop, freshness is not just a promise&mdash;it&rsquo;s a way of life. Since our humble beginnings in 1984 in Karukutty, Kerala, we have been dedicated to serving the finest baked goods, crafted with passion and tradition. What started as a small bakery and coffee shop by Mr. C.V. Ouseph and sons&mdash;C.O. Anto, Pauly Joseph, and Biju Joseph&mdash;has now flourished into a beloved chain with ten stores, offering over 450 mouth-watering products, and a team of 350 skilled artisans and professionals.</span></p>\r\n\r\n<p><span style="color:#000000">For over 35 years, we have been bringing people together with the simple joy of fresh, homemade baked goods. From our signature biscuits, cakes, pastries, rolls, and puffs to our wholesome breads, pizzas, and savory delights, every product is crafted with 100% natural colors and flavors&mdash;a first in Kerala&rsquo;s bakery industry. We go the extra mile, combining traditional baking techniques with innovative technology to ensure every bite is as delightful as it is fresh.</span></p>\r\n\r\n<p><span style="color:#000000">Our favorite time of day? The early morning, when our first golden batch comes out of the oven, filling the air with the comforting aroma of freshly baked goodness. That&rsquo;s the moment when we know we&rsquo;re doing what we love&mdash;delivering freshness, one bite at a time.</span></p>\r\n\r\n<p><br />\r\n&nbsp;</p>\r\n\r\n<h5><span style="color:#000000"><strong>We Take Sustainability Seriously</strong></span></h5>\r\n\r\n<p><span style="color:#000000">Our drive and commitment to making a positive impact have shaped Navya Bake Shop into what it is today. But for us, success is not just about delicious treats&mdash;it&rsquo;s about creating a sustainable future.</span></p>\r\n\r\n<p><span style="color:#000000">We believe in the value of homemade, handcrafted quality baked goods, made with responsibly sourced ingredients. Every loaf of bread, every cake, and every pastry reflects our dedication to both taste and sustainability&mdash;so you can enjoy your favorite treats guilt-free.</span></p>\r\n\r\n<p><span style="color:#000000">Our sustainability efforts include:</span></p>\r\n\r\n<ul>\r\n\t<li style="list-style-type:disc"><span style="color:#000000">Using 100% natural colors and flavors, free from harmful additives</span></li>\r\n\t<li style="list-style-type:disc"><span style="color:#000000">Embracing eco-friendly packaging to minimize waste</span></li>\r\n\t<li style="list-style-type:disc"><span style="color:#000000">Partnering with local farmers and suppliers for fresh, high-quality ingredients</span></li>\r\n\t<li style="list-style-type:disc"><span style="color:#000000">Reducing energy consumption through state-of-the-art baking technology</span></li>\r\n</ul>\r\n\r\n<p><span style="color:#000000">It&rsquo;s not just about offering environmentally friendly and socially responsible products&mdash;we aim to inspire and empower our community to embrace a more sustainable lifestyle.</span></p>\r\n\r\n<p><span style="color:#000000">At Navya Bake Shop, we&rsquo;re not just baking&mdash;we&rsquo;re crafting experiences, spreading joy, and making the world a better place, one fresh bite at a time.</span></p>\r\n\r\n<p><br />\r\n<br />\r\n<br />\r\n<br />\r\n&nbsp;</p>\r\n\r\n<h5><span style="color:#000000"><strong>Supporting Local Products</strong></span></h5>\r\n\r\n<p><span style="color:#000000">At Navya Bake Shop, we believe the best flavors come from the heart of our communities. That&rsquo;s why we are committed to using locally grown, fresh ingredients, carefully selected to bring out the best in our traditional recipes.</span></p>\r\n\r\n<p><span style="color:#000000">We like to keep it simple&mdash;flavor over flash, quality over quantity. Each bite is crafted to bring you the authentic, comforting taste of home-baked goodness.</span></p>\r\n\r\n<p><span style="color:#000000">So come check out what we&rsquo;ve got prepared for you today. Your taste buds will be happy, and we know you will be too!</span></p>\r\n\r\n<p><span style="background-color:#ffffff; color:#222222">Our different outlets under brand name Navya Bake Shop is owned and operated by the following entities:&nbsp;</span></p>\r\n\r\n<p><span style="background-color:#ffffff; color:#191919">&nbsp; &nbsp;NAVYA BAKERS, Angamaly, Ernakulam, Kerala, 683572;&nbsp;</span><span style="background-color:#ffffff; color:#191919">NAVYA BAKERS,&nbsp;</span><span style="background-color:#ffffff; color:#000000">27/292, GCDA Complex,</span><span style="background-color:#ffffff; color:#000000">Panampally Nagar, Ernakulam, Kerala, 682036;&nbsp;</span><span style="background-color:#ffffff; color:#000000">NAVYA BAKERY AND COFFEE HOUSE,&nbsp;</span><span style="background-color:#ffffff; color:#000000">I/550/A-B-C-D-G-H, Thrissur Road, Karukutty P.O.&nbsp;</span><span style="background-color:#ffffff; color:#191919">Angamaly</span><span style="background-color:#ffffff; color:#000000">, Ernakulam, Kerala, 683576;&nbsp;</span><span style="background-color:#ffffff; color:#000000">W- VI-445/445A,&nbsp;</span><span style="background-color:#ffffff; color:#191919">NAVYA BAKERS</span><span style="background-color:#ffffff; color:#000000">, TANA, Irinjalakuda,&nbsp;</span><span style="background-color:#ffffff; color:#000000">Ernakulam, Kerala, 680121;&nbsp;</span><span style="background-color:#ffffff; color:#191919">NAVYA BAKERS,&nbsp;</span><span style="background-color:#ffffff; color:#000000">Ground Floor,21/1021,1023,1024,1029,South Chalakudy</span><span style="background-color:#ffffff; color:#000000">,Thrissur,Kerala,680307;&nbsp;</span><span style="background-color:#ffffff; color:#191919">NAVYA BAKERS,&nbsp;</span><span style="background-color:#ffffff; color:#191919">V/349,&nbsp;</span><span style="background-color:#ffffff; color:#222222">Ponakuzhi</span><span style="background-color:#ffffff; color:#191919">&nbsp;Building, Vadakkenada, Kodungallur P O</span><span style="background-color:#ffffff; color:#191919">, Thrissur, Kerala, 680664;&nbsp;</span><span style="background-color:#ffffff; color:#000000">NAVYA BAKERS PRIVATE LIMITED,&nbsp;</span><span style="background-color:#ffffff; color:#191919">Door No. 11/67F, Moonnamparambu, Angamaly, Ernakulam, Kerala, 683576;&nbsp;</span><span style="background-color:#ffffff; color:#000000">NAVYA BAKE SHOP,&nbsp;</span><span style="background-color:#ffffff; color:#191919">4/431-1, ST. ANTONYS TOWER, Kuriachira, Thrissur, Kerala, 680006;&nbsp;</span><span style="background-color:#ffffff; color:#000000">NAVYA BAKE SHOP,&nbsp;</span><span style="background-color:#ffffff; color:#191919">Ground Floor, 19/390B, 19/390BA, Koratty, Opp. Latin Church, Muringoor Thekkummuri, Chalakudy, Thrissur, Kerala, 680309;&nbsp;</span><span style="background-color:#ffffff; color:#191919">NAVYA BAKE SHOP AND RESTAURANT,&nbsp;</span><span style="background-color:#ffffff; color:#191919">VIII/320 A to D, Ikkanda Warrier Road, East Fort, Thrissur, Kerala, 680005;&nbsp;</span><span style="background-color:#ffffff; color:#000000">BORMA BY MERIYA PRIVATE LIMITED,&nbsp;</span><span style="background-color:#ffffff; color:#191919">Door No. 11/67A, Moonnamparambu, Karukutty, Angamaly, Ernakulam, Kerala, 683576;&nbsp;</span><span style="background-color:#ffffff; color:#000000">NAVYA BAKE SHOP,&nbsp;</span><span style="background-color:#ffffff; color:#191919">Ground, 38/230 AB, Pallippadan Theresa Center, Main Market Road, Edappally, Kochi, Ernakulam, Kerala, 682024;&nbsp;</span><span style="background-color:#ffffff; color:#191919">NAVYA BAKE SHOP,&nbsp;</span><span style="background-color:#ffffff; color:#191919">Leela Tower, 53/2520-D, Subash Chandra Bose, Javahar Nagar, Kadavantra, Ernakulam, Kerala, 682020;&nbsp;</span><span style="background-color:#ffffff; color:#000000">ANTO CHAKIATH SCION,&nbsp;</span><span style="background-color:#ffffff; color:#191919">NAVYA BAKE SHOP,&nbsp;</span><span style="background-color:#ffffff; color:#191919">Kavanal Arc, 70/2-A1 - OLD 44/488A1, Kaloor, Ernakulam, Kerala, 682017;&nbsp;</span><span style="background-color:#ffffff; color:#000000">KA INVENTIVE PRIVATE LIMITED,&nbsp;</span><span style="background-color:#ffffff; color:#191919">Ground Floor, 23/130B/2, HMT Road, Kanayannur, Thrikkakara North Part, Kalamassery, Ernakulam, Kerala, 683104;&nbsp;</span><span style="background-color:#ffffff; color:#191919">X/66,66A,66B,66C,68, XI/89, NAVYA BAKES AND CONFECTIONERIES INDIA PRIVATE LIMITED, Moonamparambu, Karukutty.P.0, Ernakulam, Kerala, 683576.</span></p>\r\n\r\n<p>&nbsp;</p>	
\.


--
-- Data for Name: cms_appurl; Type: TABLE DATA; Schema: public; Owner: postgres
--

COPY public.cms_appurl (id, playstore_link, appstore_link) FROM stdin;
1	https://play.google.com/store/games?hl=en	https://www.apple.com/in/app-store/
\.


--
-- Data for Name: cms_contactus; Type: TABLE DATA; Schema: public; Owner: postgres
--

COPY public.cms_contactus (id, phone_number, email) FROM stdin;
1	1234567890	admin@navya.com
\.


--
-- Data for Name: cms_faq; Type: TABLE DATA; Schema: public; Owner: postgres
--

COPY public.cms_faq (id, category, question, answer) FROM stdin;
12	payment	What payment methods do you accept?	We accept a variety of payment methods for your convenience, including credit cards, debit cards, UPI, online banking, and digital wallets like Paytm and Google Pay. For in-store purchases, cash payments are also accepted.
13	shipment	What are the shipping charges and delivery times?	Shipping charges depend on your location and order size. For local deliveries within [specific area], a flat rate applies.
2	product	What types of baked goods do you offer?	We offer a variety of baked goods including cakes, cookies, pastries, breads, and more.
11	general	Where is your bakery located?	We have 45 branches across Kerala. You can Locate your nearest store from our website https://www.navyabakers.com
14	general	Do you offer bulk or corporate orders?	Yes! We cater to bulk orders for events, corporate gifting, and celebrations.\r\nPlease contact us or call for inquiries.
15	product	Are your products freshly baked?	Yes! All our products are baked fresh daily using the finest ingredients.
16	product	Do you use preservatives or artificial flavors?	No, we take pride in using 100% natural flavors and colors, without any artificial preservatives.
18	product	Can I customize my cake or pastries?	Absolutely! We offer custom cakes and pastries for birthdays, weddings, and special occasions. Contact us in advance for custom orders.
17	product	Do you offer eggless or vegan options?	Yes, we have a selection of eggless, vegan, and gluten-free products. Please check the product description or contact us for details.
19	product	Can I request special decorations or a message on my cake?	Absolutely! You can add a custom message while ordering, and for special decorations, please contact us in advance, before delivery.
20	product	Do you offer gluten-free or sugar-free options?	Yes, we have gluten-free and sugar-free options. Please check the product description or filter by dietary preferences while browsing.
21	product	How long will my baked goods stay fresh?	Our products are best consumed fresh. Please check the packaging for specific storage instructions.
22	payment	What payment methods do you accept?	We accept: \r\n ● Credit/Debit Cards (Visa, MasterCard, RuPay, etc.) \r\n ● UPI & Wallet Payments (Google Pay, Paytm, PhonePe, etc.) \r\n ● Net Banking \r\n ● Cash on Delivery (available in selected locations)
23	payment	Is online payment secure?	Yes! We use SSL encryption and secure payment gateways to ensure your transactions are safe.
24	payment	Do you offer Cash on Delivery (COD)?	Yes, COD is available for select locations and products. Additional charges may apply.
25	payment	Do you provide invoices for online orders?	Yes, an invoice will be sent to your registered email once your order is confirmed.
26	shipment	What are delivery time slots?	When you place a Local Delivery Order, the system shows the available slots for you to choose from.
27	shipment	Can I select any delivery slot for my order?	Yes, you can choose from the available delivery slots displayed at checkout.
28	shipment	Why can’t I see immediate delivery slots after placing an order?	A delivery delay setting is applied to ensure sufficient time for order preparation. The default delay is 120 minutes (2 hours), meaning only slots after this time will be shown for selection.
29	shipment	How does free delivery work?	Free delivery is available if your order meets both of these conditions: \r\n● The delivery address is within 4 km of our store. \r\n● Your total order value is ₹400 or more
30	shipment	Can I get free delivery if my order is below ₹400?	No, free delivery is only applicable if your total order value is ₹400 or more within the free delivery distance. Otherwise, a delivery fee will apply.
31	shipment	How is the free delivery distance calculated?	The system calculates the distance based on your delivery address and the nearest store location. If it falls within the default 4 km limit, your order may qualify for free delivery if the value condition is also met.
32	shipment	What if address is beyond the free delivery distance?	If your address is beyond the 4 km limit, a delivery fee will apply, regardless of the order value. The exact fee will be displayed at checkout.
33	shipment	Why do I see a crossed-out delivery fee on my order summary?	If your order qualifies for free delivery, the actual delivery fee is shown as canceled (crossed-out) to indicate that no delivery charge applies.
34	shipment	Can I track my order?	Yes! Once your order is dispatched, you will receive details via Whatsapp, also it can be tracked in our mobile app.
\.


--
-- Data for Name: cms_privacypolicy; Type: TABLE DATA; Schema: public; Owner: postgres
--

COPY public.cms_privacypolicy (id, content) FROM stdin;
1	<p><span style="color:#000000">At Navya Bakes &amp; Confectioneries India (P) Ltd., we respect your privacy. We inform our users about the full details on how we collect, use, share, and protect your personal data. Every time you interact with Navya Bakes &amp; Confectioneries India (P) Ltd. through either our physical stores or e-commerce website and engage our services, you agree to the use of information that is collected or submitted as stated in this Privacy Policy. The following privacy statement discusses the specific guidelines on collection and usage of information, available in detailed points.</span></p>\r\n\r\n<p><span style="color:#000000"><strong>1. IMPORTANT INFORMATION AND WHO WE ARE</strong></span><span style="color:#000000"> This Privacy Policy applies to all personal information collected by Navya Bakes &amp; Confectioneries India (P) Ltd..&nbsp; Navya Bakes &amp; Confectioneries India (P) Ltd. can be referred to as &ldquo; Navya Bakes &amp; Confectioneries India (P) Ltd.&rdquo;, &ldquo;we&rdquo;, &ldquo;our&rdquo; or &ldquo;us&rdquo; in this privacy statement as applicable. At Navya Bakes &amp; Confectioneries India (P) Ltd., we are working hard to serve our customers better , we are keeping the personal data shared to us, as confidential and private as possible and is one of the top priorities. This privacy statement will further explain how and why we collect your personal information for the purpose of both managing your accounts with us and processing transactions made between you and Navya Bakes &amp; Confectioneries India (P) Ltd..</span></p>\r\n\r\n<p><span style="color:#000000"><strong>2. AMENDMENTS TO THIS PRIVACY POLICY</strong></span><span style="color:#000000"> This Privacy Policy was last updated on 27th March 2025. We may change or add to this occasionally through posting a revised statement, so we encourage you to review it from time to time.</span></p>\r\n\r\n<p><span style="color:#000000"><strong>3. LINKS TO OTHER WEBSITES</strong></span><span style="color:#000000"> This website may contain links and resources linked to other third-party websites, plug-ins, advertising banners, and applications. We do not have control over the features of other sites, so we are not responsible for the privacy practices of such other sites. We encourage our users to be aware of the privacy statements of other websites, which contain links to be clicked and connections to be enabled and also have the ability to collect personal information. This Privacy Policy applies only to the information collected by this website.</span></p>\r\n\r\n<p><span style="color:#000000"><strong>4. COLLECTION OF INFORMATION</strong></span><span style="color:#000000"> This section tells you what kind of personal data we may collect from you when you use our services and the personally identifiable information we may receive from other sources. Through this information, we are able to provide our services to you, where the information you give are all necessary for off-line and online transactions, operational functions and marketing activities. We collect information related to your use of our website using cookies, web beacons, and log information. Cookies are small files containing strings of text stored on your computer that we use to authenticate you in transactions made on our websites and deliver content specific to your interests and preferences. Web beacons are used often together with cookies. We use web beacons to monitor the user&rsquo;s activity on our website, specifically on how long users visit our web pages, so we would be able to generate reviews and results on website traffic, unique visitor counts, and other impression functions. Log information may include website requests, operating system, browser details, date and time of your request, and cookies that may identify your browser. We use all this information to improve the functionality of the website every time we do an overall review of our users&rsquo; activities, which will make your access more secure and efficient. We use IP addresses to analyse trends, administer the site, track user&rsquo;s movement, and gather broad demographic information for operational use. IP addresses are not linked to personally identifiable information. Acquiring your personal data may occur in the following circumstances whenever you engage with Navya Bakes &amp; Confectioneries India (P) Ltd.: When you register for our services on both the physical store and online store When you shop with us online, browse our websites, or use our mobile applications When you use our online or printed vouchers or coupons When you contact us or we contact you or you join our promotions, competitions, surveys, and products reviews about our services While you use our website, we may have automatic access to receive and collect certain anonymous information in standard usage logs through our web server, obtained from cookies sent to your browser from web server cookies stored on your hard drive, including but not limited to: Computer-identification information IP address, assigned to the computer which you use The domain server through which you access our service The type of computer you&rsquo;re using The type of web browser you&rsquo;re using While you are transacting on our website, personally identifiable information collected about you may include: First and last name, email address, contact details including phone numbers, and PIN/ZIP code Demographic profile (like your age, gender and address) We may also collect the following information about: The pages you visit/access The links you click on our website The number of times you access the page, Things you view, add to bag, Other websites you open simultaneously while browsing ours.</span></p>\r\n\r\n<p><span style="color:#000000"><strong>5. USE OF INFORMATION</strong></span><span style="color:#000000"> This section explains how and why we use personal data. Using personal data may happen in the following circumstances regarding product and service fulfillment and transactions between the user and&nbsp; Navya Bakes &amp; Confectioneries India (P) Ltd.: Fulfilling and managing purchases and enabling sales, processing and settling payments, handling orders, and providing receipts in both physical store and online shop Providing customer service, processing and assistance with dispute resolution, payment processing including returns, refunds, and other transaction-related issues including order management, billing, improving reorder experiences and offer other products and services. Sending promotional campaigns, surveys, new product and website features, and service or policy update notices through official marketing channels, such as SMS, email, and social media; wherein both auto-generated and customised messages are sent with personalised content based on the user&rsquo;s personal characteristics or preferences (if you opt in to receiving such information) Delivering coupons, mobile coupons, newsletters, in-store receipt messages, e-mails, mobile messages, and social media notifications, Fulfilling other technical, logistical, financial, tax, legal, compliance, administrative, and/or back office functions Responding to requests for information about our products and services in our stores and on our websites or mobile application and connecting with the user through phone call, email, online shop, or social media for communications regarding transactions and inquiries Conducting a transaction where we collect information required by law Preventing fraudulent transactions, monitor against theft and otherwise protect our guests and our business</span></p>\r\n\r\n<p><span style="color:#000000"><strong>6. DISCLOSURE OF INFORMATION </strong></span><span style="color:#000000">We disclose personal data to other organisations/companies that perform services for the requirements of our transactions&mdash;delivery partner for delivery of the products and other service providers that may require personal data for efficient implementation of processes related only to this website. We do not sell, share, or rent any such personal information, unless required by special circumstances such as compliance with subpoenas, court orders, requests from legal authorities or law enforcement agencies requiring such disclosure. This portal takes every precaution to protect users&rsquo; information. When users submit sensitive information via the portal/app, your information is protected both online and off-line.</span></p>\r\n\r\n<p><span style="color:#000000"><strong>7. YOUR RIGHTS AND ACCESS TO INFORMATION</strong></span><span style="color:#000000"> All information that we have collected is available in our database of contacts. For users who registered on&nbsp; Navya Bakes &amp; Confectioneries India (P) Ltd., the e-commerce platform for our products, all information are available online in your account and you may access to such information at any time by logging in to your account through our portal. In relation to your personal data, you have the following rights, as mentioned below: Request correction or updation of the personal data that we have with us about you. This enables us to correct or update any incomplete or inaccurate data we have about you. However, we may need to verify the accuracy of the corrected or updated data provided to us by you, to secure the data and comply with our data accuracy policies Request to delete the personal data. You may request to delete or remove personal data where there are no reasons for us processing that data. However, in special cases we may not be able to comply with your request of erasure for specific legal reasons which will be notified to you, if applicable, at the time of your request. Objection regarding processing your personal data, where we are relying on a legitimate interest and there is something about your particular situation that makes you want to object to processing on this ground if you feel it impacts on your fundamental rights and freedom. You may also make an objection to using your personal data for direct marketing purposes. We will stop sending you such communications. Request restriction of processing your personal data. In such circumstances that you have successfully made a request for restriction of your personal data, we will suspend the processing of your personal data&mdash;where you wish to cancel all services and close your accounts; or where you are challenging the accuracy of the personal data we hold, and where you may want to exercise or defend legal claims when we would normally delete or anonymise the data.</span></p>\r\n\r\n<p><span style="color:#000000"><strong>8. CONTACTING US AND COMPLAINTS</strong></span><span style="color:#000000"> If you require further information regarding our Privacy Policy, or if you have a complaint about our handling of your personal information, please email us at the following address:</span><span style="color:#000000"><span style="background-color:#ffff00"> </span></span><span style="color:#000000"><u>bake@navyabakers.com</u></span><span style="color:#000000">. If you have a complaint about our handling of personal information, we will be in contact, promptly and work with you to resolve the issue.</span></p>\r\n\r\n<p><span style="color:#000000"><strong>9. CONSENTS </strong></span><span style="color:#000000">By consenting to this Privacy Policy notice you are giving us permission to process your personal data specifically for the purposes identified.</span></p>\r\n\r\n<p><span style="color:#000000"><strong>10. SECURITY</strong></span><span style="color:#000000"> Our portal has stringent security measures in place to protect the loss, misuse and alteration of the information under our control. Whenever you change or access your account information, we offer the use of a secure server. Once your information is in our possession we adhere to strict security guidelines, protecting it against unauthorized access.</span></p>\r\n\r\n<p><span style="color:#000000"><strong>11. CHILD PROTECTION</strong></span><span style="color:#000000"> Our sites or platforms are not directed towards children. If you are providing personal information for an individual less than 13 year of age, you are providing us your affirmative parental consent as the legal parent or guardian to collect, use and process the information of the individual less than 13 years of age, consistent with this Privacy Policy.</span></p>\r\n\r\n<p><span style="color:#000000"><strong>12. SOCIAL MEDIA </strong></span><span style="color:#000000">We operate channels, pages and accounts on some social media sites to inform, assist and engage with customers. We monitor and record comments and posts made on these channels about us so that we can improve our services. Navya Bakes &amp; Confectioneries India (P) Ltd. is not responsible for any information posted on those sites other than information we have posted ourselves. We do not endorse the social media sites themselves or any information posted on them by third parties.</span></p>\r\n\r\n<p><span style="color:#000000"><strong>13. LIMITATION OF LIABILITY</strong></span><span style="color:#000000"> Under no circumstance, including, but not limited to, negligence, shall Navya Bakes &amp; Confectioneries India (P) Ltd. be liable for any indirect, special, exemplary, or consequential damages that result from the use of, or the inability to use, including but not limited to the information, materials on the page, page content, page code, user services or the software. While&nbsp; Navya Bakes &amp; Confectioneries India (P) Ltd. shall take reasonable precautions against security breaches, no webpage or internet transmission is completely secure, and as such, Navya Bakes &amp; Confectioneries India (P) Ltd. shall not be liable for any indirect, special, exemplary or consequential damages that may result from unauthorized access, hacking, data loss or other breaches that may occur.</span></p>\r\n\r\n<p><span style="color:#000000"><strong>14. INDEMNITY</strong></span><span style="color:#000000">&nbsp; By accessing the page of Navya Bakes &amp; Confectioneries India (P) Ltd., the users, persons and third parties agree and undertake to act responsibly and cause no harm, loss or damage to&nbsp; Navya Bakes &amp; Confectioneries India (P) Ltd.. In the event that Navya Bakes &amp; Confectioneries India (P) Ltd. incurs any loss, harm or damage then Navya Bakes &amp; Confectioneries India (P) Ltd. shall be in right to take appropriate steps to identify the person(s) involved and seek indemnity and compensation for all loss, claim, demand, damage, costs, charges (including legal fees and charges) or prejudice that may be caused to Navya Bakes &amp; Confectioneries India (P) Ltd. on account of misuse of the page and the consequent effect upon Navya Bakes &amp; Confectioneries India (P) Ltd..</span></p>
\.


--
-- Data for Name: cms_termsandconditions; Type: TABLE DATA; Schema: public; Owner: postgres
--

COPY public.cms_termsandconditions (id, content) FROM stdin;
1	<p><span style="color:#000000">This site</span><a href="http://www.navyabakers.com" style="text-decoration:none"><span style="color:#000000"> </span></a><span style="color:#000000"><span style="background-color:#ff9900">&ldquo;URL&rdquo;</span></span><span style="color:#000000"> is operated by Navya Bakes &amp; Confectioneries India (P) Ltd. The Website Owner, including subsidiaries and affiliates (&quot;Website&quot; or &quot;Website Owner&quot; or &quot;we&quot; or &quot;us&quot; or &quot;our&quot;) provides the information contained on the website or any of the pages comprising the website (&quot;website&quot;) to visitors (&quot;visitors&quot;) (cumulatively referred to as &quot;you&quot; or &quot;your&quot; hereinafter) subject to the terms and conditions set out in these website terms and conditions, the privacy policy and any other relevant terms and conditions, policies and notices which may be applicable to a specific section or module of the website.</span></p>\r\n\r\n<p><br />\r\n<span style="color:#000000">If you continue to browse and use this website you are agreeing to comply with and be bound by the following terms and conditions of use, which together with our privacy policy govern Navya Bakes &amp; Confectioneries India (P) Ltd relationship with you in relation to this website.</span></p>\r\n\r\n<p><br />\r\n<span style="color:#000000">This website </span><span style="color:#000000"><span style="background-color:#ff9900">(&ldquo;Website&rdquo;)</span></span><span style="color:#000000"> is made available by Navya Bakes &amp; Confectioneries India (P) Ltd. The term &#39;you&#39; refers to the user or viewer of our website. The use of this website is subject to the following Terms and Conditions which deem to constitute a legally binding contract between the user and Navya Bakes &amp; Confectioneries India (P) Ltd. By ordering any of our products, you agree to be bound by these Terms and Conditions. If you do not accept the following Terms and Conditions, you must not use this website.</span></p>\r\n\r\n<p><br />\r\n<span style="color:#000000">The content of the pages of this website is for your general information and use only. It is subject to change without notice. Navya Bakes &amp; Confectioneries India (P) Ltd may modify, at any time, the Terms and Conditions without prior notification. If you continue to use the website, it shall be deemed that you agree to the revised Terms and Conditions.</span></p>\r\n\r\n<p><br />\r\n<span style="color:#000000">We have made every effort to display the colour of our products that appear on the site as accurately as possible. However, as the actual colours you see will depend on your monitor, we cannot guarantee that your monitor&rsquo;s display of colour will be accurate.</span><br />\r\n&nbsp;</p>\r\n\r\n<p><span style="color:#000000">We do not provide any warranty or guarantee as to the accuracy, timeliness, performance, completeness or suitability of the information and materials found or offered on this website for any particular purpose. You acknowledge that such information and materials may contain inaccuracies or errors and we expressly exclude liability for any such inaccuracies or errors to the fullest extent permitted by law.</span><br />\r\n&nbsp;</p>\r\n\r\n<p><span style="color:#000000">Your use of any information or materials on this website is entirely at your own risk, for which we shall not be liable. It shall be your own responsibility to ensure that any products, services or information available through this website meet your specific requirements.</span><br />\r\n&nbsp;</p>\r\n\r\n<p><span style="color:#000000">All content on this website including the logo, graphics, text, design, belong to Navya Bakes &amp; Confectioneries India (P) Ltd and are the intellectual properties of Navya Bakes &amp; Confectioneries India (P) Ltd protected by appropriate legislations. No part of the content shall be copied, downloaded, transmitted or published without prior, written permission from Navya Bakes &amp; Confectioneries India (P) Ltd. All trademarks reproduced in this website which are not the property of, or licensed to, the operator are acknowledged on the website. Unauthorized use of this website may give rise to a claim for damages and/or be a criminal offence.</span><br />\r\n&nbsp;</p>\r\n\r\n<p><span style="color:#000000">You may not create a link to this website from another website or document without prior written consent from us. Your use of this website and any dispute arising out of such use of the website is subject to the laws of India or other regulatory authority.</span><br />\r\n&nbsp;</p>\r\n\r\n<p><span style="color:#000000">You must not use this website in any way that causes or may cause damage to the website or causes impairment in accessing the website or which is in any way unlawful, illegal or fraudulent.</span><br />\r\n<span style="color:#000000">We as a merchant shall be under no liability whatsoever in respect of any loss or damage arising directly or indirectly out of the decline of authorization for any Transaction, on Account of the Cardholder having exceeded the preset limit mutually agreed by us with our acquiring bank from time to time.</span></p>\r\n\r\n<p>&nbsp;</p>
\.


--
-- Data for Name: django_admin_log; Type: TABLE DATA; Schema: public; Owner: postgres
--

COPY public.django_admin_log (id, action_time, object_id, object_repr, action_flag, change_message, content_type_id, user_id) FROM stdin;
1	2025-01-23 11:12:14.317407+05:30	12e98799-6b76-43ba-8d19-b65f2f848b7d	admin navya - admin@navya.com	2	[{"changed": {"fields": ["First name", "Last name", "Status", "User type"]}}]	6	12e98799-6b76-43ba-8d19-b65f2f848b7d
2	2025-01-23 11:13:59.457249+05:30	12e98799-6b76-43ba-8d19-b65f2f848b7d	admin navya - admin@navya.com	2	[{"changed": {"fields": ["Email verified", "User verify status"]}}]	6	12e98799-6b76-43ba-8d19-b65f2f848b7d
3	2025-01-23 11:15:28.210484+05:30	12e98799-6b76-43ba-8d19-b65f2f848b7d	admin navya - admin@navya.com	2	[]	6	12e98799-6b76-43ba-8d19-b65f2f848b7d
4	2025-02-12 16:24:07.371429+05:30	fa252581-2968-424a-acde-2fdfca48b8fa	OrderProducts object (fa252581-2968-424a-acde-2fdfca48b8fa)	3		39	12e98799-6b76-43ba-8d19-b65f2f848b7d
5	2025-02-12 16:24:07.371483+05:30	f10ca26b-afeb-4417-8d43-b0879d66d60f	OrderProducts object (f10ca26b-afeb-4417-8d43-b0879d66d60f)	3		39	12e98799-6b76-43ba-8d19-b65f2f848b7d
6	2025-02-12 16:24:07.371504+05:30	ef228567-35e1-48b9-8562-463cd190b544	OrderProducts object (ef228567-35e1-48b9-8562-463cd190b544)	3		39	12e98799-6b76-43ba-8d19-b65f2f848b7d
7	2025-02-12 16:24:07.371523+05:30	ed0fd64b-4812-4963-8afd-cc54e4717635	OrderProducts object (ed0fd64b-4812-4963-8afd-cc54e4717635)	3		39	12e98799-6b76-43ba-8d19-b65f2f848b7d
8	2025-02-12 16:24:07.371542+05:30	ecb3d5f7-21f4-46e0-8f0a-9aedce950da9	OrderProducts object (ecb3d5f7-21f4-46e0-8f0a-9aedce950da9)	3		39	12e98799-6b76-43ba-8d19-b65f2f848b7d
9	2025-02-12 16:24:07.371561+05:30	e6acaeef-39c0-4c8d-9995-2b18507c6ee5	OrderProducts object (e6acaeef-39c0-4c8d-9995-2b18507c6ee5)	3		39	12e98799-6b76-43ba-8d19-b65f2f848b7d
10	2025-02-12 16:24:07.37158+05:30	e405eb52-06f4-487e-909e-2972eba68f3d	OrderProducts object (e405eb52-06f4-487e-909e-2972eba68f3d)	3		39	12e98799-6b76-43ba-8d19-b65f2f848b7d
11	2025-02-12 16:24:07.371598+05:30	df7e51e7-12e3-4ed8-9c39-e24d4840a096	OrderProducts object (df7e51e7-12e3-4ed8-9c39-e24d4840a096)	3		39	12e98799-6b76-43ba-8d19-b65f2f848b7d
12	2025-02-12 16:24:07.371616+05:30	dd8d3a7e-4164-40a8-9d6e-4aab1c73c84a	OrderProducts object (dd8d3a7e-4164-40a8-9d6e-4aab1c73c84a)	3		39	12e98799-6b76-43ba-8d19-b65f2f848b7d
13	2025-02-12 16:24:07.371633+05:30	dc35261f-4bfb-49a5-baf0-ea30769176c2	OrderProducts object (dc35261f-4bfb-49a5-baf0-ea30769176c2)	3		39	12e98799-6b76-43ba-8d19-b65f2f848b7d
14	2025-02-12 16:24:07.371651+05:30	dabf335a-f8b5-4d94-8a3d-46a69da0ccc5	OrderProducts object (dabf335a-f8b5-4d94-8a3d-46a69da0ccc5)	3		39	12e98799-6b76-43ba-8d19-b65f2f848b7d
15	2025-02-12 16:24:07.371668+05:30	d745339d-7c9f-412d-97ca-e425412b2b24	OrderProducts object (d745339d-7c9f-412d-97ca-e425412b2b24)	3		39	12e98799-6b76-43ba-8d19-b65f2f848b7d
16	2025-02-12 16:24:07.371686+05:30	d26acc2e-6503-4f17-a03f-a1343fbdd2e3	OrderProducts object (d26acc2e-6503-4f17-a03f-a1343fbdd2e3)	3		39	12e98799-6b76-43ba-8d19-b65f2f848b7d
17	2025-02-12 16:24:07.371704+05:30	cc35483f-c71a-4c22-a8c8-dac5783356b8	OrderProducts object (cc35483f-c71a-4c22-a8c8-dac5783356b8)	3		39	12e98799-6b76-43ba-8d19-b65f2f848b7d
18	2025-02-12 16:24:07.37172+05:30	ca79aeee-46be-456c-a1f4-7965886f9640	OrderProducts object (ca79aeee-46be-456c-a1f4-7965886f9640)	3		39	12e98799-6b76-43ba-8d19-b65f2f848b7d
19	2025-02-12 16:24:07.371737+05:30	c73a8435-ea68-4f8d-bb4b-5afc25548e05	OrderProducts object (c73a8435-ea68-4f8d-bb4b-5afc25548e05)	3		39	12e98799-6b76-43ba-8d19-b65f2f848b7d
20	2025-02-12 16:24:07.371754+05:30	c437b965-73c4-43f0-b603-81021d588e14	OrderProducts object (c437b965-73c4-43f0-b603-81021d588e14)	3		39	12e98799-6b76-43ba-8d19-b65f2f848b7d
21	2025-02-12 16:24:07.371771+05:30	c07ead64-d5ac-4c95-8176-65c24fd80c4a	OrderProducts object (c07ead64-d5ac-4c95-8176-65c24fd80c4a)	3		39	12e98799-6b76-43ba-8d19-b65f2f848b7d
22	2025-02-12 16:24:07.371788+05:30	b8939e4b-5421-4ae7-95f7-614f0b9a7412	OrderProducts object (b8939e4b-5421-4ae7-95f7-614f0b9a7412)	3		39	12e98799-6b76-43ba-8d19-b65f2f848b7d
23	2025-02-12 16:24:07.371821+05:30	b363a3fb-1e86-4aa0-85e8-3acdfc7c9a98	OrderProducts object (b363a3fb-1e86-4aa0-85e8-3acdfc7c9a98)	3		39	12e98799-6b76-43ba-8d19-b65f2f848b7d
24	2025-02-12 16:24:07.37184+05:30	ab03265d-22e7-4c2c-a532-a96362c1ff4b	OrderProducts object (ab03265d-22e7-4c2c-a532-a96362c1ff4b)	3		39	12e98799-6b76-43ba-8d19-b65f2f848b7d
25	2025-02-12 16:24:07.371858+05:30	a5899459-474b-4d13-8aaf-0ce55a913f92	OrderProducts object (a5899459-474b-4d13-8aaf-0ce55a913f92)	3		39	12e98799-6b76-43ba-8d19-b65f2f848b7d
26	2025-02-12 16:24:07.371875+05:30	a280d766-08d0-4c87-abe2-5145ee9029fe	OrderProducts object (a280d766-08d0-4c87-abe2-5145ee9029fe)	3		39	12e98799-6b76-43ba-8d19-b65f2f848b7d
27	2025-02-12 16:24:07.371892+05:30	9d64e587-405e-4862-864b-54693f62d8a2	OrderProducts object (9d64e587-405e-4862-864b-54693f62d8a2)	3		39	12e98799-6b76-43ba-8d19-b65f2f848b7d
28	2025-02-12 16:24:07.371909+05:30	95301239-4cc6-4bbb-b018-21d920fb0f5b	OrderProducts object (95301239-4cc6-4bbb-b018-21d920fb0f5b)	3		39	12e98799-6b76-43ba-8d19-b65f2f848b7d
29	2025-02-12 16:24:07.371927+05:30	952062e3-0da5-452b-bb49-39bb3a74c67b	OrderProducts object (952062e3-0da5-452b-bb49-39bb3a74c67b)	3		39	12e98799-6b76-43ba-8d19-b65f2f848b7d
30	2025-02-12 16:24:07.371945+05:30	91f963e2-49a1-4b71-8332-a2d65a41e521	OrderProducts object (91f963e2-49a1-4b71-8332-a2d65a41e521)	3		39	12e98799-6b76-43ba-8d19-b65f2f848b7d
31	2025-02-12 16:24:07.371963+05:30	8f88d7f1-30d9-4b1d-bae3-5992f144e451	OrderProducts object (8f88d7f1-30d9-4b1d-bae3-5992f144e451)	3		39	12e98799-6b76-43ba-8d19-b65f2f848b7d
32	2025-02-12 16:24:07.371981+05:30	8f6d4c3d-2a91-4a2d-82bd-c2c61b95e1ed	OrderProducts object (8f6d4c3d-2a91-4a2d-82bd-c2c61b95e1ed)	3		39	12e98799-6b76-43ba-8d19-b65f2f848b7d
33	2025-02-12 16:24:07.371998+05:30	8ccf6a1f-fb78-4cb0-8719-0737ee6935d2	OrderProducts object (8ccf6a1f-fb78-4cb0-8719-0737ee6935d2)	3		39	12e98799-6b76-43ba-8d19-b65f2f848b7d
34	2025-02-12 16:24:07.372016+05:30	87b93a26-71b9-4f18-9514-a8e873d90390	OrderProducts object (87b93a26-71b9-4f18-9514-a8e873d90390)	3		39	12e98799-6b76-43ba-8d19-b65f2f848b7d
35	2025-02-12 16:24:07.372033+05:30	80508487-e53f-41a9-9724-fb62b48fec90	OrderProducts object (80508487-e53f-41a9-9724-fb62b48fec90)	3		39	12e98799-6b76-43ba-8d19-b65f2f848b7d
36	2025-02-12 16:24:07.37205+05:30	7d0c7b64-79d6-489a-8bcd-f936ba19a1a6	OrderProducts object (7d0c7b64-79d6-489a-8bcd-f936ba19a1a6)	3		39	12e98799-6b76-43ba-8d19-b65f2f848b7d
37	2025-02-12 16:24:07.372067+05:30	7c25637b-e57b-4c7c-ac47-385a102fdb15	OrderProducts object (7c25637b-e57b-4c7c-ac47-385a102fdb15)	3		39	12e98799-6b76-43ba-8d19-b65f2f848b7d
38	2025-02-12 16:24:07.372084+05:30	713405e4-1eda-403a-91d0-25c49212b30d	OrderProducts object (713405e4-1eda-403a-91d0-25c49212b30d)	3		39	12e98799-6b76-43ba-8d19-b65f2f848b7d
39	2025-02-12 16:24:07.372101+05:30	6e52c81f-a962-451a-9a93-6a1ef793af4f	OrderProducts object (6e52c81f-a962-451a-9a93-6a1ef793af4f)	3		39	12e98799-6b76-43ba-8d19-b65f2f848b7d
40	2025-02-12 16:24:07.372119+05:30	6c3ae132-a635-4de3-9610-3055d0f96231	OrderProducts object (6c3ae132-a635-4de3-9610-3055d0f96231)	3		39	12e98799-6b76-43ba-8d19-b65f2f848b7d
41	2025-02-12 16:24:07.372136+05:30	5ff54d6d-d5b6-4c0c-8fb9-d6e4444af77b	OrderProducts object (5ff54d6d-d5b6-4c0c-8fb9-d6e4444af77b)	3		39	12e98799-6b76-43ba-8d19-b65f2f848b7d
42	2025-02-12 16:24:07.372153+05:30	58ce8091-a5cb-4513-adca-6104cd37b129	OrderProducts object (58ce8091-a5cb-4513-adca-6104cd37b129)	3		39	12e98799-6b76-43ba-8d19-b65f2f848b7d
43	2025-02-12 16:24:07.37217+05:30	4f00e6fb-f096-488d-8f63-46993d62f57c	OrderProducts object (4f00e6fb-f096-488d-8f63-46993d62f57c)	3		39	12e98799-6b76-43ba-8d19-b65f2f848b7d
44	2025-02-12 16:24:07.372187+05:30	48eb4e3c-03fa-4666-8ccc-c18c146f81d5	OrderProducts object (48eb4e3c-03fa-4666-8ccc-c18c146f81d5)	3		39	12e98799-6b76-43ba-8d19-b65f2f848b7d
45	2025-02-12 16:24:07.372295+05:30	44a088aa-8e71-40f0-bbc8-1d992d22a2df	OrderProducts object (44a088aa-8e71-40f0-bbc8-1d992d22a2df)	3		39	12e98799-6b76-43ba-8d19-b65f2f848b7d
46	2025-02-12 16:24:07.372313+05:30	396c8e10-bbbf-439b-9f33-fb9ec9e15d8d	OrderProducts object (396c8e10-bbbf-439b-9f33-fb9ec9e15d8d)	3		39	12e98799-6b76-43ba-8d19-b65f2f848b7d
47	2025-02-12 16:24:07.37233+05:30	371a7f33-d11c-4734-a39e-6c7c7e8f00db	OrderProducts object (371a7f33-d11c-4734-a39e-6c7c7e8f00db)	3		39	12e98799-6b76-43ba-8d19-b65f2f848b7d
48	2025-02-12 16:24:07.372347+05:30	370e2edd-55a1-4115-9780-d91e3f835cbf	OrderProducts object (370e2edd-55a1-4115-9780-d91e3f835cbf)	3		39	12e98799-6b76-43ba-8d19-b65f2f848b7d
49	2025-02-12 16:24:07.372364+05:30	32f5f0cd-118a-4829-9b7f-11a67cd0b75a	OrderProducts object (32f5f0cd-118a-4829-9b7f-11a67cd0b75a)	3		39	12e98799-6b76-43ba-8d19-b65f2f848b7d
50	2025-02-12 16:24:07.372381+05:30	2e3e2267-f811-4190-9b31-318538c4ce5b	OrderProducts object (2e3e2267-f811-4190-9b31-318538c4ce5b)	3		39	12e98799-6b76-43ba-8d19-b65f2f848b7d
51	2025-02-12 16:24:07.372398+05:30	2ddc0496-3af5-4960-87d8-6174fb3208e0	OrderProducts object (2ddc0496-3af5-4960-87d8-6174fb3208e0)	3		39	12e98799-6b76-43ba-8d19-b65f2f848b7d
52	2025-02-12 16:24:07.372415+05:30	2a1d7a91-f88c-4b82-9788-dfc1c58662a1	OrderProducts object (2a1d7a91-f88c-4b82-9788-dfc1c58662a1)	3		39	12e98799-6b76-43ba-8d19-b65f2f848b7d
53	2025-02-12 16:24:07.372432+05:30	274e4df1-76a4-4668-b6a7-33eaa49cc35d	OrderProducts object (274e4df1-76a4-4668-b6a7-33eaa49cc35d)	3		39	12e98799-6b76-43ba-8d19-b65f2f848b7d
54	2025-02-12 16:24:07.372449+05:30	24375067-d96d-4752-8b46-626fd945e873	OrderProducts object (24375067-d96d-4752-8b46-626fd945e873)	3		39	12e98799-6b76-43ba-8d19-b65f2f848b7d
55	2025-02-12 16:24:07.372466+05:30	17335040-d165-4efa-a204-87c90a7834cf	OrderProducts object (17335040-d165-4efa-a204-87c90a7834cf)	3		39	12e98799-6b76-43ba-8d19-b65f2f848b7d
56	2025-02-12 16:24:07.372484+05:30	0cedf341-5b45-4fb2-b2db-0d0bea1335a7	OrderProducts object (0cedf341-5b45-4fb2-b2db-0d0bea1335a7)	3		39	12e98799-6b76-43ba-8d19-b65f2f848b7d
57	2025-02-12 16:24:07.372501+05:30	0abc85ec-2993-4062-8231-378b89f405f6	OrderProducts object (0abc85ec-2993-4062-8231-378b89f405f6)	3		39	12e98799-6b76-43ba-8d19-b65f2f848b7d
58	2025-02-12 16:24:07.372519+05:30	09cdc3c2-73f3-4d91-99bc-442ee6cedb92	OrderProducts object (09cdc3c2-73f3-4d91-99bc-442ee6cedb92)	3		39	12e98799-6b76-43ba-8d19-b65f2f848b7d
59	2025-02-12 16:24:07.372535+05:30	05f4f45c-5623-48d1-b92a-fe00f4743109	OrderProducts object (05f4f45c-5623-48d1-b92a-fe00f4743109)	3		39	12e98799-6b76-43ba-8d19-b65f2f848b7d
60	2025-02-12 16:24:24.676881+05:30	fdc436b9-1506-46c6-a447-ed5b678c6130	OrderID:ID509RO       Order_type    Local Orders	3		38	12e98799-6b76-43ba-8d19-b65f2f848b7d
61	2025-02-12 16:24:24.676932+05:30	f3fa9f6f-76eb-43db-8584-de7e432f29c4	OrderID:ID173UF       Order_type    Local Orders	3		38	12e98799-6b76-43ba-8d19-b65f2f848b7d
62	2025-02-12 16:24:24.676954+05:30	ee803dcd-b803-443b-945b-9a3510af73d0	OrderID:ID122BA       Order_type    Local Orders	3		38	12e98799-6b76-43ba-8d19-b65f2f848b7d
63	2025-02-12 16:24:24.676974+05:30	ebe8f185-0527-482d-90d0-0f145476c7dc	OrderID:ID261PV       Order_type    Local Orders	3		38	12e98799-6b76-43ba-8d19-b65f2f848b7d
64	2025-02-12 16:24:24.676992+05:30	ea22b66a-b484-431d-babf-be852017c759	OrderID:ID832KI       Order_type    Local Orders	3		38	12e98799-6b76-43ba-8d19-b65f2f848b7d
65	2025-02-12 16:24:24.677011+05:30	e6b521ea-82f8-4d79-8341-153beb5878ff	OrderID:ID344GY       Order_type    Local Orders	3		38	12e98799-6b76-43ba-8d19-b65f2f848b7d
66	2025-02-12 16:24:24.67703+05:30	e6b425b1-6684-424e-a130-2164cad23b88	OrderID:ID389LB       Order_type    Local Orders	3		38	12e98799-6b76-43ba-8d19-b65f2f848b7d
67	2025-02-12 16:24:24.677058+05:30	e2a5b477-72c9-4c49-9033-0ae96461032c	OrderID:ID887GV       Order_type    Pick Up	3		38	12e98799-6b76-43ba-8d19-b65f2f848b7d
68	2025-02-12 16:24:24.677077+05:30	dd093dd4-86f0-49e7-b51c-ba18ceee5a8a	OrderID:ID469GU       Order_type    Local Orders	3		38	12e98799-6b76-43ba-8d19-b65f2f848b7d
69	2025-02-12 16:24:24.677095+05:30	d3adab60-6ee8-49db-9acd-b10c09566d9f	OrderID:ID499SW       Order_type    Pick Up	3		38	12e98799-6b76-43ba-8d19-b65f2f848b7d
70	2025-02-12 16:24:24.677112+05:30	d2f6ff71-83a0-4667-b71f-b517f0df750c	OrderID:ID100BS       Order_type    Local Orders	3		38	12e98799-6b76-43ba-8d19-b65f2f848b7d
71	2025-02-12 16:24:24.677129+05:30	ce6736aa-ab87-46bb-9477-cd22757c0785	OrderID:ID482ZN       Order_type    Local Orders	3		38	12e98799-6b76-43ba-8d19-b65f2f848b7d
72	2025-02-12 16:24:24.677146+05:30	cdb61487-120b-4b65-b2ee-4ce19214dcdc	OrderID:ID754KH       Order_type    Local Orders	3		38	12e98799-6b76-43ba-8d19-b65f2f848b7d
73	2025-02-12 16:24:24.677163+05:30	ca044461-6a0b-4798-82ba-eaf5260885a8	OrderID:ID771HY       Order_type    Local Orders	3		38	12e98799-6b76-43ba-8d19-b65f2f848b7d
74	2025-02-12 16:24:24.67718+05:30	c8e22b42-2cad-462e-bf3a-ccbc89911f0b	OrderID:ID706PO       Order_type    Local Orders	3		38	12e98799-6b76-43ba-8d19-b65f2f848b7d
75	2025-02-12 16:24:24.677196+05:30	c5d64070-6830-40b2-8b6a-2adf975ccfec	OrderID:ID563YJ       Order_type    Local Orders	3		38	12e98799-6b76-43ba-8d19-b65f2f848b7d
76	2025-02-12 16:24:24.677212+05:30	c5a5b681-030d-49a6-8325-0165f3afcbc1	OrderID:ID748RH       Order_type    Local Orders	3		38	12e98799-6b76-43ba-8d19-b65f2f848b7d
77	2025-02-12 16:24:24.677228+05:30	c54e8aed-0d4b-44da-a138-a89f82e15217	OrderID:ID907AW       Order_type    Local Orders	3		38	12e98799-6b76-43ba-8d19-b65f2f848b7d
78	2025-02-12 16:24:24.677245+05:30	c0442f25-8e2d-4942-9acb-7e965aa64c61	OrderID:ID596EB       Order_type    Local Orders	3		38	12e98799-6b76-43ba-8d19-b65f2f848b7d
79	2025-02-12 16:24:24.677261+05:30	bf54b06c-0d85-425f-ac25-ef06bd7bf737	OrderID:ID208JY       Order_type    Local Orders	3		38	12e98799-6b76-43ba-8d19-b65f2f848b7d
80	2025-02-12 16:24:24.677278+05:30	b74ff339-aa73-4ad2-bc1d-b1abd4d10824	OrderID:ID932OJ       Order_type    Local Orders	3		38	12e98799-6b76-43ba-8d19-b65f2f848b7d
81	2025-02-12 16:24:24.677294+05:30	a9cb31cd-d1cf-4681-8e47-37e8e57717bc	OrderID:ID819XR       Order_type    Local Orders	3		38	12e98799-6b76-43ba-8d19-b65f2f848b7d
82	2025-02-12 16:24:24.67731+05:30	a2e276b0-2f0a-44dd-9d5b-727bd511fcf5	OrderID:ID449QD       Order_type    Pick Up	3		38	12e98799-6b76-43ba-8d19-b65f2f848b7d
83	2025-02-12 16:24:24.677327+05:30	9de0690a-841e-44d6-8d06-47fcbfe813ff	OrderID:ID264XA       Order_type    Local Orders	3		38	12e98799-6b76-43ba-8d19-b65f2f848b7d
84	2025-02-12 16:24:24.677343+05:30	92c5a55a-0280-485f-bff1-605879a62716	OrderID:ID503QS       Order_type    Pick Up	3		38	12e98799-6b76-43ba-8d19-b65f2f848b7d
85	2025-02-12 16:24:24.677361+05:30	927bf9f1-ffa7-440e-a659-91fb052ad0b9	OrderID:ID639QP       Order_type    Local Orders	3		38	12e98799-6b76-43ba-8d19-b65f2f848b7d
86	2025-02-12 16:24:24.677378+05:30	910ac452-b8ee-4fd4-a8e9-5245a195368a	OrderID:ID386GR       Order_type    Local Orders	3		38	12e98799-6b76-43ba-8d19-b65f2f848b7d
87	2025-02-12 16:24:24.677394+05:30	90e0cbc4-bbf8-411d-9932-00d8f3eaf0ef	OrderID:ID735SP       Order_type    Local Orders	3		38	12e98799-6b76-43ba-8d19-b65f2f848b7d
88	2025-02-12 16:24:24.677411+05:30	908fbac1-0a29-4571-8454-8565e585a693	OrderID:ID990IV       Order_type    Pick Up	3		38	12e98799-6b76-43ba-8d19-b65f2f848b7d
89	2025-02-12 16:24:24.677428+05:30	8f69487a-24db-484a-ba54-fe23d315b8a0	OrderID:ID917EU       Order_type    Pick Up	3		38	12e98799-6b76-43ba-8d19-b65f2f848b7d
90	2025-02-12 16:24:24.677445+05:30	8397066a-d09f-4906-a97d-e41bf7c6dd63	OrderID:ID469RH       Order_type    Local Orders	3		38	12e98799-6b76-43ba-8d19-b65f2f848b7d
91	2025-02-12 16:24:24.677462+05:30	81450826-ee28-45d0-8cb5-f93c847fc9b0	OrderID:ID605BT       Order_type    Pick Up	3		38	12e98799-6b76-43ba-8d19-b65f2f848b7d
92	2025-02-12 16:24:24.677479+05:30	7ed0f15e-29f5-47ec-9da1-ca5b56e9aaae	OrderID:ID899EE       Order_type    Local Orders	3		38	12e98799-6b76-43ba-8d19-b65f2f848b7d
93	2025-02-12 16:24:24.677496+05:30	751ee57b-0efa-48bc-a6b7-2c26aa9e36ef	OrderID:ID174QT       Order_type    Local Orders	3		38	12e98799-6b76-43ba-8d19-b65f2f848b7d
94	2025-02-12 16:24:24.677512+05:30	74a07bd0-18ba-45fd-b965-4592676bb49f	OrderID:ID801TL       Order_type    Local Orders	3		38	12e98799-6b76-43ba-8d19-b65f2f848b7d
95	2025-02-12 16:24:24.67753+05:30	73c53728-9441-4e59-9cf3-cc8e0fa6ac22	OrderID:ID468KB       Order_type    Local Orders	3		38	12e98799-6b76-43ba-8d19-b65f2f848b7d
96	2025-02-12 16:24:24.677562+05:30	71448ab6-e80a-41f8-98b0-93dc1a0b8c98	OrderID:ID459JU       Order_type    Pick Up	3		38	12e98799-6b76-43ba-8d19-b65f2f848b7d
97	2025-02-12 16:24:24.67758+05:30	6aec54b3-764e-4343-b9ad-5599394c0248	OrderID:ID347TY       Order_type    Local Orders	3		38	12e98799-6b76-43ba-8d19-b65f2f848b7d
98	2025-02-12 16:24:24.677597+05:30	517866ea-387d-40c2-a413-ba09f8bc62a7	OrderID:ID147VY       Order_type    Local Orders	3		38	12e98799-6b76-43ba-8d19-b65f2f848b7d
99	2025-02-12 16:24:24.677613+05:30	48e76c33-48a4-4738-a598-297342f4218d	OrderID:ID805YH       Order_type    Local Orders	3		38	12e98799-6b76-43ba-8d19-b65f2f848b7d
100	2025-02-12 16:24:24.67763+05:30	462c9e2c-12ee-44c0-ace3-3df1d464b3cc	OrderID:ID219DG       Order_type    Local Orders	3		38	12e98799-6b76-43ba-8d19-b65f2f848b7d
101	2025-02-12 16:24:24.677646+05:30	312ea517-1f9f-4a44-a76d-b6bd17f50bb5	OrderID:ID964TN       Order_type    Local Orders	3		38	12e98799-6b76-43ba-8d19-b65f2f848b7d
102	2025-02-12 16:24:24.677663+05:30	3115d950-ce2e-4f18-b677-e5c4d08ba0f3	OrderID:ID853AE       Order_type    Local Orders	3		38	12e98799-6b76-43ba-8d19-b65f2f848b7d
103	2025-02-12 16:24:24.677678+05:30	0bc4ad85-81bb-4f6a-86d2-f56afdb0ecbb	OrderID:ID350AF       Order_type    Local Orders	3		38	12e98799-6b76-43ba-8d19-b65f2f848b7d
104	2025-02-12 16:24:24.677694+05:30	09aabb1a-7eea-4b32-9c0a-75a96accac53	OrderID:ID309XZ       Order_type    Local Orders	3		38	12e98799-6b76-43ba-8d19-b65f2f848b7d
105	2025-02-12 16:24:24.67771+05:30	02be8f18-5257-4ec1-a285-e92fab90bb3d	OrderID:ID543XI       Order_type    Local Orders	3		38	12e98799-6b76-43ba-8d19-b65f2f848b7d
106	2025-02-12 16:24:24.677726+05:30	021ca5b4-ef6e-4342-8750-5f5e95892fe0	OrderID:ID122ZZ       Order_type    Pick Up	3		38	12e98799-6b76-43ba-8d19-b65f2f848b7d
107	2025-02-12 16:24:24.677742+05:30	00487fa1-31c9-4ad5-9973-94af08557d1b	OrderID:ID368OP       Order_type    Local Orders	3		38	12e98799-6b76-43ba-8d19-b65f2f848b7d
108	2025-02-18 17:56:04.217066+05:30	3	Delivery Boy Rahul	2	[{"changed": {"fields": ["Status"]}}]	31	12e98799-6b76-43ba-8d19-b65f2f848b7d
109	2025-02-19 13:14:34.753759+05:30	1	Ads object (1)	2	[]	30	12e98799-6b76-43ba-8d19-b65f2f848b7d
110	2025-02-19 13:14:41.923225+05:30	3	Ads object (3)	2	[]	30	12e98799-6b76-43ba-8d19-b65f2f848b7d
111	2025-02-19 13:14:55.37593+05:30	1	Ads object (1)	2	[]	30	12e98799-6b76-43ba-8d19-b65f2f848b7d
112	2025-02-24 09:13:08.185043+05:30	3	Ads object (3)	3		30	12e98799-6b76-43ba-8d19-b65f2f848b7d
113	2025-02-24 09:13:08.185117+05:30	2	Ads object (2)	3		30	12e98799-6b76-43ba-8d19-b65f2f848b7d
114	2025-02-24 09:13:08.185165+05:30	1	Ads object (1)	3		30	12e98799-6b76-43ba-8d19-b65f2f848b7d
115	2025-02-26 13:08:48.688184+05:30	c6501d3d-ca9b-410d-99c8-ec37d950a3fe	OrderID:ID106BC       Order_type    Local Orders	2	[{"changed": {"fields": ["Color status"]}}]	38	12e98799-6b76-43ba-8d19-b65f2f848b7d
116	2025-02-28 12:32:25.433841+05:30	49d44035-d5a2-4fdd-8f68-df992fe1c690	Jithya01 None - None	2	[{"changed": {"fields": ["Password", "Phone number", "Status"]}}]	6	12e98799-6b76-43ba-8d19-b65f2f848b7d
117	2025-02-28 12:32:44.098709+05:30	49d44035-d5a2-4fdd-8f68-df992fe1c690	Jithya01 None - None	2	[]	6	12e98799-6b76-43ba-8d19-b65f2f848b7d
118	2025-02-28 12:33:19.17484+05:30	c972daf6-63e6-44a0-9734-ac21322367b3	jithya None - abc@gmail.com	2	[{"changed": {"fields": ["Password", "Phone number", "Status"]}}]	6	12e98799-6b76-43ba-8d19-b65f2f848b7d
119	2025-02-28 12:58:23.746031+05:30	49d44035-d5a2-4fdd-8f68-df992fe1c690	Jithya01 None - None	2	[{"changed": {"fields": ["Phone number"]}}]	6	12e98799-6b76-43ba-8d19-b65f2f848b7d
120	2025-02-28 15:17:09.897049+05:30	94f06744-b9e0-43e6-a2a8-14c622c3b9fe	jithya03 None - None	2	[{"changed": {"fields": ["Password", "Phone number", "Status"]}}]	6	12e98799-6b76-43ba-8d19-b65f2f848b7d
121	2025-03-03 13:56:05.860017+05:30	16	Coupons-Coupoun 2-coupoun@123	2	[{"changed": {"fields": ["Validity end date", "TermsAndConditions"]}}]	36	12e98799-6b76-43ba-8d19-b65f2f848b7d
122	2025-03-03 14:06:27.331612+05:30	16	Coupons-Coupoun 2-coupoun@123	2	[{"changed": {"fields": ["Validity end date"]}}]	36	12e98799-6b76-43ba-8d19-b65f2f848b7d
123	2025-03-03 14:06:52.776422+05:30	8	Coupons-SweetSavings20-SS20%	2	[{"changed": {"fields": ["Validity end date"]}}]	36	12e98799-6b76-43ba-8d19-b65f2f848b7d
124	2025-03-03 14:07:14.460893+05:30	7	Coupons-Coupoun 1-cc1	2	[{"changed": {"fields": ["Validity end date"]}}]	36	12e98799-6b76-43ba-8d19-b65f2f848b7d
125	2025-03-26 10:37:26.882228+05:30	ed80cb11-a4b3-4991-bcb2-454c7d72edc3	Navya Bake Shop Tripunitara - Tripunitara	2	[{"changed": {"fields": ["Status", "Delivery mode"]}}]	11	12e98799-6b76-43ba-8d19-b65f2f848b7d
126	2025-03-26 10:37:38.635119+05:30	3b331937-12ee-4c19-8bf6-68d1529e82b2	Navya Bake Shop Kakkanad - Kakkanad	2	[{"changed": {"fields": ["Status", "Delivery mode"]}}]	11	12e98799-6b76-43ba-8d19-b65f2f848b7d
127	2025-03-26 10:37:50.066264+05:30	34148290-f2ae-45ff-aeba-6bc6436fecef	Navya Bake Shop Vytila - Vytila	2	[{"changed": {"fields": ["Status", "Delivery mode"]}}]	11	12e98799-6b76-43ba-8d19-b65f2f848b7d
128	2025-03-26 15:01:37.345777+05:30	34148290-f2ae-45ff-aeba-6bc6436fecef	Navya Bake Shop Vytila - Vytila	2	[]	11	12e98799-6b76-43ba-8d19-b65f2f848b7d
129	2025-03-26 15:21:14.403858+05:30	a57f0ddf-89ab-464f-a5a3-fbb38a27fb04	Hemanth H - gayathri.g@saasvaap.com	2	[{"changed": {"fields": ["User verify status"]}}]	6	12e98799-6b76-43ba-8d19-b65f2f848b7d
130	2025-03-26 15:22:40.511479+05:30	34148290-f2ae-45ff-aeba-6bc6436fecef	Navya Bake Shop Vytila - Vytila	2	[]	11	12e98799-6b76-43ba-8d19-b65f2f848b7d
131	2025-03-26 15:23:29.096829+05:30	017e99f8-be5e-43ff-b552-4d9c87d1060e	OrderID:ID803QS       Order_type    Local Orders	2	[{"changed": {"fields": ["Order status"]}}]	38	12e98799-6b76-43ba-8d19-b65f2f848b7d
132	2025-03-26 15:28:09.637652+05:30	ed80cb11-a4b3-4991-bcb2-454c7d72edc3	Navya Bake Shop Tripunitara - Tripunitara	2	[{"changed": {"fields": ["Unit admin user"]}}]	11	12e98799-6b76-43ba-8d19-b65f2f848b7d
133	2025-04-01 15:37:45.644028+05:30	32	OrderID:ID237QN       Order_type    Long Distance OrdersJithya None - None	2	[{"changed": {"fields": ["Description"]}}]	41	12e98799-6b76-43ba-8d19-b65f2f848b7d
134	2025-06-13 09:03:28.594404+05:30	11	Delivery Boy Keerthana	2	[{"changed": {"fields": ["Phone number"]}}]	31	12e98799-6b76-43ba-8d19-b65f2f848b7d
135	2025-06-13 09:03:36.549551+05:30	10	Delivery Boy Mathew	2	[{"changed": {"fields": ["Phone number"]}}]	31	12e98799-6b76-43ba-8d19-b65f2f848b7d
136	2025-06-13 09:03:47.686633+05:30	9	Delivery Boy Rahul	2	[{"changed": {"fields": ["Phone number"]}}]	31	12e98799-6b76-43ba-8d19-b65f2f848b7d
137	2025-06-13 09:03:55.240415+05:30	8	Delivery Boy Manu	2	[{"changed": {"fields": ["Phone number"]}}]	31	12e98799-6b76-43ba-8d19-b65f2f848b7d
138	2025-06-13 09:04:03.572494+05:30	7	Delivery Boy Amal	2	[{"changed": {"fields": ["Phone number"]}}]	31	12e98799-6b76-43ba-8d19-b65f2f848b7d
139	2025-06-13 09:04:12.380008+05:30	6	Delivery Boy Jithin	2	[{"changed": {"fields": ["Phone number"]}}]	31	12e98799-6b76-43ba-8d19-b65f2f848b7d
140	2025-06-13 09:04:20.570266+05:30	5	Delivery Boy Merin	2	[{"changed": {"fields": ["Phone number"]}}]	31	12e98799-6b76-43ba-8d19-b65f2f848b7d
141	2025-06-13 09:04:26.789614+05:30	3	Delivery Boy Rahul	2	[]	31	12e98799-6b76-43ba-8d19-b65f2f848b7d
142	2025-06-13 09:04:33.808053+05:30	2	Delivery Boy Prasanth	2	[]	31	12e98799-6b76-43ba-8d19-b65f2f848b7d
143	2025-06-13 09:04:42.553696+05:30	1	Delivery Boy Midhun	2	[{"changed": {"fields": ["Phone number"]}}]	31	12e98799-6b76-43ba-8d19-b65f2f848b7d
144	2025-06-13 10:04:23.494767+05:30	12	Delivery Boy Rahul	2	[{"changed": {"fields": ["Email address"]}}]	31	12e98799-6b76-43ba-8d19-b65f2f848b7d
145	2025-06-13 10:04:29.701665+05:30	12	Delivery Boy Rahul	2	[]	31	12e98799-6b76-43ba-8d19-b65f2f848b7d
146	2025-06-13 10:04:40.438741+05:30	11	Delivery Boy Keerthana	2	[{"changed": {"fields": ["Email address"]}}]	31	12e98799-6b76-43ba-8d19-b65f2f848b7d
147	2025-06-13 10:04:51.142293+05:30	10	Delivery Boy Mathew	2	[{"changed": {"fields": ["Email address"]}}]	31	12e98799-6b76-43ba-8d19-b65f2f848b7d
148	2025-06-13 10:05:04.74243+05:30	9	Delivery Boy Rahul	2	[{"changed": {"fields": ["Email address"]}}]	31	12e98799-6b76-43ba-8d19-b65f2f848b7d
149	2025-06-13 10:05:13.907641+05:30	8	Delivery Boy Manu	2	[{"changed": {"fields": ["Email address"]}}]	31	12e98799-6b76-43ba-8d19-b65f2f848b7d
150	2025-06-13 10:05:23.364087+05:30	7	Delivery Boy Amal	2	[{"changed": {"fields": ["Email address"]}}]	31	12e98799-6b76-43ba-8d19-b65f2f848b7d
151	2025-06-13 10:05:32.959654+05:30	6	Delivery Boy Jithin	2	[{"changed": {"fields": ["Email address"]}}]	31	12e98799-6b76-43ba-8d19-b65f2f848b7d
152	2025-06-13 10:05:43.48569+05:30	5	Delivery Boy Merin	2	[{"changed": {"fields": ["Email address"]}}]	31	12e98799-6b76-43ba-8d19-b65f2f848b7d
153	2025-06-13 10:05:53.337088+05:30	3	Delivery Boy Rahul	2	[{"changed": {"fields": ["Email address"]}}]	31	12e98799-6b76-43ba-8d19-b65f2f848b7d
154	2025-06-13 10:06:05.85331+05:30	2	Delivery Boy Prasanth	2	[{"changed": {"fields": ["Email address"]}}]	31	12e98799-6b76-43ba-8d19-b65f2f848b7d
155	2025-06-13 10:06:18.052211+05:30	1	Delivery Boy Midhun	2	[{"changed": {"fields": ["Email address"]}}]	31	12e98799-6b76-43ba-8d19-b65f2f848b7d
156	2025-06-30 18:35:37.045406+05:30	ffaebf0a-ffa9-4f82-ad77-8a09e08f1ed9	OrderID:ID390KT       Order_type    Local Orders	2	[{"changed": {"fields": ["Color status", "Platform"]}}]	38	12e98799-6b76-43ba-8d19-b65f2f848b7d
157	2025-06-30 18:35:47.947812+05:30	ff055f1e-f964-4a92-a970-c649ba3c78fa	OrderID:ID983PQ       Order_type    Local Orders	2	[{"changed": {"fields": ["Platform"]}}]	38	12e98799-6b76-43ba-8d19-b65f2f848b7d
158	2025-07-29 10:51:50.855381+05:30	1	every day	1	[{"added": {}}]	44	12e98799-6b76-43ba-8d19-b65f2f848b7d
159	2025-07-29 10:52:40.263934+05:30	1	Deleting the pdf files: every day	1	[{"added": {}}]	45	12e98799-6b76-43ba-8d19-b65f2f848b7d
160	2025-07-29 10:57:21.998687+05:30	1	Deleting the pdf files: every day	2	[{"changed": {"fields": ["Start Datetime"]}}]	45	12e98799-6b76-43ba-8d19-b65f2f848b7d
161	2025-10-29 13:22:31.304284+05:30	186f0194-d2c2-4dad-94a3-5c5380c07729	OrderID:ID793PY       Order_type    Pick Up	2	[{"changed": {"fields": ["Order status", "Platform"]}}]	38	12e98799-6b76-43ba-8d19-b65f2f848b7d
\.


--
-- Data for Name: django_celery_beat_clockedschedule; Type: TABLE DATA; Schema: public; Owner: postgres
--

COPY public.django_celery_beat_clockedschedule (id, clocked_time) FROM stdin;
\.


--
-- Data for Name: django_celery_beat_crontabschedule; Type: TABLE DATA; Schema: public; Owner: postgres
--

COPY public.django_celery_beat_crontabschedule (id, minute, hour, day_of_week, day_of_month, month_of_year, timezone) FROM stdin;
1	0	4	*	*	*	UTC
2	*/10	*	*	*	*	UTC
\.


--
-- Data for Name: django_celery_beat_intervalschedule; Type: TABLE DATA; Schema: public; Owner: postgres
--

COPY public.django_celery_beat_intervalschedule (id, every, period) FROM stdin;
1	1	days
\.


--
-- Data for Name: django_celery_beat_periodictask; Type: TABLE DATA; Schema: public; Owner: postgres
--

COPY public.django_celery_beat_periodictask (id, name, task, args, kwargs, queue, exchange, routing_key, expires, enabled, last_run_at, total_run_count, date_changed, description, crontab_id, interval_id, solar_id, one_off, start_time, priority, headers, clocked_id, expire_seconds) FROM stdin;
2	celery.backend_cleanup	celery.backend_cleanup	[]	{}	\N	\N	\N	\N	t	\N	0	2025-07-29 11:30:07.987423+05:30		1	\N	\N	f	\N	\N	{}	\N	43200
3	run-polling-task-every-10-minutes	orders.tasks.my_polling_task	[]	{}	\N	\N	\N	\N	t	2025-07-29 19:00:00.030943+05:30	45	2025-07-29 19:00:08.378411+05:30		2	\N	\N	f	\N	\N	{}	\N	\N
1	Deleting the pdf files	orders.tasks.delete_bills	[]	{}	\N	\N	\N	\N	t	2025-07-29 12:00:00.113193+05:30	1	2025-07-29 12:00:30.325306+05:30	This is the task to delete the pdf and excel produced during bill creation	\N	1	\N	f	2025-07-29 12:00:00+05:30	\N	{}	\N	\N
\.


--
-- Data for Name: django_celery_beat_periodictasks; Type: TABLE DATA; Schema: public; Owner: postgres
--

COPY public.django_celery_beat_periodictasks (ident, last_update) FROM stdin;
1	2025-07-29 11:30:08.039587+05:30
\.


--
-- Data for Name: django_celery_beat_solarschedule; Type: TABLE DATA; Schema: public; Owner: postgres
--

COPY public.django_celery_beat_solarschedule (id, event, latitude, longitude) FROM stdin;
\.


--
-- Data for Name: django_content_type; Type: TABLE DATA; Schema: public; Owner: postgres
--

COPY public.django_content_type (id, app_label, model) FROM stdin;
1	admin	logentry
2	auth	permission
3	auth	group
4	contenttypes	contenttype
5	sessions	session
6	accounts	users
7	accounts	address
8	accounts	otp
9	accounts	userlocation
10	shops	productionunit
11	shops	shop
12	shops	bankdetails
13	products	customproduct
14	products	productcategory
15	products	customproductimage
16	products	customproductvideo
17	products	products
18	products	productreview
19	products	productimage
20	products	dynamicfiltering
21	products	productsubcategory
22	products	productvideo
23	products	sku
24	products	salesunitproductselection
25	products	speciallist
26	products	tags
27	products	wishlist
28	authtoken	token
29	authtoken	tokenproxy
30	orders	ads
31	orders	deliveryboys
32	orders	deliveryslot
33	orders	dropaddress
34	orders	cart
35	orders	cartitem
36	orders	coupons
37	orders	discount
38	orders	orders
39	orders	orderproducts
40	orders	orderdelivery
41	orders	notificationstat
42	orders	payment
43	django_celery_beat	crontabschedule
44	django_celery_beat	intervalschedule
45	django_celery_beat	periodictask
46	django_celery_beat	periodictasks
47	django_celery_beat	solarschedule
48	django_celery_beat	clockedschedule
49	chatbot	options
50	chatbot	chat_data
51	cms	faq
52	cms	aboutus
53	cms	contactus
54	cms	appurl
55	orders	message
56	orders	communication
57	consents	privacypolicy
58	consents	termsandconditions
59	consents	userconsent
60	cms	privacypolicy
61	cms	termsandconditions
62	accounts	loggingoperation
63	chatbot	tablelist
64	chatbot	columnlist
65	chatbot	relatedoptiontable
66	chatbot	maptables
67	orders	someoneelse
68	orders	deletedorders
69	accounts	referral
70	products	youmayalsolike
71	orders	deliverydiscount
72	orders	deliverysettings
73	orders	customcouponsettings
74	orders	customcoupon
75	orders	cartitemcustomization
\.


--
-- Data for Name: django_migrations; Type: TABLE DATA; Schema: public; Owner: postgres
--

COPY public.django_migrations (id, app, name, applied) FROM stdin;
1	contenttypes	0001_initial	2025-01-23 10:46:23.766929+05:30
2	contenttypes	0002_remove_content_type_name	2025-01-23 10:46:23.780065+05:30
3	auth	0001_initial	2025-01-23 10:46:23.857983+05:30
4	auth	0002_alter_permission_name_max_length	2025-01-23 10:46:23.865283+05:30
5	auth	0003_alter_user_email_max_length	2025-01-23 10:46:23.872688+05:30
6	auth	0004_alter_user_username_opts	2025-01-23 10:46:23.880155+05:30
7	auth	0005_alter_user_last_login_null	2025-01-23 10:46:23.889078+05:30
8	auth	0006_require_contenttypes_0002	2025-01-23 10:46:23.892057+05:30
9	auth	0007_alter_validators_add_error_messages	2025-01-23 10:46:23.899332+05:30
10	auth	0008_alter_user_username_max_length	2025-01-23 10:46:23.906312+05:30
11	auth	0009_alter_user_last_name_max_length	2025-01-23 10:46:23.914352+05:30
12	auth	0010_alter_group_name_max_length	2025-01-23 10:46:23.923973+05:30
13	auth	0011_update_proxy_permissions	2025-01-23 10:46:23.931339+05:30
14	auth	0012_alter_user_first_name_max_length	2025-01-23 10:46:23.938435+05:30
15	accounts	0001_initial	2025-01-23 10:46:24.089864+05:30
16	shops	0001_initial	2025-01-23 10:46:24.198789+05:30
17	accounts	0002_initial	2025-01-23 10:46:24.237915+05:30
18	admin	0001_initial	2025-01-23 10:46:24.281615+05:30
19	admin	0002_logentry_remove_auto_add	2025-01-23 10:46:24.295708+05:30
20	admin	0003_logentry_add_action_flag_choices	2025-01-23 10:46:24.310255+05:30
21	authtoken	0001_initial	2025-01-23 10:46:24.343163+05:30
22	authtoken	0002_auto_20160226_1747	2025-01-23 10:46:24.393755+05:30
23	authtoken	0003_tokenproxy	2025-01-23 10:46:24.397933+05:30
24	authtoken	0004_alter_tokenproxy_options	2025-01-23 10:46:24.404854+05:30
25	django_celery_beat	0001_initial	2025-01-23 10:46:24.467642+05:30
26	django_celery_beat	0002_auto_20161118_0346	2025-01-23 10:46:24.489606+05:30
27	django_celery_beat	0003_auto_20161209_0049	2025-01-23 10:46:24.502841+05:30
28	django_celery_beat	0004_auto_20170221_0000	2025-01-23 10:46:24.508745+05:30
29	django_celery_beat	0005_add_solarschedule_events_choices	2025-01-23 10:46:24.514752+05:30
30	django_celery_beat	0006_auto_20180322_0932	2025-01-23 10:46:24.564569+05:30
31	django_celery_beat	0007_auto_20180521_0826	2025-01-23 10:46:24.589898+05:30
32	django_celery_beat	0008_auto_20180914_1922	2025-01-23 10:46:24.70014+05:30
33	django_celery_beat	0006_auto_20180210_1226	2025-01-23 10:46:24.726343+05:30
34	django_celery_beat	0006_periodictask_priority	2025-01-23 10:46:24.740501+05:30
35	django_celery_beat	0009_periodictask_headers	2025-01-23 10:46:24.754566+05:30
36	django_celery_beat	0010_auto_20190429_0326	2025-01-23 10:46:25.002562+05:30
37	django_celery_beat	0011_auto_20190508_0153	2025-01-23 10:46:25.045344+05:30
38	django_celery_beat	0012_periodictask_expire_seconds	2025-01-23 10:46:25.059214+05:30
39	django_celery_beat	0013_auto_20200609_0727	2025-01-23 10:46:25.07302+05:30
40	django_celery_beat	0014_remove_clockedschedule_enabled	2025-01-23 10:46:25.080486+05:30
41	django_celery_beat	0015_edit_solarschedule_events_choices	2025-01-23 10:46:25.086942+05:30
42	django_celery_beat	0016_alter_crontabschedule_timezone	2025-01-23 10:46:25.101229+05:30
43	django_celery_beat	0017_alter_crontabschedule_month_of_year	2025-01-23 10:46:25.115145+05:30
44	django_celery_beat	0018_improve_crontab_helptext	2025-01-23 10:46:25.127316+05:30
45	django_celery_beat	0019_alter_periodictasks_options	2025-01-23 10:46:25.132501+05:30
46	products	0001_initial	2025-01-23 10:46:25.664785+05:30
47	orders	0001_initial	2025-01-23 10:46:26.541959+05:30
48	sessions	0001_initial	2025-01-23 10:46:26.567872+05:30
49	orders	0002_remove_ads_adcommunication_remove_ads_adlink_and_more	2025-01-23 16:40:43.23522+05:30
50	cms	0001_initial	2025-02-06 12:31:23.222668+05:30
51	orders	0003_orders_custom_product_alter_orders_order_status	2025-02-17 10:51:52.89245+05:30
52	orders	0004_remove_ads_id_ads_uuid_deliveryboys_shop_and_more	2025-02-24 12:12:48.730971+05:30
53	orders	0005_alter_orders_color_status	2025-02-25 10:28:21.847151+05:30
54	orders	0006_discount_bannerimage_discount_standardimage	2025-02-26 10:38:30.835916+05:30
55	orders	0007_message_communication	2025-03-05 13:02:13.745653+05:30
56	orders	0008_alter_discount_discountcode	2025-03-11 17:01:53.362327+05:30
57	cms	0002_privacypolicy_termsandconditions_aboutus_image	2025-03-12 13:05:45.786819+05:30
58	orders	0009_orders_description_orders_message_and_more	2025-03-19 17:50:31.723693+05:30
59	orders	0010_notificationstat_description_and_more	2025-03-28 10:26:44.449117+05:30
60	shops	0002_alter_shop_delivery_mode_alter_shop_status	2025-03-28 10:26:44.508404+05:30
61	accounts	0002_userlocation_location_address	2025-04-04 11:09:52.510408+05:30
62	accounts	0003_loggingoperation	2025-04-09 10:04:25.405224+05:30
63	orders	0011_alter_orderdelivery_delivery_boy_and_more	2025-04-09 10:04:25.510063+05:30
64	products	0002_sku_created_at	2025-04-09 17:27:08.983439+05:30
65	chatbot	0001_initial	2025-04-11 12:08:24.854161+05:30
66	chatbot	0002_relatedoptiontable_alter_chat_data_options	2025-04-16 10:16:49.295182+05:30
67	chatbot	0003_columnlist_column_id_and_more	2025-04-21 11:28:54.073269+05:30
68	chatbot	0004_columnlist_created_date_tablelist_created_date	2025-04-25 09:45:06.449365+05:30
69	chatbot	0005_chat_data_redirect_maptables	2025-05-21 11:27:50.040492+05:30
70	cms	0003_alter_aboutus_content_alter_privacypolicy_content_and_more	2025-05-22 14:41:53.394135+05:30
71	products	0003_productcategory_long_distance_availability_and_more	2025-05-27 10:14:33.518193+05:30
72	orders	0012_deliveryboys_email_alter_deliveryboys_phone_number	2025-06-13 10:00:56.319435+05:30
73	orders	0013_alter_deliveryboys_email	2025-06-17 10:12:41.764512+05:30
74	orders	0014_someoneelse	2025-06-18 12:55:34.347497+05:30
75	orders	0015_alter_orderproducts_order_deletedorders	2025-06-23 10:38:49.659476+05:30
76	orders	0016_alter_someoneelse_orders	2025-06-23 11:01:14.611471+05:30
77	orders	0017_orders_platform	2025-06-30 09:46:57.36196+05:30
78	accounts	0004_referral	2025-07-07 12:44:55.283522+05:30
79	products	0004_youmayalsolike	2025-07-17 09:55:57.109205+05:30
80	orders	0018_deliverydiscount_deliverysettings	2025-08-04 17:55:45.357632+05:30
81	orders	0019_customcouponsettings_cart_custom_coupon_customcoupon	2025-08-08 08:50:15.234675+05:30
82	orders	0020_cartitem_custom_image_cartitem_custom_image_id_and_more	2025-08-13 12:27:54.148542+05:30
83	products	0005_sku_customization_available_sku_same_day_delivery	2025-08-13 12:27:54.26083+05:30
84	orders	0021_remove_cartitem_custom_image_and_more	2025-08-26 10:07:19.848971+05:30
85	products	0006_alter_sku_same_day_delivery	2025-08-26 10:07:20.022908+05:30
86	accounts	0005_userlocation_distance	2025-10-07 12:53:46.147822+05:30
87	orders	0022_rename_razorpay_order_id_payment_amount_and_more	2025-10-27 10:39:49.073452+05:30
\.


--
-- Data for Name: django_session; Type: TABLE DATA; Schema: public; Owner: postgres
--

COPY public.django_session (session_key, session_data, expire_date) FROM stdin;
s1pdcxorcjzj5dz0k2io0fsin9sm20fm	.eJxVjrsOAiEURP-FWghclpelvf4CAS64q2Yx-9DC-O-yiYV2k8yck3kRH9al9-ucJz8g2RMB2VnjHNXRaNrJGKhF4WjUqkCxnY0Gye4XiyFd87ixeAnjubJUx2UaItsm7NvO7Fgx3w7f7Z-gD3PfaA7CQQaNIkLIghvbodSyFMFRKkBlwCqTQRQei-btjgYuEwZnArbcpPep4poW_xjysxlPlbw_5EFGww:1uROV1:cA2MWj5Wwzk8PsZOVm-pZckee4Ho4rW2XDy8i4nfjC8	2025-07-01 10:34:43.691373+05:30
f8dwmo181uppxmlqvs067yeoxn5qxfxj	.eJxVjrsOAiEURP-FWghclpelvf4CAS64q2Yx-9DC-O-yiYV2k8yck3kRH9al9-ucJz8g2RMB2VnjHNXRaNrJGKhF4WjUqkCxnY0Gye4XiyFd87ixeAnjubJUx2UaItsm7NvO7Fgx3w7f7Z-gD3PfaA7CQQaNIkLIghvbodSyFMFRKkBlwCqTQRQei-btjgYuEwZnArbcpPep4poW_xjysxlPlbw_5EFGww:1tfuOc:1iiqneIp92lhXdTRKaFYndTRPBR6q5qZlZo0iGrb6ZU	2025-02-20 10:55:50.540973+05:30
73h39rzblnp2fomvw69uvd1mvonjoz5p	.eJxVjDkOwjAQAP_imkS-10tJzwOoIq-9JgGUoBxQIP5OIlFAPcdLNHGZ22aZeGy6LPYiOVISDFUBCCurqVSoIVXOOI1gJCAWsfvNKKYr91ubL7E_D3Ua-nnsqN6U-kun-jhkvh2-7t-gjVO71hIK68BOUrHeaofAWjpG5U0p7GXywGAxBmmkt4qJtAoKY8qhUM5qnd7HIS9pbh4dP9fjiSfx_gAEmUd8:1tntXF:7YP_OTTzhu1izXes9J0QZ3eSDBNA47wrAjbkrM0XFYI	2025-03-14 11:37:45.891576+05:30
wrgn5kfe83am5o33mpmxiekivhtik2ip	.eJxVjrsOAiEURP-FWghclpelvf4CAS64q2Yx-9DC-O-yiYV2k8yck3kRH9al9-ucJz8g2RMB2VnjHNXRaNrJGKhF4WjUqkCxnY0Gye4XiyFd87ixeAnjubJUx2UaItsm7NvO7Fgx3w7f7Z-gD3PfaA7CQQaNIkLIghvbodSyFMFRKkBlwCqTQRQei-btjgYuEwZnArbcpPep4poW_xjysxlPlbw_5EFGww:1taq6a:6zYGhZLHcGap4TGuomPA1fPDeC4VM4L4UluXqM_AA7M	2025-02-06 11:20:16.984949+05:30
skf9i134hnr4dcp43argo2l2kigpyp4u	.eJxVjrsOAiEURP-FWghclpelvf4CAS64q2Yx-9DC-O-yiYV2k8yck3kRH9al9-ucJz8g2RMB2VnjHNXRaNrJGKhF4WjUqkCxnY0Gye4XiyFd87ixeAnjubJUx2UaItsm7NvO7Fgx3w7f7Z-gD3PfaA7CQQaNIkLIghvbodSyFMFRKkBlwCqTQRQei-btjgYuEwZnArbcpPep4poW_xjysxlPlbw_5EFGww:1vDecz:FQtiXQ9mh864muwB3eEyipQ3HoHQm1gp5q7Vu--9_x8	2025-11-11 13:30:25.194724+05:30
l5tf7jc1uxj97900yn12vg4jo9i7977i	.eJxVjrsOAiEURP-FWghclpelvf4CAS64q2Yx-9DC-O-yiYV2k8yck3kRH9al9-ucJz8g2RMB2VnjHNXRaNrJGKhF4WjUqkCxnY0Gye4XiyFd87ixeAnjubJUx2UaItsm7NvO7Fgx3w7f7Z-gD3PfaA7CQQaNIkLIghvbodSyFMFRKkBlwCqTQRQei-btjgYuEwZnArbcpPep4poW_xjysxlPlbw_5EFGww:1tfzyP:_xLygNSB0V4HCeJQQ2v5u9yqz6c1J1W6C821BK9O-wQ	2025-02-20 16:53:09.191194+05:30
xpd52zf74eat06ilulsq3s8kwqu0y1a5	.eJxVjrsOAiEURP-FWghclpelvf4CAS64q2Yx-9DC-O-yiYV2k8yck3kRH9al9-ucJz8g2RMB2VnjHNXRaNrJGKhF4WjUqkCxnY0Gye4XiyFd87ixeAnjubJUx2UaItsm7NvO7Fgx3w7f7Z-gD3PfaA7CQQaNIkLIghvbodSyFMFRKkBlwCqTQRQei-btjgYuEwZnArbcpPep4poW_xjysxlPlbw_5EFGww:1tgGj8:X6ultMcfOwbz3RlJ6N8FDwhn_h-FSYpyXS2LqVUJbEE	2025-02-21 10:46:30.04203+05:30
xawz9qjxr91z0g4ehmo05c6x5acknzhy	.eJxVjrsOAiEURP-FWghclpelvf4CAS64q2Yx-9DC-O-yiYV2k8yck3kRH9al9-ucJz8g2RMB2VnjHNXRaNrJGKhF4WjUqkCxnY0Gye4XiyFd87ixeAnjubJUx2UaItsm7NvO7Fgx3w7f7Z-gD3PfaA7CQQaNIkLIghvbodSyFMFRKkBlwCqTQRQei-btjgYuEwZnArbcpPep4poW_xjysxlPlbw_5EFGww:1tdMxn:anY28Cq5yzdMldBW4NvvsbGMw1lz0rv7PrSgwqRrhW8	2025-02-13 10:49:39.665842+05:30
slvd55g51m3x1kuyybu8b7qp1czyhiaz	.eJxVjrsOAiEURP-FWghclpelvf4CAS64q2Yx-9DC-O-yiYV2k8yck3kRH9al9-ucJz8g2RMB2VnjHNXRaNrJGKhF4WjUqkCxnY0Gye4XiyFd87ixeAnjubJUx2UaItsm7NvO7Fgx3w7f7Z-gD3PfaA7CQQaNIkLIghvbodSyFMFRKkBlwCqTQRQei-btjgYuEwZnArbcpPep4poW_xjysxlPlbw_5EFGww:1tqUcs:kBnob8M072QMRxlq_y5axsWE3zEJho6kHv5yaTLxa4c	2025-03-21 15:38:18.081435+05:30
joef0ugmu79ap215benuuy9yqx7plukp	.eJxVjrsOAiEURP-FWghclpelvf4CAS64q2Yx-9DC-O-yiYV2k8yck3kRH9al9-ucJz8g2RMB2VnjHNXRaNrJGKhF4WjUqkCxnY0Gye4XiyFd87ixeAnjubJUx2UaItsm7NvO7Fgx3w7f7Z-gD3PfaA7CQQaNIkLIghvbodSyFMFRKkBlwCqTQRQei-btjgYuEwZnArbcpPep4poW_xjysxlPlbw_5EFGww:1tfbaa:A2QTwTa2sQeU0j7s_2v5ClSg33epqKnyB3lFvd8sln8	2025-02-19 14:50:56.59179+05:30
uea4q8kfx1fd7e16z07qxq8mwocyi48z	.eJxVjrkKwzAQRP9FdSS0K-tKmT7fYHa9UpwDG3xUIf8eG1wk3cC8N8xbtbQufbvOZWrvos4KsOQUc9aBY9CNY9JJIGsOvmJNTeIo6vSrMXXPMuyuPGi4jaYbh2W6s9kRc7SzuY5SXpeD_Rvoae432yJkLBgEGKmAjakRF1ytYMV5FB8x-VgQquUa7HYnoHWdUI4kW1afL5z0P_0:1trYit:TvGA1LxMoxmfEll29wResS8WZ9e_iI3hw9dDG3GZXxY	2025-03-24 14:12:55.089893+05:30
e6lhxja32usc3lvofwby2ahov4qhe6gy	.eJxVjrsOAiEURP-FWghclpelvf4CAS64q2Yx-9DC-O-yiYV2k8yck3kRH9al9-ucJz8g2RMB2VnjHNXRaNrJGKhF4WjUqkCxnY0Gye4XiyFd87ixeAnjubJUx2UaItsm7NvO7Fgx3w7f7Z-gD3PfaA7CQQaNIkLIghvbodSyFMFRKkBlwCqTQRQei-btjgYuEwZnArbcpPep4poW_xjysxlPlbw_5EFGww:1tfbbY:6mbzNnAy1gNZLb10KdNx1Xf1kb4eZDsw1Ys-6p2J9tI	2025-02-19 14:51:56.194967+05:30
wkmfvf6cmczmdhb5jvikdvxn0ev3v2ex	.eJxVjDkOwjAQAP_imkS-10tJzwOoIq-9JgGUoBxQIP5OIlFAPcdLNHGZ22aZeGy6LPYiOVISDFUBCCurqVSoIVXOOI1gJCAWsfvNKKYr91ubL7E_D3Ua-nnsqN6U-kun-jhkvh2-7t-gjVO71hIK68BOUrHeaofAWjpG5U0p7GXywGAxBmmkt4qJtAoKY8qhUM5qnd7HIS9pbh4dP9fjiSfx_gAEmUd8:1tavmI:1UmiSWoC1V-oODFlpJDlBAgDhRGmwspsoC5gais4ojM	2025-02-06 17:23:42.361387+05:30
8mn2yxlajuxrwwca3dqlce4mco216h3s	.eJxVjrsOAiEURP-FWghclpelvf4CAS64q2Yx-9DC-O-yiYV2k8yck3kRH9al9-ucJz8g2RMB2VnjHNXRaNrJGKhF4WjUqkCxnY0Gye4XiyFd87ixeAnjubJUx2UaItsm7NvO7Fgx3w7f7Z-gD3PfaA7CQQaNIkLIghvbodSyFMFRKkBlwCqTQRQei-btjgYuEwZnArbcpPep4poW_xjysxlPlbw_5EFGww:1tmsw0:0Zrfb4p56Om6cc0iODzE8Eo6_dDWdUOv5zQBpNuYn9Q	2025-03-11 16:47:08.716094+05:30
stzehhx117e3q99zoqeuuoak2fhqjjsy	.eJxVjrsOAiEURP-FWghclpelvf4CAS64q2Yx-9DC-O-yiYV2k8yck3kRH9al9-ucJz8g2RMB2VnjHNXRaNrJGKhF4WjUqkCxnY0Gye4XiyFd87ixeAnjubJUx2UaItsm7NvO7Fgx3w7f7Z-gD3PfaA7CQQaNIkLIghvbodSyFMFRKkBlwCqTQRQei-btjgYuEwZnArbcpPep4poW_xjysxlPlbw_5EFGww:1tpNwl:6WDiMhNBcgAMAzGMtVAREb0oSQLZwd5wH5sYDjCh06U	2025-03-18 14:18:15.211061+05:30
r3d6urqbyalxb0zf0tuf6v21i4ib9l70	.eJxVjrsOAiEURP-FWghclpelvf4CAS64q2Yx-9DC-O-yiYV2k8yck3kRH9al9-ucJz8g2RMB2VnjHNXRaNrJGKhF4WjUqkCxnY0Gye4XiyFd87ixeAnjubJUx2UaItsm7NvO7Fgx3w7f7Z-gD3PfaA7CQQaNIkLIghvbodSyFMFRKkBlwCqTQRQei-btjgYuEwZnArbcpPep4poW_xjysxlPlbw_5EFGww:1tnAIu:_BeA4TiKJtzfyA63oAXA-I-YukRPMQGLeGi8RpZUBtY	2025-03-12 11:19:56.70104+05:30
a43izl5i2c69ajrt8kxva9m1ph4jo15f	.eJxVjrkKwzAQRP9FdSS0K-tKmT7fYHa9UpwDG3xUIf8eG1wk3cC8N8xbtbQufbvOZWrvos4KsOQUc9aBY9CNY9JJIGsOvmJNTeIo6vSrMXXPMuyuPGi4jaYbh2W6s9kRc7SzuY5SXpeD_Rvoae432yJkLBgEGKmAjakRF1ytYMV5FB8x-VgQquUa7HYnoHWdUI4kW1afL5z0P_0:1tjuO9:8lS9_Ix3rxLyp3r3vUikYKtVMXPRG9S3x1mqBZYsH08	2025-03-03 11:43:53.718209+05:30
lo7fd00ft2i496qqgorbwhs36hmepecs	.eJxVjrsOAiEURP-FWghclpelvf4CAS64q2Yx-9DC-O-yiYV2k8yck3kRH9al9-ucJz8g2RMB2VnjHNXRaNrJGKhF4WjUqkCxnY0Gye4XiyFd87ixeAnjubJUx2UaItsm7NvO7Fgx3w7f7Z-gD3PfaA7CQQaNIkLIghvbodSyFMFRKkBlwCqTQRQei-btjgYuEwZnArbcpPep4poW_xjysxlPlbw_5EFGww:1tmTE7:39d26M4eev3jsHNjCkLaEuaFqEwXN2_HVNKmyP2NkRA	2025-03-10 13:20:07.229215+05:30
3vnj1k5be9dw8b4gvm2l1hio9bdfqo57	.eJxVjrsOAiEURP-FWghclpelvf4CAS64q2Yx-9DC-O-yiYV2k8yck3kRH9al9-ucJz8g2RMB2VnjHNXRaNrJGKhF4WjUqkCxnY0Gye4XiyFd87ixeAnjubJUx2UaItsm7NvO7Fgx3w7f7Z-gD3PfaA7CQQaNIkLIghvbodSyFMFRKkBlwCqTQRQei-btjgYuEwZnArbcpPep4poW_xjysxlPlbw_5EFGww:1tnAMc:4RNVhVluHQYRyy1ZI-rd0GNtYH_aokmuO4L79AMyiJ8	2025-03-12 11:23:46.960799+05:30
ngtxcqwlhtk36x0e4nw930807jf9av4p	.eJxVjrsOAiEURP-FWghclpelvf4CAS64q2Yx-9DC-O-yiYV2k8yck3kRH9al9-ucJz8g2RMB2VnjHNXRaNrJGKhF4WjUqkCxnY0Gye4XiyFd87ixeAnjubJUx2UaItsm7NvO7Fgx3w7f7Z-gD3PfaA7CQQaNIkLIghvbodSyFMFRKkBlwCqTQRQei-btjgYuEwZnArbcpPep4poW_xjysxlPlbw_5EFGww:1tnVj3:y2YKuI9W4Np3ut3fn1DP1a3r32LH7xs89hfB0Z7CWXE	2025-03-13 10:12:21.784287+05:30
v5eet8yuc9fkqgtv2l18ovor7y2j4mnh	.eJxVjDkOwjAQAP_imkS-10tJzwOoIq-9JgGUoBxQIP5OIlFAPcdLNHGZ22aZeGy6LPYiOVISDFUBCCurqVSoIVXOOI1gJCAWsfvNKKYr91ubL7E_D3Ua-nnsqN6U-kun-jhkvh2-7t-gjVO71hIK68BOUrHeaofAWjpG5U0p7GXywGAxBmmkt4qJtAoKY8qhUM5qnd7HIS9pbh4dP9fjiSfx_gAEmUd8:1tnXMn:c7E-Ll2z0amOqFGv4hwXL24GZT9RyE8oORfqCzVU-fI	2025-03-13 11:57:29.493319+05:30
pn1vm9lfmlr6o689l6vw06we2vtayxkf	.eJxVjEsOwiAQQO_C2hIoTKEu3esVyMAMtmqK6UcXxrvbJi50_T4vEXCZu7BMPIaexF4oQw580hUQQWWVcVUbDVfQtMy-qSExid1vFjFdedhauuBwLjKVYR77KDdFfukkj4X4dvi6f4MOp26tjfFK55iiSopQAXN0NirXmIxITnvKxN7ZOluNDtBEC56UtpBzSzWv0_tYaElzePT8XI-nIt4fWJ9Iag:1tkcfB:lEN9xfQeqNRE1T7d9w4V01wr40v-Fy5lSZE5149u54E	2025-03-05 11:00:25.905404+05:30
ly35xo459x50pscww8ry31hhw27i5xb9	.eJxVjrsOAiEURP-FWghclpelvf4CAS64q2Yx-9DC-O-yiYV2k8yck3kRH9al9-ucJz8g2RMB2VnjHNXRaNrJGKhF4WjUqkCxnY0Gye4XiyFd87ixeAnjubJUx2UaItsm7NvO7Fgx3w7f7Z-gD3PfaA7CQQaNIkLIghvbodSyFMFRKkBlwCqTQRQei-btjgYuEwZnArbcpPep4poW_xjysxlPlbw_5EFGww:1tp4H8:euzDIRYGIb1PlppO4PsmhJ6dZ4HLBzhR4k8pY3l261s	2025-03-17 17:17:58.159504+05:30
tv1g7gut6ksn4k82mnhrcvvaa2gdbgan	.eJxVjrsOAiEURP-FWghclpelvf4CAS64q2Yx-9DC-O-yiYV2k8yck3kRH9al9-ucJz8g2RMB2VnjHNXRaNrJGKhF4WjUqkCxnY0Gye4XiyFd87ixeAnjubJUx2UaItsm7NvO7Fgx3w7f7Z-gD3PfaA7CQQaNIkLIghvbodSyFMFRKkBlwCqTQRQei-btjgYuEwZnArbcpPep4poW_xjysxlPlbw_5EFGww:1unxOB:iLTzP4PMThss3uIlrgnQ8Yzqkvxu5gWKwXga5Bv9vBE	2025-09-01 16:16:55.43932+05:30
weq8oeb0ix1c6yz17a9vsjjugzddi86n	.eJxVjDkOwjAQAP_imkS-10tJzwOoIq-9JgGUoBxQIP5OIlFAPcdLNHGZ22aZeGy6LPYiOVISDFUBCCurqVSoIVXOOI1gJCAWsfvNKKYr91ubL7E_D3Ua-nnsqN6U-kun-jhkvh2-7t-gjVO71hIK68BOUrHeaofAWjpG5U0p7GXywGAxBmmkt4qJtAoKY8qhUM5qnd7HIS9pbh4dP9fjiSfx_gAEmUd8:1uRkVH:UMVTg0tYF8oaPhnEc6jhxoEr5G-E-TxGlQgA8bgtrTQ	2025-07-02 10:04:27.915663+05:30
onxo4xn09zw2hlllcafp7x8q8juqehlz	.eJxVjrsOAiEURP-FWghclpelvf4CAS64q2Yx-9DC-O-yiYV2k8yck3kRH9al9-ucJz8g2RMB2VnjHNXRaNrJGKhF4WjUqkCxnY0Gye4XiyFd87ixeAnjubJUx2UaItsm7NvO7Fgx3w7f7Z-gD3PfaA7CQQaNIkLIghvbodSyFMFRKkBlwCqTQRQei-btjgYuEwZnArbcpPep4poW_xjysxlPlbw_5EFGww:1tsFAT:-4c9-7jQX2NcSSJh_SQ9V79-KlVIX8ldTBsu_dCh4xw	2025-03-26 11:32:13.192543+05:30
499gh1d5yn0bxl4tj1dxu5301ky3vubv	.eJxVjrsOAiEURP-FWghclpelvf4CAS64q2Yx-9DC-O-yiYV2k8yck3kRH9al9-ucJz8g2RMB2VnjHNXRaNrJGKhF4WjUqkCxnY0Gye4XiyFd87ixeAnjubJUx2UaItsm7NvO7Fgx3w7f7Z-gD3PfaA7CQQaNIkLIghvbodSyFMFRKkBlwCqTQRQei-btjgYuEwZnArbcpPep4poW_xjysxlPlbw_5EFGww:1ty5zo:mHZa-9qjZe7tFNKR1jpUdyzIsQIYRjnPkXK4FytoMYQ	2025-04-11 14:57:24.678715+05:30
z1i3xke72g1yz9awzf56fh285tr85ech	.eJxVjrsOAiEURP-FWghclpelvf4CAS64q2Yx-9DC-O-yiYV2k8yck3kRH9al9-ucJz8g2RMB2VnjHNXRaNrJGKhF4WjUqkCxnY0Gye4XiyFd87ixeAnjubJUx2UaItsm7NvO7Fgx3w7f7Z-gD3PfaA7CQQaNIkLIghvbodSyFMFRKkBlwCqTQRQei-btjgYuEwZnArbcpPep4poW_xjysxlPlbw_5EFGww:1tzUMf:bEc1ZLLK8sjGs-WCH1ESHtK-jLi5YLZXg8MIbiENjt0	2025-04-15 11:10:45.071023+05:30
2gwsdcntkiks80zv0twp2ag43ow0oy6o	.eJxVjDkOwjAQAP_imkS-10tJzwOoIq-9JgGUoBxQIP5OIlFAPcdLNHGZ22aZeGy6LPYiOVISDFUBCCurqVSoIVXOOI1gJCAWsfvNKKYr91ubL7E_D3Ua-nnsqN6U-kun-jhkvh2-7t-gjVO71hIK68BOUrHeaofAWjpG5U0p7GXywGAxBmmkt4qJtAoKY8qhUM5qnd7HIS9pbh4dP9fjiSfx_gAEmUd8:1tuQQx:MtDVBvXKPW1x0vADjKuKSMhBch2_-DeQaVN4ewEYms8	2025-04-01 11:58:15.112531+05:30
47e9cb8dqex00lf4af473v9rgey017x8	.eJxVjDkOwjAQAP_imkS-10tJzwOoIq-9JgGUoBxQIP5OIlFAPcdLNHGZ22aZeGy6LPYiOVISDFUBCCurqVSoIVXOOI1gJCAWsfvNKKYr91ubL7E_D3Ua-nnsqN6U-kun-jhkvh2-7t-gjVO71hIK68BOUrHeaofAWjpG5U0p7GXywGAxBmmkt4qJtAoKY8qhUM5qnd7HIS9pbh4dP9fjiSfx_gAEmUd8:1tqTfq:kIU4aKDj_hAw2AFetTwA4Fkb6blPyBkjg2ErZhAcVdE	2025-03-21 14:37:18.648018+05:30
jhde0fciha9bfv7zm9kdt9lxzz15fv5z	.eJxVjDmuwkAMQO8yNYkya8a_pOcAVJEd2yTwlaAsUCDuTpAooH7LwzS4Ll2zzjI1PZs_g7HWilmLDEhFSEELjOgLJfIZXa1UBbP7zgjbiwzvls84nMayHYdl6ql8K-WHzuVhZPnff9yfQYdzt9WgLvhsc1InWXJlfYo1RCBglxxxqBmsWK8AToUchCA2aE4QW8RKt-l1Gnltl-bWy307HmU2zxf1ekh4:1txPEz:cng-42_b9icjIVkQ2uA6xHCEt0YVqye254W0jOQ0O_8	2025-04-09 17:18:13.571092+05:30
g0pcjrvx40mzf4rumu60jg746e12xugm	.eJxVjDmuwkAMQO8yNYkya8a_pOcAVJEd2yTwlaAsUCDuTpAooH7LwzS4Ll2zzjI1PZs_g7HWilmLDEhFSEELjOgLJfIZXa1UBbP7zgjbiwzvls84nMayHYdl6ql8K-WHzuVhZPnff9yfQYdzt9WgLvhsc1InWXJlfYo1RCBglxxxqBmsWK8AToUchCA2aE4QW8RKt-l1Gnltl-bWy307HmU2zxf1ekh4:1tzxM3:E8J_X0mYteIJA7H6VeMiPnpCMhFic5c051b_YQGae-c	2025-04-16 18:08:03.943795+05:30
py7d87b594ruqq4ppj9rvs1mtl6hvdjp	.eJxVjrsOAiEURP-FWghclpelvf4CAS64q2Yx-9DC-O-yiYV2k8yck3kRH9al9-ucJz8g2RMB2VnjHNXRaNrJGKhF4WjUqkCxnY0Gye4XiyFd87ixeAnjubJUx2UaItsm7NvO7Fgx3w7f7Z-gD3PfaA7CQQaNIkLIghvbodSyFMFRKkBlwCqTQRQei-btjgYuEwZnArbcpPep4poW_xjysxlPlbw_5EFGww:1tq7Vc:6x2Dg5r9xTI4RbhO0UQwdlEoq-iGpjPjoc1NpJuXIys	2025-03-20 14:57:16.920588+05:30
r7myssuq91618e4jen4vyi49vm04mc9i	.eJxVjrsOAiEURP-FWghclpelvf4CAS64q2Yx-9DC-O-yiYV2k8yck3kRH9al9-ucJz8g2RMB2VnjHNXRaNrJGKhF4WjUqkCxnY0Gye4XiyFd87ixeAnjubJUx2UaItsm7NvO7Fgx3w7f7Z-gD3PfaA7CQQaNIkLIghvbodSyFMFRKkBlwCqTQRQei-btjgYuEwZnArbcpPep4poW_xjysxlPlbw_5EFGww:1u9IA6:SjHTffmoO04OcjrAZXvX9pN_j-tmK3FBNADUNN1oh3Q	2025-05-12 12:10:18.746075+05:30
flxd0xmzaf2l84r5e3a7nak3w5kie6o0	.eJxVjrsOAiEURP-FWghclpelvf4CAS64q2Yx-9DC-O-yiYV2k8yck3kRH9al9-ucJz8g2RMB2VnjHNXRaNrJGKhF4WjUqkCxnY0Gye4XiyFd87ixeAnjubJUx2UaItsm7NvO7Fgx3w7f7Z-gD3PfaA7CQQaNIkLIghvbodSyFMFRKkBlwCqTQRQei-btjgYuEwZnArbcpPep4poW_xjysxlPlbw_5EFGww:1uOZWg:fhGSqYQOa90tGZaYsWTbAzij6G_wfIvhqjgsFOe-oRY	2025-06-23 15:44:46.571025+05:30
a72u70e9o3hpqhdfqu80g1t0rzqjt9re	.eJxVjDmuwkAMQO8yNYkya8a_pOcAVJEd2yTwlaAsUCDuTpAooH7LwzS4Ll2zzjI1PZs_g7HWilmLDEhFSEELjOgLJfIZXa1UBbP7zgjbiwzvls84nMayHYdl6ql8K-WHzuVhZPnff9yfQYdzt9WgLvhsc1InWXJlfYo1RCBglxxxqBmsWK8AToUchCA2aE4QW8RKt-l1Gnltl-bWy307HmU2zxf1ekh4:1uOaD2:0eH0jQp090f07aE4h7aTjVkfSxqlRbOQ1roFiC_iDoI	2025-06-23 16:28:32.910419+05:30
8r7016pghhemdx15gdjjjvbbfuretits	.eJxVjDkOwjAQAP_imkS-10tJzwOoIq-9JgGUoBxQIP5OIlFAPcdLNHGZ22aZeGy6LPYiOVISDFUBCCurqVSoIVXOOI1gJCAWsfvNKKYr91ubL7E_D3Ua-nnsqN6U-kun-jhkvh2-7t-gjVO71hIK68BOUrHeaofAWjpG5U0p7GXywGAxBmmkt4qJtAoKY8qhUM5qnd7HIS9pbh4dP9fjiSfx_gAEmUd8:1uOeah:y8ZkeaWsxkUuy6bmi3YVwPeyN719LWtYm0H3pN4Uf2Y	2025-06-23 21:09:15.04815+05:30
7q9heqe23xyk244vdi5vru7nnko2a1db	.eJxVjDkOwjAQAP_imkS-10tJzwOoIq-9JgGUoBxQIP5OIlFAPcdLNHGZ22aZeGy6LPYiOVISDFUBCCurqVSoIVXOOI1gJCAWsfvNKKYr91ubL7E_D3Ua-nnsqN6U-kun-jhkvh2-7t-gjVO71hIK68BOUrHeaofAWjpG5U0p7GXywGAxBmmkt4qJtAoKY8qhUM5qnd7HIS9pbh4dP9fjiSfx_gAEmUd8:1uGtld:5y4Pf0vd1iDafda28WrK8PTPTP58NeeSZvsmd_262Is	2025-06-02 11:44:29.252489+05:30
2m62csfw82pet6frn18a5yfx6mh4dpiz	.eJxVjrsOAiEURP-FWghclpelvf4CAS64q2Yx-9DC-O-yiYV2k8yck3kRH9al9-ucJz8g2RMB2VnjHNXRaNrJGKhF4WjUqkCxnY0Gye4XiyFd87ixeAnjubJUx2UaItsm7NvO7Fgx3w7f7Z-gD3PfaA7CQQaNIkLIghvbodSyFMFRKkBlwCqTQRQei-btjgYuEwZnArbcpPep4poW_xjysxlPlbw_5EFGww:1uHcNU:S5fFp4lpof0DluyuUuFSDxXnTnPS-3ZremDmlbU6meI	2025-06-04 11:22:32.510577+05:30
q6jbtca4oa7vm13wym3vcqzfwkgrb6oy	.eJxVjrsOAiEURP-FWghclpelvf4CAS64q2Yx-9DC-O-yiYV2k8yck3kRH9al9-ucJz8g2RMB2VnjHNXRaNrJGKhF4WjUqkCxnY0Gye4XiyFd87ixeAnjubJUx2UaItsm7NvO7Fgx3w7f7Z-gD3PfaA7CQQaNIkLIghvbodSyFMFRKkBlwCqTQRQei-btjgYuEwZnArbcpPep4poW_xjysxlPlbw_5EFGww:1uI3Op:FM2embd9hlIIRoD8O9BA78ND3nzV7LMhyZqtepDVMIA	2025-06-05 16:13:43.859124+05:30
bb45vu33ya60nafbd5htit6xqa312nly	.eJxVjDkOwjAQAP_imkS-10tJzwOoIq-9JgGUoBxQIP5OIlFAPcdLNHGZ22aZeGy6LPYiOVISDFUBCCurqVSoIVXOOI1gJCAWsfvNKKYr91ubL7E_D3Ua-nnsqN6U-kun-jhkvh2-7t-gjVO71hIK68BOUrHeaofAWjpG5U0p7GXywGAxBmmkt4qJtAoKY8qhUM5qnd7HIS9pbh4dP9fjiSfx_gAEmUd8:1uP0Ks:InN_YCBcrTeohNeSFIWO5VnuMJKi8gEEWSTCOcxxGWs	2025-06-24 20:22:22.87759+05:30
yryej5xwo7fuwp083devrnns3t3gvghw	.eJxVjrsOAiEURP-FWghclpelvf4CAS64q2Yx-9DC-O-yiYV2k8yck3kRH9al9-ucJz8g2RMB2VnjHNXRaNrJGKhF4WjUqkCxnY0Gye4XiyFd87ixeAnjubJUx2UaItsm7NvO7Fgx3w7f7Z-gD3PfaA7CQQaNIkLIghvbodSyFMFRKkBlwCqTQRQei-btjgYuEwZnArbcpPep4poW_xjysxlPlbw_5EFGww:1uPEae:zAN_Ebl1pjr9yVLqJA8SDG5HsjmHsWhmiY4PAnqorWg	2025-06-25 11:35:36.88638+05:30
8iaha9fpx8psox7kt17qx0f4lvw5jkho	.eJxVjDkOwjAQAP_imkS-10tJzwOoIq-9JgGUoBxQIP5OIlFAPcdLNHGZ22aZeGy6LPYiOVISDFUBCCurqVSoIVXOOI1gJCAWsfvNKKYr91ubL7E_D3Ua-nnsqN6U-kun-jhkvh2-7t-gjVO71hIK68BOUrHeaofAWjpG5U0p7GXywGAxBmmkt4qJtAoKY8qhUM5qnd7HIS9pbh4dP9fjiSfx_gAEmUd8:1uPbNo:cobcK6-DRJHAmmrS0AHNCt9hlVrUpKxyS7lTy41_Yzo	2025-06-26 11:55:52.665723+05:30
ar851meglzhn0vit1xqnqqtfcpbay8b7	.eJxVjrsOAiEURP-FWghclpelvf4CAS64q2Yx-9DC-O-yiYV2k8yck3kRH9al9-ucJz8g2RMB2VnjHNXRaNrJGKhF4WjUqkCxnY0Gye4XiyFd87ixeAnjubJUx2UaItsm7NvO7Fgx3w7f7Z-gD3PfaA7CQQaNIkLIghvbodSyFMFRKkBlwCqTQRQei-btjgYuEwZnArbcpPep4poW_xjysxlPlbw_5EFGww:1uTabF:10eIBYMhESyH9SM1dET7K81xJIBflR60EgpOpxc2wDM	2025-07-07 11:54:13.737658+05:30
ue45fw7ava0jeeirtieva8gqwzpdyn9i	.eJxVjrsOAiEURP-FWghclpelvf4CAS64q2Yx-9DC-O-yiYV2k8yck3kRH9al9-ucJz8g2RMB2VnjHNXRaNrJGKhF4WjUqkCxnY0Gye4XiyFd87ixeAnjubJUx2UaItsm7NvO7Fgx3w7f7Z-gD3PfaA7CQQaNIkLIghvbodSyFMFRKkBlwCqTQRQei-btjgYuEwZnArbcpPep4poW_xjysxlPlbw_5EFGww:1uqPWV:vfrUJ8ttXpP0uRhFcvqqsbTk0hLH3yu06xxMiUdgg0k	2025-09-08 10:43:39.338709+05:30
cgh0cp6wdfmqsdcallzgjh3vz2rak559	.eJxVjDkOwjAQAP_imkS-10tJzwOoIq-9JgGUoBxQIP5OIlFAPcdLNHGZ22aZeGy6LPYiOVISDFUBCCurqVSoIVXOOI1gJCAWsfvNKKYr91ubL7E_D3Ua-nnsqN6U-kun-jhkvh2-7t-gjVO71hIK68BOUrHeaofAWjpG5U0p7GXywGAxBmmkt4qJtAoKY8qhUM5qnd7HIS9pbh4dP9fjiSfx_gAEmUd8:1uUK5Y:TePRmuchtqA9g0EDd1xFW_fPwLVH2PKrjbO94Bk52c0	2025-07-09 12:28:32.593011+05:30
39mgboeuit22hduu2h5j7cttwp1bw3ul	.eJxVjrsOAiEURP-FWghclpelvf4CAS64q2Yx-9DC-O-yiYV2k8yck3kRH9al9-ucJz8g2RMB2VnjHNXRaNrJGKhF4WjUqkCxnY0Gye4XiyFd87ixeAnjubJUx2UaItsm7NvO7Fgx3w7f7Z-gD3PfaA7CQQaNIkLIghvbodSyFMFRKkBlwCqTQRQei-btjgYuEwZnArbcpPep4poW_xjysxlPlbw_5EFGww:1v67Ac:sOR2NeZivVguRfs4pmYIi50mxkiaZvmE8j6epDczHHc	2025-10-21 18:21:58.610596+05:30
so2eryfj18xvebosiwiz4hsritx93dtc	.eJxVjrsOAiEURP-FWghclpelvf4CAS64q2Yx-9DC-O-yiYV2k8yck3kRH9al9-ucJz8g2RMB2VnjHNXRaNrJGKhF4WjUqkCxnY0Gye4XiyFd87ixeAnjubJUx2UaItsm7NvO7Fgx3w7f7Z-gD3PfaA7CQQaNIkLIghvbodSyFMFRKkBlwCqTQRQei-btjgYuEwZnArbcpPep4poW_xjysxlPlbw_5EFGww:1urUPb:cxNu5yks9OVqQfM0m_2tKZBQwv92nYt598IqmD8BOH4	2025-09-11 10:08:59.885413+05:30
8jbhmnae15rg8evr0qkdx4v7emv30htc	.eJxVjrsOAiEURP-FWghclpelvf4CAS64q2Yx-9DC-O-yiYV2k8yck3kRH9al9-ucJz8g2RMB2VnjHNXRaNrJGKhF4WjUqkCxnY0Gye4XiyFd87ixeAnjubJUx2UaItsm7NvO7Fgx3w7f7Z-gD3PfaA7CQQaNIkLIghvbodSyFMFRKkBlwCqTQRQei-btjgYuEwZnArbcpPep4poW_xjysxlPlbw_5EFGww:1v9gPd:X8eWMY95H5kCM8cVigyjPnbRVwCSnMHiAK3JGnw7W3w	2025-10-31 14:36:13.304024+05:30
dncdsbg6ot6ppjjsik278fwi900h4429	.eJxVjrsOAiEURP-FWghclpelvf4CAS64q2Yx-9DC-O-yiYV2k8yck3kRH9al9-ucJz8g2RMB2VnjHNXRaNrJGKhF4WjUqkCxnY0Gye4XiyFd87ixeAnjubJUx2UaItsm7NvO7Fgx3w7f7Z-gD3PfaA7CQQaNIkLIghvbodSyFMFRKkBlwCqTQRQei-btjgYuEwZnArbcpPep4poW_xjysxlPlbw_5EFGww:1utiQD:C0y-F4OhA4MGi411AuaTFHSVvdDE16FqL4K82QnVNIk	2025-09-17 13:30:49.980603+05:30
esyirj0jkud8u93d0ftsm51hlgykjivg	.eJxVjrsOAiEURP-FWghclpelvf4CAS64q2Yx-9DC-O-yiYV2k8yck3kRH9al9-ucJz8g2RMB2VnjHNXRaNrJGKhF4WjUqkCxnY0Gye4XiyFd87ixeAnjubJUx2UaItsm7NvO7Fgx3w7f7Z-gD3PfaA7CQQaNIkLIghvbodSyFMFRKkBlwCqTQRQei-btjgYuEwZnArbcpPep4poW_xjysxlPlbw_5EFGww:1uylxX:3pWMdHkZB0KBP6og2AZjgs4PmsC7Yif0eKR6v1lCKoo	2025-10-01 12:18:07.758133+05:30
lwus03o0u1em5p1cmqr9m8i4tsk7rrqn	.eJxVjDkOwjAQAP_imkS-10tJzwOoIq-9JgGUoBxQIP5OIlFAPcdLNHGZ22aZeGy6LPYiOVISDFUBCCurqVSoIVXOOI1gJCAWsfvNKKYr91ubL7E_D3Ua-nnsqN6U-kun-jhkvh2-7t-gjVO71hIK68BOUrHeaofAWjpG5U0p7GXywGAxBmmkt4qJtAoKY8qhUM5qnd7HIS9pbh4dP9fjiSfx_gAEmUd8:1vDegA:boQMEExQvWAbJ2d9-iJ4yLS8WHHAAQittfuOA_BNZNU	2025-11-11 13:33:42.804317+05:30
i2sqae7z6pam76dlc931ygo5lrlv7zlq	.eJxVjDkOwjAQAP_imkS-10tJzwOoIq-9JgGUoBxQIP5OIlFAPcdLNHGZ22aZeGy6LPYiOVISDFUBCCurqVSoIVXOOI1gJCAWsfvNKKYr91ubL7E_D3Ua-nnsqN6U-kun-jhkvh2-7t-gjVO71hIK68BOUrHeaofAWjpG5U0p7GXywGAxBmmkt4qJtAoKY8qhUM5qnd7HIS9pbh4dP9fjiSfx_gAEmUd8:1v3C6F:oLWwEZBxwPfWCq-fdi-1FLYPyfMiS0MQf14gPPaq2fs	2025-10-13 17:01:23.196167+05:30
l24qt3dqb6ivienha5m12r7wdpf94k83	.eJxVjDkOwjAQAP_imkS-10tJzwOoIq-9JgGUoBxQIP5OIlFAPcdLNHGZ22aZeGy6LPYiOVISDFUBCCurqVSoIVXOOI1gJCAWsfvNKKYr91ubL7E_D3Ua-nnsqN6U-kun-jhkvh2-7t-gjVO71hIK68BOUrHeaofAWjpG5U0p7GXywGAxBmmkt4qJtAoKY8qhUM5qnd7HIS9pbh4dP9fjiSfx_gAEmUd8:1vE0NK:Xpr4PGcgYonSerwHk_ULTOi4Id0PqhSvjuzy4dgy-IY	2025-11-12 12:43:42.332203+05:30
hsjgjyc0v5kdnpes26rpskx9yu9ttbvj	.eJxVjrsOAiEURP-FWghclpelvf4CAS64q2Yx-9DC-O-yiYV2k8yck3kRH9al9-ucJz8g2RMB2VnjHNXRaNrJGKhF4WjUqkCxnY0Gye4XiyFd87ixeAnjubJUx2UaItsm7NvO7Fgx3w7f7Z-gD3PfaA7CQQaNIkLIghvbodSyFMFRKkBlwCqTQRQei-btjgYuEwZnArbcpPep4poW_xjysxlPlbw_5EFGww:1uZlmY:NJ8lkTyQR1UQSCqFF9GFXg9B3qwBp3suP4v-IkdpaYw	2025-07-24 13:03:26.724814+05:30
m3kciniugdeu0lnpmw8rvubxaerjem09	.eJxVjEsOwiAQQO_C2hIoTKEu3esVyMAMtmqK6UcXxrvbJi50_T4vEXCZu7BMPIaexF4oQw580hUQQWWVcVUbDVfQtMy-qSExid1vFjFdedhauuBwLjKVYR77KDdFfukkj4X4dvi6f4MOp26tjfFK55iiSopQAXN0NirXmIxITnvKxN7ZOluNDtBEC56UtpBzSzWv0_tYaElzePT8XI-nIt4fWJ9Iag:1uZmrF:Xz5Gd2GkNdLQuKSH7dp0spuCSbyrnnEcNZ_GiAWozqE	2025-07-24 14:12:21.306622+05:30
ilv3aht3znq6tcukhqkk5jcx227mpxiy	.eJxVjDkOwjAQAP_imkS-10tJzwOoIq-9JgGUoBxQIP5OIlFAPcdLNHGZ22aZeGy6LPYiOVISDFUBCCurqVSoIVXOOI1gJCAWsfvNKKYr91ubL7E_D3Ua-nnsqN6U-kun-jhkvh2-7t-gjVO71hIK68BOUrHeaofAWjpG5U0p7GXywGAxBmmkt4qJtAoKY8qhUM5qnd7HIS9pbh4dP9fjiSfx_gAEmUd8:1ubvUo:mBmDA4tBiPZbiZJ33QhUjYdTxjY1aXY4h1_X7qW7-jE	2025-07-30 11:50:02.242679+05:30
0cr8vxhpjckkx0mvjrbdgwa99wc5wbi0	.eJxVjEsOwiAQQO_C2hIoTKEu3esVyMAMtmqK6UcXxrvbJi50_T4vEXCZu7BMPIaexF4oQw580hUQQWWVcVUbDVfQtMy-qSExid1vFjFdedhauuBwLjKVYR77KDdFfukkj4X4dvi6f4MOp26tjfFK55iiSopQAXN0NirXmIxITnvKxN7ZOluNDtBEC56UtpBzSzWv0_tYaElzePT8XI-nIt4fWJ9Iag:1ufBk3:sojEgHHKP1xsgfFKygxyTajdDEexx2F56Tz8d0_RruM	2025-08-08 11:47:15.685732+05:30
tlycebn1xq92eb9hs3dqjt69owciabru	.eJxVjDkOwjAQAP_imkS-10tJzwOoIq-9JgGUoBxQIP5OIlFAPcdLNHGZ22aZeGy6LPYiOVISDFUBCCurqVSoIVXOOI1gJCAWsfvNKKYr91ubL7E_D3Ua-nnsqN6U-kun-jhkvh2-7t-gjVO71hIK68BOUrHeaofAWjpG5U0p7GXywGAxBmmkt4qJtAoKY8qhUM5qnd7HIS9pbh4dP9fjiSfx_gAEmUd8:1ujC54:3F8GINioC9M5QIzXQkcZK9URGpv6U2keS5TkaQzmV5w	2025-08-19 12:57:30.624992+05:30
jkw0615sfg5w47fyolumi2cqfkwrcgd9	.eJxVjrsOAiEURP-FWghclpelvf4CAS64q2Yx-9DC-O-yiYV2k8yck3kRH9al9-ucJz8g2RMB2VnjHNXRaNrJGKhF4WjUqkCxnY0Gye4XiyFd87ixeAnjubJUx2UaItsm7NvO7Fgx3w7f7Z-gD3PfaA7CQQaNIkLIghvbodSyFMFRKkBlwCqTQRQei-btjgYuEwZnArbcpPep4poW_xjysxlPlbw_5EFGww:1ujXCu:0fCoMtuN7Kb6UMpLBNbBTgY2DVYE2tmzx3TcWkf9nhE	2025-08-20 11:31:00.936048+05:30
\.


--
-- Data for Name: orders_ads; Type: TABLE DATA; Schema: public; Owner: postgres
--

COPY public.orders_ads ("AdTitle", "AdDescription", "AdPlacement", "AdType", "StandardImage", "BannerImage", created_at, "Coupon_id", "Discount_id", "Product_id", uuid) FROM stdin;
Indulge in Traditional Delight!	Experience the rich and buttery goodness of our Authentic Mysore Pak.	Top	Discount	standard_images/banner_6_1.png	banners/banner_6_1.png	2025-02-27 11:43:49.660375+05:30	\N	6	\N	b61a119b-3980-4d35-9c08-18f614404341
Delicious Marble Cake – Limited Time Offer!	Savor the delightful blend of chocolate and vanilla in our Gourmet Marble Cake.	Top,Bottom,Banner	Product	standard_images/banner_4.jpg	banners/banner_4.jpg	2025-02-27 18:34:42.035642+05:30	\N	\N	91	b9650283-6570-49b2-9fd2-f3caf8a87ee2
\.


--
-- Data for Name: orders_cart; Type: TABLE DATA; Schema: public; Owner: postgres
--

COPY public.orders_cart (id, anonymous_id, created_at, updated_at, user_id, coupon_id, custom_coupon) FROM stdin;
1021	e93594b0-5960-42ae-ad6a-54fb3b333a3a	2025-08-26 16:52:54.119487+05:30	2025-08-26 16:52:54.119509+05:30	\N	\N	\N
1129	5145c2fb-e4c2-4fe4-98bf-2f67693e94bc	2025-10-06 15:30:49.028353+05:30	2025-10-06 15:30:49.028375+05:30	\N	\N	\N
105	c1b30a0e-7d8a-4608-818d-89ed19e45ee7	2025-02-13 14:08:27.232261+05:30	2025-02-13 14:08:27.232286+05:30	\N	\N	\N
563	a0bbfa4f-cc59-4ded-b813-a04503de3f37	2025-03-25 11:03:02.77678+05:30	2025-03-25 11:03:02.776802+05:30	\N	\N	\N
982	4f5546ee-d88c-4483-bfef-4c8dc25c054b	2025-07-16 11:33:43.852626+05:30	2025-07-16 11:33:43.852649+05:30	\N	\N	\N
1072	3d331759-a67c-402a-90c1-069464ee4e10	2025-09-04 15:46:10.172927+05:30	2025-09-04 15:46:10.172955+05:30	\N	\N	\N
315	c7584d00-76e6-4f6a-a543-00b7727532da	2025-03-07 09:54:02.314325+05:30	2025-03-07 09:54:02.314348+05:30	\N	\N	\N
1100	c5d6ed3f-17cf-43c1-a502-db8e1a2424ef	2025-09-22 13:34:33.357222+05:30	2025-09-22 13:34:33.357247+05:30	\N	\N	\N
1146	\N	2025-10-07 18:25:57.44423+05:30	2025-10-07 18:25:57.444251+05:30	3cb13088-4031-4be0-8590-5c576edb88ef	\N	\N
1077	083f7372-f76e-4398-afeb-5012c7665498	2025-09-08 17:41:30.461984+05:30	2025-09-08 17:41:30.462007+05:30	\N	\N	\N
32	3f10802b-aedd-4117-95b3-07faac6897ef	2025-01-27 11:53:24.910247+05:30	2025-01-27 11:53:24.910268+05:30	\N	\N	\N
127	7efb2c95-7a59-4344-95a7-1b57aa59480e	2025-02-17 13:33:16.360549+05:30	2025-02-17 13:33:16.360573+05:30	\N	\N	\N
532	8e7dd7c4-a408-4bd3-b6cd-2fb1e34ad5fd	2025-03-21 10:57:59.11807+05:30	2025-03-21 10:57:59.118091+05:30	\N	\N	\N
533	9874ca55-d9e5-4d05-a28a-9d7e9649cef3	2025-03-21 12:38:12.974549+05:30	2025-03-21 12:38:12.974573+05:30	\N	\N	\N
1080	094fe279-c774-45f4-9b36-a1764d67e025	2025-09-09 17:55:52.746995+05:30	2025-09-09 17:55:52.747018+05:30	\N	\N	\N
535	d7c10f0c-8a64-42ab-a126-c915368a489e	2025-03-21 13:27:05.708351+05:30	2025-03-21 13:27:05.708373+05:30	\N	\N	\N
369	0ffe6207-fe5b-4695-8e8f-2d5a35cd77be	2025-03-13 14:32:50.583107+05:30	2025-03-13 14:32:50.583128+05:30	\N	\N	\N
1150	\N	2025-10-08 10:10:27.194756+05:30	2025-10-08 10:10:27.194778+05:30	f230e7e7-5560-4f7e-b061-3de01ffbc325	\N	\N
434	c85ed7e6-d779-4345-8ffc-717dda92ff4e	2025-03-17 10:52:35.18454+05:30	2025-03-17 10:52:35.184562+05:30	\N	\N	\N
540	f474484b-a70b-49b4-aa64-cd36c2a90fd5	2025-03-21 17:33:32.303478+05:30	2025-03-21 17:33:32.303513+05:30	\N	\N	\N
541	7a1fcc78-424e-4b9f-afa2-b74356bb955a	2025-03-21 17:33:49.162655+05:30	2025-03-21 17:33:49.162676+05:30	\N	\N	\N
1154	\N	2025-10-13 13:25:48.963853+05:30	2025-10-13 13:25:48.963875+05:30	0bea732a-48b3-458b-9d7c-b147f6aa544f	\N	\N
1156	\N	2025-10-13 14:35:24.08563+05:30	2025-10-13 14:35:24.085651+05:30	989b568a-481b-4077-8813-5881eb0f6b0e	\N	\N
1159	\N	2025-10-14 16:08:31.076526+05:30	2025-10-14 16:08:31.076548+05:30	002d887f-c6c7-49e9-aa0d-1383e0e8910d	\N	\N
1004	452e3e57-3116-4307-ad7c-a772b2d0721f	2025-08-23 17:38:13.787056+05:30	2025-08-23 17:38:13.78708+05:30	\N	\N	\N
1157	\N	2025-10-13 14:35:57.919235+05:30	2025-10-13 14:35:57.919256+05:30	f2afc31f-e1b6-497c-8fa8-098e63dcc00b	\N	\N
1162	\N	2025-10-17 15:30:29.156216+05:30	2025-10-17 15:30:29.156237+05:30	7639bf37-f4ae-4f75-8854-937c1e4b11cc	\N	\N
1163	\N	2025-10-17 15:31:29.772974+05:30	2025-10-17 15:31:29.772995+05:30	5f41b51e-4630-43d9-bb6a-4e35585f80b1	\N	\N
1165	\N	2025-10-28 14:16:37.961852+05:30	2025-10-28 14:16:37.961872+05:30	ac80fb8c-345c-4389-ac1c-b7bb11ac63e7	\N	\N
1166	\N	2025-10-29 10:12:58.401274+05:30	2025-10-29 10:12:58.401301+05:30	2ff02a1a-716f-420f-a842-4a975f276309	\N	\N
1012	edb6a7c4-adc7-49f4-80e7-ba7842f256aa	2025-08-26 10:10:54.726252+05:30	2025-08-26 10:10:54.726284+05:30	\N	\N	\N
1169	\N	2025-10-29 13:00:15.964827+05:30	2025-10-29 13:00:15.964847+05:30	cb5dd479-3722-432b-9eac-131d9efbca2a	\N	\N
1167	\N	2025-10-29 12:38:11.854731+05:30	2025-10-29 14:58:34.045231+05:30	d54c4c60-b44b-4830-acad-dbba16c821e8	28	\N
1170	\N	2025-10-31 10:53:56.870431+05:30	2025-10-31 10:53:56.870453+05:30	0d974337-9720-461e-8f0d-5f0134bb7374	\N	\N
\.


--
-- Data for Name: orders_cartitem; Type: TABLE DATA; Schema: public; Owner: postgres
--

COPY public.orders_cartitem (id, quantity, cart_id, sku_id) FROM stdin;
698	3	540	59
699	1	541	73
460	1	369	104
530	1	434	73
131	1	105	123
684	1	532	59
2048	1	1156	111
1668	1	1004	80
1669	1	1004	82
683	1	532	73
153	1	127	135
685	1	533	59
1670	2	1004	80
1671	1	1004	82
1673	1	1004	82
1674	1	1004	46
1675	3	1004	80
1676	1	1004	82
1677	1	1004	27
1678	1	1004	46
1679	3	1004	80
1680	1	1004	82
1681	2	1004	27
1682	1	1004	46
1683	3	1004	80
1684	1	1004	82
1685	2	1004	27
392	1	315	123
1686	1	1004	46
1687	1	1004	73
1688	3	1004	80
1689	1	1004	82
2068	1	1169	81
2067	2	1167	79
687	1	535	59
693	1	535	135
2052	1	1159	142
2053	1	1159	143
728	1	563	72
2056	1	1157	59
2049	4	1157	97
2058	1	1162	59
2059	1	1163	79
2045	3	1154	92
1756	1	1021	91
1755	2	1021	92
1760	1	1021	93
1761	1	1021	95
1992	2	1129	92
1715	2	1012	59
1714	5	1012	92
1716	2	1012	97
2069	1	1170	138
2039	4	1150	59
2038	12	1150	79
2070	1	1170	144
2062	3	1165	92
1626	1	982	92
2030	1	1146	92
2031	4	1146	133
1912	1	1100	59
1908	1	1100	93
2063	1	1166	49
2064	1	1166	54
2071	1	1170	55
2065	1	1167	124
1860	67	1077	79
1869	1	1080	92
1847	1	1072	79
1848	1	1072	91
1849	1	1072	93
\.


--
-- Data for Name: orders_cartitemcustomization; Type: TABLE DATA; Schema: public; Owner: postgres
--

COPY public.orders_cartitemcustomization (id, custom_note, custom_image, custom_image_id, cart_item_id) FROM stdin;
\.


--
-- Data for Name: orders_communication; Type: TABLE DATA; Schema: public; Owner: postgres
--

COPY public.orders_communication (id, created_at, is_send, user_id, message_id) FROM stdin;
1	2025-03-05 14:41:02.101348+05:30	f	e315a490-321f-4ca6-ad0f-5788fd70f7d0	3e870f7e-c155-42e4-9ed6-731e616b6696
2	2025-03-05 14:41:04.561968+05:30	f	e315a490-321f-4ca6-ad0f-5788fd70f7d0	0245b9b1-d6cd-4bbc-8e98-50965271d4b5
3	2025-03-05 14:41:06.261881+05:30	f	fdd124cb-05bf-4dd9-b28b-dfd5b61951e7	3e870f7e-c155-42e4-9ed6-731e616b6696
4	2025-03-05 14:41:08.007289+05:30	f	e315a490-321f-4ca6-ad0f-5788fd70f7d0	f30b6800-26b0-46b3-b52e-eff53fea7d9d
5	2025-03-05 14:41:08.817763+05:30	f	fdd124cb-05bf-4dd9-b28b-dfd5b61951e7	0245b9b1-d6cd-4bbc-8e98-50965271d4b5
6	2025-03-05 14:41:10.465929+05:30	f	c972daf6-63e6-44a0-9734-ac21322367b3	3e870f7e-c155-42e4-9ed6-731e616b6696
7	2025-03-05 14:41:12.205245+05:30	f	fdd124cb-05bf-4dd9-b28b-dfd5b61951e7	f30b6800-26b0-46b3-b52e-eff53fea7d9d
8	2025-03-05 14:41:13.133682+05:30	f	c972daf6-63e6-44a0-9734-ac21322367b3	0245b9b1-d6cd-4bbc-8e98-50965271d4b5
9	2025-03-05 14:41:14.738005+05:30	f	c6a78131-74f0-4201-bde7-e3a10697f78d	3e870f7e-c155-42e4-9ed6-731e616b6696
10	2025-03-05 14:41:16.5052+05:30	f	c972daf6-63e6-44a0-9734-ac21322367b3	f30b6800-26b0-46b3-b52e-eff53fea7d9d
11	2025-03-05 14:41:17.423169+05:30	f	c6a78131-74f0-4201-bde7-e3a10697f78d	0245b9b1-d6cd-4bbc-8e98-50965271d4b5
12	2025-03-05 14:41:19.163024+05:30	f	6cd2ca42-8658-40a2-8214-ca241cd05c81	3e870f7e-c155-42e4-9ed6-731e616b6696
13	2025-03-05 14:41:20.748115+05:30	f	c6a78131-74f0-4201-bde7-e3a10697f78d	f30b6800-26b0-46b3-b52e-eff53fea7d9d
14	2025-03-05 14:41:21.759146+05:30	f	6cd2ca42-8658-40a2-8214-ca241cd05c81	0245b9b1-d6cd-4bbc-8e98-50965271d4b5
15	2025-03-05 14:41:23.371998+05:30	f	b2fd4341-bda9-44cf-912d-25952e6ecab8	3e870f7e-c155-42e4-9ed6-731e616b6696
16	2025-03-05 14:41:25.058363+05:30	f	6cd2ca42-8658-40a2-8214-ca241cd05c81	f30b6800-26b0-46b3-b52e-eff53fea7d9d
17	2025-03-05 14:41:26.015863+05:30	f	b2fd4341-bda9-44cf-912d-25952e6ecab8	0245b9b1-d6cd-4bbc-8e98-50965271d4b5
18	2025-03-05 14:41:29.401358+05:30	f	b2fd4341-bda9-44cf-912d-25952e6ecab8	f30b6800-26b0-46b3-b52e-eff53fea7d9d
19	2025-03-05 14:45:49.395778+05:30	f	e315a490-321f-4ca6-ad0f-5788fd70f7d0	dcba42e2-7c25-4318-83af-7c503c9ca73e
20	2025-03-05 14:45:49.749363+05:30	f	fdd124cb-05bf-4dd9-b28b-dfd5b61951e7	dcba42e2-7c25-4318-83af-7c503c9ca73e
21	2025-03-05 14:45:50.078188+05:30	f	c972daf6-63e6-44a0-9734-ac21322367b3	dcba42e2-7c25-4318-83af-7c503c9ca73e
22	2025-03-05 14:45:50.407999+05:30	f	c6a78131-74f0-4201-bde7-e3a10697f78d	dcba42e2-7c25-4318-83af-7c503c9ca73e
23	2025-03-05 14:45:50.744781+05:30	f	6cd2ca42-8658-40a2-8214-ca241cd05c81	dcba42e2-7c25-4318-83af-7c503c9ca73e
24	2025-03-05 14:45:51.078349+05:30	f	b2fd4341-bda9-44cf-912d-25952e6ecab8	dcba42e2-7c25-4318-83af-7c503c9ca73e
25	2025-03-05 14:47:26.740732+05:30	f	e315a490-321f-4ca6-ad0f-5788fd70f7d0	0ed67e9f-f1fd-40f3-8b99-b6ca7980ba1c
26	2025-03-05 14:47:30.958582+05:30	f	fdd124cb-05bf-4dd9-b28b-dfd5b61951e7	0ed67e9f-f1fd-40f3-8b99-b6ca7980ba1c
27	2025-03-05 14:47:35.151151+05:30	f	c972daf6-63e6-44a0-9734-ac21322367b3	0ed67e9f-f1fd-40f3-8b99-b6ca7980ba1c
28	2025-03-05 14:47:39.444773+05:30	f	c6a78131-74f0-4201-bde7-e3a10697f78d	0ed67e9f-f1fd-40f3-8b99-b6ca7980ba1c
29	2025-03-05 14:47:43.576927+05:30	f	6cd2ca42-8658-40a2-8214-ca241cd05c81	0ed67e9f-f1fd-40f3-8b99-b6ca7980ba1c
30	2025-03-05 14:47:47.675767+05:30	f	b2fd4341-bda9-44cf-912d-25952e6ecab8	0ed67e9f-f1fd-40f3-8b99-b6ca7980ba1c
67	2025-03-07 12:43:52.816204+05:30	f	e315a490-321f-4ca6-ad0f-5788fd70f7d0	b5cf702d-a993-4029-9eb5-30ebf38404b4
68	2025-03-07 12:43:57.194705+05:30	f	fdd124cb-05bf-4dd9-b28b-dfd5b61951e7	b5cf702d-a993-4029-9eb5-30ebf38404b4
69	2025-03-07 12:44:01.479932+05:30	f	c972daf6-63e6-44a0-9734-ac21322367b3	b5cf702d-a993-4029-9eb5-30ebf38404b4
70	2025-03-07 12:44:05.831306+05:30	f	c6a78131-74f0-4201-bde7-e3a10697f78d	b5cf702d-a993-4029-9eb5-30ebf38404b4
71	2025-03-07 12:44:10.093607+05:30	f	6cd2ca42-8658-40a2-8214-ca241cd05c81	b5cf702d-a993-4029-9eb5-30ebf38404b4
72	2025-03-07 12:44:14.491749+05:30	f	b2fd4341-bda9-44cf-912d-25952e6ecab8	b5cf702d-a993-4029-9eb5-30ebf38404b4
87	2025-03-20 11:53:45.97265+05:30	f	e315a490-321f-4ca6-ad0f-5788fd70f7d0	3dddd0cb-c4e1-4bf5-92e7-4981a6082bdf
88	2025-03-20 11:53:49.574806+05:30	f	fdd124cb-05bf-4dd9-b28b-dfd5b61951e7	3dddd0cb-c4e1-4bf5-92e7-4981a6082bdf
89	2025-03-20 11:53:53.155431+05:30	f	c972daf6-63e6-44a0-9734-ac21322367b3	3dddd0cb-c4e1-4bf5-92e7-4981a6082bdf
90	2025-03-20 11:53:56.770818+05:30	f	c6a78131-74f0-4201-bde7-e3a10697f78d	3dddd0cb-c4e1-4bf5-92e7-4981a6082bdf
91	2025-03-20 11:54:00.967095+05:30	f	6cd2ca42-8658-40a2-8214-ca241cd05c81	3dddd0cb-c4e1-4bf5-92e7-4981a6082bdf
92	2025-03-20 11:54:04.71841+05:30	f	b2fd4341-bda9-44cf-912d-25952e6ecab8	3dddd0cb-c4e1-4bf5-92e7-4981a6082bdf
93	2025-03-20 11:54:08.417097+05:30	f	120346b0-dd02-49a3-bf33-400569c8e33d	3dddd0cb-c4e1-4bf5-92e7-4981a6082bdf
94	2025-03-20 11:54:12.026022+05:30	f	66fa391b-4e09-437d-a0bf-dce80e21567f	3dddd0cb-c4e1-4bf5-92e7-4981a6082bdf
95	2025-03-20 11:55:24.42085+05:30	f	e315a490-321f-4ca6-ad0f-5788fd70f7d0	d4d84cb3-3d50-4acc-ad10-290c3757021c
96	2025-03-20 11:55:24.80061+05:30	f	fdd124cb-05bf-4dd9-b28b-dfd5b61951e7	d4d84cb3-3d50-4acc-ad10-290c3757021c
97	2025-03-20 11:55:25.147737+05:30	f	c972daf6-63e6-44a0-9734-ac21322367b3	d4d84cb3-3d50-4acc-ad10-290c3757021c
98	2025-03-20 11:55:25.484814+05:30	f	c6a78131-74f0-4201-bde7-e3a10697f78d	d4d84cb3-3d50-4acc-ad10-290c3757021c
99	2025-03-20 11:55:25.819098+05:30	f	6cd2ca42-8658-40a2-8214-ca241cd05c81	d4d84cb3-3d50-4acc-ad10-290c3757021c
100	2025-03-20 11:55:26.129914+05:30	f	e315a490-321f-4ca6-ad0f-5788fd70f7d0	6c483762-9ec0-441b-bdb2-17e860a0ade5
101	2025-03-20 11:55:26.146841+05:30	f	b2fd4341-bda9-44cf-912d-25952e6ecab8	d4d84cb3-3d50-4acc-ad10-290c3757021c
102	2025-03-20 11:55:26.467449+05:30	f	fdd124cb-05bf-4dd9-b28b-dfd5b61951e7	6c483762-9ec0-441b-bdb2-17e860a0ade5
103	2025-03-20 11:55:26.483682+05:30	f	120346b0-dd02-49a3-bf33-400569c8e33d	d4d84cb3-3d50-4acc-ad10-290c3757021c
104	2025-03-20 11:55:26.787634+05:30	f	66fa391b-4e09-437d-a0bf-dce80e21567f	d4d84cb3-3d50-4acc-ad10-290c3757021c
105	2025-03-20 11:55:26.800168+05:30	f	c972daf6-63e6-44a0-9734-ac21322367b3	6c483762-9ec0-441b-bdb2-17e860a0ade5
106	2025-03-20 11:55:27.142194+05:30	f	c6a78131-74f0-4201-bde7-e3a10697f78d	6c483762-9ec0-441b-bdb2-17e860a0ade5
107	2025-03-20 11:55:27.470723+05:30	f	6cd2ca42-8658-40a2-8214-ca241cd05c81	6c483762-9ec0-441b-bdb2-17e860a0ade5
108	2025-03-20 11:55:27.793043+05:30	f	b2fd4341-bda9-44cf-912d-25952e6ecab8	6c483762-9ec0-441b-bdb2-17e860a0ade5
109	2025-03-20 11:55:28.114717+05:30	f	120346b0-dd02-49a3-bf33-400569c8e33d	6c483762-9ec0-441b-bdb2-17e860a0ade5
110	2025-03-20 11:55:28.429598+05:30	f	66fa391b-4e09-437d-a0bf-dce80e21567f	6c483762-9ec0-441b-bdb2-17e860a0ade5
111	2025-03-20 12:13:31.5408+05:30	f	e315a490-321f-4ca6-ad0f-5788fd70f7d0	ea0d0643-7eeb-4c16-8516-123840cd1b78
112	2025-03-20 12:13:35.361323+05:30	f	fdd124cb-05bf-4dd9-b28b-dfd5b61951e7	ea0d0643-7eeb-4c16-8516-123840cd1b78
113	2025-03-20 12:13:39.12835+05:30	f	c972daf6-63e6-44a0-9734-ac21322367b3	ea0d0643-7eeb-4c16-8516-123840cd1b78
114	2025-03-20 12:13:42.818485+05:30	f	c6a78131-74f0-4201-bde7-e3a10697f78d	ea0d0643-7eeb-4c16-8516-123840cd1b78
115	2025-03-20 12:13:46.561594+05:30	f	6cd2ca42-8658-40a2-8214-ca241cd05c81	ea0d0643-7eeb-4c16-8516-123840cd1b78
116	2025-03-20 12:13:50.693005+05:30	f	b2fd4341-bda9-44cf-912d-25952e6ecab8	ea0d0643-7eeb-4c16-8516-123840cd1b78
117	2025-03-20 12:13:54.277037+05:30	f	120346b0-dd02-49a3-bf33-400569c8e33d	ea0d0643-7eeb-4c16-8516-123840cd1b78
118	2025-03-20 12:13:58.192885+05:30	f	66fa391b-4e09-437d-a0bf-dce80e21567f	ea0d0643-7eeb-4c16-8516-123840cd1b78
128	2025-03-25 13:11:50.719284+05:30	f	e315a490-321f-4ca6-ad0f-5788fd70f7d0	fa094e64-73ed-4349-97d1-69df53e3da2c
129	2025-03-25 13:11:54.491621+05:30	f	fdd124cb-05bf-4dd9-b28b-dfd5b61951e7	fa094e64-73ed-4349-97d1-69df53e3da2c
130	2025-03-25 13:11:58.228764+05:30	f	c972daf6-63e6-44a0-9734-ac21322367b3	fa094e64-73ed-4349-97d1-69df53e3da2c
131	2025-03-25 13:12:01.871516+05:30	f	c6a78131-74f0-4201-bde7-e3a10697f78d	fa094e64-73ed-4349-97d1-69df53e3da2c
132	2025-03-25 13:12:05.780883+05:30	f	6cd2ca42-8658-40a2-8214-ca241cd05c81	fa094e64-73ed-4349-97d1-69df53e3da2c
133	2025-03-25 13:12:09.551622+05:30	f	b2fd4341-bda9-44cf-912d-25952e6ecab8	fa094e64-73ed-4349-97d1-69df53e3da2c
134	2025-03-25 13:12:13.283277+05:30	f	120346b0-dd02-49a3-bf33-400569c8e33d	fa094e64-73ed-4349-97d1-69df53e3da2c
135	2025-03-25 13:12:16.978599+05:30	f	66fa391b-4e09-437d-a0bf-dce80e21567f	fa094e64-73ed-4349-97d1-69df53e3da2c
136	2025-03-25 13:12:20.666039+05:30	f	f75db508-14f6-4858-8274-db2f2c2312ca	fa094e64-73ed-4349-97d1-69df53e3da2c
\.


--
-- Data for Name: orders_coupons; Type: TABLE DATA; Schema: public; Owner: postgres
--

COPY public.orders_coupons (id, "CouponName", "CouponCode", "CouponDescription", "Icon", "CouponOn", "TotalBillAmount", "DiscountAmount", "DiscountPercentage", "CouponType", "MaxNumberofUsers", "Validity_start_date", validity_end_date, "TermsAndConditions", "NotificationSchedule", created_at, "MaxDiscountAmountForPercentage") FROM stdin;
28	Copoun 2	NAVYACAKE	Slice Into Sweetness		Category	50	\N	5	percentage	500	2025-06-19 00:00:00+05:30	2026-10-22 00:00:00+05:30	Valid for all flavours	\N	2025-06-05 14:44:57.764093+05:30	100
24	Coupoun 1	NAVYADRYCAKE	Festive Delight: Eggless English Fruit Cake Offer!	icons/freshcakes_7qpCaI1.png	SubCategory	80	20	\N	amount	100	2025-03-09 00:00:00+05:30	2026-10-18 00:00:00+05:30	Available  -Enjoy a flat ₹100 discount on our Eggless English Fruit Cake with a minimum spend of ₹1000. A festive treat with extra savings!	\N	2025-03-06 17:53:19.936737+05:30	\N
8	Coupoun 3	NAVYASWEET	Sweet Savings: 10% Off on All Sweets!	icons/sweets4_SYr3hUe.png	Category	100	\N	10	percentage	5	2025-02-10 00:00:00+05:30	2025-12-23 00:00:00+05:30	Savor the sweetness of a great deal! Enjoy a delightful 10% discount on our entire range of sweets. Treat yourself or share the joy—this offer is simply irresistible!	\N	2025-02-19 15:02:34.885058+05:30	750
\.


--
-- Data for Name: orders_coupons_ApplicableCategory; Type: TABLE DATA; Schema: public; Owner: postgres
--

COPY public."orders_coupons_ApplicableCategory" (id, coupons_id, productcategory_id) FROM stdin;
115	24	59c134e9-db90-483c-b7a6-e86fc243d79a
117	8	4a68fb62-be9a-4d77-8f43-1a7727e8b2c4
120	28	59c134e9-db90-483c-b7a6-e86fc243d79a
\.


--
-- Data for Name: orders_coupons_ApplicableProduct; Type: TABLE DATA; Schema: public; Owner: postgres
--

COPY public."orders_coupons_ApplicableProduct" (id, coupons_id, products_id) FROM stdin;
\.


--
-- Data for Name: orders_coupons_ApplicableSku; Type: TABLE DATA; Schema: public; Owner: postgres
--

COPY public."orders_coupons_ApplicableSku" (id, coupons_id, sku_id) FROM stdin;
\.


--
-- Data for Name: orders_coupons_ApplicableSubCategory; Type: TABLE DATA; Schema: public; Owner: postgres
--

COPY public."orders_coupons_ApplicableSubCategory" (id, coupons_id, productsubcategory_id) FROM stdin;
70	24	02a47f91-e33a-4c4d-bec8-ebdab3fbce62
\.


--
-- Data for Name: orders_coupons_CouponUsed; Type: TABLE DATA; Schema: public; Owner: postgres
--

COPY public."orders_coupons_CouponUsed" (id, coupons_id, users_id) FROM stdin;
\.


--
-- Data for Name: orders_customcoupon; Type: TABLE DATA; Schema: public; Owner: postgres
--

COPY public.orders_customcoupon (id, coupon_code, created_date, user_id, coupon_id) FROM stdin;
1	NavyaCoup16389381	2025-09-11 11:23:27.076789+05:30	7f5458d9-cf55-48f5-80f2-c17db3081caf	1
\.


--
-- Data for Name: orders_customcouponsettings; Type: TABLE DATA; Schema: public; Owner: postgres
--

COPY public.orders_customcouponsettings (id, coupon_name, coupon_description, lower_limit_price, higher_limit_price, discount_amount) FROM stdin;
1	CC123	FLAT 250 OFF only for you	1000.00	10000.00	250.00
\.


--
-- Data for Name: orders_deletedorders; Type: TABLE DATA; Schema: public; Owner: postgres
--

COPY public.orders_deletedorders (uuid, "order_ID", order_type, grand_total, order_status, order_assigntime, order_delivered_time, created_date, description, message, custom_product_id, pu_uuid_id, store_uuid_id) FROM stdin;
\.


--
-- Data for Name: orders_deliveryboys; Type: TABLE DATA; Schema: public; Owner: postgres
--

COPY public.orders_deliveryboys (id, team_member_name, phone_number, delivery_boy_status, status, created_date, updated_date, shop_id, email) FROM stdin;
9	Rahul	+919961073410	not assigned	verified	2025-03-07 15:53:04.705416+05:30	2025-06-13 10:05:04.740828+05:30	3b331937-12ee-4c19-8bf6-68d1529e82b2	rahul01@gmail.com
8	Manu	+919961073412	not assigned	verified	2025-03-07 14:42:08.945207+05:30	2025-06-13 10:05:13.906227+05:30	34148290-f2ae-45ff-aeba-6bc6436fecef	manu@gmail.com
7	Amal	+919961073413	not assigned	verified	2025-03-07 11:35:08.994939+05:30	2025-06-13 10:05:23.362329+05:30	3b331937-12ee-4c19-8bf6-68d1529e82b2	amal@gmail.com
6	Jithin	+919961073415	assigned	verified	2025-03-04 09:43:24.790575+05:30	2025-06-13 10:05:32.958249+05:30	3b331937-12ee-4c19-8bf6-68d1529e82b2	jithin@gmail.com
3	Rahul	9961007075	not assigned	verified	2025-02-18 17:50:51.677739+05:30	2025-06-13 10:05:53.335635+05:30	\N	rahul02@gmail.com
2	Prasanth	7994035508	not assigned	not verified	2025-02-18 17:50:43.617307+05:30	2025-06-13 10:06:05.851766+05:30	\N	prasanth@gmail.com
1	Midhun	7994035509	not assigned	not verified	2025-02-18 17:46:22.754956+05:30	2025-06-13 10:06:18.050687+05:30	\N	midhun01@gmail.com
5	Merin	+919961073416	assigned	verified	2025-02-25 13:05:02.484851+05:30	2025-07-03 12:03:03.947444+05:30	3b331937-12ee-4c19-8bf6-68d1529e82b2	merin@gmail.com
12	Rahul	+919961073407	not assigned	verified	2025-06-09 11:08:49.47272+05:30	2025-09-09 16:10:08.6761+05:30	3b331937-12ee-4c19-8bf6-68d1529e82b2	akhilraj.s@saasvaap.com
11	Keerthana	+917994035508	not assigned	verified	2025-03-25 09:47:06.850218+05:30	2025-09-11 11:23:27.068795+05:30	3b331937-12ee-4c19-8bf6-68d1529e82b2	gayathriiiarun123@gmail.com
10	Mathew	+919961073409	assigned	verified	2025-03-13 13:47:43.310943+05:30	2025-06-26 10:38:21.396629+05:30	3b331937-12ee-4c19-8bf6-68d1529e82b2	mathew@gmail.com
\.


--
-- Data for Name: orders_deliverydiscount; Type: TABLE DATA; Schema: public; Owner: postgres
--

COPY public.orders_deliverydiscount (id, min_order_value, discount_percent) FROM stdin;
1	1000.00	1.00
2	1500.00	1.50
3	500.00	0.50
4	2000.00	2.00
\.


--
-- Data for Name: orders_deliverysettings; Type: TABLE DATA; Schema: public; Owner: postgres
--

COPY public.orders_deliverysettings (id, base_fee, base_km, per_km_fee, free_delivery_min_order_value, free_delivery_max_distance) FROM stdin;
1	20.00	3.00	5.00	350.00	1.00
\.


--
-- Data for Name: orders_deliveryslot; Type: TABLE DATA; Schema: public; Owner: postgres
--

COPY public.orders_deliveryslot (id, start_time, end_time, is_available, status, created_at) FROM stdin;
1	10:00:00	11:00:00	t	active	2025-01-23 15:46:04.133458+05:30
2	12:00:00	14:00:00	t	active	2025-01-23 15:46:56.812164+05:30
3	15:30:00	16:00:00	t	active	2025-01-23 15:47:28.581084+05:30
\.


--
-- Data for Name: orders_discount; Type: TABLE DATA; Schema: public; Owner: postgres
--

COPY public.orders_discount (id, "DiscountName", "DiscountCode", "DiscountDescription", "DiscountOn", "DiscountPercentage", created_at, "BannerImage", "StandardImage") FROM stdin;
6	10% percent on the mysore pak	mpkll	Available	SubCategory	10.00	2025-02-27 12:07:00.50973+05:30	banners/image_49_1.png	standard_images/image_49_1.png
5	Savoury Sensations: 20% Off	OFF20	Savoury Sensations: 20% Off	SubCategory	20.00	2025-02-18 18:32:33.317018+05:30	banners/image_10.png	standard_images/image_10.png
4	5% off on all Dates Cakes	OFF 5%	5% off on all Dates Cakes	SubCategory	5.00	2025-02-18 18:28:09.24708+05:30	banners/image_11.png	standard_images/image_11.png
1	Tasty Treats 10% Off	10 OFF	Tasty Treats 10% Off	Category	10.00	2025-01-29 16:06:04.70303+05:30	banners/image_12.png	standard_images/image_12.png
\.


--
-- Data for Name: orders_discount_ApplicableCategory; Type: TABLE DATA; Schema: public; Owner: postgres
--

COPY public."orders_discount_ApplicableCategory" (id, discount_id, productcategory_id) FROM stdin;
4	4	59c134e9-db90-483c-b7a6-e86fc243d79a
7	6	4a68fb62-be9a-4d77-8f43-1a7727e8b2c4
8	1	a3789a4d-a3d3-4dfe-9b47-078dbd6f6268
9	5	eeccacf8-bd77-4f11-b128-78d1e9d59ffb
\.


--
-- Data for Name: orders_discount_ApplicableProduct; Type: TABLE DATA; Schema: public; Owner: postgres
--

COPY public."orders_discount_ApplicableProduct" (id, discount_id, products_id) FROM stdin;
\.


--
-- Data for Name: orders_discount_ApplicableSku; Type: TABLE DATA; Schema: public; Owner: postgres
--

COPY public."orders_discount_ApplicableSku" (id, discount_id, sku_id) FROM stdin;
\.


--
-- Data for Name: orders_discount_ApplicableSubCategory; Type: TABLE DATA; Schema: public; Owner: postgres
--

COPY public."orders_discount_ApplicableSubCategory" (id, discount_id, productsubcategory_id) FROM stdin;
3	6	9e47664b-4036-4082-a8a3-55c8ddbe673a
4	4	7d8027c2-6124-4193-9bc2-4d8d68ee9951
5	5	7b0f0600-8df6-4d33-b657-8c70139e9ff5
\.


--
-- Data for Name: orders_dropaddress; Type: TABLE DATA; Schema: public; Owner: postgres
--

COPY public.orders_dropaddress (uuid, name, house_number_or_name, street, land_mark, city, district, state_or_province, pin_code, latitude, longitude, address_type, contact_number) FROM stdin;
2e253f90-c3e2-4bfe-a0e0-9cb2cc16da7c	Amal VV	Carnival phase 3	street	Near TCS	city	\N	state	0	10.0142	76.3635	work	+91 7994035508
9522ad11-1cba-4dee-bf18-fa3a4a27ba9f	 None	kakkanad	street	kochi	city	\N	state	0	10.015846	76.341866	Work	9846988509
24ca8332-a444-4a4e-bf1e-6727bb5e3ffb	 None	kakkanad	street	kochi	city	\N	state	0	10.015846	76.341866	Work	9846988509
ccbaf27a-73ab-4be6-ad25-a721c59e6633	shahnas khan	11 st	street	land 123	city	\N	state	0	9.9682	76.3182	work	+91 7025456544
11b5fdfe-fc2e-4220-882a-4eadf04f9578	shahnas khan	11 st	street	land 123	city	\N	state	0	9.9682	76.3182	work	+91 7025456544
8ec94b40-0e55-4152-b5bb-dfb513904e37	shahnas khan	edited	street	land 123	city	\N	state	0	9.9703	76.3184	other	+91 7025456544
0a4f7180-3c8c-46fe-b493-fa7035e59c7a	 None	1212	street	asa	city	\N	state	0	8.3868	77.1282	other	+91 7025456506
7c20c85a-2f5a-413b-b4b5-6041a711a215	Amal VV	Carnival phase 3	street	Near TCS	city	\N	state	0	10.0142	76.3635	work	+91 7994035508
d49c90e9-a397-4f6e-b6fe-8cda3a9f7960	 None	1212	street	asa	city	\N	state	0	8.3868	77.1282	other	+91 7025456506
50ee62bd-6008-4a45-8864-33c48a6ab31c	 None	1212	street	asa	city	\N	state	0	8.3868	77.1282	other	+91 7025456506
37730b3e-1326-494d-aa0e-00dcd30b59f4	 None	1212	street	asa	city	\N	state	0	8.3868	77.1282	other	+91 7025456506
f4c2d8ee-87bf-4797-bb5c-0533140f4864	 None	1212	street	asa	city	\N	state	0	8.3868	77.1282	other	+91 7025456506
da670805-35ad-41a5-a304-aaed9087a45c	 None	11d23	street	sfdsdfs	city	\N	state	0	9.9682	76.3182	home	+91 7025456506
3e2c7a5f-01cf-4a6c-a1d9-32ec68eae8e2	Amal VV	Carnival phase 3	street	Near TCS	city	\N	state	0	10.0142	76.3635	work	+91 7994035508
41292930-a07b-4236-996b-9b145d7ce179	Amal VV	Carnival phase 3	street	Near TCS	city	\N	state	0	10.0142	76.3635	work	+91 7994035508
cbdb2710-869f-4107-8659-4bd2ef73a464	Amal VV	546, trivandrum	street	654trivsndrum	city	\N	state	0	8.5241	76.9366	other	+91 7994035508
3b3db930-fbbd-493d-a30d-764e5b7d8064	 None	saasvaap techies ltd	street	near kakanad	city	\N	state	0	10.015844	76.341866	Work	7994035508
6e766fd5-a0ae-4088-be08-8f3fb77fdc21	Amal VV	Carnival phase 3	street	Near TCS	city	\N	state	0	10.0142	76.3635	work	+91 7994035508
60b0e406-7031-4a4f-b7e9-bafe336324d4	Amal VV	vytila	street	589	city	\N	state	0	9.9682	76.3182	other	+91 7994035508
4bb43af3-40de-44e4-98b1-95edb5072ba8	 None	saasvaap techies ltd	street	near kakanad	city	\N	state	0	10.015844	76.341866	Work	7994035508
5c9ce1f2-5d4d-4b17-90e2-4eceec8c17ec	 None	saasvaap techies ltd	street	near kakanad	city	\N	state	0	10.015844	76.341866	Work	7994035508
445b15ac-bb8f-4f6d-b684-abf3c5e12bae	 None	saasvaap techies ltd	street	near kakanad	city	\N	state	0	10.015844	76.341866	Work	7994035508
17b65bca-93f1-4946-b6d9-512de98b5357	 None	krishna nivas	street	vytila	city	\N	state	0	9.968181	76.318234	Home	7994035508
8d4d741f-2c8e-4363-88e0-da9ad7b77e3a	 None	krishna nivas	street	vytila	city	\N	state	0	9.968181	76.318234	Home	7994035508
fd740bfb-7caf-4ece-a720-cee0f5a2de81	 None	aswin nivas	street	Near collectorate	city	\N	state	0	10.015814	76.341866	Work	7994035508
0f66ca72-e9e3-4757-8403-7113f4177237	jithya None	kakkanad	street	kochi	city	\N	state	0	10.015846	76.341866	Work	9846988509
aa584f90-a93a-491e-be85-373419456169	 None	saasvaap techies ltd	street	near kakanad	city	\N	state	0	10.015844	76.341866	Work	7994035508
5ea2d339-948b-4b61-849a-43356b4dc060	 None	saasvaap techies ltd	street	near kakanad	city	\N	state	0	10.015844	76.341866	Work	7994035508
c1b55a89-b7ec-4213-8aa2-de738e15eefb	 None	saasvaap techies ltd	street	near kakanad	city	\N	state	0	10.015844	76.341866	Work	7994035508
7d61cd6e-6b97-4d84-82c5-74e2c675f867	first None	12z	street	xc3	city	\N	state	0	9.9682	76.3182	other	+91 7025456506
d7c6d8b2-e794-409a-b8e8-4e144f136cd4	Amal VV	Near temple	street	Flat5363	city	\N	state	0	10.0159	76.3419	other	+91 7994035508
93b17b28-afe7-43d4-bdfe-898b8004475f	 None	tyd	street	yuy	city	\N	state	0	10.0159	76.3419	other	+91 9496134703
9a828e42-b53a-4c4d-9610-295d89fd2fb5	jithya None	kakkanad	street	kochi	city	\N	state	0	10.015846	76.341866	Work	9846988509
0f4630e5-08be-4cce-9871-1ddc1afeaacc	jithya None	kakkanad	street	kochi	city	\N	state	0	10.015846	76.341866	Work	9846988509
eee95e7d-b014-4b30-8607-1a63480f0f35	jithya None	kakkanad	street	kochi	city	\N	state	0	10.015846	76.341866	Work	9846988509
6c8fa21b-8e59-4235-8de2-fea96b95dff7	Gayathri G	saasvaap techies ltd	street	near kakanad	city	\N	state	0	10.015844	76.341866	Work	7994035508
2e780d50-b1bc-4050-b0e8-df95b4fd8d2a	Gayathri G	saasvaap techies ltd	street	near kakanad	city	\N	state	0	10.015844	76.341866	Work	7994035508
988bb865-fd5c-4b3b-a571-c13cb2ec4ee3	Gayathri G	saasvaap techies ltd	street	near kakanad	city	\N	state	0	10.015844	76.341866	Work	7994035508
3a56377c-fa8c-4a18-8b65-1409f2a09691	jithya None	vytila	street	kochi	city	\N	state	0	9.968191	76.318234	Other	9846988509
db820d85-8a13-4716-bfd4-bc9ba59f7d85	jithya None	vytila	street	kochi	city	\N	state	0	9.968191	76.318234	Other	9846988509
c543e2bf-d4cb-4197-b525-8166214df9cc	jithya None	kakkanad	street	kochi	city	\N	state	0	10.015846	76.341866	Work	9846988509
551246a6-e572-460f-8533-05b2a719d9d7	Amal VV	Megha consultancy	street	Near Railway Station	city	\N	state	0	10.0588	76.3221	home	+91 7994035508
e598209a-ee5b-48c5-be23-3e4714894232	Gayathri G	saasvaap techies ltd	street	near kakanad	city	\N	state	0	10.015844	76.341866	Work	7994035508
d0cbbf2e-2602-49bb-9576-436e482062c2	Gayathri G	saasvaap techies ltd	street	near kakanad	city	\N	state	0	10.015844	76.341866	Work	7994035508
d6e0d8c0-308f-4160-b266-4eba542f935f	 None	tyd	street	yuy	city	\N	state	0	10.0159	76.3419	other	+91 9496134703
fd32ff43-95c8-495d-b385-c7642e3d1024	 None	tyd	street	yuy	city	\N	state	0	10.0159	76.3419	other	+91 9496134703
d8622b25-bb97-48cf-bf09-d5c27344fbcb	Amal VV	Vettath House	street	Near Vytila	city	\N	state	0	9.9682	76.3182	home	+91 7994035508
e989e26e-5570-4fd6-a769-9dcd18099c45	Amal VV	Vettath House	street	Near Vytila	city	\N	state	0	9.9682	76.3182	home	+91 7994035508
959efd4b-e9cf-430e-8340-96ffc0c45fd8	Amal VV	Vettath House	street	Near Vytila	city	\N	state	0	9.9682	76.3182	home	+91 7994035508
36c98775-39ad-45a7-a2c5-c7c9586f3594	Amal VV	Vettath House	street	Near Vytila	city	\N	state	0	9.9682	76.3182	home	+91 7994035508
6e2382cf-01d7-4e05-bed9-570bb7b318cf	 None	Jithya Nivas	street	Murukkumpuzha	city	\N	state	0	8.614686	76.834749	Home	123456780
4eded03f-e73c-4603-8a17-9fd22c29fa9a	 None	Dulcet 23 G	street	infopark	city	\N	state	0	10.0159	76.3419	home	+91 9496134786
2d4e0f9d-c950-4365-98db-56ff8a6502f1	 None	Dulcet	street	Near Railway	city	\N	state	0	10.0159	76.3419	other	+91 6282519544
44868b7b-4e88-43d4-ae68-3d0635c476d4	 None	Dulcet	street	Near Railway	city	\N	state	0	10.0159	76.3419	other	+91 6282519544
7c841c03-7b16-40c9-a934-f397be4743f9	 None	Dulcet	street	Near Railway	city	\N	state	0	10.0159	76.3419	other	+91 6282519544
851be69a-41cc-4d89-b01d-80d2f514ddc9	 None	Dulcet	street	Near Railway	city	\N	state	0	10.0159	76.3419	other	+91 6282519544
e6419fb6-383f-482a-9709-d0f2ec227338	 None	Flat no 26 , gandhi nagar	street	gsndhi nagar	city	\N	state	0	10.015826	76.341866	Home	8523652365
eaf690ab-353f-4050-b57c-15433195dcd5	Gayathri G	saasvaap techies ltd	street	near kakanad	city	\N	state	0	10.015844	76.341866	Work	7994035508
236708e1-b5f6-4684-9714-1325c0761313	Gayathri G	Flat no 26 , gandhi nagar	street	gsndhi nagar	city	\N	state	0	10.015826	76.341866	Home	8523652365
11f95d0c-1541-4804-b487-0ed6872083c8	Gayathri G	saasvaap techies ltd	street	near kakanad	city	\N	state	0	10.015844	76.341866	Work	7994035508
17c8d97b-104c-446a-acd6-0597d096f097	Amal VV	Megha consultancy	street	Near Railway Station	city	\N	state	0	10.0588	76.3221	home	+91 7994035508
3717ea20-b643-42a0-84de-d69babdaec0b	Gayathri G	saasvaap techies ltd	street	near kakanad	city	\N	state	0	10.015844	76.341866	Work	7994035508
20b33d0c-6dd0-4deb-beac-c95bd0c5e525	Gayathri G	saasvaap techies ltd	street	near kakanad	city	\N	state	0	10.015844	76.341866	Work	7994035508
e436fb38-b1f2-49d4-b861-3df42d128d46	jithya None	kakkanad	street	kochi	city	\N	state	0	10.015846	76.341866	Work	9846988509
21eb0233-b25f-44aa-a8c2-4d95d89a3489	 None	gfth	street	yfyt	city	\N	state	0	8.5241	76.9366	work	+91 9496134703
381d4022-446a-46f2-bbb5-382636551b16	 None	gfth	street	yfyt	city	\N	state	0	8.5241	76.9366	work	+91 9496134703
0f5dad6e-bec7-48e5-a25f-d9c943866836	 None	tyd	street	yuy	city	\N	state	0	10.0159	76.3419	other	+91 9496134703
85c91e0a-57a4-4236-9795-af6b7af90de8	 None	pattom	street	pattom	city	\N	state	0	8.5241	76.9366	work	+91 9496134703
7eca982e-07ce-421b-b2b4-88d2aafe4f92	 None	pattom	street	pattom	city	\N	state	0	8.5241	76.9366	work	+91 9496134703
322f0015-9197-4b53-a8ce-f296f3e7a8df	Amal VV	Carnival phase 3	street	Near TCS	city	\N	state	0	10.0142	76.3635	work	+91 7994035508
4f408aec-b72f-4c22-b6b4-05d8681cf95b	Amal VV	Carnival phase 3	street	Near TCS	city	\N	state	0	10.0142	76.3635	work	+91 7994035508
3849f678-0bec-4f4f-967c-25894af7bf1f	jithya None	kakkanad	street	kochi	city	\N	state	0	10.015846	76.341866	Work	9846988509
3562d014-9e3a-45da-888a-7d4c0e8c75bb	 None	Near Kkanad junction	street	Kakanad	city	\N	state	0	10.0159	76.3419	work	+91 9846988509
115bc6b4-267e-4270-8022-3ede0f1e7086	 None	kakkanad	street	kochi	city	\N	state	0	10.015857	76.341866	Other	+919846988509
a08fbceb-04b9-4be4-a342-d3cff76803af	 None	kakkanad	street	kochi	city	\N	state	0	10.015858	76.341866	Other	+919846988509
3992b5eb-b6fd-4ccd-bfa9-f233188d96ae	 None	Vytila house	street	Near house	city	\N	state	0	9.9682	76.3182	home	+919744456704
638e005d-ac0a-44eb-8db3-1d80f7a92969	Gayathri G	saasvaap techies ltd	street	near kakanad	city	\N	state	0	10.015844	76.341866	Work	7994035508
ebfee1ba-d825-4e94-bf3c-066a6e2d2676	 None	52, Shiva Nivas	street	Near trivandrum	city	\N	state	0	8.5241	76.9366	work	+917994035508
961de1db-3425-4dcf-b7a8-7b9cbe971c61	 None	kakanada house	street	near infopark	city	\N	state	0	10.015827	76.341866	Work	+919288137487
f8d2fd32-2b1b-45e2-b6c0-b9469a3881da	 None	kakanada house	street	near infopark	city	\N	state	0	10.015827	76.341866	Work	+919288137487
5fb1d4b5-9791-4aab-a382-f7ac24faeb17	 None	kakanada house	street	near infopark	city	\N	state	0	10.015827	76.341866	Work	+919288137487
0e6272d2-6e4c-4477-b237-17b7a1e0b30d	 None	kakkanad	street	kochi	city	\N	state	0	10.015858	76.341866	Other	+919846988509
0185741f-2e63-4830-aec8-08c5636b5bed	 None	aluva house	street	near aluva bridge	city	\N	state	0	10.087607	76.388183	Work	+917994035508
758a5867-df7e-4493-85cc-f57da21f2092	 None	carnival phase 3	street	near infopark	city	\N	state	0	10.012602	76.362843	Work	+918592081858
4de00756-7eab-4f45-b6c3-30537740f72b	 None	carnival phase 3	street	near infopark	city	\N	state	0	10.012602	76.362843	Work	+918592081858
a1ccbd81-9a0a-4492-80b1-75fd88293f85	 None	kakanada house	street	near infopark	city	\N	state	0	10.015827	76.341866	Work	+919288137487
225c436b-b556-4a27-808a-d24f18326e55	 None	kakanada house	street	near infopark	city	\N	state	0	10.015827	76.341866	Work	+919288137487
13000090-9ca5-4ec9-8c03-b822ffa6916d	 None	Technopark, Gayathri building	street	Near busstand	city	\N	state	0	8.5241	76.9366	work	+919288137487
413a36f1-c81b-4957-84c0-a79f60be91e8	 None	Technopark, Gayathri building	street	Near busstand	city	\N	state	0	8.5241	76.9366	work	+919288137487
d0bd7768-7f0e-446c-87e4-9140aa937418	 None	Dulcet	street	kakkanad	city	\N	state	0	8.5241	76.9366	other	+919496134703
39bfc6cc-0e64-45ca-a4d5-48dd40cbfb7e	 None	Dulcet	street	kakkanad	city	\N	state	0	8.5241	76.9366	other	+919496134703
3633abfe-3936-40fb-96b9-807458a87981	 None	carnival phase 3	street	near infopark	city	\N	state	0	10.012602	76.362843	Work	+918592081858
9fae7104-1f68-499a-9c9a-a85d2eda7abd	 None	carnival phase 3	street	near infopark	city	\N	state	0	10.012602	76.362843	Work	+918592081858
ea92ee9b-c214-4783-8cfe-fa51766ea367	 None	carnival phase 3	street	near infopark	city	\N	state	0	10.012602	76.362843	Work	+918592081858
79346c89-4ede-4377-ae35-e7fd11d7c40d	 None	kakkanad	street	kochi	city	\N	state	0	10.015858	76.341866	Other	+919846988509
f0698822-8d10-4843-81c2-cbf13ac14b9a	 None	kakanada house	street	near infopark	city	\N	state	0	10.015827	76.341866	Work	+919288137487
865d5068-d49a-4b92-bb7f-8f498a072b0e	 None	kakkanad	street	kakkanad	city	\N	state	0	10.0159	76.3419	home	+919496134703
4d368918-ea13-4aaa-899a-40af86be49fa	 None	Technopark, Gayathri building	street	Near busstand	city	\N	state	0	8.5241	76.9366	work	+919288137487
6b1a3a9e-ac6a-4517-b263-c694361d0039	 None	kakanada house	street	near infopark	city	\N	state	0	10.015827	76.341866	Work	+919288137487
4494ddd8-b954-4f81-b0bb-d8d7ba851d44	 None	kakanada house	street	near infopark	city	\N	state	0	10.015827	76.341866	Work	+919288137487
00628b25-8382-4ab0-b0c8-bae1a92e9e6c	 None	gayathri building trivandrum	street	truvandrum	city	\N	state	0	8.524124	76.936637	Work	+918592081858
fccba2b8-0c8e-4d84-b8b0-46f150ca1552	 None	carnival phase 3	street	near infopark	city	\N	state	0	10.012602	76.362843	Work	+918592081858
c286c1c3-3299-419c-bb52-01ad741c2be9	 None	kakanada house	street	near infopark	city	\N	state	0	10.015827	76.341866	Work	+919288137487
1bcf4fe5-8b6c-464c-9a8b-a301e0ef7e41	 None	carnival phase 3	street	near infopark	city	\N	state	0	10.012602	76.362843	Work	+918592081858
1d3f8ea4-66af-43d2-a895-f5acb567addf	 None	Technopark, Gayathri building	street	Near busstand	city	\N	state	0	8.5241	76.9366	work	+919288137487
29e501e5-0f7d-44b0-a4d5-7682215fd5cb	 None	Technopark, Gayathri building	street	Near busstand	city	\N	state	0	8.5241	76.9366	work	+919288137487
976a13be-472a-4666-87fd-98e6d7f11b66	 None	gayathri building trivandrum	street	truvandrum	city	\N	state	0	8.524124	76.936637	Work	+918592081858
097277d1-9bbe-4818-ab88-2e7be06029a9	 None	hjb	street	nkj	city	\N	state	0	8.698212	76.813657	Other	7646546354
2821b4b8-4bba-4d59-a774-69740f9cc695	 None	carnival phase 3	street	near infopark	city	\N	state	0	10.012602	76.362843	Work	+918592081858
30d22c32-5322-445f-88b4-9825c648a119	 None	89	street	Kakanad	city	\N	state	0	10.0111	76.3383	home	+919854785896
d600d457-5ee3-4d3b-bb23-5b0c73b192e0	 None	carnival phase 3	street	near infopark	city	\N	state	0	10.012602	76.362843	Work	+918592081858
0f101f44-3d79-43e9-96b0-80aac4979a37	 None	carnival phase 3	street	near infopark	city	\N	state	0	10.012602	76.362843	Work	+918592081858
cf558ec5-c54c-4a5f-a033-d3fe23cfa2b4	 None	kakkanad	street	kochi	city	\N	state	0	10.015858	76.341866	Other	+919846988509
89b2eef7-be7d-4022-a3fc-e7f9f32d8db8	 None	Carnival phas 3	street	kakanad	city	\N	state	0	10.008021	76.362281	Work	+919288137187
8b2415f4-4c91-48ef-9573-9f4d0756b152	 None	Carnival phas 3	street	kakanad	city	\N	state	0	10.008021	76.362281	Work	+919288137187
3dccd44c-6e99-492f-9ca8-bdf2df6aca1e	 None	Carnival phas 3	street	kakanad	city	\N	state	0	10.008021	76.362281	Work	+919288137187
97cb1217-19c0-4cc9-9470-c40725aef2eb	 None	Carnival phas 3	street	kakanad	city	\N	state	0	10.008021	76.362281	Work	+919288137187
50d4e480-87e6-4a96-a270-eaff2755bbfb	 None	Carnival phas 3	street	kakanad	city	\N	state	0	10.008021	76.362281	Work	+919288137187
ccdf7cb3-f5d8-4baf-9e6f-69a657ec1757	 None	kakkanad	street	kochi	city	\N	state	0	10.015858	76.341866	Other	+919846988509
659c7889-8b94-43bf-9a4d-c5722a2fcb32	 None	kakkanad	street	kochi	city	\N	state	0	10.015858	76.341866	Other	+919846988509
179cfb2b-d85f-47d1-9700-8a41f4ea4add	 None	kakkanad	street	kochi	city	\N	state	0	10.015858	76.341866	Other	+919846988509
34ceb5ea-68a9-4f05-875a-55d39068783c	 None	Carnival phas 3	street	kakanad	city	\N	state	0	10.008021	76.362281	Work	+919288137187
aa558c62-d711-4b37-9396-8e57b986c270	 None	Near olive tower	street	kakanad	city	\N	state	0	10.014177	76.363488	Work	+918235625365
276ab7f2-067d-460a-86e6-187d1269e083	 None	Near olive tower	street	kakanad	city	\N	state	0	10.014177	76.363488	Work	+918235625365
7010005f-4757-4438-a7f4-abf68ced017b	 None	Gayathri building	street	trivandrum	city	\N	state	0	8.558083	76.880744	Work	+918235625365
47d40d66-c948-48f4-8b93-c410270a3ab1	 None	Near olive tower	street	kakanad	city	\N	state	0	10.014177	76.363488	Work	+918235625365
0b8e3bbf-d549-4daf-bb37-c2521fce2262	 None	kakkanad	street	kochi	city	\N	state	0	10.015858	76.341866	Other	+919846988509
dee1ebda-cbd7-486f-ab29-9b5d3539d395	 None	Near olive tower	street	kakanad	city	\N	state	0	10.014177	76.363488	Work	+918235625365
fbdb08b5-71a5-44ca-80a4-3f4ef6c43f23	 None	Gayathri building	street	trivandrum	city	\N	state	0	8.558083	76.880744	Work	+918235625365
323a97fc-11e8-491d-9c0c-de23310bcbff	 None	Gayathri building	street	trivandrum	city	\N	state	0	8.558083	76.880744	Work	+918235625365
31799f6b-cf0f-4755-98ff-0ccfbb995cfa	 None	Near olive tower	street	kakanad	city	\N	state	0	10.014177	76.363488	Work	+918235625365
c054ec23-ec1f-4c1d-9f5b-1e0cd4d72277	 None	Near olive tower	street	kakanad	city	\N	state	0	10.014177	76.363488	Work	+918235625365
75cd701b-36ae-440e-9b71-efc14ef0c70b	 None	kakkanad	street	kochi	city	\N	state	0	10.015858	76.341866	Other	+919846988509
5f7e2bf2-1408-4680-bd81-51b4df2b4d4f	 None	Near olive tower	street	kakanad	city	\N	state	0	10.014177	76.363488	Work	+918235625365
8269496f-d45f-4f33-b02d-706f804deab3	 None	Near kalamashryr	street	Near kalamashery	city	\N	state	0	10.058687	76.322106	Other	+918958965874
cd0c7697-4429-40d2-8fba-70f25c452448	 None	Near olive tower	street	kakanad	city	\N	state	0	10.014177	76.363488	Work	+918235625365
c2553ea5-73d0-4e84-bee7-e416ffa27750	 None	Near olive tower	street	kakanad	city	\N	state	0	10.014177	76.363488	Work	+918235625365
05ad69e1-8cec-48b6-a3cd-d2eef8e84655	 None	Near olive tower	street	kakanad	city	\N	state	0	10.014177	76.363488	Work	+918235625365
9991e9ac-2283-4eca-b6af-fc120e3c41c3	 None	Near olive tower	street	kakanad	city	\N	state	0	10.014177	76.363488	Work	+918235625365
5d53a351-d077-4ca0-abda-a1ddc7445d69	 None	Near olive tower	street	kakanad	city	\N	state	0	10.014177	76.363488	Work	+918235625365
8413587a-82fc-4a9a-b4e4-aada1330f2cd	 None	Near olive tower	street	kakanad	city	\N	state	0	10.014177	76.363488	Work	+918235625365
738621c0-50cb-4d57-922c-1cd8a9bfd6fa	 None	Near olive tower	street	kakanad	city	\N	state	0	10.014177	76.363488	Work	+918235625365
9e5c7a4e-eb6b-41d1-8703-3eb8b9b24a99	 None	Near olive tower	street	kakanad	city	\N	state	0	10.014177	76.363488	Work	+918235625365
cd5cd031-b641-4234-8b9b-63d70df9a73f	 None	Near olive tower	street	kakanad	city	\N	state	0	10.014177	76.363488	Work	+918235625365
01344814-157b-4f35-8b7c-2a7f6f82a20c	 None	Near olive tower	street	kakanad	city	\N	state	0	10.014177	76.363488	Work	+918235625365
92de8141-4ef4-4bd1-82ec-3f27d19d4441	 None	Near olive tower	street	kakanad	city	\N	state	0	10.014177	76.363488	Work	+918235625365
33d618ba-6a5c-4c45-832a-16a88404e09d	 None	Near olive tower	street	kakanad	city	\N	state	0	10.014177	76.363488	Work	+918235625365
5a5ce2aa-4917-4a89-8e43-5a9799037c24	 None	Near olive tower	street	kakanad	city	\N	state	0	10.014177	76.363488	Work	+918235625365
192df713-2157-4b13-98b4-62e39c185d98	 None	Near olive tower	street	kakanad	city	\N	state	0	10.014177	76.363488	Work	+918235625365
15e62460-6e55-4b44-986e-e807db343621	 None	Near olive tower	street	kakanad	city	\N	state	0	10.014177	76.363488	Work	+918235625365
7c17029e-7937-48f0-aa9c-8181a6e2d5a1	 None	Near olive tower	street	kakanad	city	\N	state	0	10.014177	76.363488	Work	+918235625365
74e2a346-e363-4911-bbf1-0d097b5bcab4	 None	Near olive tower	street	kakanad	city	\N	state	0	10.014177	76.363488	Work	+918235625365
4c79e5f4-2894-4482-862b-0f930c38c06c	 None	Near olive tower	street	kakanad	city	\N	state	0	10.014177	76.363488	Work	+918235625365
ac1c6453-3c1e-41c0-8792-ba6314a265dd	 None	kakkanad	street	kochi	city	\N	state	0	10.015858	76.341866	Other	+919846988509
9442aefd-647e-4850-8bd3-fa484a1cb1d7	 None	Near olive tower	street	kakanad	city	\N	state	0	10.014177	76.363488	Work	+918235625365
b843c20d-df6e-45d9-9c92-3d6b41d19986	 None	kakkanad	street	kochi	city	\N	state	0	10.015858	76.341866	Other	+919846988509
5cab6b7e-e808-4e1e-a931-b6cbf92377f9	Nithin None	Near inforpark	street	Near Temple	city	\N	state	0	10.0159	76.3419	work	+918965874587
b7bf5350-9745-4c4a-91bf-ec8ff7ecdd9a	Nithin None	Gayathri building	street	trivandrum	city	\N	state	0	8.5241	76.9366	work	+918965874587
449e70ad-0786-4771-af0d-0451d781a926	 None	Dulcet 13 G	street	infopark	city	\N	state	0	10.0159	76.3419	other	+919496134567
9f260033-8443-4377-9d69-ea423c2cb51b	Neena None	Dulcet 13 G	street	infopark	city	\N	state	0	10.0159	76.3419	other	+919496134567
62d722a6-97df-437a-a757-ffd8e0a0dfd9	 None	Gayatri Building	street	kazhakkoottam	city	\N	state	0	8.559283	76.877688	Home	+919846988509
11111e4d-0e19-4fe6-8154-6801cd884792	 None	Gayatri Building	street	kazhakkoottam	city	\N	state	0	8.559283	76.877688	Home	+919846988509
75350fbf-6b63-41b5-b3f5-ca20714f9b85	 None	kakkanad	street	kochi	city	\N	state	0	10.015858	76.341866	Other	+919846988509
660b2b66-606d-45e0-9041-978db2997c5b	 None	Near olive tower	street	kakanad	city	\N	state	0	10.014177	76.363488	Work	+918235625365
8eb4d938-c732-4588-9d35-07bdf313c366	 None	Near olive tower	street	kakanad	city	\N	state	0	10.014177	76.363488	Work	+918235625365
72bd7907-0ae4-4630-b326-f35e4f57acac	 None	Near olive tower	street	kakanad	city	\N	state	0	10.014177	76.363488	Work	+918235625365
ee8272f5-4bd2-41d6-b2f9-6d6e6a963321	Nithin None	Near inforpark	street	Near Temple	city	\N	state	0	10.0159	76.3419	work	+918965874587
b10c7980-dff2-4eac-8d4f-b70bd86709a7	Nithin None	Near inforpark	street	Near Temple	city	\N	state	0	10.0159	76.3419	work	+918965874587
8d02b634-ba84-450e-b542-f1ae2a029026	Jithya None	kakkanad	street	kochi	city	\N	state	0	10.015858	76.341866	Other	+919846988509
ff1fc95a-d731-406a-9b9b-16a2c41ba3c8	Jithya None	kakkanad	street	kochi	city	\N	state	0	10.015858	76.341866	Other	+919846988509
3c64e366-5029-40d8-93b1-0b4e1e4627da	Nithin None	Near inforpark	street	Near Temple	city	\N	state	0	10.0159	76.3419	work	+918965874587
feb0e684-4dfa-4b27-8119-7306835814a9	Nithin None	Near inforpark	street	Near Temple	city	\N	state	0	10.0159	76.3419	work	+918965874587
1ddad973-a0ac-4657-aed0-b0cfd18ecfcb	Jithya None	kakkanad	street	kochi	city	\N	state	0	10.015858	76.341866	Other	+919846988509
f6142128-decc-43ee-a60b-86490fb581ee	Nithin None	Near inforpark	street	Near Temple	city	\N	state	0	10.0159	76.3419	work	+918965874587
87a4391f-7ea3-4b57-ada0-1168a8df19d9	Jithya None	kakkanad	street	kochi	city	\N	state	0	10.015858	76.341866	Other	+919846988509
1a01e343-5591-4e13-9414-3d12593bbfd3	Nithin None	Near inforpark	street	Near Temple	city	\N	state	0	10.0159	76.3419	work	+918965874587
0704e2fb-1e04-4f28-b8e5-6039bb26692a	Nithin None	Near inforpark	street	Near Temple	city	\N	state	0	10.0159	76.3419	work	+918965874587
fbbe3072-7ea6-4b2a-a223-26cf32d68aba	Jithya None	kakkanad	street	kochi	city	\N	state	0	10.015858	76.341866	Other	+919846988509
90fc5067-99b9-4b59-9fdb-91d3371d2c0b	Jithya None	kakkanad	street	kochi	city	\N	state	0	10.015858	76.341866	Other	+919846988509
4fc4fbc7-908b-4dae-ad0b-90c431989a6d	Jithya None	kakkanad	street	kochi	city	\N	state	0	10.015858	76.341866	Other	+919846988509
19170f5c-8038-4a16-bc6e-2f35f48df05b	Jithya None	kakkanad	street	kochi	city	\N	state	0	10.015858	76.341866	Other	+919846988509
8c5db650-932f-4074-bbdf-dd579a1c3d80	Jithya None	kakkanad	street	kochi	city	\N	state	0	10.015858	76.341866	Other	+919846988509
71dcf900-7cdf-4c98-a6fa-c77e585e3403	Jithya None	kakkanad	street	kochi	city	\N	state	0	10.015858	76.341866	Other	+919846988509
4be50213-e86a-4bf7-a195-db51041e6478	 None	Carnival infopark	street	Near infopark	city	\N	state	0	10.0157	76.3429	work	+919854856985
b3efdcbf-c87f-45da-9396-53673c12b1c9	Jithya None	kakkanad	street	kochi	city	\N	state	0	10.015858	76.341866	Other	+919846988509
809e51d0-92d5-428c-81e7-507f227fa061	 None	Gayathri building	street	Technopark	city	\N	state	0	8.5241	76.9366	work	+919854856985
83bb8d54-f5dc-4716-b107-4739d10b5582	 None	Gayathri building	street	Technopark	city	\N	state	0	8.5241	76.9366	work	+919854856985
70723853-9c74-4518-aa3c-90d9ada6b24c	 None	Gayathri building	street	Technopark	city	\N	state	0	8.5241	76.9366	work	+919854856985
027ee0dd-5ed2-4d2d-a93b-730f96d11866	 None	Carnival infopark	street	Near infopark	city	\N	state	0	10.0157	76.3429	work	+919854856985
9a01032d-3131-4f93-b4f3-cb4bb823434a	 None	Carnival infopark	street	Near infopark	city	\N	state	0	10.0157	76.3429	work	+919854856985
05355fc1-3b8d-4c69-a221-44b4fea811ce	 None	Carnival infopark	street	Near infopark	city	\N	state	0	10.0157	76.3429	work	+919854856985
7d2dbab9-3eb8-4970-9090-abadd88f8afd	Jithya None	kakkanad	street	kochi	city	\N	state	0	10.015858	76.341866	Other	+919846988509
5ff4b83b-63f1-4168-ad43-f23377d593bd	Jithya None	kakkanad	street	kochi	city	\N	state	0	10.015858	76.341866	Other	+919846988509
c7f40ef2-39bd-4bdb-920a-8da657f32acd	Jithya None	Gayatri Building	street	kazhakkoottam	city	\N	state	0	8.559274	76.877688	Work	+919846988509
0ee57608-5e23-4c67-979d-cf8aabf055ea	Jithya None	kakkanad	street	kochi	city	\N	state	0	10.015858	76.341866	Other	+919846988509
0abe90de-9438-44f3-8ba0-ed94e1ccb390	Jithya None	kakkanad	street	kochi	city	\N	state	0	10.015858	76.341866	Other	+919846988509
845f98b7-63f8-481d-be39-48607b4e55fa	Jithya None	kakkanad	street	kochi	city	\N	state	0	10.015858	76.341866	Other	+919846988509
80cd15df-34fd-4b4d-b588-0dbc5881fa68	Jithya None	kakkanad	street	kochi	city	\N	state	0	10.015858	76.341866	Other	+919846988509
f806c78d-bdf3-42c4-85e4-9796796113db	Jithya None	kakkanad	street	kochi	city	\N	state	0	10.015858	76.341866	Other	+919846988509
eddacb94-dc01-428d-b404-10ff3179369e	 None	25, infopark phase 2	street	Carnival phase	city	\N	state	0	10.0159	76.3419	home	+918758965896
5d12a8ea-78a2-4084-bf17-c3808da79f66	 None	25, infopark phase 2	street	Carnival phase	city	\N	state	0	10.0159	76.3419	home	+918758965896
9dd29669-d38d-401c-be19-7ea7d3ea16f7	 None	25, infopark phase 2	street	Carnival phase	city	\N	state	0	10.0159	76.3419	home	+918758965896
e2e481ad-0757-44a5-ab9a-b5eb7ff86926	 None	25, infopark phase 2	street	Carnival phase	city	\N	state	0	10.0159	76.3419	home	+918758965896
4dd8c41f-96c5-4dae-bdbb-4fd87a481d88	 None	25, infopark phase 2	street	Carnival phase	city	\N	state	0	10.0159	76.3419	home	+918758965896
adb34d08-642c-4368-b502-0a7babc7ee71	 None	25, infopark phase 2	street	Carnival phase	city	\N	state	0	10.0159	76.3419	home	+918758965896
d2763788-4905-4403-8ef2-a89499292a4f	 None	Dulcet 13 G	street	infopark	city	\N	state	0	10.0159	76.3419	other	+919496134500
8953a7ad-2441-41b4-8508-9d2a721bb03f	 None	25, infopark phase 2	street	Carnival phase	city	\N	state	0	10.0159	76.3419	home	+918758965896
5c172fe4-7c4a-46ef-87ea-cff8547e3672	 None	dhg	street	dfdr	city	\N	state	0	10.0159	76.3419	other	+919496134999
84e7060a-2a60-49c1-845c-e3bdd7c116cb	 None	dsf	street	dsa	city	\N	state	0	10.0159	76.3419	other	+919496134888
ffb08db7-680b-4d8e-b0ca-50db193eb171	 None	dsf	street	dsa	city	\N	state	0	10.0159	76.3419	other	+919496134888
a5af0caa-72ba-4b0b-9595-9f4d412ba84b	 None	carnival infopark	street	Infopark, phase 3	city	\N	state	0	10.0159	76.3419	work	+918965874589
7329d358-e67d-4436-8dc7-65c5b9632ca8	 None	carnival infopark	street	Infopark, phase 3	city	\N	state	0	10.0159	76.3419	work	+918965874589
c5065256-a89e-4c6f-817d-9b33e87b4cd3	 None	carnival infopark	street	Infopark, phase 3	city	\N	state	0	10.0159	76.3419	work	+918965874589
6f060ab1-8149-4ec7-92d2-c9b1cc9307b8	 None	carnival infopark	street	Infopark, phase 3	city	\N	state	0	10.0159	76.3419	work	+918965874589
9c781c87-b758-4fde-927a-b638efb054d2	 None	carnival infopark	street	Infopark, phase 3	city	\N	state	0	10.0159	76.3419	work	+918965874589
22c15d13-180d-427f-91c9-1d5d0d2e1020	 None	carnival infopark	street	Infopark, phase 3	city	\N	state	0	10.0159	76.3419	work	+918965874589
ef407229-768a-4311-b957-508cd6154fea	 None	carnival infopark	street	Infopark, phase 3	city	\N	state	0	10.0159	76.3419	work	+918965874589
4b2f181e-8ac4-407c-9bd9-73e7ef5492de	 None	Near Infopark phase3	street	Carnival infopark	city	\N	state	0	10.0159	76.3419	work	+918745896587
b51a4a8a-1857-47e4-aa48-8d1cadcc422f	 None	Dulcet 13 G	street	infopark	city	\N	state	0	10.0159	76.3419	other	+919496134500
95f79fd4-1d27-442e-aed2-4f3a05f15069	 None	Dulcet 13 G	street	infopark	city	\N	state	0	10.0159	76.3419	work	+916282519770
604dbb99-9724-4c4e-96d9-44f66418c4e6	 None	Dulcet 13 G	street	infopark	city	\N	state	0	10.0159	76.3419	work	+916282519770
548f9a1d-36f0-4ff9-928e-2825f3744137	 None	Dulcet 13 G	street	infopark	city	\N	state	0	10.0159	76.3419	work	+916282519770
332428cf-d929-4bc7-93ea-34c121bea748	Jithya None	vytila	street	kochi	city	\N	state	0	9.968196	76.318234	Other	+919846988509
893d9e29-d732-421a-8df2-840eec34ac10	 None	Carnival infopark	street	Phase 3	city	\N	state	0	10.0126	76.3628	work	+918965478582
c2bd93d3-14b5-43e0-8d7e-4a25a4777b3b	 None	Carnival infopark	street	Kakanad	city	\N	state	0	10.009	76.3435	work	9874587485
8e843f23-a36d-4364-acdd-28f7c0c5128f	 None	Carnival infopark	street	Kakanad	city	\N	state	0	10.009	76.3435	work	9874587485
93c7b7fa-4f99-4b56-9d7a-ffa5313a0f13	 None	Carnival infopark	street	Kakanad	city	\N	state	0	10.009	76.3435	work	+918547858965
bda97afe-7328-4a23-af25-68423ef2f366	 None	Carnival infopark	street	Kakanad	city	\N	state	0	10.009	76.3435	work	+918547858965
6d1c18e8-3645-45af-a99a-6ef46d3164c2	 None	Carnival infopark	street	Kakanad	city	\N	state	0	10.0126	76.3628	work	+918745120360
91f3fbd2-8c26-49df-b986-d31a8dac0c39	 None	carnival infopark	street	phase3	city	\N	state	0	10.0159	76.3419	work	+919687458745
36d7d5f5-0bdb-4e31-8a86-4ed2a89ef948	 None	Carnival infopark	street	Kakanad	city	\N	state	0	10.009	76.3435	other	+919874589658
37b93d18-9e17-4d4c-9898-4819e795818f	 None	Carnival infopark	street	Kakanad	city	\N	state	0	10.009	76.3435	other	+919874589658
820a3741-3313-4363-9c7c-f3cf11234593	 None	Carnival infopark	street	Kakanad	city	\N	state	0	10.009	76.3435	other	+919874589658
e2734994-8c6a-4121-a3af-a85c6b4b1800	 None	Carnival infopark	street	Kakanad	city	\N	state	0	10.0126	76.3629	work	+918745125896
be9c1184-f69c-48dc-944c-6880ceb39b56	 None	Near Infopark phase3	street	Carnival infopark	city	\N	state	0	10.0159	76.3419	work	+918745896587
a97d165a-bc9d-4453-b7c9-a5c0a665f784	 None	Carnival infopark	street	Kakanad	city	\N	state	0	10.009	76.3435	work	+916985478598
63cf3f69-00ef-4804-85c8-f20c44de546b	 None	Carnival infopark	street	Kakanad	city	\N	state	0	10.009	76.3435	work	+916985478598
463a4deb-c5e3-4bb7-bdbf-9abd9292bbc4	 None	Dulcet 13 G	street	infopark	city	\N	state	0	10.0159	76.3419	other	+919496134500
d71cbf4a-6a44-4a0e-b060-0bbcb1fda896	 None	Carnival infopark	street	Kakanad	city	\N	state	0	10.0126	76.3628	work	+918475896589
1ae1f71f-04de-4a5d-b3ac-b6abc5b81f85	 None	Carnival infopark	street	Kakanad	city	\N	state	0	10.009	76.3435	work	+918547258968
0ea49f3b-48d0-4690-86a7-0ee16e67558a	 None	Carnival infopark	street	Kakanad	city	\N	state	0	10.009	76.3435	work	+918547258968
9c8fba6e-3b55-440b-9549-8eafb63960ef	 None	Carnival infopark	street	Kakanad	city	\N	state	0	10.009	76.3435	work	+918547258968
af496adb-e3f8-4ea0-a298-dd65d156137f	 None	Carnival infopark	street	Kakanad	city	\N	state	0	10.009	76.3435	work	+918547258968
28a84501-3d2d-4195-8a9a-6f30788c5447	 None	Carnival infopark	street	Kakanad	city	\N	state	0	10.009	76.3435	work	+918547258968
19cff624-7126-4fde-99ad-a9b880fa0979	 None	Carnival infopark	street	Kakanad	city	\N	state	0	10.009	76.3435	work	+918547258968
ab2e0f4a-1eba-4f48-adb7-f4b8250ed538	 None	Carnival infopark	street	Kakanad	city	\N	state	0	10.009	76.3435	work	+918745875985
bc6fc63e-a040-4974-b8c9-d4e9515f81d7	 None	Carnival infopark	street	Kakanad	city	\N	state	0	10.009	76.3435	work	+916985478598
d83b2547-bf4b-4186-9467-545b9a6474d9	 None	Near inforpark campus	street	Near infopark	city	\N	state	0	10.0073	76.3265	work	+918965478589
365f5bc3-b778-4de5-b8f9-7616e4a07244	 None	Near technopark	street	Technopark	city	\N	state	0	8.5241	76.9366	work	+918965478589
0699b845-dc16-4bc1-b052-c757d259f36e	 None	Near technopark	street	Technopark	city	\N	state	0	8.5241	76.9366	work	+918965478589
5056db4d-8bd0-4e26-bb1e-d87da058924e	 None	Near technopark	street	Technopark	city	\N	state	0	8.5241	76.9366	work	+918965478589
30df611a-9e92-4267-9f0f-1bd834791056	 None	Near technopark	street	Technopark	city	\N	state	0	8.5241	76.9366	work	+918965478589
f5e22ad9-311c-4032-bfc3-0e73f97aa802	 None	Near inforpark campus	street	Near infopark	city	\N	state	0	10.0073	76.3265	work	+918965478589
cc27ab2b-dc2f-4706-808b-cbd59d349f03	 None	carnival infopark	street	infopark	city	\N	state	0	10.015845	76.341866	Work	+912356895623
c64e4765-67e1-412e-a167-d31593ec54b3	 None	89	street	Kakanad	city	\N	state	0	10.0111	76.3383	home	+919854785896
67d803ad-c5f7-4115-8c14-1a0b46d147ca	 None	89	street	Kakanad	city	\N	state	0	10.0111	76.3383	home	+919854785896
3edcd9b4-a39d-4ef2-a18e-46cd08f61ba5	 None	89	street	Kakanad	city	\N	state	0	10.0111	76.3383	home	+919854785896
2029b6f3-9e50-458f-8c8b-80e6e6a5c3d0	 None	56	street	near town	city	\N	state	0	9.9682	76.3182	work	+919854785896
846efafa-91e3-4d37-b49d-15641b511d3b	 None	56	street	near town	city	\N	state	0	9.9682	76.3182	work	+919854785896
65bbc20b-8b80-49cd-a357-921a1776c130	 None	56	street	near town	city	\N	state	0	9.9682	76.3182	work	+919854785896
884be35f-1544-43b2-88f4-d52c6c85e977	 None	56	street	near town	city	\N	state	0	9.9682	76.3182	work	+919854785896
b32ca667-48cd-4889-8a97-5da4f123f7b0	 None	bhj	street	njl/b	city	\N	state	0	10.013363	76.35214	Other	+918965785899
9b9ad999-cd25-4ec5-b1b3-f39c2fa85301	 None	bhj	street	njl/b	city	\N	state	0	10.013363	76.35214	Other	+918965785899
c785562d-dbe8-4586-82d5-5c4f67eb16ca	 None	56	street	Kakanad	city	\N	state	0	10.0159	76.3419	work	+918965478596
1863b364-9f9f-4879-955e-82e7fd72bf43	 None	56	street	Kakanad	city	\N	state	0	10.0159	76.3419	work	+918965478596
da647160-b0f9-4df3-927c-e67e2796a654	 None	56	street	Kakanad	city	\N	state	0	10.0159	76.3419	work	+918965478596
47093f33-289c-4ece-967c-5bf9ac9996f9	 None	56	street	Kakanad	city	\N	state	0	10.0159	76.3419	work	+918965478596
24a12a08-d9d6-4437-bfb4-f04f8d20af26	 None	56	street	near town	city	\N	state	0	9.9682	76.3182	work	+919854785896
43226eb6-f5bc-4d37-a946-2429506ca79f	 None	89	street	Kakanad	city	\N	state	0	10.0111	76.3383	home	+919854785896
a30fcc20-98d8-44b5-b80c-7c98f0728b76	 None	56	street	125	city	\N	state	0	8.5241	76.9366	other	+919854785896
a0301ece-d04c-4f63-9b68-1928e1d52557	 None	89	street	Kakanad	city	\N	state	0	10.0111	76.3383	home	+919854785896
dd4883cb-1313-4461-b1bf-726ffa92abc0	 None	89	street	Kakanad	city	\N	state	0	10.0111	76.3383	home	+919854785896
9ebbee43-3305-4f46-8215-c1403daca4b7	 None	89	street	Kakanad	city	\N	state	0	10.0111	76.3383	home	+919854785896
376fbb2d-5a5c-4fd2-8f16-660991f35b5d	 None	89	street	Kakanad	city	\N	state	0	10.0111	76.3383	home	+919854785896
11fe20f5-4d89-4dd8-8595-6072c1ebd28c	 None	Near Kakaknad	street	infopark	city	\N	state	0	10.01261	76.36283	Work	+915623895623
997de00b-2473-4511-862d-8ee271f61d9c	 None	89	street	Kakanad	city	\N	state	0	10.0111	76.3383	home	+919854785896
7748cf95-3812-49b5-b738-d1332680568f	 None	bhj	street	njl/b	city	\N	state	0	10.013363	76.35214	Other	+918965785899
2b3c0333-dbeb-4efc-bcd7-8fff53ca8c8c	Adhi v	89	street	Kakanad	city	\N	state	0	10.0111	76.3383	home	+919854785896
65581bbc-ae85-4768-8501-dd51f0d07205	Adhi v	89	street	Kakanad	city	\N	state	0	10.0111	76.3383	home	+919854785896
6b03614d-25a4-475f-abce-b5251580570f	 None	Near Kakaknad	street	infopark	city	\N	state	0	10.01261	76.36283	Work	+915623895623
407c9a9b-0470-4e78-8c51-dde2d5a1d9a5	 None	Near Kakaknad	street	infopark	city	\N	state	0	10.01261	76.36283	Work	+915623895623
ef229014-5eac-461c-ae08-a45e5a352f8c	Adhi v	89	street	Kakanad	city	\N	state	0	10.0111	76.3383	home	+919854785896
67fe8d0c-0530-4cc9-b9af-91d0bb499528	Adhi v	89	street	Kakanad	city	\N	state	0	10.0111	76.3383	home	+919854785896
a6e0b6f9-feb5-4dc6-8851-0e0448350579	Adhi v	89	street	Kakanad	city	\N	state	0	10.0111	76.3383	home	+919854785896
720d278d-70b7-4422-8638-30038cdd5088	Adhi v	56	street	125	city	\N	state	0	8.5241	76.9366	other	+919854785896
386e021d-9432-455f-a46f-d73316998fa9	Adhi v	56	street	125	city	\N	state	0	8.5241	76.9366	other	+919854785896
3a0879ac-a122-4a47-afa8-c59cafae1425	Adhi v	56	street	125	city	\N	state	0	8.5241	76.9366	other	+919854785896
0806739c-a53b-4960-8594-54c3edf82668	Adhi v	56	street	125	city	\N	state	0	8.5241	76.9366	other	+919854785896
83475aae-72ba-4d4d-b29d-0920da5de60a	 None	hh	street	fgh	city	\N	state	0	12.97159	77.5946	Home	+918105340775
d238d9d5-59d9-4017-acbd-7299a3543886	 None	Test	street	Test	city	\N	state	0	8.5241	76.9366	work	+919496134999
ed5c9a47-b03a-43d5-892e-e15120934dfc	Adhi v	56	street	125	city	\N	state	0	8.5241	76.9366	other	+919854785896
18405371-1500-4b78-8a67-3575e9b005a2	Adhi v	56	street	125	city	\N	state	0	8.5241	76.9366	other	+919854785896
d2496cbf-b2a1-4b3f-a221-703db4df0d66	 None	Test	street	Test	city	\N	state	0	8.5241	76.9366	work	+919496134999
ff080b7e-caec-4d4b-a6ea-122f0b6d75e3	Adhi v	89	street	Kakanad	city	\N	state	0	10.0111	76.3383	home	+919854785896
ddbc6418-d950-4f6a-8715-5c1fbb619b30	 None	Near Kakaknad	street	infopark	city	\N	state	0	10.01261	76.36283	Work	+915623895623
5c0068bf-b1e8-48ee-a654-81838a2f8767	 None	Near Kakaknad	street	infopark	city	\N	state	0	10.01261	76.36283	Work	+915623895623
3ebd24f3-dd29-484c-b503-f5a7758c6a4e	 None	Near Kakaknad	street	infopark	city	\N	state	0	10.01261	76.36283	Work	+915623895623
a9d597f8-87c8-4b0b-8541-a349d310e2f2	 None	dhg	street	dfdr	city	\N	state	0	10.0159	76.3419	other	+919496134999
9f184a67-ad8d-43eb-9d3b-097b48a1bd3f	Adhi v	89	street	Kakanad	city	\N	state	0	10.0111	76.3383	home	+919854785896
cfa60fc7-56b0-4ab9-8f42-96378106ed7d	Adhi v	56	street	125	city	\N	state	0	8.5241	76.9366	other	+919854785896
19d0aca6-5d18-4358-ad47-9935e3d03e20	 None	Near Kakaknad	street	infopark	city	\N	state	0	10.01261	76.36283	Work	+915623895623
111aa55e-6443-459c-8b06-139c06bba592	Adhi v	Vrindavan House, Kakakanad	street	Kakanad	city	\N	state	0	10.0111	76.3383	home	+919854785896
df8888f6-c98c-48af-ba16-83ad3b9af519	Adhi v	Sarovaram house , Trivandrum	street	Near bus top	city	\N	state	0	8.5241	76.9366	work	+919854785896
de54b237-c22f-48c5-b47c-5611dca5e4a5	Neena Joseph	Dulcet 13 G	street	infopark	city	\N	state	0	10.0159	76.3419	work	+919496134667
2448e4a9-b5a4-47da-a741-3c29cae82262	Jithya None	vytila	street	kochi	city	\N	state	0	9.968196	76.318234	Other	+919846988509
af9c5b23-4d16-4737-b5ba-a44351d9bf5e	 None	Near Kakaknad	street	infopark	city	\N	state	0	10.01261	76.36283	Work	+915623895623
bcb24b7c-8b77-4733-b779-28f4221e5f7a	Jithya None	kakkanad	street	kochi	city	\N	state	0	10.015858	76.341866	Other	+919846988509
c20381b8-a943-4995-8393-2e69b5ce93e6	 None	Carnival info park	street	phase3	city	\N	state	0	10.015846	76.341866	Other	+915236528523
39dad32d-93f4-4c64-a57a-a44f3d2ce011	Adhi v	Vasantham, Vytila	street	Near vytila hub	city	\N	state	0	9.9682	76.3182	home	+919854785896
eb95cf1b-4c42-4b1f-9ee5-01ab41be37ec	Adhi v	Vasantham, Vytila	street	Near vytila hub	city	\N	state	0	9.9682	76.3182	home	+919854785896
860cac36-373f-4492-b0f7-ae5f8bb6f9c4	Adhi v	Vrindavan House, Kakakanad	street	Kakanad	city	\N	state	0	10.0111	76.3383	home	+919854785896
1f7ba42a-3a80-4a4b-a240-e8891d6fba22	 None	Amar villa	street	Triveni Road	city	\N	state	0	9.237468	76.702625	Other	+914646458481
32d47e59-5f45-4b73-84ab-45ad4f79bc5e	 None	Amrita Villa	street	Triveni Nagar	city	\N	state	0	9.931213	76.267304	Home	+918546464548
3394db4f-332d-4021-bc2a-a94b5dcac69c	 None	Amrita Villa	street	Triveni Nagar	city	\N	state	0	9.931213	76.267304	Home	+918546464548
7629c554-1770-461f-a9c2-d25f8f62d1cd	Neena Joseph	Dulcet 13 G	street	Olive	city	\N	state	0	10.0159	76.3419	home	+916285643456
07c9a2f0-a753-4d5a-adec-1ec7b1682148	Adhi v	Vasantham, Vytila	street	Near vytila hub	city	\N	state	0	9.9682	76.3182	home	+919854785896
dd235e16-c0e6-4407-9a80-1c89d73c50e4	Adhi v	Vasantham, Vytila	street	Near vytila hub	city	\N	state	0	9.9682	76.3182	home	+919854785896
842c7010-b8a3-4517-910f-90a1668a52a5	Adhi v	Vrindavan House, Kakakanad	street	Kakanad	city	\N	state	0	10.0111	76.3383	home	+919854785896
dd61c90c-0b52-4ce7-9b73-0bc59c2804ce	 None	Carnival info park	street	phase3	city	\N	state	0	10.015846	76.341866	Other	+915236528523
05180531-5788-426e-b44e-555c272c1a81	 None	Carnival info park	street	phase3	city	\N	state	0	10.015846	76.341866	Other	+915236528523
855cda98-75ea-4c4b-b86f-da6a844c3f9c	Adhi v	Vrindavan House, Kakakanad	street	Kakanad	city	\N	state	0	10.0111	76.3383	home	+919854785896
91126ea7-f5b0-4372-8062-007cc558bf64	 None	21	street	56	city	\N	state	0	10.0106	76.3494	other	+918957854785
508725c2-648c-4929-a2f3-2e35cc0fc5d4	 None	Dulcet 13 G	street	infopark	city	\N	state	0	10.0159	76.3419	other	+919496134500
45397391-4909-4798-bcc3-bd44a7930675	 None	12 , kakanad	street	kakanad	city	\N	state	0	10.012605	76.362859	Work	+912541252365
dbebd329-db14-4aee-b764-0545e411088c	 None	12 , kakanad	street	kakanad	city	\N	state	0	10.012605	76.362859	Work	+912541252365
b4a15c64-182f-4f86-8103-ed8dbbf1c9b1	 None	12 , kakanad	street	kakanad	city	\N	state	0	10.012605	76.362859	Work	+912541252365
bf6cd7da-053b-4bf8-9ad2-608491f78bb0	 None	12 , kakanad	street	kakanad	city	\N	state	0	10.012605	76.362859	Work	+912541252365
6c7d6c0a-e61d-45b0-bb5e-e970923227c9	 None	12 , kakanad	street	kakanad	city	\N	state	0	10.012605	76.362859	Work	+912541252365
9823de71-146b-4224-a0bc-abef15f3f6e4	 None	12 , kakanad	street	kakanad	city	\N	state	0	10.012605	76.362859	Work	+912541252365
38e24b2e-b8fc-4fbe-a987-fa8d7515327a	Jithya None	vytila	street	kochi	city	\N	state	0	9.968196	76.318234	Other	+919846988509
2ee1301b-964a-492d-a8cf-28d8f5984965	 None	21	street	56	city	\N	state	0	10.0106	76.3494	other	+918957854785
694d7f12-e08a-4c99-ab83-1d05bcace4c5	 None	21	street	56	city	\N	state	0	10.0106	76.3494	other	+918957854785
aa36f3fe-91ae-4b0e-be1e-227c9a2beed2	 None	Dulcet 13 G	street	infopark	city	\N	state	0	10.0159	76.3419	other	+919496134500
d7a2bbfd-a202-4e9f-b588-ceffda496e00	 None	kakanad	street	kakanad	city	\N	state	0	10.015827	76.341866	Other	+912541252365
809b0e6b-ffe3-4ec9-a254-27585143d55c	 None	kakanad	street	kakanad	city	\N	state	0	10.015827	76.341866	Other	+912541252365
dcf98eee-f6dd-46aa-965d-34f68063cfa1	 None	Dulcet 13 G	street	infopark	city	\N	state	0	10.0159	76.3419	other	+919496134500
1bef6495-2a28-4378-988b-79a5853f210e	 None	gdhd	street	hdhdh	city	\N	state	0	10.015855	76.341866	Work	+911234567891
8bf2b770-6afa-4b62-a13a-c38c8b562ffb	 None	gdhd	street	hdhdh	city	\N	state	0	10.015855	76.341866	Work	+911234567891
cc955c28-fb20-4158-ad4f-70a6bec8fa03	 None	21	street	56	city	\N	state	0	10.0106	76.3494	other	+918957854785
68134ff4-be77-4268-bd12-b4acb44fb5ab	 None	21	street	56	city	\N	state	0	10.0106	76.3494	other	+918957854785
9d787ede-db4f-40df-878f-6d1bffdeb1b0	 None	21	street	56	city	\N	state	0	10.0106	76.3494	other	+918957854785
e3c3f321-dfea-4588-abb4-453d77f8bebb	 None	technopark	street	trivandrum	city	\N	state	0	8.5241	76.9366	work	+918957854785
2c419390-24ca-406c-b80c-0771a9f6b062	 None	technopark	street	trivandrum	city	\N	state	0	8.5241	76.9366	work	+918957854785
376174ee-f988-48b3-899e-07ebffdbddf3	 None	technopark	street	trivandrum	city	\N	state	0	8.5241	76.9366	work	+918957854785
79f36497-0f6c-440f-beea-0d77b7f9ecd9	Mithila M	Near Kakanad	street	Kakanad	city	\N	state	0	10.0159	76.3419	work	+919874582589
5e8d2e8e-1a7a-40c8-ac12-cbb51d69bd86	Mithila M	Near Kakanad	street	Kakanad	city	\N	state	0	10.0159	76.3419	work	+919874582589
e925804d-3969-4e6e-997c-fd8b1d3b5ea5	Mithila M	Near Kakanad	street	Kakanad	city	\N	state	0	10.0159	76.3419	work	+919874582589
242bf2d6-21a5-4ccf-9f95-09a8b85a1269	Mithila M	Near Kakanad	street	Kakanad	city	\N	state	0	10.0159	76.3419	work	+919874582589
2c8089de-1580-42f2-94c0-1d786f02d790	Mithila M	Near Kakanad	street	Kakanad	city	\N	state	0	10.0159	76.3419	work	+919874582589
90412b80-a9f2-417d-b5bc-efb302b97867	Mithila M	Trivandrum house	street	Trivandrum	city	\N	state	0	10.0159	76.3419	work	+919874582589
6bf34be2-6653-498e-9eea-e28ed492ad5d	Mithila M	Near Kakanad	street	Kakanad	city	\N	state	0	10.0159	76.3419	work	+919874582589
ac55f19d-92cb-4c88-8c35-be6ae2b82e40	Mithila M	Vasantham	street	Near trivandrum busstand	city	\N	state	0	8.5241	76.9366	work	+919874582589
696851e3-7494-48a3-a99f-90b712ef17ce	Mithila M	Near Kakanad	street	Kakanad	city	\N	state	0	10.0159	76.3419	work	+919874582589
b945e9f8-8919-4b97-97fc-7a4ecb35dc51	 None	Carnival phase 3	street	Near smart city	city	\N	state	0	10.0159	76.3419	home	+917994035508
8a9646f1-e7e7-4643-8cc8-e02b0ce864ca	 None	Carnival phase 3	street	Near smart city	city	\N	state	0	10.0159	76.3419	home	+917994035508
256efbea-7408-4db2-b9d8-8baf30d42623	 None	52, Shiva Nivas	street	Near trivandrum	city	\N	state	0	8.5241	76.9366	work	+917994035508
df4724f8-dfd9-4993-9502-3a9b2c37a8aa	 None	Carnival phase 3	street	Near smart city	city	\N	state	0	10.0159	76.3419	home	+917994035508
c98aa98a-d068-4b04-bec8-8473ae51c50e	 None	kakkanad	street	kakkanad	city	\N	state	0	10.0159	76.3419	home	+919496134703
1698d4b6-dfde-49dc-848f-78917d689d70	 None	52, Shiva Nivas	street	Near trivandrum	city	\N	state	0	8.5241	76.9366	work	+917994035508
054309a0-f97d-4e3a-afd2-5ab070edea4e	 None	52, Shiva Nivas	street	Near trivandrum	city	\N	state	0	8.5241	76.9366	work	+917994035508
9db176f8-ff25-4b25-9525-2f46b4d65d75	Neena None	Olive	street	rail std	city	\N	state	0	8.5241	76.9366	work	+919496134567
f10bc0a3-23bf-4105-bd5c-e7ffbebebad9	 None	Villa 4	street	Near HDFC Bank	city	\N	state	0	9.9845	76.3286	home	+918129462965
43f9ba0f-dafb-4a06-93f7-5161284aa6df	 None	52, Shiva Nivas	street	Near trivandrum	city	\N	state	0	8.5241	76.9366	work	+917994035508
a4301749-d6d9-4f40-ad4a-8a38ce10b116	 None	52, Shiva Nivas	street	Near trivandrum	city	\N	state	0	8.5241	76.9366	work	+917994035508
af64b408-7f44-4f9d-a5b8-437817e048ba	 None	52, Shiva Nivas	street	Near trivandrum	city	\N	state	0	8.5241	76.9366	work	+917994035508
7a84da86-3d32-47c5-97b7-4130fd5916cf	 None	52, Shiva Nivas	street	Near trivandrum	city	\N	state	0	8.5241	76.9366	work	+917994035508
e74086bd-2d1d-4fe2-a1f0-10d591a763ea	 None	Carnival phase 3	street	Near smart city	city	\N	state	0	10.0159	76.3419	home	+917994035508
0e3c233b-b973-47ca-8aa1-98a2f82f0069	 None	Carnival phase 3	street	Near smart city	city	\N	state	0	10.0159	76.3419	home	+917994035508
67cd336b-b9e6-45a2-9718-6ce486777366	 None	52, Shiva Nivas	street	Near trivandrum	city	\N	state	0	8.5241	76.9366	work	+917994035508
179b4bea-ef6a-4d57-8308-833516fb15b2	 None	52, Shiva Nivas	street	Near trivandrum	city	\N	state	0	8.5241	76.9366	work	+917994035508
c0e40b8b-ab78-473c-811b-2cb52a0f5f4a	 None	Carnival phase 3	street	Near smart city	city	\N	state	0	10.0159	76.3419	home	+917994035508
f3d89c5f-2dca-486a-b52a-c92a2d01d631	 None	phase1	street	technopark	city	\N	state	0	8.559274	76.877711	Work	+919446384430
f4a08c5a-32ba-4b05-a618-6e510fcbedaa	 None	phase1	street	technopark	city	\N	state	0	8.559274	76.877711	Work	+919446384430
acc7527e-c35a-4b21-918d-006e110cc4c2	 None	phase1	street	technopark	city	\N	state	0	8.559274	76.877711	Work	+919446384430
d891ab3f-f251-431c-bc9b-c0e0fcafb7ca	 None	phase1	street	technopark	city	\N	state	0	8.559274	76.877711	Work	+919446384430
6fd4c139-7d01-4f64-bd95-4328f2f8e853	Darshana M	52, Shiva Nivas	street	Near trivandrum	city	\N	state	0	8.5241	76.9366	work	+917994035508
8f0c6840-8515-4633-8582-2907e9f2b664	Darshana M	52, Shiva Nivas	street	Near trivandrum	city	\N	state	0	8.5241	76.9366	work	+917994035508
1582c018-55a7-4967-8f56-46df1c9fb917	Darshana M	52, Shiva Nivas	street	Near trivandrum	city	\N	state	0	8.5241	76.9366	work	+917994035508
5d82d4d0-4d61-4be2-8dae-177ba0a37daa	Darshana M	52, Shiva Nivas	street	Near trivandrum	city	\N	state	0	8.5241	76.9366	work	+917994035508
9dac20e0-0a4f-4b0b-b487-d0cc30f05e29	Darshana M	52, Shiva Nivas	street	Near trivandrum	city	\N	state	0	8.5241	76.9366	work	+917994035508
fe59491b-ccc4-40cd-9f24-f31145745ab5	 None	1	street	villa	city	\N	state	0	12.97155	77.5946	Other	+918921124594
fbed0ce9-77a7-4491-b984-6e84276dd99d	 None	Third Floor	street	Technopark Phase 1	city	\N	state	0	8.561991	76.880594	Work	+918921124594
613f90b8-9721-4d75-8f05-5871ac06c799	Darshana M	Carnival phase 3	street	Near smart city	city	\N	state	0	10.0159	76.3419	home	+917994035508
80317693-9932-4b9d-ba0e-3826faa24715	Darshana M	Carnival phase 3	street	Near smart city	city	\N	state	0	10.0159	76.3419	home	+917994035508
a078f251-d527-40d6-95d0-734ccf0a6a3e	Darshana M	Carnival phase 3	street	Near smart city	city	\N	state	0	10.0159	76.3419	home	+917994035508
10a559aa-a92c-42f8-b2ac-c36904aeda78	Ashik A	infopark	street	kakkanad	city	\N	state	0	10.008022	76.362281	Other	+918921124594
17d69cc3-ac4a-4343-9f3b-e4360fcef9aa	Ashik A	infopark	street	kakkanad	city	\N	state	0	10.008022	76.362281	Other	+918921124594
225675c5-1c35-40de-a4e2-66a0bc13858f	Darshana M	52, Shiva Nivas	street	Near trivandrum	city	\N	state	0	8.5241	76.9366	work	+917994035508
1a9bdb46-07b5-484a-a45f-f30cf3e3624a	Darshana M	52, Shiva Nivas	street	Near trivandrum	city	\N	state	0	8.5241	76.9366	work	+917994035508
50f6111b-f75e-447f-aef5-a27be1224c46	Darshana M	52, Shiva Nivas	street	Near trivandrum	city	\N	state	0	8.5241	76.9366	work	+917994035508
50deddc0-e89e-4165-b6a5-5ae2b2fef61c	Romeo Juliet	Dulcet 13 G	street	infopark	city	\N	state	0	10.0159	76.3419	home	+919978765455
d053c352-f589-4885-aa2a-b3a0bf0a3c1c	Darshana M	Carnival phase 3	street	Near smart city	city	\N	state	0	10.0159	76.3419	home	+917994035508
a036dc85-2640-4904-8975-c7551cad2d69	 None	kakanad house	street	kakanad	city	\N	state	0	10.01585	76.341866	Work	+914225365263
6bac8d4a-9508-4452-969b-f80341873a72	 None	kakanad house	street	kakanad	city	\N	state	0	10.01585	76.341866	Work	+914225365263
fa29dc2e-ca48-42b7-b98e-7a1a5ddbeacb	 None	kakanad house	street	kakanad	city	\N	state	0	10.01585	76.341866	Work	+914225365263
828885c0-3d6f-408c-ac43-4c3325492c85	Neena None	Dulcet 13 G	street	infopark	city	\N	state	0	10.0159	76.3419	work	+918767567898
08909379-922a-4112-9479-be25c4b4239a	 None	NEAR KAKANAD	street	KAKANAD	city	\N	state	0	12.97735	77.596312	Home	+915178589658
821a640e-07b8-46d4-b898-d4b81c136a03	Darshana M	Carnival phase 3	street	Near smart city	city	\N	state	0	10.0159	76.3419	home	+917994035508
9b03a918-43a1-4962-bfc7-f49cd580a16e	Darshana M	Carnival phase 3	street	Near smart city	city	\N	state	0	10.0159	76.3419	home	+917994035508
5d56b271-67f7-4fa5-a30e-78693c8716aa	Darshana M	Carnival phase 3	street	Near smart city	city	\N	state	0	10.0159	76.3419	home	+917994035508
4f8c0ff9-8c81-49c4-a4bf-42cd86c57d75	Darshana M	Carnival phase 3	street	Near smart city	city	\N	state	0	10.0159	76.3419	home	+917994035508
f104ac4a-31ae-4cdc-8d38-d573de946704	Darshana M	52, Shiva Nivas	street	Near trivandrum	city	\N	state	0	8.5241	76.9366	work	+917994035508
6ff2e9b8-f798-4f00-a5f1-223833e52291	 None	Infopark house	street	infopark	city	\N	state	0	10.015849	76.341866	Work	+919632545236
77a38eb9-f303-4bb5-bda2-839b5a182c22	Ashik A	infopark	street	kakkanad	city	\N	state	0	10.008022	76.362281	Other	+918921124594
36ed322e-267b-4221-b85b-998d3777de11	 None	kakanad house	street	kakanad	city	\N	state	0	10.015851	76.341866	Work	+918523652365
36707d5d-1581-409e-8176-e07621c020aa	 None	trivandrum house	street	truvandrum	city	\N	state	0	8.52413	76.936637	Work	+918523652365
6ba4a173-e222-4273-a58b-dee3db46dff7	 None	Carnival infopark	street	kakanad	city	\N	state	0	10.015838	76.341866	Home	+918523652145
ceae961c-be82-4ba2-8c18-eb7b35046ef2	 None	ggh	street	gh	city	\N	state	0	10.015853	76.341866	Work	+915236523655
c67e7203-d07f-4895-a075-dae7eafdaeae	 None	ggh	street	gh	city	\N	state	0	10.015853	76.341866	Work	+915236523655
fdf38063-21b8-4f99-85f0-eed8f46d3345	 None	ggh	street	gh	city	\N	state	0	10.015853	76.341866	Work	+915236523655
6a87984a-fc6c-4b87-96bb-e2a3cf450291	 None	ggh	street	gh	city	\N	state	0	10.015853	76.341866	Work	+915236523655
d0259992-8ffb-4bae-a0d0-a4e2120b3ecd	 None	ggh	street	gh	city	\N	state	0	10.015853	76.341866	Work	+915236523655
f9d627c7-bf21-4abb-a2b3-e7b3116af253	FDG GFFG	Near inforpark campus	street	Near infopark	city	\N	state	0	10.0073	76.3265	work	+918965478589
a2d9eb91-d1dc-4afe-9064-e898e17abd10	FDG GFFG	Near inforpark campus	street	Near infopark	city	\N	state	0	10.0073	76.3265	work	+918965478589
dc918b84-27f4-4da7-8615-97ba5a8f5ed8	FDG GFFG	Near inforpark campus	street	Near infopark	city	\N	state	0	10.0073	76.3265	work	+918965478589
4090ca03-03bb-434c-a27d-78dd9e84af93	FDG GFFG	Near inforpark campus	street	Near infopark	city	\N	state	0	10.0073	76.3265	work	+918965478589
f3a83dbc-471f-453f-a53f-1f08d5fe65c5	FDG GFFG	Near inforpark campus	street	Near infopark	city	\N	state	0	10.0073	76.3265	work	+918965478589
28c72cf1-5b8e-4b2a-b888-acae290fdada	FDG GFFG	Near inforpark campus	street	Near infopark	city	\N	state	0	10.0073	76.3265	work	+918965478589
0776714b-38af-49e0-ba60-256c40c86500	FDG GFFG	Near inforpark campus	street	Near infopark	city	\N	state	0	10.0073	76.3265	work	+918965478589
d34ded83-7913-4bb4-b6fa-36395cf64dfd	FDG GFFG	Near inforpark campus	street	Near infopark	city	\N	state	0	10.0073	76.3265	work	+918965478589
d925304a-d222-4334-ba76-651ca7c8035a	FDG GFFG	Near inforpark campus	street	Near infopark	city	\N	state	0	10.0073	76.3265	work	+918965478589
bc6c2131-f9c3-443b-9049-05ef026b8cca	FDG GFFG	Near inforpark campus	street	Near infopark	city	\N	state	0	10.0073	76.3265	work	+918965478589
b83300ac-6f39-4d8e-a599-bd6106c7cc0d	Ashik A	Third Floor	street	Technopark Phase 1	city	\N	state	0	8.561991	76.880594	Work	+918921124594
f01ec724-576e-4a49-bc53-f8d07731faf2	Ashik A	infopark	street	kakkanad	city	\N	state	0	10.008022	76.362281	Other	+918921124594
33763092-78df-4ecf-81a3-2e49d8810b56	 None	kakanad house	street	kakanad housee	city	\N	state	0	10.015851	76.341866	Work	+912567576757
8dc1906c-b9df-4134-9f76-964099e0eff5	Mithila M	Vasantham	street	Near trivandrum busstand	city	\N	state	0	8.5241	76.9366	work	+919874582589
49e1d6db-8b02-4e8d-9bb5-c879d18e4613	 None	Near trivandrum palace	street	trivandrum	city	\N	state	0	8.524121	76.936637	Other	+912567576757
187e822b-a555-41a1-abb1-2b0e9fa9abba	 None	Dulcet 13 G	street	infopark	city	\N	state	0	10.0159	76.3419	work	+919876786578
b141ae87-00fd-4a66-b704-41f0e45e746d	Drisya None	Villa 23, NC	street	Eroor	city	\N	state	0	9.984279	76.32807	Home	+917736788671
8be1bede-8d8a-4074-b8e7-4c469638f233	Neena None	Dulcet 13 G	street	rail std	city	\N	state	0	10.0159	76.3419	work	+919865342345
e5f18ae3-9d35-47a9-af77-d108e678749e	 None	abc	street	efg	city	\N	state	0	10.015851	76.341866	Other	+911234567890
3bbf81b9-c76a-4b9c-89fa-2932666013e8	 None	abc	street	efg	city	\N	state	0	10.015851	76.341866	Other	+911234567890
042b31d7-5123-438f-9db1-6dcbe327f52d	 None	amear kakanad junction	street	kakanad	city	\N	state	0	10.015849	76.341866	Work	+919632542153
793894a5-177c-4215-a833-dec3efbf7f89	 None	amear kakanad junction	street	kakanad	city	\N	state	0	10.015849	76.341866	Work	+919632542153
5391eb67-f0f6-4061-94e3-3a6ed7186d94	 None	Carnival infopark	street	infopark road	city	\N	state	0	10.01584	76.341866	Work	+913652152365
24a501c7-ba00-41d5-a04e-8ba1ced30e05	Gaya G	Carnival infopark	street	infopark road	city	\N	state	0	10.01584	76.341866	Work	+913652152365
0b320102-0cde-400f-a7ad-3b69220f3385	Drisya None	Villa 23, NC	street	Eroor	city	\N	state	0	9.984279	76.32807	Home	+917736788671
153f968f-6845-4859-9d9b-e4f515106f98	 None	Carnival infopark	street	kakanad	city	\N	state	0	10.015837	76.341866	Work	+915214253628
625ba66b-a969-416d-b905-ca49b520e9e3	Navya N	Carnival infopark	street	kakanad	city	\N	state	0	10.015837	76.341866	Work	+915214253628
bda38df6-fe8f-4ee5-b064-c5e37170dfb1	Neena Joseph	Dulcet 13G	street	infopark	city	\N	state	0	10.0159	76.3419	home	+919546345672
55808102-5050-4235-adf7-3562d7da5cbc	Navya N	Carnival infopark	street	kakanad	city	\N	state	0	10.015837	76.341866	Work	+915214253628
573ef0ef-fb7b-413e-bdc2-6977e16ef64e	Ashik A	Third Floor	street	Technopark Phase 1	city	\N	state	0	8.561991	76.880594	Work	+918921124594
b9412838-5093-4c2d-bed0-2c1a18d81612	Ashik A	Third Floor	street	Technopark Phase 1	city	\N	state	0	8.561991	76.880594	Work	+918921124594
f0cda421-e783-4310-9025-fd802b8933a0	Ashik A	Third Floor	street	Technopark Phase 1	city	\N	state	0	8.561991	76.880594	Work	+918921124594
8c481e09-56f3-4f55-810d-96e932f6e5bf	Ashik A	Third Floor	street	Technopark Phase 1	city	\N	state	0	8.561991	76.880594	Work	+918921124594
d8634e09-45b4-4593-a261-46eeab4649f8	Ashik A	Third Floor	street	Technopark Phase 1	city	\N	state	0	8.561991	76.880594	Work	+918921124594
1a133421-8bb6-4e76-ba72-43a01df11eca	Ashik A	Third Floor	street	Technopark Phase 1	city	\N	state	0	8.561991	76.880594	Work	+918921124594
da29c7e3-c63f-4e09-be93-62d6158aab15	Ashik A	Third Floor	street	Technopark Phase 1	city	\N	state	0	8.561991	76.880594	Work	+918921124594
443def5f-55c6-463c-9cd8-a036bc371926	Ashik A	Third Floor	street	Technopark Phase 1	city	\N	state	0	8.561991	76.880594	Work	+918921124594
54513aa1-c100-4c20-bcc7-5bc7b57c8670	Ashik A	Third Floor	street	Technopark Phase 1	city	\N	state	0	8.561991	76.880594	Work	+918921124594
81b3272e-2f02-43d0-9dae-11a2c4ebaa20	Ashik A	Third Floor	street	Technopark Phase 1	city	\N	state	0	8.561991	76.880594	Work	+918921124594
d32f8d42-c2f2-4f2c-8bdd-f443c122e0ec	Ashik A	Third Floor	street	Technopark Phase 1	city	\N	state	0	8.561991	76.880594	Work	+918921124594
f71992d5-269c-4ed7-842a-aa4014f552f9	Neena Joseph	Dulcet 13G	street	infopark	city	\N	state	0	10.0159	76.3419	home	+919546345672
399c0f10-6c61-4f41-9fda-117b84be9894	 None	kakkanad	street	kakkanad	city	\N	state	0	10.0159	76.3419	home	+919496134703
adebfb7b-0470-4aba-808c-13cccab0875f	FDG GFFG	Near inforpark campus	street	Near infopark	city	\N	state	0	10.0073	76.3265	work	+918965478589
29598057-efca-4c3e-bed4-5c10eb9c18e3	FDG GFFG	Near inforpark campus	street	Near infopark	city	\N	state	0	10.0073	76.3265	work	+918965478589
049eed54-c908-4b70-841f-3073f419d85a	Darshana M	Carnival phase 3	street	Near smart city	city	\N	state	0	10.0159	76.3419	home	+917994035508
906ec023-95cc-420d-bbd9-c7ceb072d4c2	Darshana M	Carnival phase 3	street	Near smart city	city	\N	state	0	10.0159	76.3419	home	+917994035508
c2af87ab-9d7c-4206-9884-31c61b07bb64	Darshana M	Carnival phase 3	street	Near smart city	city	\N	state	0	10.0159	76.3419	home	+917994035508
3ddf87a0-4d80-42aa-809e-34836a479881	Darshana M	Carnival phase 3	street	Near smart city	city	\N	state	0	10.0159	76.3419	home	+917994035508
5a44ed68-bc04-4cdc-8129-3c3974af2bcf	Darshana M	Carnival phase 3	street	Near smart city	city	\N	state	0	10.0159	76.3419	home	+917994035508
06b7f846-41ef-4973-b006-e846163c1c6d	Darshana M	Carnival phase 3	street	Near smart city	city	\N	state	0	10.0159	76.3419	home	+917994035508
0e5cce4d-40cf-4791-a933-35ca9ed8a682	Darshana M	Carnival phase 3	street	Near smart city	city	\N	state	0	10.0159	76.3419	home	+917994035508
654b9b1f-2418-4a60-84c0-85fcf1768061	Darshana M	Carnival phase 3	street	Near smart city	city	\N	state	0	10.0159	76.3419	home	+917994035508
69f00fdb-abaa-4320-a835-458037014a53	Darshana M	Carnival phase 3	street	Near smart city	city	\N	state	0	10.0159	76.3419	home	+917994035508
aafd8544-318e-4bc8-8053-b223ebe950ee	Darshana M	Carnival phase 3	street	Near smart city	city	\N	state	0	10.0159	76.3419	home	+917994035508
cca6f796-7e43-4750-a9b8-b121794d3ff6	Darshana M	Carnival phase 3	street	Near smart city	city	\N	state	0	10.0159	76.3419	home	+917994035508
8aa408eb-6520-47bd-8c6c-b0df2e8bf1bf	Darshana M	Carnival phase 3	street	Near smart city	city	\N	state	0	10.0159	76.3419	home	+917994035508
bb09f82d-3dd1-4e0b-bab6-2a64c4f9cd22	 None	kakkanad	street	kakkanad	city	\N	state	0	10.0159	76.3419	home	+919496134703
42e43193-b590-48bc-90c5-a71624a970f9	 None	kakkanad	street	kakkanad	city	\N	state	0	10.0159	76.3419	home	+919496134703
805e713a-7130-46c3-874f-e881b5d18e91	 None	kakkanad	street	kakkanad	city	\N	state	0	10.0159	76.3419	home	+919496134703
7bb5f5aa-534d-4358-a99c-34b6337a5e41	 None	kakkanad	street	kakkanad	city	\N	state	0	10.0159	76.3419	home	+919496134703
b708c276-8fc9-40fa-95a1-abb829c7464b	 None	kakkanad	street	kakkanad	city	\N	state	0	10.0159	76.3419	home	+919496134703
ad177f45-5c7d-4862-ac05-43b28cd9bc03	 None	kakkanad	street	kakkanad	city	\N	state	0	10.0159	76.3419	home	+919496134703
719bc819-e059-45e9-97bd-2d1e47f49165	 None	kakkanad	street	kakkanad	city	\N	state	0	10.0159	76.3419	home	+919496134703
0e5239eb-c3c4-493b-8d79-38c50cc1ac19	Darshana M	Carnival infopark	street	near infopark	city	\N	state	0	10.015845	76.341866	Work	+917994035508
4c9b9f68-fc20-4754-9f4b-b7c4cb3acd6b	Darshana M	Carnival infopark	street	near infopark	city	\N	state	0	10.015845	76.341866	Work	+917994035508
456f9249-d5fb-4ef3-9d26-8cd597b96bdd	Darshana M	Carnival infopark	street	near infopark	city	\N	state	0	10.015845	76.341866	Work	+917994035508
865ed54c-96b5-4f20-a75b-6910456b478d	Darshana M	Carnival infopark	street	near infopark	city	\N	state	0	10.015845	76.341866	Work	+917994035508
86bcf203-48ac-4d05-a32d-9995e40958c8	Darshana M	Carnival infopark	street	near infopark	city	\N	state	0	10.015845	76.341866	Work	+917994035508
2a519df2-1233-46b3-9768-26875cf20418	Darshana M	Carnival infopark	street	near infopark	city	\N	state	0	10.015845	76.341866	Work	+917994035508
8f59919e-3e3b-4ff1-818b-124f5d96796d	Darshana M	Carnival infopark	street	near infopark	city	\N	state	0	10.015845	76.341866	Work	+917994035508
95f7ab5e-f719-4f50-ac65-b3337a5e18ae	Darshana M	Carnival infopark	street	near infopark	city	\N	state	0	10.015845	76.341866	Work	+917994035508
98eae379-4fae-49cb-b1a2-16c589af43af	Darshana M	Carnival infopark	street	near infopark	city	\N	state	0	10.015845	76.341866	Work	+917994035508
33a8461a-08db-43e9-b734-86556685c70b	Darshana M	Carnival infopark	street	near infopark	city	\N	state	0	10.015845	76.341866	Work	+917994035508
87276200-abb7-401b-b185-efeaba0b4f79	Darshana M	Carnival infopark	street	near infopark	city	\N	state	0	10.015845	76.341866	Work	+917994035508
09302f2b-dbaf-4307-afba-d01e84860a9f	Darshana M	Carnival infopark	street	near infopark	city	\N	state	0	10.015845	76.341866	Work	+917994035508
e7264481-baab-4eff-9aba-a4309ff1a47f	Darshana M	Carnival infopark	street	near infopark	city	\N	state	0	10.015845	76.341866	Work	+917994035508
e2ebafc8-b87b-4058-9b42-a642c7472271	Darshana M	Carnival infopark	street	near infopark	city	\N	state	0	10.015845	76.341866	Work	+917994035508
c6453bf9-b3db-44bb-a97a-132cab8e6aa4	Darshana M	Carnival infopark	street	near infopark	city	\N	state	0	10.015845	76.341866	Work	+917994035508
7e2ea136-4922-4529-adb9-4813a124a36d	Darshana M	Carnival infopark	street	near infopark	city	\N	state	0	10.015845	76.341866	Work	+917994035508
b0d48db9-a54a-4a9a-819b-5f734917c090	Darshana M	Carnival infopark	street	near infopark	city	\N	state	0	10.015845	76.341866	Work	+917994035508
e8d964f1-6cc3-41d2-a7c4-0d124bf8f3d7	Darshana M	Carnival infopark	street	near infopark	city	\N	state	0	10.015845	76.341866	Work	+917994035508
ae0f3e51-bd4f-417e-8cb3-4931e8c99d80	Darshana M	Carnival infopark	street	near infopark	city	\N	state	0	10.015845	76.341866	Work	+917994035508
670c26d6-cff3-40b6-8dab-67a8e7e46129	Darshana M	Carnival infopark	street	near infopark	city	\N	state	0	10.015845	76.341866	Work	+917994035508
2f635c3f-c0ef-4ca4-a351-f79575d1e5f9	Darshana M	Carnival infopark	street	near infopark	city	\N	state	0	10.015845	76.341866	Work	+917994035508
44144c6d-7e74-4f6d-af14-136ace0dcfe4	Darshana M	Carnival infopark	street	near infopark	city	\N	state	0	10.015845	76.341866	Work	+917994035508
673c4cc9-069e-4804-89d0-7988cac6f42f	Darshana M	Carnival infopark	street	near infopark	city	\N	state	0	10.015845	76.341866	Work	+917994035508
d24da0e3-b594-4f4b-b5e1-be7a50f13871	Darshana M	Carnival infopark	street	near infopark	city	\N	state	0	10.015845	76.341866	Work	+917994035508
211f62df-c9d7-4d4a-bdba-7072fcb1b304	Darshana M	Carnival infopark	street	near infopark	city	\N	state	0	10.015845	76.341866	Work	+917994035508
f85ab4f1-1fde-4385-b6c0-5400de2c2a94	Darshana M	Carnival infopark	street	near infopark	city	\N	state	0	10.015845	76.341866	Work	+917994035508
3b7e0e0d-711c-4664-8180-402af4523612	Darshana M	Carnival infopark	street	near infopark	city	\N	state	0	10.015845	76.341866	Work	+917994035508
ad09be51-12b5-47d5-ae4c-ce18e254280e	Darshana M	Carnival infopark	street	near infopark	city	\N	state	0	10.015845	76.341866	Work	+917994035508
15e0c3eb-a952-4fa8-bbd5-0041a387d0a0	Darshana M	Carnival infopark	street	near infopark	city	\N	state	0	10.015845	76.341866	Work	+917994035508
4d5dca46-1413-48f8-9126-4035d43e46e1	Darshana M	Carnival infopark	street	near infopark	city	\N	state	0	10.015845	76.341866	Work	+917994035508
90f0233f-7b8f-488a-a2cd-708049f43d12	Darshana M	Carnival infopark	street	near infopark	city	\N	state	0	10.015845	76.341866	Work	+917994035508
fc0b9967-4e39-484c-8d3c-59e3bbc99a12	Jithya Anand	kakkanad	street	kochi	city	\N	state	0	10.015858	76.341866	Other	+919846988509
4bb4f046-e24a-4651-b2fd-8c9b4d13d37d	Jithya Anand	kakkanad	street	kochi	city	\N	state	0	10.015858	76.341866	Other	+919846988509
80cbf085-8213-435a-b101-1a0c1a428942	Jithya Anand	kakkanad	street	kochi	city	\N	state	0	10.015858	76.341866	Other	+919846988509
f8eaf2a6-f0f2-421d-b2e5-ff2572501de1	Jithya Anand	kakkanad	street	kochi	city	\N	state	0	10.015858	76.341866	Other	+919846988509
7348e1e3-5934-465b-84b7-bf489e299f14	Jithya Anand	kakkanad	street	kochi	city	\N	state	0	10.015858	76.341866	Other	+919846988509
2284c0ce-9e1f-46ec-9d8a-dbea969d3844	Jithya Anand	kakkanad	street	kochi	city	\N	state	0	10.015858	76.341866	Other	+919846988509
d89c8a45-8f47-4af0-9bde-fd32795a6c07	 None	kakkanad	street	kakkanad	city	\N	state	0	10.0159	76.3419	home	+919496134703
b846ae61-2af0-48d9-a7c6-1d008341b0f4	 None	kakkanad	street	kakkanad	city	\N	state	0	10.0159	76.3419	home	+919496134703
635ea3ad-451b-4fb8-903c-7f6c4d91bdc9	Darshana M	Carnival infopark	street	near infopark	city	\N	state	0	10.015845	76.341866	Work	+917994035508
11d4a5ed-1529-40c9-84d6-84a5471fd02c	Darshana M	Carnival infopark	street	near infopark	city	\N	state	0	10.015845	76.341866	Work	+917994035508
a69facc6-59b6-4344-b90d-a70afe94ef54	Darshana M	Carnival infopark	street	near infopark	city	\N	state	0	10.015845	76.341866	Work	+917994035508
f3923e24-13f0-4159-bd1b-ce65e1662d86	Darshana M	52, Shiva Nivas	street	Near trivandrum	city	\N	state	0	8.5241	76.9366	work	+917994035508
4c099b69-c8d1-4c54-8a4e-cd6c4de454e6	Darshana M	Carnival infopark	street	near infopark	city	\N	state	0	10.015845	76.341866	Work	+917994035508
eb1669a5-3a50-4173-8c40-65b3a6c638ad	Jithya Anand	kakkanad	street	kochi	city	\N	state	0	10.015858	76.341866	Other	+919846988509
6075d46f-3b55-4a0f-aec2-649da3c80691	Jithya Anand	kakkanad	street	kochi	city	\N	state	0	10.015858	76.341866	Other	+919846988509
44dce687-8c9d-4d40-96f5-37d6034ccf04	Jithya Anand	kakkanad	street	kochi	city	\N	state	0	10.015858	76.341866	Other	+919846988509
4a9186a7-fabb-415f-a0d7-16997c25e786	Darshana M	52, Shiva Nivas	street	Near trivandrum	city	\N	state	0	8.5241	76.9366	work	+917994035508
4551db69-8373-4366-aa52-fcecb634ffa9	Darshana M	Carnival infopark	street	near infopark	city	\N	state	0	10.015845	76.341866	Work	+917994035508
0148c20b-4b0c-434c-82a3-5f966b54686e	Darshana M	Carnival infopark	street	near infopark	city	\N	state	0	10.015845	76.341866	Work	+917994035508
41a1ced5-7754-4809-8808-99d166be47bd	Darshana M	Carnival infopark	street	near infopark	city	\N	state	0	10.015845	76.341866	Work	+917994035508
1dbde075-cbd9-4015-896e-b4422499e62d	Darshana M	Carnival infopark	street	near infopark	city	\N	state	0	10.015845	76.341866	Work	+917994035508
52ee994e-797b-499a-8611-caadaf5bfee2	Darshana M	Carnival infopark	street	near infopark	city	\N	state	0	10.015845	76.341866	Work	+917994035508
e8c3e10e-7e6c-4411-95e5-4073947483d9	Darshana M	Carnival infopark	street	near infopark	city	\N	state	0	10.015845	76.341866	Work	+917994035508
49928bcb-9bd3-4977-9fb9-056d2b56622e	Darshana M	52, Shiva Nivas	street	Near trivandrum	city	\N	state	0	8.5241	76.9366	work	+917994035508
3bd98ca3-c83d-47b7-b475-7580ca2df169	Darshana M	52, Shiva Nivas	street	Near trivandrum	city	\N	state	0	8.5241	76.9366	work	+917994035508
fc4e1802-420f-4a4c-8b13-b909cf0babf3	Jithya Anand	Jithya Nivas	street	Murukkumpuzha	city	\N	state	0	8.614691	76.834745	Home	+919846988509
f7d87c14-b195-4ce3-bfd4-cb6613f89809	 None	Amal Bhavan	street	Trivandrum	city	\N	state	0	8.621584	76.839756	Work	+919886565578
9e7ec0ce-9c65-4f13-bbf4-00e19e513858	Neena None	Dulcet	street	infopark	city	\N	state	0	10.0159	76.3419	work	+919526998767
78ed046f-ecf5-4961-b9ad-40a32489c3ad	Jithya 	kakkanad	street	kochi	city	\N	state	0	10.015858	76.341866	Other	+919846988509
a4f16543-5abe-43ef-b42f-24e3ef146dd8	Darshana M	52, Shiva Nivas	street	Near trivandrum	city	\N	state	0	8.5241	76.9366	work	+917994035508
5c105d92-485a-460a-a6e7-79e85e558f82	 None	Infopark road	street	infopark road	city	\N	state	0	10.007997	76.362281	Work	+916325412539
5d5ca08b-7dee-4ffa-92aa-7da805a3866c	Neena None	Dulcet	street	infopark	city	\N	state	0	10.0159	76.3419	work	+919526998767
34cf49d8-c64e-4c24-988c-d888a49cd399	 None	kAKANAD HOUSE	street	KAKANAD	city	\N	state	0	10.0159	76.3419	home	9658741201
1206e658-4c51-41d9-856c-2f5486cf79ab	 None	Gayatri Building	street	Technopark phase 1	city	\N	state	0	8.559249	76.877728	Work	+914949646464
be6c48b7-e7a0-403b-a92d-41adc88d13b9	 None	Amal Bhavan	street	Kulathoor	city	\N	state	0	8.559281	76.877696	Home	+919555555552
d713f3e8-8dfc-4597-8358-b4394794c9d2	 None	Nandavanam	street	P U Road	city	\N	state	0	10.015839	76.341866	Work	+918546431515
07187188-e5d7-46d1-8091-24c3b3752884	 None	Dulcet	street	infopark	city	\N	state	0	10.0159	76.3419	other	+919876545643
5ba73bfe-fbd1-462f-86a2-315a82db2c1f	 None	akhil bhavan	street	puthukulangara	city	\N	state	0	8.590537	77.03874	Other	+917012951573
6fd8927c-0745-4d6b-befb-8839405c6555	 None	akhil bhavan	street	puthukulangara	city	\N	state	0	8.590537	77.03874	Other	+917012951573
5334682e-fee1-4833-a531-cc42aca0203a	 None	akhil bhavan	street	puthukulangara	city	\N	state	0	8.590537	77.03874	Other	+917012951573
dc7715f3-3b97-4d5b-bb73-0743968fc023	 None	akhil bhavan	street	puthukulangara	city	\N	state	0	8.590537	77.03874	Other	+917012951573
04b23587-9948-41c3-85a2-13cdd43e0fe9	 None	akhil bhavan	street	puthukulangara	city	\N	state	0	8.590537	77.03874	Other	+917012951573
d58cf647-8bac-47f9-a7d5-57d9b5a5ad64	 None	akhil bhavan	street	puthukulangara	city	\N	state	0	8.590537	77.03874	Other	+917012951573
5da8139e-bd5b-4585-8b3b-167a147ef621	 None	akhil bhavan	street	puthukulangara	city	\N	state	0	8.590537	77.03874	Other	+917012951573
d48ba7ae-dffb-4b0f-857f-36ba05b04731	 None	akhil bhavan	street	puthukulangara	city	\N	state	0	8.590537	77.03874	Other	+917012951573
1c97ffd1-e0e3-4cd5-a1b2-f476f24f2c19	 None	akhil bhavan	street	puthukulangara	city	\N	state	0	8.590537	77.03874	Other	+917012951573
ee4e00be-d38e-4dbf-b0bf-8f22e24a983e	 None	Dulcet	street	infopark	city	\N	state	0	10.0159	76.3419	other	+919876545643
14c64679-d334-4c5a-b493-6cf064f63e98	 None	fgf	street	gg	city	\N	state	0	10.0159	76.3419	other	+919526999999
20b14b55-4e49-4ef8-8d54-40410e3e633d	 None	kjk	street	hjhjh	city	\N	state	0	10.0159	76.3419	other	+917012951573
33e7552b-e6c3-4e8c-8aaf-39c24cd11acc	 None	kjk	street	hjhjh	city	\N	state	0	10.0159	76.3419	other	+917012951573
897eb4e8-e835-4912-8c2a-b1a803222183	Amal None	Nandavanam	street	P U Road	city	\N	state	0	10.015839	76.341866	Work	+918546431515
a9de2142-5126-47f6-8f8c-bd8283b430fc	 None	Floor 7	street	Carnival infopark	city	\N	state	0	10.010175	76.362866	Work	+919526232736
bec1d551-954c-4aba-aa62-49ff8556b244	Jithya 	kozhikode	street	Demo	city	\N	state	0	11.258748	75.78041	Other	+919846988509
133df30a-d5b5-4547-86bc-efec7ae9a804	FDG GFFG	Near inforpark campus	street	Near infopark	city	\N	state	0	10.0073	76.3265	home	+918965478589
5252cd0e-a755-4943-9083-986675566805	 None	2131	street	dfsf	city	\N	state	0	9.9312	76.2673	other	+917894561238
a1526b8a-a164-4aa3-a244-dbce22610852	 None	2131	street	dfsf	city	\N	state	0	9.9312	76.2673	other	+917894561238
81fc7337-0ec5-49e7-b961-d55990604b61	 None	2131	street	dfsf	city	\N	state	0	9.9312	76.2673	other	+917894561238
7260d7de-c9e6-4bca-8e29-f8505f2670f7	Musafar Ahmd	Floor 7	street	Carnival infopark	city	\N	state	0	10.010175	76.362866	Work	+919526232736
26c2a853-5a03-414d-a199-d002927643f2	Musafar Ahmd	Floor 7	street	Carnival infopark	city	\N	state	0	10.010175	76.362866	Work	+919526232736
51336a12-1ffc-4148-bb4c-51e6016ea109	Musafar Ahmd	Floor 7	street	Carnival infopark	city	\N	state	0	10.010175	76.362866	Work	+919526232736
13c10ccb-3403-4c87-8959-0606e9683919	 None	1	street	THRISSUR	city	\N	state	0	10.5241	76.2121	home	+917561081858
99c7be6b-a71b-41a3-b298-2c2015f8b4d2	 None	1	street	Marar Road	city	\N	state	0	10.5241	76.2121	home	+918455651545
bf5be73e-2096-4471-a219-85f32eff013b	 None	1	street	Marar Road	city	\N	state	0	10.5241	76.2121	home	+918455651545
dc8fc412-908c-4961-b28c-8a93ca82f963	 None	1	street	Marar Road	city	\N	state	0	10.5241	76.2121	home	+918455651545
67294ce5-a854-4d42-8a4b-fd02955c52c6	Hemanth kh	block 3	street	floor 7	city	\N	state	0	10.012255	76.362972	Work	+919876543210
32a2f466-0a1e-45f7-9c35-7535145b067b	 None	abc	street	def	city	\N	state	0	10.0148	76.3418	other	+919090909090
6cc6e8cc-4b01-4b55-90e8-0c9988595745	Jithya 	Nettoor	street	Marad	city	\N	state	0	9.928263	76.314519	Other	+919846988509
3e4fb06a-bd59-4096-8385-e44c5efb4c68	 None	kakkanad	street	kochi	city	\N	state	0	10.015857	76.341866	Other	+918829984555
3f77091f-68bc-486c-a436-7571e76dd8f1	 None	kakkanad	street	kochi	city	\N	state	0	10.015857	76.341866	Other	+918829984555
69bc51df-f486-4359-b244-1001791dba07	 None	kakkanad	street	kochi	city	\N	state	0	10.015857	76.341866	Other	+918829984555
9e63feb1-813c-4a17-90f4-5b5575d67efc	 None	kakkanad	street	kochi	city	\N	state	0	10.015857	76.341866	Other	+918829984555
217ff98d-aeea-4d61-a23d-be3109f136ef	 None	kakkanad	street	kochi	city	\N	state	0	10.015857	76.341866	Other	+918829984555
5a397198-7f26-46d9-ad9c-fbd966bfbcb1	 None	kakkanad	street	kochi	city	\N	state	0	10.015857	76.341866	Other	+918829984555
6f3bfb0c-670c-4b24-8cc6-333b6b8ff624	Hemanth kh	block 3	street	floor 7	city	\N	state	0	10.012255	76.362972	Work	+919876543210
2adcab9e-f3ba-4dc8-a4cc-d9cda5fe48c1	Hemanth kh	block 3	street	floor 7	city	\N	state	0	10.012255	76.362972	Work	+919876543210
ed78a866-ee07-4ffb-a84e-c1ace7f1fd75	Hemanth kh	block 3	street	floor 7	city	\N	state	0	10.012255	76.362972	Work	+919876543210
137e96b6-97fa-4315-a79e-c5b3718725c9	Hemanth kh	block 3	street	floor 7	city	\N	state	0	10.012255	76.362972	Work	+919876543210
c2cb96ab-f3f9-415f-b7f3-74b683e4a2aa	Hemanth kh	block 3	street	floor 7	city	\N	state	0	10.012255	76.362972	Work	+919876543210
82fb27ac-e4e8-4227-add6-3b411b2faa39	Hemanth kh	block 3	street	floor 7	city	\N	state	0	10.012255	76.362972	Work	+919876543210
e4cb8a96-0512-4f6c-8bf4-ef5cbffd485e	Hemanth kh	block 3	street	floor 7	city	\N	state	0	10.012255	76.362972	Work	+919876543210
24899ffd-fd71-4bf3-b1ae-7a1841008882	Hemanth kh	block 3	street	floor 7	city	\N	state	0	10.012255	76.362972	Work	+919876543210
92e575ed-f80f-4a6a-8e8a-e15688a92003	Hemanth kh	block 3	street	floor 7	city	\N	state	0	10.012255	76.362972	Work	+919876543210
0a680d7b-2757-4dc9-b802-fca2aeea3a51	Hemanth kh	block 3	street	floor 7	city	\N	state	0	10.012255	76.362972	Work	+919876543210
f487670c-87b1-475a-a37f-64f1b6101341	Hemanth kh	block 3	street	floor 7	city	\N	state	0	10.012255	76.362972	Work	+919876543210
6cbd8613-31d7-4b6e-9eb5-2ddfc6734a77	 None	test1	street	as cd dfd	city	\N	state	0	9.9759	76.332	other	+917025456506
23c3e589-2c0a-4ba7-84ae-308c835acfec	 None	test1	street	as cd dfd	city	\N	state	0	9.9759	76.332	other	+917025456506
71c637d3-5341-43fa-b5e9-5e9cc3fe20f5	 None	test1	street	as cd dfd	city	\N	state	0	9.9759	76.332	other	+917025456506
fcbb7b8c-7f5a-43b4-9e18-77d0eb6b4dbf	 None	test1	street	as cd dfd	city	\N	state	0	9.9759	76.332	other	+917025456506
9e2f0ff3-50f0-4df4-a7e7-1631cd82d73d	 None	test1	street	as cd dfd	city	\N	state	0	9.9759	76.332	other	+917025456506
1667da51-242b-481a-ba47-8e541b43322d	 None	test1	street	as cd dfd	city	\N	state	0	9.9759	76.332	other	+917025456506
d1cd2587-0d8a-4c06-9cd1-ecccf46b6c22	 None	test1	street	as cd dfd	city	\N	state	0	9.9759	76.332	other	+917025456506
a9d3e2b2-7240-4ade-aba4-38a686477ce0	 None	test1	street	as cd dfd	city	\N	state	0	9.9759	76.332	other	+917025456506
b59a7573-2ef2-4965-92d5-08195875769c	Hemanth kh	block 3	street	floor 7	city	\N	state	0	10.012255	76.362972	Work	+919876543210
3d9668ad-3066-441b-8b86-be2cd657099a	Hemanth kh	block 3	street	floor 7	city	\N	state	0	10.012255	76.362972	Work	+919876543210
c27f87a3-26a7-49cd-8694-9e8910788550	Hemanth kh	block 3	street	floor 7	city	\N	state	0	10.012255	76.362972	Work	+919876543210
605d113a-23c3-413c-973c-2a0ad76dfc86	Hemanth kh	block 3	street	floor 7	city	\N	state	0	10.012255	76.362972	Work	+919876543210
a4b29245-483c-4b0f-ae44-a3290d75487f	Hemanth kh	block 3	street	floor 7	city	\N	state	0	10.012255	76.362972	Work	+919876543210
97f4f7cb-e259-482b-abd8-4b4588546c4f	Hemanth kh	block 3	street	floor 7	city	\N	state	0	10.012255	76.362972	Work	+919876543210
32fc3389-43c3-416e-9e73-3bcdb723e312	 None	test1	street	as cd dfd	city	\N	state	0	9.9759	76.332	other	+917025456506
ddf74469-4f0e-4425-a866-b20338f4b9fe	 None	test1	street	as cd dfd	city	\N	state	0	9.9759	76.332	other	+917025456506
71a09452-caf1-4699-b5b7-1e46594fb30e	 None	test1	street	as cd dfd	city	\N	state	0	9.9759	76.332	other	+917025456506
c4b368cd-18c3-438e-bd76-3161d453166e	Hemanth kh	block 3	street	floor 7	city	\N	state	0	10.012255	76.362972	Work	+919876543210
511aa34a-153a-4a9b-932a-5fe8f06f57c8	Hemanth kh	block 3	street	floor 7	city	\N	state	0	10.012255	76.362972	Work	+919876543210
d1016754-a7e9-45d3-9b47-c83c9b02ae3d	Hemanth kh	block 3	street	floor 7	city	\N	state	0	10.012255	76.362972	Work	+919876543210
0738ecd3-5201-4d3a-beb2-f7e30eda9278	Hemanth kh	block 3	street	floor 7	city	\N	state	0	10.012255	76.362972	Work	+919876543210
311363a7-0ac3-445d-b260-6939589699f0	Hemanth kh	block 3	street	floor 7	city	\N	state	0	10.012255	76.362972	Work	+919876543210
504fa29e-fcb0-4f36-88a8-008a8aaa9c7c	Hemanth kh	block 3	street	floor 7	city	\N	state	0	10.012255	76.362972	Work	+919876543210
484736ce-7ce9-4f84-ae51-b5e9446d822a	Hemanth kh	block 3	street	floor 7	city	\N	state	0	10.012255	76.362972	Work	+919876543210
97852bc5-329e-4c6b-928a-aa388d898c8c	Hemanth kh	block 3	street	floor 7	city	\N	state	0	10.012255	76.362972	Work	+919876543210
528f1703-b5aa-4909-96e9-1a8f70518cc7	Hemanth kh	block 3	street	floor 7	city	\N	state	0	10.012255	76.362972	Work	+919876543210
89bd03ee-ecf1-425c-bcd2-d99715c40f6e	Hemanth kh	block 3	street	floor 7	city	\N	state	0	10.012255	76.362972	Work	+919876543210
68767271-3a48-4a11-ac54-3ac15025a39e	Hemanth kh	block 3	street	floor 7	city	\N	state	0	10.012255	76.362972	Work	+919876543210
0e5f3a70-3404-4a2a-8d2b-b7bbb5c0fc3e	Hemanth kh	block 3	street	floor 7	city	\N	state	0	10.012255	76.362972	Work	+919876543210
cfcd018b-7598-4c85-aae4-46e039b19260	Hemanth kh	block 3	street	floor 7	city	\N	state	0	10.012255	76.362972	Work	+919876543210
15aeda7a-65e7-4514-8e64-244323db9271	Hemanth kh	block 3	street	floor 7	city	\N	state	0	10.012255	76.362972	Work	+919876543210
d84ecc50-b8fd-4ae8-b542-0161e372fe7d	Hemanth kh	block 3	street	floor 7	city	\N	state	0	10.012255	76.362972	Work	+919876543210
5e75cb5b-2d7c-437c-b9ab-2ed17ee4b9b6	Hemanth kh	block 3	street	floor 7	city	\N	state	0	10.012255	76.362972	Work	+919876543210
4d40e69b-2060-4ab5-81a7-45b630b370c2	Hemanth kh	block 3	street	floor 7	city	\N	state	0	10.012255	76.362972	Work	+919876543210
9696d935-6a84-4855-ae62-e129e56d5ce8	Hemanth kh	block 3	street	floor 7	city	\N	state	0	10.012255	76.362972	Work	+919876543210
cc923b40-3e75-46af-88e1-18d75c7b5b36	Hemanth kh	block 3	street	floor 7	city	\N	state	0	10.012255	76.362972	Work	+919876543210
724c75c7-18ac-4964-bb23-b3df4844314f	Hemanth kh	block 3	street	floor 7	city	\N	state	0	10.012255	76.362972	Work	+919876543210
de3290be-a411-4183-8508-f7afa35565ef	Hemanth kh	block 3	street	floor 7	city	\N	state	0	10.012255	76.362972	Work	+919876543210
a4363526-c6f7-4e0f-a517-4fab3ba5e767	Jithya 	vytila	street	kochi	city	\N	state	0	9.968196	76.318234	Other	+919846988509
a33c5716-5d7d-4239-91e5-587ff743bb43	Jithya 	vytila	street	kochi	city	\N	state	0	9.968196	76.318234	Other	+919846988509
954f81e4-a876-4f11-ae56-b6538c9e669d	Jithya 	vytila	street	kochi	city	\N	state	0	9.968196	76.318234	Other	+919846988509
b7e5a501-347c-49d5-bb09-63964d4fef45	Jithya 	vytila	street	kochi	city	\N	state	0	9.968196	76.318234	Other	+919846988509
\.


--
-- Data for Name: orders_message; Type: TABLE DATA; Schema: public; Owner: postgres
--

COPY public.orders_message (uuid, message_type, message, created_at, ads_id) FROM stdin;
3e870f7e-c155-42e4-9ed6-731e616b6696	email	Congrats	2025-03-05 14:40:57.39076+05:30	b9650283-6570-49b2-9fd2-f3caf8a87ee2
0245b9b1-d6cd-4bbc-8e98-50965271d4b5	email	Congrats	2025-03-05 14:41:00.216908+05:30	b9650283-6570-49b2-9fd2-f3caf8a87ee2
f30b6800-26b0-46b3-b52e-eff53fea7d9d	email	Congrats	2025-03-05 14:41:03.43132+05:30	b9650283-6570-49b2-9fd2-f3caf8a87ee2
dcba42e2-7c25-4318-83af-7c503c9ca73e	sms	testing	2025-03-05 14:45:48.858582+05:30	b61a119b-3980-4d35-9c08-18f614404341
0ed67e9f-f1fd-40f3-8b99-b6ca7980ba1c	email	Congrats	2025-03-05 14:47:22.400744+05:30	b9650283-6570-49b2-9fd2-f3caf8a87ee2
b5cf702d-a993-4029-9eb5-30ebf38404b4	email	Congrats	2025-03-07 12:43:48.189024+05:30	b9650283-6570-49b2-9fd2-f3caf8a87ee2
3dddd0cb-c4e1-4bf5-92e7-4981a6082bdf	email	Congrats	2025-03-20 11:53:42.173788+05:30	b9650283-6570-49b2-9fd2-f3caf8a87ee2
d4d84cb3-3d50-4acc-ad10-290c3757021c	sms	testing	2025-03-20 11:55:23.871789+05:30	b61a119b-3980-4d35-9c08-18f614404341
6c483762-9ec0-441b-bdb2-17e860a0ade5	sms	testing	2025-03-20 11:55:25.770825+05:30	b61a119b-3980-4d35-9c08-18f614404341
ea0d0643-7eeb-4c16-8516-123840cd1b78	email	fbg	2025-03-20 12:13:27.768815+05:30	b9650283-6570-49b2-9fd2-f3caf8a87ee2
fa094e64-73ed-4349-97d1-69df53e3da2c	email	yrstaesytgyuhiojokjnkhgfydtrftgyhjiklnjbhgfdsertyuihjnb vcgxdsrtyhujnbvcxdsrwertgyhjiol,;mkbhgfdtrsedtfgvhbjkopi9u8t67frdfcgvhbjnkmjihygtfcgvhb	2025-03-25 13:11:46.579952+05:30	b9650283-6570-49b2-9fd2-f3caf8a87ee2
\.


--
-- Data for Name: orders_notificationstat; Type: TABLE DATA; Schema: public; Owner: postgres
--

COPY public.orders_notificationstat (id, "Sendmsg", created_date, updated_date, "sendTo_id", "OrderID_id", "Description") FROM stdin;
37	Order Despatched	2025-03-06 10:50:27.910104+05:30	2025-03-06 10:50:27.913055+05:30	4feaa393-f61e-4c02-9977-8d4ae932158c	d94d872e-7691-4b09-831b-f85aa3264f32	\N
3	Order Packed	2025-02-28 11:37:59.543706+05:30	2025-02-28 11:37:59.555489+05:30	c972daf6-63e6-44a0-9734-ac21322367b3	c6501d3d-ca9b-410d-99c8-ec37d950a3fe	\N
4	Order Assigned	2025-02-28 11:40:24.223217+05:30	2025-02-28 11:40:24.225924+05:30	c972daf6-63e6-44a0-9734-ac21322367b3	c6501d3d-ca9b-410d-99c8-ec37d950a3fe	\N
5	Delivered	2025-02-28 11:40:34.46433+05:30	2025-02-28 11:40:34.467113+05:30	c972daf6-63e6-44a0-9734-ac21322367b3	c6501d3d-ca9b-410d-99c8-ec37d950a3fe	\N
6	Order Viewed	2025-03-04 09:42:56.496351+05:30	2025-03-04 09:42:56.502661+05:30	777250af-57ad-43f8-8085-15b9b85c0f62	e97bc33e-9a7d-49f2-8499-e229ef4daee7	\N
7	Order Packed	2025-03-04 09:44:54.335418+05:30	2025-03-04 09:44:54.338407+05:30	777250af-57ad-43f8-8085-15b9b85c0f62	e97bc33e-9a7d-49f2-8499-e229ef4daee7	\N
8	Order Viewed	2025-03-04 12:01:03.02842+05:30	2025-03-04 12:01:03.033131+05:30	0d974337-9720-461e-8f0d-5f0134bb7374	0019bead-e3cf-460f-a08d-754debb26251	\N
9	Order Viewed	2025-03-04 12:01:38.554574+05:30	2025-03-04 12:01:38.566515+05:30	777250af-57ad-43f8-8085-15b9b85c0f62	f020a42f-7ba1-4ece-9ce9-b8a3bce0ea72	\N
10	Order Viewed	2025-03-04 13:21:44.361574+05:30	2025-03-04 13:21:44.378959+05:30	777250af-57ad-43f8-8085-15b9b85c0f62	25d71b5b-0ec7-4c8a-9369-ee498001a5ac	\N
11	Order Packed	2025-03-04 13:21:51.248255+05:30	2025-03-04 13:21:51.25123+05:30	777250af-57ad-43f8-8085-15b9b85c0f62	25d71b5b-0ec7-4c8a-9369-ee498001a5ac	\N
12	Order Despatched	2025-03-04 13:22:50.649727+05:30	2025-03-04 13:22:50.652509+05:30	777250af-57ad-43f8-8085-15b9b85c0f62	25d71b5b-0ec7-4c8a-9369-ee498001a5ac	\N
13	Delivered	2025-03-04 13:23:03.6209+05:30	2025-03-04 13:23:03.623684+05:30	777250af-57ad-43f8-8085-15b9b85c0f62	25d71b5b-0ec7-4c8a-9369-ee498001a5ac	\N
14	Order Viewed	2025-03-04 13:25:49.063338+05:30	2025-03-04 13:25:49.066958+05:30	777250af-57ad-43f8-8085-15b9b85c0f62	ba97a9b3-2307-4b64-adea-78eb917f3037	\N
15	Order Packed	2025-03-04 13:26:00.038916+05:30	2025-03-04 13:26:00.093063+05:30	777250af-57ad-43f8-8085-15b9b85c0f62	ba97a9b3-2307-4b64-adea-78eb917f3037	\N
16	Order Despatched	2025-03-04 13:26:25.225685+05:30	2025-03-04 13:26:25.228693+05:30	777250af-57ad-43f8-8085-15b9b85c0f62	ba97a9b3-2307-4b64-adea-78eb917f3037	\N
17	Delivered	2025-03-04 13:26:37.059197+05:30	2025-03-04 13:26:37.062122+05:30	777250af-57ad-43f8-8085-15b9b85c0f62	ba97a9b3-2307-4b64-adea-78eb917f3037	\N
18	Order Viewed	2025-03-04 16:10:42.918564+05:30	2025-03-04 16:10:42.938711+05:30	0d974337-9720-461e-8f0d-5f0134bb7374	ad361088-9572-4394-9ea8-f07118e02aa7	\N
19	Order Packed	2025-03-04 16:11:25.183788+05:30	2025-03-04 16:11:25.186448+05:30	0d974337-9720-461e-8f0d-5f0134bb7374	ad361088-9572-4394-9ea8-f07118e02aa7	\N
20	Order Packed	2025-03-05 09:36:07.838182+05:30	2025-03-05 09:36:07.846715+05:30	0d974337-9720-461e-8f0d-5f0134bb7374	0019bead-e3cf-460f-a08d-754debb26251	\N
21	Order Viewed	2025-03-05 10:30:31.792374+05:30	2025-03-05 10:30:31.795518+05:30	777250af-57ad-43f8-8085-15b9b85c0f62	4ee393bd-5306-4921-9e5d-d68e223e9ff8	\N
22	Order Packed	2025-03-05 10:30:37.829151+05:30	2025-03-05 10:30:37.83203+05:30	777250af-57ad-43f8-8085-15b9b85c0f62	4ee393bd-5306-4921-9e5d-d68e223e9ff8	\N
23	Order Despatched	2025-03-05 10:31:17.404321+05:30	2025-03-05 10:31:17.406972+05:30	777250af-57ad-43f8-8085-15b9b85c0f62	4ee393bd-5306-4921-9e5d-d68e223e9ff8	\N
24	Delivered	2025-03-05 10:31:36.265352+05:30	2025-03-05 10:31:36.268291+05:30	777250af-57ad-43f8-8085-15b9b85c0f62	4ee393bd-5306-4921-9e5d-d68e223e9ff8	\N
25	Order Viewed	2025-03-05 16:31:57.093296+05:30	2025-03-05 16:31:57.102707+05:30	777250af-57ad-43f8-8085-15b9b85c0f62	02e6f308-15c3-4b2f-a163-3149dccda1e2	\N
26	Order Packed	2025-03-05 16:32:17.356401+05:30	2025-03-05 16:32:17.358875+05:30	777250af-57ad-43f8-8085-15b9b85c0f62	02e6f308-15c3-4b2f-a163-3149dccda1e2	\N
27	Order Viewed	2025-03-05 16:37:37.963937+05:30	2025-03-05 16:37:37.968432+05:30	777250af-57ad-43f8-8085-15b9b85c0f62	398eefcd-6788-4d9b-b43f-2c041ffce1d3	\N
28	Order Packed	2025-03-05 16:37:44.84916+05:30	2025-03-05 16:37:44.852119+05:30	777250af-57ad-43f8-8085-15b9b85c0f62	398eefcd-6788-4d9b-b43f-2c041ffce1d3	\N
29	Order Despatched	2025-03-05 16:38:02.112932+05:30	2025-03-05 16:38:02.115761+05:30	777250af-57ad-43f8-8085-15b9b85c0f62	398eefcd-6788-4d9b-b43f-2c041ffce1d3	\N
30	Order Viewed	2025-03-05 16:48:58.420478+05:30	2025-03-05 16:48:58.423461+05:30	0d974337-9720-461e-8f0d-5f0134bb7374	866d1838-e3ca-4ebd-a12d-7f24b4c02282	\N
31	Order Packed	2025-03-05 16:49:14.628852+05:30	2025-03-05 16:49:14.631786+05:30	0d974337-9720-461e-8f0d-5f0134bb7374	866d1838-e3ca-4ebd-a12d-7f24b4c02282	\N
33	Order Viewed	2025-03-06 10:30:34.518149+05:30	2025-03-06 10:30:34.525656+05:30	4feaa393-f61e-4c02-9977-8d4ae932158c	2408be6e-41e3-4174-92b8-d0f63a2f2412	\N
34	Order Packed	2025-03-06 10:30:56.810329+05:30	2025-03-06 10:30:56.813957+05:30	4feaa393-f61e-4c02-9977-8d4ae932158c	2408be6e-41e3-4174-92b8-d0f63a2f2412	\N
35	Order Viewed	2025-03-06 10:41:05.4193+05:30	2025-03-06 10:41:05.423048+05:30	4feaa393-f61e-4c02-9977-8d4ae932158c	d94d872e-7691-4b09-831b-f85aa3264f32	\N
36	Order Packed	2025-03-06 10:41:08.850702+05:30	2025-03-06 10:41:08.853839+05:30	4feaa393-f61e-4c02-9977-8d4ae932158c	d94d872e-7691-4b09-831b-f85aa3264f32	\N
38	Order Viewed	2025-03-07 11:03:44.212412+05:30	2025-03-07 11:03:44.220025+05:30	0d974337-9720-461e-8f0d-5f0134bb7374	aa90891f-feff-41be-a8bb-4a518e281380	\N
39	Order Viewed	2025-03-07 14:35:48.460944+05:30	2025-03-07 14:35:48.46412+05:30	94f06744-b9e0-43e6-a2a8-14c622c3b9fe	d432b5d4-5ef1-449d-a6c5-8235cb3bb5bc	\N
40	Order Viewed	2025-03-07 14:41:36.884732+05:30	2025-03-07 14:41:36.890423+05:30	50c7c2c5-e5f7-4831-a5ea-33b2a3e2e931	1a789f10-182b-4d17-b637-24d6bfcfeace	\N
41	Order Packed	2025-03-07 14:41:40.294842+05:30	2025-03-07 14:41:40.297768+05:30	50c7c2c5-e5f7-4831-a5ea-33b2a3e2e931	1a789f10-182b-4d17-b637-24d6bfcfeace	\N
42	Order Assigned	2025-03-07 14:43:20.232618+05:30	2025-03-07 14:43:20.235426+05:30	50c7c2c5-e5f7-4831-a5ea-33b2a3e2e931	1a789f10-182b-4d17-b637-24d6bfcfeace	\N
43	Order Assigned	2025-03-07 14:43:20.276904+05:30	2025-03-07 14:43:20.279948+05:30	50c7c2c5-e5f7-4831-a5ea-33b2a3e2e931	1a789f10-182b-4d17-b637-24d6bfcfeace	\N
44	Delivered	2025-03-07 14:43:25.416519+05:30	2025-03-07 14:43:25.419526+05:30	50c7c2c5-e5f7-4831-a5ea-33b2a3e2e931	1a789f10-182b-4d17-b637-24d6bfcfeace	\N
45	Order Viewed	2025-03-07 15:16:11.243261+05:30	2025-03-07 15:16:11.247125+05:30	50c7c2c5-e5f7-4831-a5ea-33b2a3e2e931	f130e982-7774-4744-8ec0-0361949b6521	\N
46	Order Packed	2025-03-07 15:16:13.56719+05:30	2025-03-07 15:16:13.570079+05:30	50c7c2c5-e5f7-4831-a5ea-33b2a3e2e931	f130e982-7774-4744-8ec0-0361949b6521	\N
47	Order Despatched	2025-03-07 15:16:36.457275+05:30	2025-03-07 15:16:36.460127+05:30	50c7c2c5-e5f7-4831-a5ea-33b2a3e2e931	f130e982-7774-4744-8ec0-0361949b6521	\N
48	Order Viewed	2025-03-10 15:55:38.348906+05:30	2025-03-10 15:55:38.356367+05:30	0d974337-9720-461e-8f0d-5f0134bb7374	445fc0a7-dc8f-40c6-9d3a-9fe7c4370c9f	\N
49	Order Packed	2025-03-10 15:55:49.529151+05:30	2025-03-10 15:55:49.532289+05:30	0d974337-9720-461e-8f0d-5f0134bb7374	445fc0a7-dc8f-40c6-9d3a-9fe7c4370c9f	\N
50	Order Assigned	2025-03-10 15:56:09.962266+05:30	2025-03-10 15:56:09.965181+05:30	0d974337-9720-461e-8f0d-5f0134bb7374	445fc0a7-dc8f-40c6-9d3a-9fe7c4370c9f	\N
51	Delivered	2025-03-10 15:56:38.392868+05:30	2025-03-10 15:56:38.395705+05:30	0d974337-9720-461e-8f0d-5f0134bb7374	445fc0a7-dc8f-40c6-9d3a-9fe7c4370c9f	\N
52	Order Viewed	2025-03-18 15:25:11.22623+05:30	2025-03-18 15:25:11.235483+05:30	66fa391b-4e09-437d-a0bf-dce80e21567f	dfb00242-5b5d-4c54-aae4-08a93caea109	\N
53	Order Packed	2025-03-18 15:25:13.790622+05:30	2025-03-18 15:25:13.793489+05:30	66fa391b-4e09-437d-a0bf-dce80e21567f	dfb00242-5b5d-4c54-aae4-08a93caea109	\N
54	Order Assigned	2025-03-18 15:25:18.762233+05:30	2025-03-18 15:25:18.764986+05:30	66fa391b-4e09-437d-a0bf-dce80e21567f	dfb00242-5b5d-4c54-aae4-08a93caea109	\N
55	Delivered	2025-03-18 15:25:22.772626+05:30	2025-03-18 15:25:22.775473+05:30	66fa391b-4e09-437d-a0bf-dce80e21567f	dfb00242-5b5d-4c54-aae4-08a93caea109	\N
56	Order Viewed	2025-03-24 14:24:17.60329+05:30	2025-03-24 14:24:17.610851+05:30	404a87db-2c17-43e5-9267-206fe1d90854	67589396-16a5-4562-99b0-61d27dd9af00	\N
57	Order Packed	2025-03-24 14:24:34.844559+05:30	2025-03-24 14:24:34.847438+05:30	404a87db-2c17-43e5-9267-206fe1d90854	67589396-16a5-4562-99b0-61d27dd9af00	\N
58	Order Assigned	2025-03-24 14:24:53.538447+05:30	2025-03-24 14:24:53.54113+05:30	404a87db-2c17-43e5-9267-206fe1d90854	67589396-16a5-4562-99b0-61d27dd9af00	\N
59	Delivered	2025-03-24 14:25:13.305388+05:30	2025-03-24 14:25:13.3082+05:30	404a87db-2c17-43e5-9267-206fe1d90854	67589396-16a5-4562-99b0-61d27dd9af00	\N
60	Order Viewed	2025-03-24 14:27:30.134317+05:30	2025-03-24 14:27:30.13794+05:30	404a87db-2c17-43e5-9267-206fe1d90854	c2d8ac6b-9711-403a-b8f4-73ef20500f09	\N
61	Order Packed	2025-03-24 14:28:05.180665+05:30	2025-03-24 14:28:05.183652+05:30	404a87db-2c17-43e5-9267-206fe1d90854	c2d8ac6b-9711-403a-b8f4-73ef20500f09	\N
62	Order Viewed	2025-03-24 14:30:20.613994+05:30	2025-03-24 14:30:20.616782+05:30	404a87db-2c17-43e5-9267-206fe1d90854	dc974b95-9503-4f65-829c-e944c79ccbc2	\N
63	Order Packed	2025-03-24 14:34:49.224665+05:30	2025-03-24 14:34:49.228423+05:30	404a87db-2c17-43e5-9267-206fe1d90854	dc974b95-9503-4f65-829c-e944c79ccbc2	\N
64	Order Assigned	2025-03-24 14:34:58.207942+05:30	2025-03-24 14:34:58.21211+05:30	404a87db-2c17-43e5-9267-206fe1d90854	dc974b95-9503-4f65-829c-e944c79ccbc2	\N
65	Delivered	2025-03-24 14:35:29.451994+05:30	2025-03-24 14:35:29.455047+05:30	404a87db-2c17-43e5-9267-206fe1d90854	dc974b95-9503-4f65-829c-e944c79ccbc2	\N
66	Order Viewed	2025-03-25 16:57:27.482549+05:30	2025-03-25 16:57:27.489664+05:30	d6527eb9-33e4-4714-8a9c-c2573d9de59d	dd4df35a-f018-4b74-8308-60cb4dc44341	\N
67	Order Packed	2025-03-25 16:57:58.568999+05:30	2025-03-25 16:57:58.572299+05:30	d6527eb9-33e4-4714-8a9c-c2573d9de59d	dd4df35a-f018-4b74-8308-60cb4dc44341	\N
68	Order Assigned	2025-03-25 16:59:21.125073+05:30	2025-03-25 16:59:21.127843+05:30	d6527eb9-33e4-4714-8a9c-c2573d9de59d	dd4df35a-f018-4b74-8308-60cb4dc44341	\N
69	Delivered	2025-03-25 17:00:08.739145+05:30	2025-03-25 17:00:08.741633+05:30	d6527eb9-33e4-4714-8a9c-c2573d9de59d	dd4df35a-f018-4b74-8308-60cb4dc44341	\N
70	Order Viewed	2025-03-27 10:15:52.83812+05:30	2025-03-27 10:15:52.844624+05:30	c6d21d29-8d1e-48f7-8fe2-d121548aab59	9a225961-da0e-4ada-abf2-ea0e412d5ea7	\N
71	Order Packed	2025-03-27 10:16:05.082803+05:30	2025-03-27 10:16:05.085648+05:30	c6d21d29-8d1e-48f7-8fe2-d121548aab59	9a225961-da0e-4ada-abf2-ea0e412d5ea7	\N
72	Order Viewed	2025-03-27 15:59:26.069499+05:30	2025-03-27 15:59:26.073325+05:30	0d974337-9720-461e-8f0d-5f0134bb7374	41a0d557-23a2-437b-bf32-b16b86200dd1	\N
73	Order Viewed	2025-03-28 09:59:34.257589+05:30	2025-03-28 09:59:34.265469+05:30	d419bec1-7651-43f5-9df0-b4cc6fcf8028	3e644bf1-6758-40f4-b462-1db0a887c807	\N
74	Order Viewed	2025-03-28 10:01:05.835682+05:30	2025-03-28 10:01:05.839528+05:30	d419bec1-7651-43f5-9df0-b4cc6fcf8028	4e7ba49f-a043-48e5-90f0-b72b2fe3520e	\N
75	Order Packed	2025-03-28 10:01:08.47932+05:30	2025-03-28 10:01:08.482117+05:30	d419bec1-7651-43f5-9df0-b4cc6fcf8028	4e7ba49f-a043-48e5-90f0-b72b2fe3520e	\N
76	Order Assigned	2025-03-28 10:01:17.271852+05:30	2025-03-28 10:01:17.274537+05:30	d419bec1-7651-43f5-9df0-b4cc6fcf8028	4e7ba49f-a043-48e5-90f0-b72b2fe3520e	\N
77	Failed	2025-03-28 10:01:21.183526+05:30	2025-03-28 10:01:21.186377+05:30	d419bec1-7651-43f5-9df0-b4cc6fcf8028	4e7ba49f-a043-48e5-90f0-b72b2fe3520e	\N
78	Order Viewed	2025-03-28 10:25:00.356116+05:30	2025-03-28 10:25:00.360576+05:30	d419bec1-7651-43f5-9df0-b4cc6fcf8028	8b0fea45-07cf-4e9f-b4c9-52c873f98e3d	\N
79	Order Packed	2025-03-28 10:25:02.433894+05:30	2025-03-28 10:25:02.436653+05:30	d419bec1-7651-43f5-9df0-b4cc6fcf8028	8b0fea45-07cf-4e9f-b4c9-52c873f98e3d	\N
80	Order Assigned	2025-03-28 10:25:20.639057+05:30	2025-03-28 10:25:20.642382+05:30	d419bec1-7651-43f5-9df0-b4cc6fcf8028	8b0fea45-07cf-4e9f-b4c9-52c873f98e3d	\N
81	Delivered	2025-03-28 10:30:52.523571+05:30	2025-03-28 10:30:52.527699+05:30	d419bec1-7651-43f5-9df0-b4cc6fcf8028	8b0fea45-07cf-4e9f-b4c9-52c873f98e3d	Your Order Delivered Successfully, Please give your valuable feed for better future endevours!
82	Order Viewed	2025-03-28 10:34:04.617204+05:30	2025-03-28 10:34:04.62043+05:30	d419bec1-7651-43f5-9df0-b4cc6fcf8028	a80a2674-9de2-4d9d-885b-4f03fbef2107	Your Order Viewed by the Merchant and will be packed soon!
83	Order Viewed	2025-03-28 10:42:23.033679+05:30	2025-03-28 10:42:23.036769+05:30	d419bec1-7651-43f5-9df0-b4cc6fcf8028	935bc9b9-b9b2-4bf1-9076-c5670b8cdd70	Your Order Viewed by the Merchant and will be packed soon!
84	Order Packed	2025-03-28 10:42:43.109096+05:30	2025-03-28 10:42:43.112266+05:30	d419bec1-7651-43f5-9df0-b4cc6fcf8028	935bc9b9-b9b2-4bf1-9076-c5670b8cdd70	Your Order Packed Successfully, Delivery Boy will pick your order shortly!
32	Order Despatched	2025-03-05 16:49:46.165753+05:30	2025-04-01 15:37:45.638631+05:30	0d974337-9720-461e-8f0d-5f0134bb7374	866d1838-e3ca-4ebd-a12d-7f24b4c02282	Your Order Despatched Successfully
85	Order Viewed	2025-04-02 13:53:04.076793+05:30	2025-04-02 13:53:04.086461+05:30	d419bec1-7651-43f5-9df0-b4cc6fcf8028	4ab48b02-2f97-4535-8643-4d2656af7c3b	Your Order Viewed by the Merchant and will be packed soon!
86	Order Viewed	2025-04-03 13:01:20.993674+05:30	2025-04-03 13:01:20.999615+05:30	09d0aaf7-fd0d-4d17-8298-72ca440812ae	04fcd45e-c73d-41f5-af0e-1239fa2e1642	Your Order Viewed by the Merchant and will be packed soon!
87	Order Packed	2025-04-03 13:01:34.309816+05:30	2025-04-03 13:01:34.312883+05:30	09d0aaf7-fd0d-4d17-8298-72ca440812ae	04fcd45e-c73d-41f5-af0e-1239fa2e1642	Your Order Packed Successfully, Delivery Boy will pick your order shortly!
88	Order Viewed	2025-04-03 13:03:38.99275+05:30	2025-04-03 13:03:38.995556+05:30	09d0aaf7-fd0d-4d17-8298-72ca440812ae	43d88475-4e3d-4469-b6af-117553b89a0f	Your Order Viewed by the Merchant and will be packed soon!
89	Order Packed	2025-04-03 13:03:46.325974+05:30	2025-04-03 13:03:46.328978+05:30	09d0aaf7-fd0d-4d17-8298-72ca440812ae	43d88475-4e3d-4469-b6af-117553b89a0f	Your Order Packed Successfully, Delivery Boy will pick your order shortly!
90	Order Assigned	2025-04-03 13:03:54.212055+05:30	2025-04-03 13:03:54.21487+05:30	09d0aaf7-fd0d-4d17-8298-72ca440812ae	43d88475-4e3d-4469-b6af-117553b89a0f	Your Order Assigned Successfully, Delivery Boy will reach you shortly!
91	Delivered	2025-04-03 13:04:03.602295+05:30	2025-04-03 13:04:03.605339+05:30	09d0aaf7-fd0d-4d17-8298-72ca440812ae	43d88475-4e3d-4469-b6af-117553b89a0f	Your Order Delivered Successfully, Please give your valuable feed for better future endevours!
92	Order Viewed	2025-04-03 13:31:16.973596+05:30	2025-04-03 13:31:16.976803+05:30	09d0aaf7-fd0d-4d17-8298-72ca440812ae	b29de160-fa76-4670-84c8-84ffd3f18f5d	Your Order Viewed by the Merchant and will be packed soon!
93	Order Packed	2025-04-03 13:31:49.710608+05:30	2025-04-03 13:31:49.713475+05:30	09d0aaf7-fd0d-4d17-8298-72ca440812ae	b29de160-fa76-4670-84c8-84ffd3f18f5d	Your Order Packed Successfully, Delivery Boy will pick your order shortly!
94	Order Viewed	2025-04-04 13:43:55.235843+05:30	2025-04-04 13:43:55.243246+05:30	0d974337-9720-461e-8f0d-5f0134bb7374	10eeeb5d-a338-47a9-b659-a167a8acce0b	Your Order Viewed by the Merchant and will be packed soon!
95	Order Packed	2025-04-04 13:44:00.733721+05:30	2025-04-04 13:44:00.736537+05:30	0d974337-9720-461e-8f0d-5f0134bb7374	10eeeb5d-a338-47a9-b659-a167a8acce0b	Your Order Packed Successfully, Delivery Boy will pick your order shortly!
96	Order Viewed	2025-04-04 13:53:43.869577+05:30	2025-04-04 13:53:43.872691+05:30	0d974337-9720-461e-8f0d-5f0134bb7374	4a98300b-ab26-46dd-a77a-adc5df49f464	Your Order Viewed by the Merchant and will be packed soon!
97	Order Packed	2025-04-04 13:54:32.775454+05:30	2025-04-04 13:54:32.778226+05:30	0d974337-9720-461e-8f0d-5f0134bb7374	4a98300b-ab26-46dd-a77a-adc5df49f464	Your Order Packed Successfully, Delivery Boy will pick your order shortly!
98	Order Viewed	2025-04-04 14:58:48.692797+05:30	2025-04-04 14:58:48.69587+05:30	f42dbcef-7f23-475d-b8b5-dc98f7cf4ce2	69aeb72b-8a2f-4bca-9320-52b02082efc7	Your Order Viewed by the Merchant and will be packed soon!
99	Order Packed	2025-04-04 14:58:56.862384+05:30	2025-04-04 14:58:56.865338+05:30	f42dbcef-7f23-475d-b8b5-dc98f7cf4ce2	69aeb72b-8a2f-4bca-9320-52b02082efc7	Your Order Packed Successfully, Delivery Boy will pick your order shortly!
100	Contacted	2025-04-07 14:00:51.237451+05:30	2025-04-07 14:00:51.245019+05:30	0d974337-9720-461e-8f0d-5f0134bb7374	7ffcbc51-ba01-4073-8de5-85c6aa047c5b	Your Order Status will be updated soon!
101	Order Viewed	2025-04-07 16:07:01.959862+05:30	2025-04-07 16:07:01.973152+05:30	3702b79e-8df8-4db7-87af-7370218fa577	ca18a37d-34f3-4b1d-8df1-d0a1a51bee56	Your Order Viewed by the Merchant and will be packed soon!
102	Order Viewed	2025-04-07 16:07:07.954685+05:30	2025-04-07 16:07:07.957304+05:30	36a9fbad-885e-4fda-9493-19b0f5c5694f	226d7316-2d50-4648-b765-2af38eab5077	Your Order Viewed by the Merchant and will be packed soon!
103	Order Packed	2025-04-07 16:07:10.434448+05:30	2025-04-07 16:07:10.437909+05:30	36a9fbad-885e-4fda-9493-19b0f5c5694f	226d7316-2d50-4648-b765-2af38eab5077	Your Order Packed Successfully, Delivery Boy will pick your order shortly!
104	Order Despatched	2025-04-07 16:07:27.726613+05:30	2025-04-07 16:07:27.729407+05:30	36a9fbad-885e-4fda-9493-19b0f5c5694f	226d7316-2d50-4648-b765-2af38eab5077	Your Order Despatched Successfully
105	Order Packed	2025-04-07 16:18:40.263875+05:30	2025-04-07 16:18:40.271001+05:30	3702b79e-8df8-4db7-87af-7370218fa577	ca18a37d-34f3-4b1d-8df1-d0a1a51bee56	Your Order Packed Successfully, Delivery Boy will pick your order shortly!
106	Order Viewed	2025-04-08 10:48:23.66021+05:30	2025-04-08 10:48:23.66579+05:30	2c618c0b-45b6-45e7-9f7c-12487debfda4	7512b8d1-95ab-432f-9f56-c80e02c930cd	Your Order Viewed by the Merchant and will be packed soon!
107	Order Packed	2025-04-08 10:48:51.438207+05:30	2025-04-08 10:48:51.44077+05:30	2c618c0b-45b6-45e7-9f7c-12487debfda4	7512b8d1-95ab-432f-9f56-c80e02c930cd	Your Order Packed Successfully, Delivery Boy will pick your order shortly!
108	Order Assigned	2025-04-08 10:49:06.683119+05:30	2025-04-08 10:49:06.685515+05:30	2c618c0b-45b6-45e7-9f7c-12487debfda4	7512b8d1-95ab-432f-9f56-c80e02c930cd	Your Order Assigned Successfully, Delivery Boy will reach you shortly!
109	Failed	2025-04-08 10:49:30.522431+05:30	2025-04-08 10:49:30.525004+05:30	2c618c0b-45b6-45e7-9f7c-12487debfda4	7512b8d1-95ab-432f-9f56-c80e02c930cd	Sorry! Your Order Failed!
110	Contacted	2025-04-08 11:07:34.018514+05:30	2025-04-08 11:07:34.021467+05:30	977a9a2b-f9b6-4b86-a1f4-6435304d083d	7b7711fe-675b-4f53-b085-126cecc076a7	Your Order Status will be updated soon!
111	Order Viewed	2025-04-08 11:56:08.838593+05:30	2025-04-08 11:56:08.841581+05:30	2c618c0b-45b6-45e7-9f7c-12487debfda4	1d88d5d3-f3f7-43c2-8edf-3afc58b6810c	Your Order Viewed by the Merchant and will be packed soon!
112	Order Packed	2025-04-08 11:56:11.365406+05:30	2025-04-08 11:56:11.368046+05:30	2c618c0b-45b6-45e7-9f7c-12487debfda4	1d88d5d3-f3f7-43c2-8edf-3afc58b6810c	Your Order Packed Successfully, Delivery Boy will pick your order shortly!
113	Order Assigned	2025-04-08 11:56:42.655153+05:30	2025-04-08 11:56:42.657652+05:30	2c618c0b-45b6-45e7-9f7c-12487debfda4	1d88d5d3-f3f7-43c2-8edf-3afc58b6810c	Your Order Assigned Successfully, Delivery Boy will reach you shortly!
114	Order Viewed	2025-04-08 11:59:06.978325+05:30	2025-04-08 11:59:06.980539+05:30	977a9a2b-f9b6-4b86-a1f4-6435304d083d	1b49d4ab-61c8-4f9c-acda-5079df9b366f	Your Order Viewed by the Merchant and will be packed soon!
115	Order Packed	2025-04-08 11:59:12.907555+05:30	2025-04-08 11:59:12.909948+05:30	977a9a2b-f9b6-4b86-a1f4-6435304d083d	1b49d4ab-61c8-4f9c-acda-5079df9b366f	Your Order Packed Successfully, Delivery Boy will pick your order shortly!
116	Order Assigned	2025-04-08 11:59:18.112371+05:30	2025-04-08 11:59:18.115793+05:30	977a9a2b-f9b6-4b86-a1f4-6435304d083d	1b49d4ab-61c8-4f9c-acda-5079df9b366f	Your Order Assigned Successfully, Delivery Boy will reach you shortly!
117	Delivered	2025-04-08 11:59:24.903212+05:30	2025-04-08 11:59:24.905737+05:30	977a9a2b-f9b6-4b86-a1f4-6435304d083d	1b49d4ab-61c8-4f9c-acda-5079df9b366f	Your Order Delivered Successfully, Please give your valuable feed for better future endevours!
118	Contacted	2025-04-08 12:09:50.479001+05:30	2025-04-08 12:09:50.481209+05:30	2c618c0b-45b6-45e7-9f7c-12487debfda4	b63f0350-5999-4a4d-9096-bcc2093b9924	Your Order Status will be updated soon!
119	Contacted	2025-04-08 12:17:56.263985+05:30	2025-04-08 12:17:56.266482+05:30	2c618c0b-45b6-45e7-9f7c-12487debfda4	95bd460b-c5e4-4be4-b5f2-58ad5e597b9f	Your Order Status will be updated soon!
120	Order Viewed	2025-04-08 14:22:50.64787+05:30	2025-04-08 14:22:50.651371+05:30	2c618c0b-45b6-45e7-9f7c-12487debfda4	a6d10f2e-09ea-44b7-a8e9-ddd4216979c3	Your Order Viewed by the Merchant and will be packed soon!
121	Order Packed	2025-04-08 14:23:27.884815+05:30	2025-04-08 14:23:27.88745+05:30	2c618c0b-45b6-45e7-9f7c-12487debfda4	a6d10f2e-09ea-44b7-a8e9-ddd4216979c3	Your Order Packed Successfully, Delivery Boy will pick your order shortly!
122	Order Viewed	2025-04-08 14:29:33.355279+05:30	2025-04-08 14:29:33.358051+05:30	2c618c0b-45b6-45e7-9f7c-12487debfda4	79109da0-3cb2-4198-88ea-a142257ac560	Your Order Viewed by the Merchant and will be packed soon!
123	Order Packed	2025-04-08 14:29:37.226029+05:30	2025-04-08 14:29:37.228896+05:30	2c618c0b-45b6-45e7-9f7c-12487debfda4	79109da0-3cb2-4198-88ea-a142257ac560	Your Order Packed Successfully, Delivery Boy will pick your order shortly!
124	Order Assigned	2025-04-08 14:30:17.603293+05:30	2025-04-08 14:30:17.605856+05:30	2c618c0b-45b6-45e7-9f7c-12487debfda4	79109da0-3cb2-4198-88ea-a142257ac560	Your Order Assigned Successfully, Delivery Boy will reach you shortly!
125	Delivered	2025-04-08 14:30:43.167292+05:30	2025-04-08 14:30:43.17224+05:30	2c618c0b-45b6-45e7-9f7c-12487debfda4	79109da0-3cb2-4198-88ea-a142257ac560	Your Order Delivered Successfully, Please give your valuable feed for better future endevours!
126	Order Viewed	2025-04-08 14:47:28.352071+05:30	2025-04-08 14:47:28.354882+05:30	2c618c0b-45b6-45e7-9f7c-12487debfda4	f2707fb1-1e5c-4083-9cd1-50966126e60f	Your Order Viewed by the Merchant and will be packed soon!
127	Order Packed	2025-04-08 14:47:48.965511+05:30	2025-04-08 14:47:48.968157+05:30	2c618c0b-45b6-45e7-9f7c-12487debfda4	f2707fb1-1e5c-4083-9cd1-50966126e60f	Your Order Packed Successfully, Delivery Boy will pick your order shortly!
128	Order Viewed	2025-05-07 13:19:06.214063+05:30	2025-05-07 13:19:06.223456+05:30	9d0ee849-3c50-4bcb-bb7e-a99d194ffd2b	c1bef76b-11d2-42e9-9fde-64f8be4c027a	Your Order Viewed by the Merchant and will be packed soon!
129	Order Packed	2025-05-07 13:19:16.206011+05:30	2025-05-07 13:19:16.208464+05:30	9d0ee849-3c50-4bcb-bb7e-a99d194ffd2b	c1bef76b-11d2-42e9-9fde-64f8be4c027a	Your Order Packed Successfully, Delivery Boy will pick your order shortly!
130	Order Assigned	2025-05-07 13:19:31.235675+05:30	2025-05-07 13:19:31.238121+05:30	9d0ee849-3c50-4bcb-bb7e-a99d194ffd2b	c1bef76b-11d2-42e9-9fde-64f8be4c027a	Your Order Assigned Successfully, Delivery Boy will reach you shortly!
131	Delivered	2025-05-07 13:19:39.831693+05:30	2025-05-07 13:19:39.834094+05:30	9d0ee849-3c50-4bcb-bb7e-a99d194ffd2b	c1bef76b-11d2-42e9-9fde-64f8be4c027a	Your Order Delivered Successfully, Please give your valuable feed for better future endevours!
132	Order Viewed	2025-05-07 14:52:55.506221+05:30	2025-05-07 14:52:55.513239+05:30	9d0ee849-3c50-4bcb-bb7e-a99d194ffd2b	7e91e355-43fd-4a6b-9983-56b789b70969	Your Order Viewed by the Merchant and will be packed soon!
133	Order Packed	2025-05-07 14:53:07.454771+05:30	2025-05-07 14:53:07.457409+05:30	9d0ee849-3c50-4bcb-bb7e-a99d194ffd2b	7e91e355-43fd-4a6b-9983-56b789b70969	Your Order Packed Successfully, Delivery Boy will pick your order shortly!
134	Order Despatched	2025-05-07 14:53:34.818005+05:30	2025-05-07 14:53:34.820432+05:30	9d0ee849-3c50-4bcb-bb7e-a99d194ffd2b	7e91e355-43fd-4a6b-9983-56b789b70969	Your Order Despatched Successfully
135	Contacted	2025-05-14 14:40:53.176706+05:30	2025-05-14 14:40:53.194678+05:30	9d0ee849-3c50-4bcb-bb7e-a99d194ffd2b	f148d8cd-b8e7-4f88-a061-4ea1250c0723	Your Order Status will be updated soon!
136	Order Viewed	2025-05-15 12:35:15.207396+05:30	2025-05-15 12:35:15.215346+05:30	9d0ee849-3c50-4bcb-bb7e-a99d194ffd2b	728b7b0b-de54-4976-8e46-b967ec126d85	Your Order Viewed by the Merchant and will be packed soon!
137	Order Packed	2025-05-15 12:35:33.874565+05:30	2025-05-15 12:35:33.877235+05:30	9d0ee849-3c50-4bcb-bb7e-a99d194ffd2b	728b7b0b-de54-4976-8e46-b967ec126d85	Your Order Packed Successfully, Delivery Boy will pick your order shortly!
138	Order Assigned	2025-05-15 12:35:50.936731+05:30	2025-05-15 12:35:50.93925+05:30	9d0ee849-3c50-4bcb-bb7e-a99d194ffd2b	728b7b0b-de54-4976-8e46-b967ec126d85	Your Order Assigned Successfully, Delivery Boy will reach you shortly!
139	Delivered	2025-05-15 12:46:16.80926+05:30	2025-05-15 12:46:16.812951+05:30	9d0ee849-3c50-4bcb-bb7e-a99d194ffd2b	728b7b0b-de54-4976-8e46-b967ec126d85	Your Order Delivered Successfully, Please give your valuable feed for better future endevours!
140	Order Viewed	2025-05-15 12:49:17.292456+05:30	2025-05-15 12:49:17.295191+05:30	9d0ee849-3c50-4bcb-bb7e-a99d194ffd2b	1f8109c5-241b-4ef3-976a-221424cf109a	Your Order Viewed by the Merchant and will be packed soon!
141	Order Packed	2025-05-15 13:11:26.3156+05:30	2025-05-15 13:11:26.318556+05:30	9d0ee849-3c50-4bcb-bb7e-a99d194ffd2b	1f8109c5-241b-4ef3-976a-221424cf109a	Your Order Packed Successfully, Delivery Boy will pick your order shortly!
142	Order Viewed	2025-05-15 16:27:30.85784+05:30	2025-05-15 16:27:30.865551+05:30	9d0ee849-3c50-4bcb-bb7e-a99d194ffd2b	41466ade-2577-47a4-8849-102a5e77c0e7	Your Order Viewed by the Merchant and will be packed soon!
143	Order Packed	2025-05-15 16:27:39.432818+05:30	2025-05-15 16:27:39.435309+05:30	9d0ee849-3c50-4bcb-bb7e-a99d194ffd2b	41466ade-2577-47a4-8849-102a5e77c0e7	Your Order Packed Successfully, Delivery Boy will pick your order shortly!
144	Order Despatched	2025-05-15 16:28:15.163854+05:30	2025-05-15 16:28:15.166857+05:30	9d0ee849-3c50-4bcb-bb7e-a99d194ffd2b	41466ade-2577-47a4-8849-102a5e77c0e7	Your Order Despatched Successfully
145	Order Viewed	2025-05-16 11:16:57.854032+05:30	2025-05-16 11:16:57.860184+05:30	120346b0-dd02-49a3-bf33-400569c8e33d	b95d1d09-4774-4b93-af2f-769d9e2c7cb9	Your Order Viewed by the Merchant and will be packed soon!
146	Order Packed	2025-05-16 11:17:29.450575+05:30	2025-05-16 11:17:29.453103+05:30	120346b0-dd02-49a3-bf33-400569c8e33d	b95d1d09-4774-4b93-af2f-769d9e2c7cb9	Your Order Packed Successfully, Delivery Boy will pick your order shortly!
147	Order Despatched	2025-05-16 11:18:06.848061+05:30	2025-05-16 11:18:06.850708+05:30	120346b0-dd02-49a3-bf33-400569c8e33d	b95d1d09-4774-4b93-af2f-769d9e2c7cb9	Your Order Despatched Successfully
148	Contacted	2025-05-16 11:35:47.700679+05:30	2025-05-16 11:35:47.703573+05:30	120346b0-dd02-49a3-bf33-400569c8e33d	9edc4454-5001-4fbc-9c45-98aa3cfa7356	Your Order Status will be updated soon!
149	Bill Created	2025-05-16 11:36:37.513512+05:30	2025-05-16 11:36:37.516081+05:30	120346b0-dd02-49a3-bf33-400569c8e33d	9edc4454-5001-4fbc-9c45-98aa3cfa7356	Bill Created for your custom order ID459VP
150	Order Viewed	2025-05-19 09:17:02.613595+05:30	2025-05-19 09:17:02.621427+05:30	9d0ee849-3c50-4bcb-bb7e-a99d194ffd2b	8d96f7c7-e2f2-4468-897e-37a77547fc40	Your Order Viewed by the Merchant and will be packed soon!
151	Order Viewed	2025-05-19 09:19:56.726267+05:30	2025-05-19 09:19:56.729103+05:30	9d0ee849-3c50-4bcb-bb7e-a99d194ffd2b	9c52366a-b416-4415-a822-19156e352e0a	Your Order Viewed by the Merchant and will be packed soon!
152	Order Packed	2025-05-19 09:20:04.853951+05:30	2025-05-19 09:20:04.856217+05:30	9d0ee849-3c50-4bcb-bb7e-a99d194ffd2b	9c52366a-b416-4415-a822-19156e352e0a	Your Order Packed Successfully, Delivery Boy will pick your order shortly!
153	Order Despatched	2025-05-19 09:20:40.715201+05:30	2025-05-19 09:20:40.717973+05:30	9d0ee849-3c50-4bcb-bb7e-a99d194ffd2b	9c52366a-b416-4415-a822-19156e352e0a	Your Order Despatched Successfully
154	Order Viewed	2025-05-19 09:28:23.762498+05:30	2025-05-19 09:28:23.7659+05:30	9d0ee849-3c50-4bcb-bb7e-a99d194ffd2b	49599b14-51db-452f-a49f-a69bb2a737e1	Your Order Viewed by the Merchant and will be packed soon!
155	Order Packed	2025-05-19 09:29:05.279786+05:30	2025-05-19 09:29:05.282386+05:30	9d0ee849-3c50-4bcb-bb7e-a99d194ffd2b	49599b14-51db-452f-a49f-a69bb2a737e1	Your Order Packed Successfully, Delivery Boy will pick your order shortly!
156	Order Assigned	2025-05-19 09:29:25.51214+05:30	2025-05-19 09:29:25.514395+05:30	9d0ee849-3c50-4bcb-bb7e-a99d194ffd2b	49599b14-51db-452f-a49f-a69bb2a737e1	Your Order Assigned Successfully, Delivery Boy will reach you shortly!
157	Delivered	2025-05-19 09:29:33.207842+05:30	2025-05-19 09:29:33.210583+05:30	9d0ee849-3c50-4bcb-bb7e-a99d194ffd2b	49599b14-51db-452f-a49f-a69bb2a737e1	Your Order Delivered Successfully, Please give your valuable feed for better future endevours!
158	Order Viewed	2025-05-19 11:14:44.660038+05:30	2025-05-19 11:14:44.662889+05:30	9d0ee849-3c50-4bcb-bb7e-a99d194ffd2b	f9410efa-85ff-427e-9a1f-50840c534e05	Your Order Viewed by the Merchant and will be packed soon!
159	Order Packed	2025-05-19 11:14:54.744266+05:30	2025-05-19 11:14:54.74691+05:30	9d0ee849-3c50-4bcb-bb7e-a99d194ffd2b	f9410efa-85ff-427e-9a1f-50840c534e05	Your Order Packed Successfully, Delivery Boy will pick your order shortly!
160	Order Assigned	2025-05-19 11:15:05.144001+05:30	2025-05-19 11:15:05.146876+05:30	9d0ee849-3c50-4bcb-bb7e-a99d194ffd2b	f9410efa-85ff-427e-9a1f-50840c534e05	Your Order Assigned Successfully, Delivery Boy will reach you shortly!
161	Delivered	2025-05-19 11:15:15.177801+05:30	2025-05-19 11:15:15.180679+05:30	9d0ee849-3c50-4bcb-bb7e-a99d194ffd2b	f9410efa-85ff-427e-9a1f-50840c534e05	Your Order Delivered Successfully, Please give your valuable feed for better future endevours!
162	Order Viewed	2025-05-19 11:45:04.273404+05:30	2025-05-19 11:45:04.276546+05:30	977a9a2b-f9b6-4b86-a1f4-6435304d083d	31727a5a-ad50-4120-8149-6c3c307eb547	Your Order Viewed by the Merchant and will be packed soon!
163	Order Viewed	2025-05-20 12:19:52.982627+05:30	2025-05-20 12:19:52.989736+05:30	9d0ee849-3c50-4bcb-bb7e-a99d194ffd2b	2ef996de-0e07-4085-86a3-ef205415feff	Your Order Viewed by the Merchant and will be packed soon!
164	Order Packed	2025-05-20 12:20:00.596089+05:30	2025-05-20 12:20:00.600922+05:30	9d0ee849-3c50-4bcb-bb7e-a99d194ffd2b	2ef996de-0e07-4085-86a3-ef205415feff	Your Order Packed Successfully, Delivery Boy will pick your order shortly!
165	Failed	2025-05-20 12:20:09.983534+05:30	2025-05-20 12:20:09.986332+05:30	9d0ee849-3c50-4bcb-bb7e-a99d194ffd2b	2ef996de-0e07-4085-86a3-ef205415feff	Sorry! Your Order Failed!
166	Order Viewed	2025-05-20 12:47:10.183227+05:30	2025-05-20 12:47:10.186381+05:30	9d0ee849-3c50-4bcb-bb7e-a99d194ffd2b	fdfd78ca-eba3-4202-acc5-3acfc59b1711	Your Order Viewed by the Merchant and will be packed soon!
167	Order Packed	2025-05-20 12:47:46.611389+05:30	2025-05-20 12:47:46.614089+05:30	9d0ee849-3c50-4bcb-bb7e-a99d194ffd2b	fdfd78ca-eba3-4202-acc5-3acfc59b1711	Your Order Packed Successfully, Delivery Boy will pick your order shortly!
168	Order Despatched	2025-05-20 12:48:18.96006+05:30	2025-05-20 12:48:18.963093+05:30	9d0ee849-3c50-4bcb-bb7e-a99d194ffd2b	fdfd78ca-eba3-4202-acc5-3acfc59b1711	Your Order Despatched Successfully
169	Order Viewed	2025-05-20 13:19:14.4907+05:30	2025-05-20 13:19:14.493684+05:30	9d0ee849-3c50-4bcb-bb7e-a99d194ffd2b	001cd7e5-6f21-47d9-8c07-ab9303ed8398	Your Order Viewed by the Merchant and will be packed soon!
170	Order Packed	2025-05-20 13:19:30.686354+05:30	2025-05-20 13:19:30.689134+05:30	9d0ee849-3c50-4bcb-bb7e-a99d194ffd2b	001cd7e5-6f21-47d9-8c07-ab9303ed8398	Your Order Packed Successfully, Delivery Boy will pick your order shortly!
171	Delivered	2025-05-20 13:19:35.047408+05:30	2025-05-20 13:19:35.052382+05:30	9d0ee849-3c50-4bcb-bb7e-a99d194ffd2b	001cd7e5-6f21-47d9-8c07-ab9303ed8398	Your Order Delivered Successfully, Please give your valuable feed for better future endevours!
172	Contacted	2025-05-20 15:41:50.121385+05:30	2025-05-20 15:41:50.138243+05:30	9d0ee849-3c50-4bcb-bb7e-a99d194ffd2b	ebb48db4-11e8-4e22-a5f0-edfc1548490d	Your Order Status will be updated soon!
173	Bill Created	2025-05-20 15:42:22.101641+05:30	2025-05-20 15:42:22.10448+05:30	9d0ee849-3c50-4bcb-bb7e-a99d194ffd2b	ebb48db4-11e8-4e22-a5f0-edfc1548490d	Bill Created for your custom order ID690IG
174	Order Viewed	2025-05-28 11:58:10.288477+05:30	2025-05-28 11:58:10.296868+05:30	9d0ee849-3c50-4bcb-bb7e-a99d194ffd2b	9e04f4f5-c0db-41e0-bc2d-82185a8c3de3	Your Order Viewed by the Merchant and will be packed soon!
175	Order Packed	2025-05-28 11:58:47.639278+05:30	2025-05-28 11:58:47.641901+05:30	9d0ee849-3c50-4bcb-bb7e-a99d194ffd2b	9e04f4f5-c0db-41e0-bc2d-82185a8c3de3	Your Order Packed Successfully, Delivery Boy will pick your order shortly!
176	Order Despatched	2025-05-28 11:59:43.503219+05:30	2025-05-28 11:59:43.507955+05:30	9d0ee849-3c50-4bcb-bb7e-a99d194ffd2b	9e04f4f5-c0db-41e0-bc2d-82185a8c3de3	Your Order Despatched Successfully
177	Order Viewed	2025-05-28 14:32:52.882692+05:30	2025-05-28 14:32:52.892147+05:30	9d0ee849-3c50-4bcb-bb7e-a99d194ffd2b	b17d6c36-4ab2-4fe3-a01e-534bfaf73f30	Your Order Viewed by the Merchant and will be packed soon!
178	Order Packed	2025-05-28 14:47:02.029795+05:30	2025-05-28 14:47:02.032866+05:30	9d0ee849-3c50-4bcb-bb7e-a99d194ffd2b	b17d6c36-4ab2-4fe3-a01e-534bfaf73f30	Your Order Packed Successfully, Delivery Boy will pick your order shortly!
179	Order Despatched	2025-05-28 14:49:43.046194+05:30	2025-05-28 14:49:43.048936+05:30	9d0ee849-3c50-4bcb-bb7e-a99d194ffd2b	b17d6c36-4ab2-4fe3-a01e-534bfaf73f30	Your Order Despatched Successfully
180	Order Viewed	2025-06-03 13:54:56.416211+05:30	2025-06-03 13:54:56.426273+05:30	9d0ee849-3c50-4bcb-bb7e-a99d194ffd2b	8dac8194-1a9c-4a8b-8e46-9be08639a489	Your Order Viewed by the Merchant and will be packed soon!
181	Order Packed	2025-06-03 13:55:06.964574+05:30	2025-06-03 13:55:06.967057+05:30	9d0ee849-3c50-4bcb-bb7e-a99d194ffd2b	8dac8194-1a9c-4a8b-8e46-9be08639a489	Your Order Packed Successfully, Delivery Boy will pick your order shortly!
182	Order Despatched	2025-06-03 13:55:34.188248+05:30	2025-06-03 13:55:34.190656+05:30	9d0ee849-3c50-4bcb-bb7e-a99d194ffd2b	8dac8194-1a9c-4a8b-8e46-9be08639a489	Your Order Despatched Successfully
183	Delivered	2025-06-03 13:55:46.506471+05:30	2025-06-03 13:55:46.509064+05:30	9d0ee849-3c50-4bcb-bb7e-a99d194ffd2b	8dac8194-1a9c-4a8b-8e46-9be08639a489	Your Order Delivered Successfully, Please give your valuable feed for better future endevours!
184	Order Viewed	2025-06-03 17:23:33.995997+05:30	2025-06-03 17:23:34.005642+05:30	9d0ee849-3c50-4bcb-bb7e-a99d194ffd2b	3e8738be-fedd-43d5-b2df-0e78ac612443	Your Order Viewed by the Merchant and will be packed soon!
185	Order Packed	2025-06-03 17:24:38.446033+05:30	2025-06-03 17:24:38.44847+05:30	9d0ee849-3c50-4bcb-bb7e-a99d194ffd2b	3e8738be-fedd-43d5-b2df-0e78ac612443	Your Order Packed Successfully, Delivery Boy will pick your order shortly!
186	Delivered	2025-06-03 17:24:47.267629+05:30	2025-06-03 17:24:47.27013+05:30	9d0ee849-3c50-4bcb-bb7e-a99d194ffd2b	3e8738be-fedd-43d5-b2df-0e78ac612443	Your Order Delivered Successfully, Please give your valuable feed for better future endevours!
187	Order Viewed	2025-06-03 17:35:30.107176+05:30	2025-06-03 17:35:30.110402+05:30	bc19931c-ad2c-468c-960e-df4695da419a	b2ce51cb-fed3-4347-99e1-479eccd3a614	Your Order Viewed by the Merchant and will be packed soon!
188	Order Packed	2025-06-03 17:35:46.517331+05:30	2025-06-03 17:35:46.519588+05:30	bc19931c-ad2c-468c-960e-df4695da419a	b2ce51cb-fed3-4347-99e1-479eccd3a614	Your Order Packed Successfully, Delivery Boy will pick your order shortly!
189	Order Assigned	2025-06-03 17:36:40.602443+05:30	2025-06-03 17:36:40.604742+05:30	bc19931c-ad2c-468c-960e-df4695da419a	b2ce51cb-fed3-4347-99e1-479eccd3a614	Your Order Assigned Successfully, Delivery Boy will reach you shortly!
190	Delivered	2025-06-03 17:38:44.577216+05:30	2025-06-03 17:38:44.57982+05:30	bc19931c-ad2c-468c-960e-df4695da419a	b2ce51cb-fed3-4347-99e1-479eccd3a614	Your Order Delivered Successfully, Please give your valuable feed for better future endevours!
191	Order Viewed	2025-06-03 17:40:45.932743+05:30	2025-06-03 17:40:45.935514+05:30	bc19931c-ad2c-468c-960e-df4695da419a	c255d331-cdef-4d00-8a21-86f150c41731	Your Order Viewed by the Merchant and will be packed soon!
192	Order Packed	2025-06-03 17:42:10.042944+05:30	2025-06-03 17:42:10.045253+05:30	bc19931c-ad2c-468c-960e-df4695da419a	c255d331-cdef-4d00-8a21-86f150c41731	Your Order Packed Successfully, Delivery Boy will pick your order shortly!
193	Order Assigned	2025-06-03 17:42:24.585102+05:30	2025-06-03 17:42:24.587185+05:30	bc19931c-ad2c-468c-960e-df4695da419a	c255d331-cdef-4d00-8a21-86f150c41731	Your Order Assigned Successfully, Delivery Boy will reach you shortly!
194	Delivered	2025-06-03 17:42:30.13518+05:30	2025-06-03 17:42:30.13773+05:30	bc19931c-ad2c-468c-960e-df4695da419a	c255d331-cdef-4d00-8a21-86f150c41731	Your Order Delivered Successfully, Please give your valuable feed for better future endevours!
195	Order Viewed	2025-06-03 17:44:49.275873+05:30	2025-06-03 17:44:49.278783+05:30	bc19931c-ad2c-468c-960e-df4695da419a	bbc53ef7-49ff-442f-a302-9a935c5a96a1	Your Order Viewed by the Merchant and will be packed soon!
196	Failed	2025-06-03 17:44:51.746671+05:30	2025-06-03 17:44:51.749002+05:30	bc19931c-ad2c-468c-960e-df4695da419a	bbc53ef7-49ff-442f-a302-9a935c5a96a1	Sorry! Your Order Failed!
197	Order Viewed	2025-06-03 18:04:54.600828+05:30	2025-06-03 18:04:54.603847+05:30	6490a75b-5b73-48c9-afaf-7717c3231afd	d2d67ec3-8017-4c76-aaee-8c3df2ac4e6e	Your Order Viewed by the Merchant and will be packed soon!
198	Order Packed	2025-06-03 18:05:32.990183+05:30	2025-06-03 18:05:32.993165+05:30	6490a75b-5b73-48c9-afaf-7717c3231afd	d2d67ec3-8017-4c76-aaee-8c3df2ac4e6e	Your Order Packed Successfully, Delivery Boy will pick your order shortly!
199	Order Assigned	2025-06-03 18:06:01.709708+05:30	2025-06-03 18:06:01.712274+05:30	6490a75b-5b73-48c9-afaf-7717c3231afd	d2d67ec3-8017-4c76-aaee-8c3df2ac4e6e	Your Order Assigned Successfully, Delivery Boy will reach you shortly!
200	Delivered	2025-06-03 18:06:35.981995+05:30	2025-06-03 18:06:35.984565+05:30	6490a75b-5b73-48c9-afaf-7717c3231afd	d2d67ec3-8017-4c76-aaee-8c3df2ac4e6e	Your Order Delivered Successfully, Please give your valuable feed for better future endevours!
201	Order Viewed	2025-06-03 20:06:35.167716+05:30	2025-06-03 20:06:35.176144+05:30	bc19931c-ad2c-468c-960e-df4695da419a	c2d615a6-3fd4-436a-a59b-3910d24c9107	Your Order Viewed by the Merchant and will be packed soon!
202	Order Packed	2025-06-03 20:06:49.745725+05:30	2025-06-03 20:06:49.747977+05:30	bc19931c-ad2c-468c-960e-df4695da419a	c2d615a6-3fd4-436a-a59b-3910d24c9107	Your Order Packed Successfully, Delivery Boy will pick your order shortly!
203	Delivered	2025-06-03 20:06:57.358073+05:30	2025-06-03 20:06:57.360793+05:30	bc19931c-ad2c-468c-960e-df4695da419a	c2d615a6-3fd4-436a-a59b-3910d24c9107	Your Order Delivered Successfully, Please give your valuable feed for better future endevours!
204	Order Viewed	2025-06-03 21:45:17.969293+05:30	2025-06-03 21:45:17.972148+05:30	8a799794-5067-491d-b8aa-aa644b2270db	dbf44daa-5a53-40ca-908c-61ffc29a52d6	Your Order Viewed by the Merchant and will be packed soon!
205	Failed	2025-06-03 21:45:26.225358+05:30	2025-06-03 21:45:26.22764+05:30	8a799794-5067-491d-b8aa-aa644b2270db	dbf44daa-5a53-40ca-908c-61ffc29a52d6	Sorry! Your Order Failed!
206	Order Viewed	2025-06-03 21:55:11.820517+05:30	2025-06-03 21:55:11.823321+05:30	8a799794-5067-491d-b8aa-aa644b2270db	25d43ece-20fc-4cf4-9cba-c7914b62eaab	Your Order Viewed by the Merchant and will be packed soon!
207	Order Packed	2025-06-03 21:55:26.354394+05:30	2025-06-03 21:55:26.356849+05:30	8a799794-5067-491d-b8aa-aa644b2270db	25d43ece-20fc-4cf4-9cba-c7914b62eaab	Your Order Packed Successfully, Delivery Boy will pick your order shortly!
208	Order Assigned	2025-06-03 21:56:06.638231+05:30	2025-06-03 21:56:06.640696+05:30	8a799794-5067-491d-b8aa-aa644b2270db	25d43ece-20fc-4cf4-9cba-c7914b62eaab	Your Order Assigned Successfully, Delivery Boy will reach you shortly!
209	Delivered	2025-06-03 21:57:10.600354+05:30	2025-06-03 21:57:10.602739+05:30	8a799794-5067-491d-b8aa-aa644b2270db	25d43ece-20fc-4cf4-9cba-c7914b62eaab	Your Order Delivered Successfully, Please give your valuable feed for better future endevours!
210	Order Viewed	2025-06-03 23:04:30.497189+05:30	2025-06-03 23:04:30.499999+05:30	8a799794-5067-491d-b8aa-aa644b2270db	7c35c9cb-32f9-469b-9e09-df92e23bc73b	Your Order Viewed by the Merchant and will be packed soon!
211	Order Packed	2025-06-03 23:04:35.782229+05:30	2025-06-03 23:04:35.785311+05:30	8a799794-5067-491d-b8aa-aa644b2270db	7c35c9cb-32f9-469b-9e09-df92e23bc73b	Your Order Packed Successfully, Delivery Boy will pick your order shortly!
212	Delivered	2025-06-03 23:05:00.473208+05:30	2025-06-03 23:05:00.475831+05:30	8a799794-5067-491d-b8aa-aa644b2270db	7c35c9cb-32f9-469b-9e09-df92e23bc73b	Your Order Delivered Successfully, Please give your valuable feed for better future endevours!
213	Order Viewed	2025-06-04 09:45:59.643783+05:30	2025-06-04 09:45:59.658957+05:30	9d0ee849-3c50-4bcb-bb7e-a99d194ffd2b	08bd8397-6cb4-437c-8947-f4822a23c67b	Your Order Viewed by the Merchant and will be packed soon!
214	Order Packed	2025-06-04 09:46:16.570467+05:30	2025-06-04 09:46:16.576804+05:30	9d0ee849-3c50-4bcb-bb7e-a99d194ffd2b	08bd8397-6cb4-437c-8947-f4822a23c67b	Your Order Packed Successfully, Delivery Boy will pick your order shortly!
215	Delivered	2025-06-04 09:46:24.265328+05:30	2025-06-04 09:46:24.267329+05:30	9d0ee849-3c50-4bcb-bb7e-a99d194ffd2b	08bd8397-6cb4-437c-8947-f4822a23c67b	Your Order Delivered Successfully, Please give your valuable feed for better future endevours!
216	Order Viewed	2025-06-04 09:53:14.245912+05:30	2025-06-04 09:53:14.249592+05:30	9d0ee849-3c50-4bcb-bb7e-a99d194ffd2b	acbe4135-6143-4b5b-855e-0fa68b6637e5	Your Order Viewed by the Merchant and will be packed soon!
217	Failed	2025-06-04 09:53:16.826514+05:30	2025-06-04 09:53:16.828954+05:30	9d0ee849-3c50-4bcb-bb7e-a99d194ffd2b	acbe4135-6143-4b5b-855e-0fa68b6637e5	Sorry! Your Order Failed!
218	Order Viewed	2025-06-04 14:49:40.954118+05:30	2025-06-04 14:49:40.962128+05:30	9d0ee849-3c50-4bcb-bb7e-a99d194ffd2b	816167af-6a9f-432a-83b1-d26239c54776	Your Order Viewed by the Merchant and will be packed soon!
219	Order Packed	2025-06-04 14:50:04.27182+05:30	2025-06-04 14:50:04.274794+05:30	9d0ee849-3c50-4bcb-bb7e-a99d194ffd2b	816167af-6a9f-432a-83b1-d26239c54776	Your Order Packed Successfully, Delivery Boy will pick your order shortly!
220	Delivered	2025-06-04 14:50:20.095102+05:30	2025-06-04 14:50:20.097846+05:30	9d0ee849-3c50-4bcb-bb7e-a99d194ffd2b	816167af-6a9f-432a-83b1-d26239c54776	Your Order Delivered Successfully, Please give your valuable feed for better future endevours!
221	Contacted	2025-06-04 16:06:02.92019+05:30	2025-06-04 16:06:02.935691+05:30	9d0ee849-3c50-4bcb-bb7e-a99d194ffd2b	01cfc423-387f-42ba-a725-aabc80d44208	Your Order Status will be updated soon!
222	Bill Created	2025-06-04 16:06:44.224932+05:30	2025-06-04 16:06:44.227425+05:30	9d0ee849-3c50-4bcb-bb7e-a99d194ffd2b	01cfc423-387f-42ba-a725-aabc80d44208	Bill Created for your custom order ID417OB
223	Order Viewed	2025-06-04 16:24:47.505025+05:30	2025-06-04 16:24:47.508508+05:30	9d0ee849-3c50-4bcb-bb7e-a99d194ffd2b	e51d668e-96fd-4b35-b13d-6c382311edb8	Your Order Viewed by the Merchant and will be packed soon!
224	Order Packed	2025-06-04 16:25:45.249572+05:30	2025-06-04 16:25:45.252582+05:30	9d0ee849-3c50-4bcb-bb7e-a99d194ffd2b	e51d668e-96fd-4b35-b13d-6c382311edb8	Your Order Packed Successfully, Delivery Boy will pick your order shortly!
225	Order Assigned	2025-06-04 16:26:37.699184+05:30	2025-06-04 16:26:37.701681+05:30	9d0ee849-3c50-4bcb-bb7e-a99d194ffd2b	e51d668e-96fd-4b35-b13d-6c382311edb8	Your Order Assigned Successfully, Delivery Boy will reach you shortly!
226	Delivered	2025-06-04 16:26:57.652275+05:30	2025-06-04 16:26:57.654528+05:30	9d0ee849-3c50-4bcb-bb7e-a99d194ffd2b	e51d668e-96fd-4b35-b13d-6c382311edb8	Your Order Delivered Successfully, Please give your valuable feed for better future endevours!
227	Order Viewed	2025-06-04 17:30:11.526566+05:30	2025-06-04 17:30:11.529568+05:30	da380b7b-ad2f-40ec-a6bb-6d9fdc2d4fc4	ad1a3ba0-9267-4add-b6e3-2ec2892c11af	Your Order Viewed by the Merchant and will be packed soon!
228	Order Packed	2025-06-04 17:30:36.690986+05:30	2025-06-04 17:30:36.693778+05:30	da380b7b-ad2f-40ec-a6bb-6d9fdc2d4fc4	ad1a3ba0-9267-4add-b6e3-2ec2892c11af	Your Order Packed Successfully, Delivery Boy will pick your order shortly!
229	Order Assigned	2025-06-04 17:31:09.101442+05:30	2025-06-04 17:31:09.103968+05:30	da380b7b-ad2f-40ec-a6bb-6d9fdc2d4fc4	ad1a3ba0-9267-4add-b6e3-2ec2892c11af	Your Order Assigned Successfully, Delivery Boy will reach you shortly!
230	Delivered	2025-06-04 17:31:54.394554+05:30	2025-06-04 17:31:54.397137+05:30	da380b7b-ad2f-40ec-a6bb-6d9fdc2d4fc4	ad1a3ba0-9267-4add-b6e3-2ec2892c11af	Your Order Delivered Successfully, Please give your valuable feed for better future endevours!
231	Contacted	2025-06-04 17:34:37.18276+05:30	2025-06-04 17:34:37.185352+05:30	da380b7b-ad2f-40ec-a6bb-6d9fdc2d4fc4	6c931beb-c792-45ae-a25c-d6a976ee2776	Your Order Status will be updated soon!
232	Bill Created	2025-06-04 17:37:16.283744+05:30	2025-06-04 17:37:16.286483+05:30	da380b7b-ad2f-40ec-a6bb-6d9fdc2d4fc4	6c931beb-c792-45ae-a25c-d6a976ee2776	Bill Created for your custom order ID651KO
233	Order Viewed	2025-06-04 23:39:00.840063+05:30	2025-06-04 23:39:00.851946+05:30	8a799794-5067-491d-b8aa-aa644b2270db	007abe1f-98a5-4681-9e08-4e7ffa062cea	Your Order Viewed by the Merchant and will be packed soon!
234	Order Packed	2025-06-04 23:39:31.727779+05:30	2025-06-04 23:39:31.730284+05:30	8a799794-5067-491d-b8aa-aa644b2270db	007abe1f-98a5-4681-9e08-4e7ffa062cea	Your Order Packed Successfully, Delivery Boy will pick your order shortly!
235	Delivered	2025-06-04 23:39:57.753083+05:30	2025-06-04 23:39:57.755965+05:30	8a799794-5067-491d-b8aa-aa644b2270db	007abe1f-98a5-4681-9e08-4e7ffa062cea	Your Order Delivered Successfully, Please give your valuable feed for better future endevours!
236	Order Viewed	2025-06-04 23:42:06.243177+05:30	2025-06-04 23:42:06.246195+05:30	8a799794-5067-491d-b8aa-aa644b2270db	82b53974-7b22-424a-8ae6-c39c713dab21	Your Order Viewed by the Merchant and will be packed soon!
237	Order Packed	2025-06-04 23:42:20.028824+05:30	2025-06-04 23:42:20.031564+05:30	8a799794-5067-491d-b8aa-aa644b2270db	82b53974-7b22-424a-8ae6-c39c713dab21	Your Order Packed Successfully, Delivery Boy will pick your order shortly!
238	Order Assigned	2025-06-04 23:42:36.710627+05:30	2025-06-04 23:42:36.712871+05:30	8a799794-5067-491d-b8aa-aa644b2270db	82b53974-7b22-424a-8ae6-c39c713dab21	Your Order Assigned Successfully, Delivery Boy will reach you shortly!
239	Delivered	2025-06-04 23:43:01.644507+05:30	2025-06-04 23:43:01.647244+05:30	8a799794-5067-491d-b8aa-aa644b2270db	82b53974-7b22-424a-8ae6-c39c713dab21	Your Order Delivered Successfully, Please give your valuable feed for better future endevours!
240	Order Viewed	2025-06-05 08:54:38.614174+05:30	2025-06-05 08:54:38.617164+05:30	3e43ce3a-f5d5-4cd4-99b7-39a81ab72015	91b76f94-7b23-45d2-9e43-8dc1f3af6ff0	Your Order Viewed by the Merchant and will be packed soon!
241	Order Packed	2025-06-05 08:54:50.712846+05:30	2025-06-05 08:54:50.715677+05:30	3e43ce3a-f5d5-4cd4-99b7-39a81ab72015	91b76f94-7b23-45d2-9e43-8dc1f3af6ff0	Your Order Packed Successfully, Delivery Boy will pick your order shortly!
242	Delivered	2025-06-05 08:54:58.49508+05:30	2025-06-05 08:54:58.497698+05:30	3e43ce3a-f5d5-4cd4-99b7-39a81ab72015	91b76f94-7b23-45d2-9e43-8dc1f3af6ff0	Your Order Delivered Successfully, Please give your valuable feed for better future endevours!
243	Order Viewed	2025-06-05 08:56:33.882223+05:30	2025-06-05 08:56:33.884645+05:30	3e43ce3a-f5d5-4cd4-99b7-39a81ab72015	3e7c36b9-96e6-4806-9f9c-7dd518a34691	Your Order Viewed by the Merchant and will be packed soon!
244	Order Packed	2025-06-05 08:56:44.550655+05:30	2025-06-05 08:56:44.553013+05:30	3e43ce3a-f5d5-4cd4-99b7-39a81ab72015	3e7c36b9-96e6-4806-9f9c-7dd518a34691	Your Order Packed Successfully, Delivery Boy will pick your order shortly!
245	Order Assigned	2025-06-05 08:56:58.704274+05:30	2025-06-05 08:56:58.706556+05:30	3e43ce3a-f5d5-4cd4-99b7-39a81ab72015	3e7c36b9-96e6-4806-9f9c-7dd518a34691	Your Order Assigned Successfully, Delivery Boy will reach you shortly!
246	Delivered	2025-06-05 08:57:06.265153+05:30	2025-06-05 08:57:06.267467+05:30	3e43ce3a-f5d5-4cd4-99b7-39a81ab72015	3e7c36b9-96e6-4806-9f9c-7dd518a34691	Your Order Delivered Successfully, Please give your valuable feed for better future endevours!
247	Order Viewed	2025-06-05 08:58:47.32573+05:30	2025-06-05 08:58:47.328153+05:30	3e43ce3a-f5d5-4cd4-99b7-39a81ab72015	51bd4573-8e4a-43ed-86c4-c0f02f7e932b	Your Order Viewed by the Merchant and will be packed soon!
248	Order Packed	2025-06-05 08:58:53.477879+05:30	2025-06-05 08:58:53.480254+05:30	3e43ce3a-f5d5-4cd4-99b7-39a81ab72015	51bd4573-8e4a-43ed-86c4-c0f02f7e932b	Your Order Packed Successfully, Delivery Boy will pick your order shortly!
249	Order Despatched	2025-06-05 08:59:32.765244+05:30	2025-06-05 08:59:32.767847+05:30	3e43ce3a-f5d5-4cd4-99b7-39a81ab72015	51bd4573-8e4a-43ed-86c4-c0f02f7e932b	Your Order Despatched Successfully
250	Delivered	2025-06-05 08:59:38.40659+05:30	2025-06-05 08:59:38.40897+05:30	3e43ce3a-f5d5-4cd4-99b7-39a81ab72015	51bd4573-8e4a-43ed-86c4-c0f02f7e932b	Your Order Delivered Successfully, Please give your valuable feed for better future endevours!
251	Contacted	2025-06-05 09:00:41.32069+05:30	2025-06-05 09:00:41.323433+05:30	3e43ce3a-f5d5-4cd4-99b7-39a81ab72015	d39a8bdb-c9b8-4137-96f4-87f4125eed08	Your Order Status will be updated soon!
252	Bill Created	2025-06-05 09:01:09.908924+05:30	2025-06-05 09:01:09.911429+05:30	3e43ce3a-f5d5-4cd4-99b7-39a81ab72015	d39a8bdb-c9b8-4137-96f4-87f4125eed08	Bill Created for your custom order ID440BU
253	Order Viewed	2025-06-05 12:33:06.206812+05:30	2025-06-05 12:33:06.21072+05:30	08e86556-1e2f-4ac8-bfca-3331e68c6a67	02fc3a24-b772-4a67-9cfa-994ea7a56d51	Your Order Viewed by the Merchant and will be packed soon!
254	Order Packed	2025-06-05 12:33:13.251832+05:30	2025-06-05 12:33:13.254547+05:30	08e86556-1e2f-4ac8-bfca-3331e68c6a67	02fc3a24-b772-4a67-9cfa-994ea7a56d51	Your Order Packed Successfully, Delivery Boy will pick your order shortly!
255	Delivered	2025-06-05 12:33:20.295758+05:30	2025-06-05 12:33:20.298325+05:30	08e86556-1e2f-4ac8-bfca-3331e68c6a67	02fc3a24-b772-4a67-9cfa-994ea7a56d51	Your Order Delivered Successfully, Please give your valuable feed for better future endevours!
256	Order Viewed	2025-06-05 12:34:52.041001+05:30	2025-06-05 12:34:52.047272+05:30	08e86556-1e2f-4ac8-bfca-3331e68c6a67	de7f7d56-e8d2-40e1-9c50-60ef638a41af	Your Order Viewed by the Merchant and will be packed soon!
257	Order Packed	2025-06-05 12:34:55.364962+05:30	2025-06-05 12:34:55.367503+05:30	08e86556-1e2f-4ac8-bfca-3331e68c6a67	de7f7d56-e8d2-40e1-9c50-60ef638a41af	Your Order Packed Successfully, Delivery Boy will pick your order shortly!
258	Order Assigned	2025-06-05 12:35:03.471648+05:30	2025-06-05 12:35:03.473872+05:30	08e86556-1e2f-4ac8-bfca-3331e68c6a67	de7f7d56-e8d2-40e1-9c50-60ef638a41af	Your Order Assigned Successfully, Delivery Boy will reach you shortly!
259	Delivered	2025-06-05 12:35:11.327538+05:30	2025-06-05 12:35:11.330054+05:30	08e86556-1e2f-4ac8-bfca-3331e68c6a67	de7f7d56-e8d2-40e1-9c50-60ef638a41af	Your Order Delivered Successfully, Please give your valuable feed for better future endevours!
260	Order Viewed	2025-06-05 22:34:49.25954+05:30	2025-06-05 22:34:49.270582+05:30	fdd124cb-05bf-4dd9-b28b-dfd5b61951e7	d114a307-e171-4f7f-82af-ba5b59b85937	Your Order Viewed by the Merchant and will be packed soon!
261	Order Packed	2025-06-05 22:35:22.900885+05:30	2025-06-05 22:35:22.905785+05:30	fdd124cb-05bf-4dd9-b28b-dfd5b61951e7	d114a307-e171-4f7f-82af-ba5b59b85937	Your Order Packed Successfully, Delivery Boy will pick your order shortly!
262	Order Viewed	2025-06-05 23:25:51.523012+05:30	2025-06-05 23:25:51.525878+05:30	8a799794-5067-491d-b8aa-aa644b2270db	fde8b113-d9ec-434e-aa08-71f4ba2f323c	Your Order Viewed by the Merchant and will be packed soon!
263	Order Packed	2025-06-05 23:27:05.750474+05:30	2025-06-05 23:27:05.753318+05:30	8a799794-5067-491d-b8aa-aa644b2270db	fde8b113-d9ec-434e-aa08-71f4ba2f323c	Your Order Packed Successfully, Delivery Boy will pick your order shortly!
264	Order Viewed	2025-06-06 00:06:43.393314+05:30	2025-06-06 00:06:43.396081+05:30	8a799794-5067-491d-b8aa-aa644b2270db	406793b2-9c0d-4fe4-bfa7-a179ce5d55af	Your Order Viewed by the Merchant and will be packed soon!
265	Order Packed	2025-06-06 00:06:56.363485+05:30	2025-06-06 00:06:56.36616+05:30	8a799794-5067-491d-b8aa-aa644b2270db	406793b2-9c0d-4fe4-bfa7-a179ce5d55af	Your Order Packed Successfully, Delivery Boy will pick your order shortly!
266	Order Assigned	2025-06-06 00:07:11.956531+05:30	2025-06-06 00:07:11.958906+05:30	8a799794-5067-491d-b8aa-aa644b2270db	406793b2-9c0d-4fe4-bfa7-a179ce5d55af	Your Order Assigned Successfully, Delivery Boy will reach you shortly!
267	Delivered	2025-06-06 00:07:24.56566+05:30	2025-06-06 00:07:24.568096+05:30	8a799794-5067-491d-b8aa-aa644b2270db	406793b2-9c0d-4fe4-bfa7-a179ce5d55af	Your Order Delivered Successfully, Please give your valuable feed for better future endevours!
268	Order Viewed	2025-06-06 00:12:33.304347+05:30	2025-06-06 00:12:33.307236+05:30	8a799794-5067-491d-b8aa-aa644b2270db	639121e3-c6f4-4f33-9ac2-21c55d8d446f	Your Order Viewed by the Merchant and will be packed soon!
269	Order Packed	2025-06-06 00:12:45.432214+05:30	2025-06-06 00:12:45.434599+05:30	8a799794-5067-491d-b8aa-aa644b2270db	639121e3-c6f4-4f33-9ac2-21c55d8d446f	Your Order Packed Successfully, Delivery Boy will pick your order shortly!
270	Delivered	2025-06-06 00:12:55.889661+05:30	2025-06-06 00:12:55.891953+05:30	8a799794-5067-491d-b8aa-aa644b2270db	639121e3-c6f4-4f33-9ac2-21c55d8d446f	Your Order Delivered Successfully, Please give your valuable feed for better future endevours!
271	Order Viewed	2025-06-06 00:43:08.436228+05:30	2025-06-06 00:43:08.439099+05:30	8a799794-5067-491d-b8aa-aa644b2270db	c8fd90bd-d52b-4794-b55d-95a468d2d58f	Your Order Viewed by the Merchant and will be packed soon!
272	Order Packed	2025-06-06 00:43:22.858412+05:30	2025-06-06 00:43:22.860706+05:30	8a799794-5067-491d-b8aa-aa644b2270db	c8fd90bd-d52b-4794-b55d-95a468d2d58f	Your Order Packed Successfully, Delivery Boy will pick your order shortly!
273	Order Assigned	2025-06-06 00:43:38.997083+05:30	2025-06-06 00:43:38.999463+05:30	8a799794-5067-491d-b8aa-aa644b2270db	c8fd90bd-d52b-4794-b55d-95a468d2d58f	Your Order Assigned Successfully, Delivery Boy will reach you shortly!
274	Delivered	2025-06-06 00:43:51.272386+05:30	2025-06-06 00:43:51.274912+05:30	8a799794-5067-491d-b8aa-aa644b2270db	c8fd90bd-d52b-4794-b55d-95a468d2d58f	Your Order Delivered Successfully, Please give your valuable feed for better future endevours!
275	Order Viewed	2025-06-06 22:59:17.153967+05:30	2025-06-06 22:59:17.164364+05:30	2f69495d-53a1-4a5b-b867-5d62af183228	7a069b60-899a-467e-af88-a4ed6977c95f	Your Order Viewed by the Merchant and will be packed soon!
276	Order Packed	2025-06-06 22:59:24.605977+05:30	2025-06-06 22:59:24.608487+05:30	2f69495d-53a1-4a5b-b867-5d62af183228	7a069b60-899a-467e-af88-a4ed6977c95f	Your Order Packed Successfully, Delivery Boy will pick your order shortly!
277	Order Assigned	2025-06-06 22:59:35.133097+05:30	2025-06-06 22:59:35.135262+05:30	2f69495d-53a1-4a5b-b867-5d62af183228	7a069b60-899a-467e-af88-a4ed6977c95f	Your Order Assigned Successfully, Delivery Boy will reach you shortly!
278	Delivered	2025-06-06 22:59:41.297463+05:30	2025-06-06 22:59:41.300192+05:30	2f69495d-53a1-4a5b-b867-5d62af183228	7a069b60-899a-467e-af88-a4ed6977c95f	Your Order Delivered Successfully, Please give your valuable feed for better future endevours!
279	Order Viewed	2025-06-06 23:01:12.751218+05:30	2025-06-06 23:01:12.757364+05:30	2f69495d-53a1-4a5b-b867-5d62af183228	bf43fc36-7713-407a-8d96-99b4551a5ca3	Your Order Viewed by the Merchant and will be packed soon!
280	Order Packed	2025-06-06 23:01:17.245743+05:30	2025-06-06 23:01:17.248236+05:30	2f69495d-53a1-4a5b-b867-5d62af183228	bf43fc36-7713-407a-8d96-99b4551a5ca3	Your Order Packed Successfully, Delivery Boy will pick your order shortly!
281	Delivered	2025-06-06 23:01:22.365862+05:30	2025-06-06 23:01:22.368311+05:30	2f69495d-53a1-4a5b-b867-5d62af183228	bf43fc36-7713-407a-8d96-99b4551a5ca3	Your Order Delivered Successfully, Please give your valuable feed for better future endevours!
282	Order Viewed	2025-06-09 09:26:47.636228+05:30	2025-06-09 09:26:47.643602+05:30	2f69495d-53a1-4a5b-b867-5d62af183228	a342b092-a07c-4481-856b-bb44648f7103	Your Order Viewed by the Merchant and will be packed soon!
283	Order Packed	2025-06-09 09:26:56.460055+05:30	2025-06-09 09:26:56.46265+05:30	2f69495d-53a1-4a5b-b867-5d62af183228	a342b092-a07c-4481-856b-bb44648f7103	Your Order Packed Successfully, Delivery Boy will pick your order shortly!
284	Order Despatched	2025-06-09 09:27:22.491176+05:30	2025-06-09 09:27:22.493594+05:30	2f69495d-53a1-4a5b-b867-5d62af183228	a342b092-a07c-4481-856b-bb44648f7103	Your Order Despatched Successfully
285	Delivered	2025-06-09 09:27:37.870029+05:30	2025-06-09 09:27:37.872409+05:30	2f69495d-53a1-4a5b-b867-5d62af183228	a342b092-a07c-4481-856b-bb44648f7103	Your Order Delivered Successfully, Please give your valuable feed for better future endevours!
286	Order Viewed	2025-06-09 09:29:28.039188+05:30	2025-06-09 09:29:28.042391+05:30	2f69495d-53a1-4a5b-b867-5d62af183228	8859b841-9113-45ac-9f7f-8ca71aa8092c	Your Order Viewed by the Merchant and will be packed soon!
287	Order Packed	2025-06-09 09:29:38.269861+05:30	2025-06-09 09:29:38.272566+05:30	2f69495d-53a1-4a5b-b867-5d62af183228	8859b841-9113-45ac-9f7f-8ca71aa8092c	Your Order Packed Successfully, Delivery Boy will pick your order shortly!
288	Delivered	2025-06-09 09:29:46.159896+05:30	2025-06-09 09:29:46.162415+05:30	2f69495d-53a1-4a5b-b867-5d62af183228	8859b841-9113-45ac-9f7f-8ca71aa8092c	Your Order Delivered Successfully, Please give your valuable feed for better future endevours!
289	Order Viewed	2025-06-09 16:28:50.928917+05:30	2025-06-09 16:28:50.938493+05:30	0a6232ec-25d1-4b44-ac8c-3d99fc57119d	fd317ef5-b146-415c-affe-57e0a78c9673	Your Order Viewed by the Merchant and will be packed soon!
290	Order Packed	2025-06-09 16:28:54.416188+05:30	2025-06-09 16:28:54.418776+05:30	0a6232ec-25d1-4b44-ac8c-3d99fc57119d	fd317ef5-b146-415c-affe-57e0a78c9673	Your Order Packed Successfully, Delivery Boy will pick your order shortly!
291	Order Assigned	2025-06-09 16:28:59.965547+05:30	2025-06-09 16:28:59.968248+05:30	0a6232ec-25d1-4b44-ac8c-3d99fc57119d	fd317ef5-b146-415c-affe-57e0a78c9673	Your Order Assigned Successfully, Delivery Boy will reach you shortly!
292	Delivered	2025-06-09 16:29:04.805754+05:30	2025-06-09 16:29:04.808542+05:30	0a6232ec-25d1-4b44-ac8c-3d99fc57119d	fd317ef5-b146-415c-affe-57e0a78c9673	Your Order Delivered Successfully, Please give your valuable feed for better future endevours!
293	Order Viewed	2025-06-09 16:29:31.803183+05:30	2025-06-09 16:29:31.805917+05:30	6d904814-ef69-48d2-b9fd-81df6fb5459b	fef77053-3669-4038-85bf-af731101a7d4	Your Order Viewed by the Merchant and will be packed soon!
294	Order Packed	2025-06-09 16:30:27.542382+05:30	2025-06-09 16:30:27.544938+05:30	6d904814-ef69-48d2-b9fd-81df6fb5459b	fef77053-3669-4038-85bf-af731101a7d4	Your Order Packed Successfully, Delivery Boy will pick your order shortly!
295	Order Assigned	2025-06-09 16:32:14.810717+05:30	2025-06-09 16:32:14.813824+05:30	6d904814-ef69-48d2-b9fd-81df6fb5459b	fef77053-3669-4038-85bf-af731101a7d4	Your Order Assigned Successfully, Delivery Boy will reach you shortly!
296	Delivered	2025-06-09 16:33:21.006847+05:30	2025-06-09 16:33:21.009774+05:30	6d904814-ef69-48d2-b9fd-81df6fb5459b	fef77053-3669-4038-85bf-af731101a7d4	Your Order Delivered Successfully, Please give your valuable feed for better future endevours!
297	Contacted	2025-06-09 16:35:01.050905+05:30	2025-06-09 16:35:01.059523+05:30	6d904814-ef69-48d2-b9fd-81df6fb5459b	4d6f5ad8-a460-4009-8739-777dcd2787e6	Your Order Status will be updated soon!
298	Bill Created	2025-06-09 16:36:29.273284+05:30	2025-06-09 16:36:29.277566+05:30	6d904814-ef69-48d2-b9fd-81df6fb5459b	4d6f5ad8-a460-4009-8739-777dcd2787e6	Bill Created for your custom order ID255CM
299	Contacted	2025-06-09 21:16:49.007342+05:30	2025-06-09 21:16:49.018349+05:30	2f69495d-53a1-4a5b-b867-5d62af183228	cc095b90-464a-46b2-869d-a742d7910902	Your Order Status will be updated soon!
300	Bill Created	2025-06-09 21:18:13.485479+05:30	2025-06-09 21:18:13.489217+05:30	2f69495d-53a1-4a5b-b867-5d62af183228	cc095b90-464a-46b2-869d-a742d7910902	Bill Created for your custom order ID935AO
301	Contacted	2025-06-09 22:03:48.020738+05:30	2025-06-09 22:03:48.02382+05:30	8a799794-5067-491d-b8aa-aa644b2270db	ad308b8c-4e4b-4670-a252-2cab52f8bf46	Your Order Status will be updated soon!
302	Contacted	2025-06-09 22:04:33.539296+05:30	2025-06-09 22:04:33.54205+05:30	8a799794-5067-491d-b8aa-aa644b2270db	008b4082-e7b4-48c8-ae9e-c6afd3d68683	Your Order Status will be updated soon!
303	Order Viewed	2025-06-10 11:27:18.570279+05:30	2025-06-10 11:27:18.575823+05:30	948ed8e7-c26f-4d1b-bacc-6522aff37414	4528dba2-c333-45b9-9072-26badc42bef2	Your Order Viewed by the Merchant and will be packed soon!
304	Order Packed	2025-06-10 11:27:52.208951+05:30	2025-06-10 11:27:52.211471+05:30	948ed8e7-c26f-4d1b-bacc-6522aff37414	4528dba2-c333-45b9-9072-26badc42bef2	Your Order Packed Successfully, Delivery Boy will pick your order shortly!
305	Order Assigned	2025-06-10 11:28:15.23216+05:30	2025-06-10 11:28:15.234922+05:30	948ed8e7-c26f-4d1b-bacc-6522aff37414	4528dba2-c333-45b9-9072-26badc42bef2	Your Order Assigned Successfully, Delivery Boy will reach you shortly!
306	Delivered	2025-06-10 11:28:40.055679+05:30	2025-06-10 11:28:40.061287+05:30	948ed8e7-c26f-4d1b-bacc-6522aff37414	4528dba2-c333-45b9-9072-26badc42bef2	Your Order Delivered Successfully, Please give your valuable feed for better future endevours!
307	Order Viewed	2025-06-10 11:37:25.348402+05:30	2025-06-10 11:37:25.353278+05:30	948ed8e7-c26f-4d1b-bacc-6522aff37414	b4ea58da-0cea-4679-96c4-94201cdbe772	Your Order Viewed by the Merchant and will be packed soon!
308	Order Viewed	2025-06-10 11:38:29.479639+05:30	2025-06-10 11:38:29.482231+05:30	6bb51122-d3e9-4787-a937-67d00b8a72fb	0ce84a65-7856-4f59-bc37-8af86169991e	Your Order Viewed by the Merchant and will be packed soon!
309	Order Viewed	2025-06-10 11:38:40.995489+05:30	2025-06-10 11:38:40.998029+05:30	2cb85917-8160-4c61-bb2d-0dbf4a5e4e4d	7d1a8bc3-305a-41bb-b541-0d67fb3fdbc0	Your Order Viewed by the Merchant and will be packed soon!
310	Order Viewed	2025-06-10 11:38:52.190954+05:30	2025-06-10 11:38:52.193599+05:30	6bb51122-d3e9-4787-a937-67d00b8a72fb	9e378c9f-a32e-4e8e-84b4-8acf7093ecc9	Your Order Viewed by the Merchant and will be packed soon!
311	Order Packed	2025-06-10 11:51:22.685274+05:30	2025-06-10 11:51:22.688212+05:30	948ed8e7-c26f-4d1b-bacc-6522aff37414	b4ea58da-0cea-4679-96c4-94201cdbe772	Your Order Packed Successfully, Delivery Boy will pick your order shortly!
312	Delivered	2025-06-10 11:52:00.048383+05:30	2025-06-10 11:52:00.051765+05:30	948ed8e7-c26f-4d1b-bacc-6522aff37414	b4ea58da-0cea-4679-96c4-94201cdbe772	Your Order Delivered Successfully, Please give your valuable feed for better future endevours!
313	Contacted	2025-06-10 11:54:03.547806+05:30	2025-06-10 11:54:03.550727+05:30	948ed8e7-c26f-4d1b-bacc-6522aff37414	65b82157-3d96-4b34-9dba-2db4a272e1f1	Your Order Status will be updated soon!
314	Bill Created	2025-06-10 11:55:34.297625+05:30	2025-06-10 11:55:34.300557+05:30	948ed8e7-c26f-4d1b-bacc-6522aff37414	65b82157-3d96-4b34-9dba-2db4a272e1f1	Bill Created for your custom order ID744TK
315	Order Packed	2025-06-10 15:09:59.787137+05:30	2025-06-10 15:09:59.911457+05:30	6bb51122-d3e9-4787-a937-67d00b8a72fb	0ce84a65-7856-4f59-bc37-8af86169991e	Your Order Packed Successfully, Delivery Boy will pick your order shortly!
316	Order Assigned	2025-06-10 15:10:06.15003+05:30	2025-06-10 15:10:06.153304+05:30	6bb51122-d3e9-4787-a937-67d00b8a72fb	0ce84a65-7856-4f59-bc37-8af86169991e	Your Order Assigned Successfully, Delivery Boy will reach you shortly!
317	Delivered	2025-06-10 15:10:11.202626+05:30	2025-06-10 15:10:11.205489+05:30	6bb51122-d3e9-4787-a937-67d00b8a72fb	0ce84a65-7856-4f59-bc37-8af86169991e	Your Order Delivered Successfully, Please give your valuable feed for better future endevours!
318	Failed	2025-06-10 15:10:17.779077+05:30	2025-06-10 15:10:17.785122+05:30	6bb51122-d3e9-4787-a937-67d00b8a72fb	9e378c9f-a32e-4e8e-84b4-8acf7093ecc9	Sorry! Your Order Failed!
319	Order Viewed	2025-06-10 15:10:22.927671+05:30	2025-06-10 15:10:22.930384+05:30	6bb51122-d3e9-4787-a937-67d00b8a72fb	b2123f20-0c86-49e7-a9ce-201d59977ccd	Your Order Viewed by the Merchant and will be packed soon!
320	Order Packed	2025-06-10 15:10:26.664006+05:30	2025-06-10 15:10:26.666679+05:30	6bb51122-d3e9-4787-a937-67d00b8a72fb	b2123f20-0c86-49e7-a9ce-201d59977ccd	Your Order Packed Successfully, Delivery Boy will pick your order shortly!
321	Order Assigned	2025-06-10 15:10:31.293429+05:30	2025-06-10 15:10:31.295514+05:30	6bb51122-d3e9-4787-a937-67d00b8a72fb	b2123f20-0c86-49e7-a9ce-201d59977ccd	Your Order Assigned Successfully, Delivery Boy will reach you shortly!
322	Order Packed	2025-06-10 15:10:35.803001+05:30	2025-06-10 15:10:35.804971+05:30	2cb85917-8160-4c61-bb2d-0dbf4a5e4e4d	7d1a8bc3-305a-41bb-b541-0d67fb3fdbc0	Your Order Packed Successfully, Delivery Boy will pick your order shortly!
323	Order Assigned	2025-06-10 15:10:40.484462+05:30	2025-06-10 15:10:40.488214+05:30	2cb85917-8160-4c61-bb2d-0dbf4a5e4e4d	7d1a8bc3-305a-41bb-b541-0d67fb3fdbc0	Your Order Assigned Successfully, Delivery Boy will reach you shortly!
324	Delivered	2025-06-10 15:10:50.662412+05:30	2025-06-10 15:10:50.672726+05:30	6bb51122-d3e9-4787-a937-67d00b8a72fb	b2123f20-0c86-49e7-a9ce-201d59977ccd	Your Order Delivered Successfully, Please give your valuable feed for better future endevours!
325	Order Viewed	2025-06-10 15:52:05.998337+05:30	2025-06-10 15:52:06.004731+05:30	dae5a095-32db-4810-b1df-54e7ce7a4d89	f1a1fca0-a2e6-4043-9a7f-120865e065fc	Your Order Viewed by the Merchant and will be packed soon!
326	Order Packed	2025-06-10 15:53:08.879594+05:30	2025-06-10 15:53:08.881961+05:30	dae5a095-32db-4810-b1df-54e7ce7a4d89	f1a1fca0-a2e6-4043-9a7f-120865e065fc	Your Order Packed Successfully, Delivery Boy will pick your order shortly!
327	Delivered	2025-06-10 15:54:16.140627+05:30	2025-06-10 15:54:16.143205+05:30	dae5a095-32db-4810-b1df-54e7ce7a4d89	f1a1fca0-a2e6-4043-9a7f-120865e065fc	Your Order Delivered Successfully, Please give your valuable feed for better future endevours!
328	Order Viewed	2025-06-10 16:09:01.093652+05:30	2025-06-10 16:09:01.096748+05:30	dae5a095-32db-4810-b1df-54e7ce7a4d89	46f21687-d808-44a7-bc97-ab61057b32a9	Your Order Viewed by the Merchant and will be packed soon!
329	Order Packed	2025-06-10 16:09:08.110194+05:30	2025-06-10 16:09:08.112156+05:30	dae5a095-32db-4810-b1df-54e7ce7a4d89	46f21687-d808-44a7-bc97-ab61057b32a9	Your Order Packed Successfully, Delivery Boy will pick your order shortly!
330	Order Assigned	2025-06-10 16:09:30.226053+05:30	2025-06-10 16:09:30.241289+05:30	dae5a095-32db-4810-b1df-54e7ce7a4d89	46f21687-d808-44a7-bc97-ab61057b32a9	Your Order Assigned Successfully, Delivery Boy will reach you shortly!
331	Delivered	2025-06-10 16:14:30.669411+05:30	2025-06-10 16:14:30.672289+05:30	dae5a095-32db-4810-b1df-54e7ce7a4d89	46f21687-d808-44a7-bc97-ab61057b32a9	Your Order Delivered Successfully, Please give your valuable feed for better future endevours!
332	Contacted	2025-06-10 16:18:21.844963+05:30	2025-06-10 16:18:21.847616+05:30	dae5a095-32db-4810-b1df-54e7ce7a4d89	46835fe8-ab0b-4aad-8adf-11aaf8d43001	Your Order Status will be updated soon!
333	Bill Created	2025-06-10 16:19:47.748086+05:30	2025-06-10 16:19:47.75075+05:30	dae5a095-32db-4810-b1df-54e7ce7a4d89	46835fe8-ab0b-4aad-8adf-11aaf8d43001	Bill Created for your custom order ID216HR
334	Order Viewed	2025-06-10 16:44:44.01828+05:30	2025-06-10 16:44:44.021558+05:30	d012a1ea-1ee5-4672-a751-692f1bde3bd2	14c68a14-2f65-4e0c-ad70-54863bbeb9f8	Your Order Viewed by the Merchant and will be packed soon!
335	Order Packed	2025-06-10 16:44:51.388956+05:30	2025-06-10 16:44:51.391632+05:30	d012a1ea-1ee5-4672-a751-692f1bde3bd2	14c68a14-2f65-4e0c-ad70-54863bbeb9f8	Your Order Packed Successfully, Delivery Boy will pick your order shortly!
336	Order Assigned	2025-06-10 16:46:37.866823+05:30	2025-06-10 16:46:37.871517+05:30	d012a1ea-1ee5-4672-a751-692f1bde3bd2	14c68a14-2f65-4e0c-ad70-54863bbeb9f8	Your Order Assigned Successfully, Delivery Boy will reach you shortly!
337	Delivered	2025-06-10 16:49:14.473315+05:30	2025-06-10 16:49:14.475914+05:30	d012a1ea-1ee5-4672-a751-692f1bde3bd2	14c68a14-2f65-4e0c-ad70-54863bbeb9f8	Your Order Delivered Successfully, Please give your valuable feed for better future endevours!
338	Order Viewed	2025-06-10 16:51:22.577123+05:30	2025-06-10 16:51:22.579859+05:30	d012a1ea-1ee5-4672-a751-692f1bde3bd2	c5452118-68b7-4174-8624-24f6f3a6b7cd	Your Order Viewed by the Merchant and will be packed soon!
339	Order Packed	2025-06-10 16:51:25.607342+05:30	2025-06-10 16:51:25.609801+05:30	d012a1ea-1ee5-4672-a751-692f1bde3bd2	c5452118-68b7-4174-8624-24f6f3a6b7cd	Your Order Packed Successfully, Delivery Boy will pick your order shortly!
340	Delivered	2025-06-10 16:51:35.789831+05:30	2025-06-10 16:51:35.792452+05:30	d012a1ea-1ee5-4672-a751-692f1bde3bd2	c5452118-68b7-4174-8624-24f6f3a6b7cd	Your Order Delivered Successfully, Please give your valuable feed for better future endevours!
341	Contacted	2025-06-10 16:59:39.48775+05:30	2025-06-10 16:59:39.490483+05:30	d012a1ea-1ee5-4672-a751-692f1bde3bd2	00665fd4-5e0d-4741-ab7a-08f0678ce2e3	Your Order Status will be updated soon!
342	Order Viewed	2025-06-11 15:56:51.370421+05:30	2025-06-11 15:56:51.378852+05:30	4eaed3dd-f656-488c-a7a8-edc8a9b9e889	166f219f-fde3-4eb0-8dcb-06525278fd9f	Your Order Viewed by the Merchant and will be packed soon!
343	Order Packed	2025-06-11 15:56:54.268385+05:30	2025-06-11 15:56:54.270895+05:30	4eaed3dd-f656-488c-a7a8-edc8a9b9e889	166f219f-fde3-4eb0-8dcb-06525278fd9f	Your Order Packed Successfully, Delivery Boy will pick your order shortly!
344	Order Viewed	2025-06-12 11:25:26.698117+05:30	2025-06-12 11:25:26.710499+05:30	d012a1ea-1ee5-4672-a751-692f1bde3bd2	e38a1d50-4d53-4485-a0b3-70ad5e346a4e	Your Order Viewed by the Merchant and will be packed soon!
345	Order Packed	2025-06-12 11:25:34.489524+05:30	2025-06-12 11:25:34.492146+05:30	d012a1ea-1ee5-4672-a751-692f1bde3bd2	e38a1d50-4d53-4485-a0b3-70ad5e346a4e	Your Order Packed Successfully, Delivery Boy will pick your order shortly!
346	Order Assigned	2025-06-12 11:26:17.744922+05:30	2025-06-12 11:26:17.748583+05:30	d012a1ea-1ee5-4672-a751-692f1bde3bd2	e38a1d50-4d53-4485-a0b3-70ad5e346a4e	Your Order Assigned Successfully, Delivery Boy will reach you shortly!
347	Delivered	2025-06-12 11:27:04.173968+05:30	2025-06-12 11:27:04.18082+05:30	d012a1ea-1ee5-4672-a751-692f1bde3bd2	e38a1d50-4d53-4485-a0b3-70ad5e346a4e	Your Order Delivered Successfully, Please give your valuable feed for better future endevours!
348	Order Viewed	2025-06-12 12:02:08.62897+05:30	2025-06-12 12:02:08.632718+05:30	4eaed3dd-f656-488c-a7a8-edc8a9b9e889	37c98383-db5b-427e-bee8-81af73a8383a	Your Order Viewed by the Merchant and will be packed soon!
349	Order Packed	2025-06-12 12:02:11.278144+05:30	2025-06-12 12:02:11.280819+05:30	4eaed3dd-f656-488c-a7a8-edc8a9b9e889	37c98383-db5b-427e-bee8-81af73a8383a	Your Order Packed Successfully, Delivery Boy will pick your order shortly!
350	Order Assigned	2025-06-12 12:02:18.021891+05:30	2025-06-12 12:02:18.024615+05:30	4eaed3dd-f656-488c-a7a8-edc8a9b9e889	37c98383-db5b-427e-bee8-81af73a8383a	Your Order Assigned Successfully, Delivery Boy will reach you shortly!
351	Delivered	2025-06-12 12:02:22.269792+05:30	2025-06-12 12:02:22.273933+05:30	4eaed3dd-f656-488c-a7a8-edc8a9b9e889	37c98383-db5b-427e-bee8-81af73a8383a	Your Order Delivered Successfully, Please give your valuable feed for better future endevours!
352	Order Viewed	2025-06-12 15:18:15.082332+05:30	2025-06-12 15:18:15.087782+05:30	e9909719-4ddd-4dde-a72c-521654b853d5	d1893301-5de9-401a-b77c-3abb2fc36154	Your Order Viewed by the Merchant and will be packed soon!
353	Order Packed	2025-06-16 11:30:46.041129+05:30	2025-06-16 11:30:46.054337+05:30	e9909719-4ddd-4dde-a72c-521654b853d5	d1893301-5de9-401a-b77c-3abb2fc36154	Your Order Packed Successfully, Delivery Boy will pick your order shortly!
354	Delivered	2025-06-16 11:30:55.791416+05:30	2025-06-16 11:30:55.79393+05:30	e9909719-4ddd-4dde-a72c-521654b853d5	d1893301-5de9-401a-b77c-3abb2fc36154	Your Order Delivered Successfully, Please give your valuable feed for better future endevours!
355	Order Viewed	2025-06-16 11:31:09.782494+05:30	2025-06-16 11:31:09.785146+05:30	e9909719-4ddd-4dde-a72c-521654b853d5	e214e3db-fbb9-4180-a718-a3221f961b3b	Your Order Viewed by the Merchant and will be packed soon!
356	Order Packed	2025-06-16 11:31:13.027943+05:30	2025-06-16 11:31:13.03066+05:30	e9909719-4ddd-4dde-a72c-521654b853d5	e214e3db-fbb9-4180-a718-a3221f961b3b	Your Order Packed Successfully, Delivery Boy will pick your order shortly!
357	Order Assigned	2025-06-16 11:32:35.689773+05:30	2025-06-16 11:32:35.692308+05:30	e9909719-4ddd-4dde-a72c-521654b853d5	e214e3db-fbb9-4180-a718-a3221f961b3b	Your Order Assigned Successfully, Delivery Boy will reach you shortly!
358	Contacted	2025-06-17 14:47:46.001967+05:30	2025-06-17 14:47:46.019568+05:30	e9909719-4ddd-4dde-a72c-521654b853d5	f5532672-f68b-4592-8280-1285a997606a	Your Order Status will be updated soon!
359	Contacted	2025-06-17 14:49:05.938221+05:30	2025-06-17 14:49:05.940854+05:30	9d0ee849-3c50-4bcb-bb7e-a99d194ffd2b	14e79133-f054-4120-b1ba-351269cb70e1	Your Order Status will be updated soon!
360	Order Viewed	2025-06-18 09:54:22.289434+05:30	2025-06-18 09:54:22.298032+05:30	9d0ee849-3c50-4bcb-bb7e-a99d194ffd2b	fef4c10c-0120-4658-8e5f-3e63ef57ba2d	Your Order Viewed by the Merchant and will be packed soon!
361	Order Packed	2025-06-18 09:54:25.164977+05:30	2025-06-18 09:54:25.167514+05:30	9d0ee849-3c50-4bcb-bb7e-a99d194ffd2b	fef4c10c-0120-4658-8e5f-3e63ef57ba2d	Your Order Packed Successfully, Delivery Boy will pick your order shortly!
362	Order Assigned	2025-06-18 10:11:10.127697+05:30	2025-06-18 10:11:10.131597+05:30	9d0ee849-3c50-4bcb-bb7e-a99d194ffd2b	fef4c10c-0120-4658-8e5f-3e63ef57ba2d	Your Order Assigned Successfully, Delivery Boy will reach you shortly!
363	Order Viewed	2025-06-19 10:51:21.969384+05:30	2025-06-19 10:51:21.978946+05:30	9d0ee849-3c50-4bcb-bb7e-a99d194ffd2b	ef958449-4909-4311-95c8-96bc937749fc	Your Order Viewed by the Merchant and will be packed soon!
364	Order Packed	2025-06-19 10:52:10.732769+05:30	2025-06-19 10:52:10.735314+05:30	9d0ee849-3c50-4bcb-bb7e-a99d194ffd2b	ef958449-4909-4311-95c8-96bc937749fc	Your Order Packed Successfully, Delivery Boy will pick your order shortly!
365	Order Assigned	2025-06-19 10:54:38.697136+05:30	2025-06-19 10:54:38.700721+05:30	9d0ee849-3c50-4bcb-bb7e-a99d194ffd2b	ef958449-4909-4311-95c8-96bc937749fc	Your Order Assigned Successfully, Delivery Boy will reach you shortly!
366	Order Viewed	2025-06-24 12:11:13.913986+05:30	2025-06-24 12:11:13.931007+05:30	4eaed3dd-f656-488c-a7a8-edc8a9b9e889	a397f61d-d6c4-4535-8096-9fa50a0e9b3e	Your Order Viewed by the Merchant and will be packed soon!
367	Order Assigned	2025-06-27 15:48:21.203923+05:30	2025-06-27 15:48:21.214861+05:30	0d974337-9720-461e-8f0d-5f0134bb7374	22e471e6-afbf-49c5-aa30-72e04cc51970	Your Order Assigned Successfully, Delivery Boy will reach you shortly!
368	Delivered	2025-06-27 15:48:21.550988+05:30	2025-06-27 15:48:21.555693+05:30	0d974337-9720-461e-8f0d-5f0134bb7374	22e471e6-afbf-49c5-aa30-72e04cc51970	Your Order Delivered Successfully, Please give your valuable feed for better future endevours!
369	Order Packed	2025-06-27 15:48:22.826326+05:30	2025-06-27 15:48:22.828911+05:30	4eaed3dd-f656-488c-a7a8-edc8a9b9e889	3146b84c-5910-45c8-bdbd-ae6cc369bb2f	Your Order Packed Successfully, Delivery Boy will pick your order shortly!
370	Delivered	2025-06-27 15:48:23.348829+05:30	2025-06-27 15:48:23.352347+05:30	4eaed3dd-f656-488c-a7a8-edc8a9b9e889	3146b84c-5910-45c8-bdbd-ae6cc369bb2f	Your Order Delivered Successfully, Please give your valuable feed for better future endevours!
371	Order Viewed	2025-06-27 15:48:23.648789+05:30	2025-06-27 15:48:23.651514+05:30	0d974337-9720-461e-8f0d-5f0134bb7374	b0f6ea85-fc96-44c9-b21e-146d9bc7c6fe	Your Order Viewed by the Merchant and will be packed soon!
372	Order Packed	2025-06-27 15:48:24.466467+05:30	2025-06-27 15:48:24.469182+05:30	0d974337-9720-461e-8f0d-5f0134bb7374	b0f6ea85-fc96-44c9-b21e-146d9bc7c6fe	Your Order Packed Successfully, Delivery Boy will pick your order shortly!
373	Order Viewed	2025-06-27 15:48:25.215982+05:30	2025-06-27 15:48:25.218615+05:30	0d974337-9720-461e-8f0d-5f0134bb7374	f28626a1-b74e-4ac5-b8cb-d9859624a5d2	Your Order Viewed by the Merchant and will be packed soon!
374	Order Packed	2025-06-30 11:12:12.69144+05:30	2025-06-30 11:12:12.723591+05:30	0d974337-9720-461e-8f0d-5f0134bb7374	f28626a1-b74e-4ac5-b8cb-d9859624a5d2	Your Order Packed Successfully, Delivery Boy will pick your order shortly!
376	Order Viewed	2025-07-03 11:55:43.72977+05:30	2025-07-03 11:55:43.738886+05:30	9d0ee849-3c50-4bcb-bb7e-a99d194ffd2b	51889874-77ed-476e-a150-bcd07bfae961	Your Order Viewed by the Merchant and will be packed soon!
375	Order Packed	2025-07-03 11:55:43.72975+05:30	2025-07-03 11:55:43.740911+05:30	9d0ee849-3c50-4bcb-bb7e-a99d194ffd2b	51889874-77ed-476e-a150-bcd07bfae961	Your Order Packed Successfully, Delivery Boy will pick your order shortly!
377	Order Assigned	2025-07-03 11:55:45.254224+05:30	2025-07-03 11:55:45.257147+05:30	9d0ee849-3c50-4bcb-bb7e-a99d194ffd2b	51889874-77ed-476e-a150-bcd07bfae961	Your Order Assigned Successfully, Delivery Boy will reach you shortly!
378	Order Viewed	2025-07-03 11:55:46.967665+05:30	2025-07-03 11:55:46.970611+05:30	9d0ee849-3c50-4bcb-bb7e-a99d194ffd2b	dce9a5fe-9fc4-4ef9-886f-d2dd265bc36c	Your Order Viewed by the Merchant and will be packed soon!
379	Order Packed	2025-07-03 11:55:47.688736+05:30	2025-07-03 11:55:47.691517+05:30	9d0ee849-3c50-4bcb-bb7e-a99d194ffd2b	dce9a5fe-9fc4-4ef9-886f-d2dd265bc36c	Your Order Packed Successfully, Delivery Boy will pick your order shortly!
380	Order Viewed	2025-07-03 11:55:48.360815+05:30	2025-07-03 11:55:48.363606+05:30	0d974337-9720-461e-8f0d-5f0134bb7374	45ba54d8-1e89-4d25-9043-eaf487514017	Your Order Viewed by the Merchant and will be packed soon!
381	Order Packed	2025-07-03 11:55:48.940997+05:30	2025-07-03 11:55:48.94371+05:30	0d974337-9720-461e-8f0d-5f0134bb7374	45ba54d8-1e89-4d25-9043-eaf487514017	Your Order Packed Successfully, Delivery Boy will pick your order shortly!
382	Order Viewed	2025-07-03 11:55:50.472573+05:30	2025-07-03 11:55:50.475551+05:30	0d974337-9720-461e-8f0d-5f0134bb7374	0bbaab2d-1e95-49a4-bd87-3d41508da757	Your Order Viewed by the Merchant and will be packed soon!
383	Order Viewed	2025-07-03 11:55:51.082737+05:30	2025-07-03 11:55:51.085443+05:30	9d0ee849-3c50-4bcb-bb7e-a99d194ffd2b	6b522fe7-8919-4108-aa8c-5e5b806073aa	Your Order Viewed by the Merchant and will be packed soon!
384	Order Packed	2025-07-03 11:55:51.887623+05:30	2025-07-03 11:55:51.890721+05:30	0d974337-9720-461e-8f0d-5f0134bb7374	0bbaab2d-1e95-49a4-bd87-3d41508da757	Your Order Packed Successfully, Delivery Boy will pick your order shortly!
385	Order Assigned	2025-07-03 11:55:53.858467+05:30	2025-07-03 11:55:53.860995+05:30	0d974337-9720-461e-8f0d-5f0134bb7374	0bbaab2d-1e95-49a4-bd87-3d41508da757	Your Order Assigned Successfully, Delivery Boy will reach you shortly!
386	Order Assigned	2025-07-03 12:03:09.006274+05:30	2025-07-03 12:03:09.009606+05:30	9d0ee849-3c50-4bcb-bb7e-a99d194ffd2b	dce9a5fe-9fc4-4ef9-886f-d2dd265bc36c	Your Order Assigned Successfully, Delivery Boy will reach you shortly!
387	Order Viewed	2025-07-03 12:06:23.023409+05:30	2025-07-03 12:06:23.026475+05:30	0d974337-9720-461e-8f0d-5f0134bb7374	855c6a5e-7539-42a1-9e2a-e1e66735bd43	Your Order Viewed by the Merchant and will be packed soon!
388	Order Packed	2025-07-03 12:06:27.010752+05:30	2025-07-03 12:06:27.013657+05:30	0d974337-9720-461e-8f0d-5f0134bb7374	855c6a5e-7539-42a1-9e2a-e1e66735bd43	Your Order Packed Successfully, Delivery Boy will pick your order shortly!
389	Delivered	2025-07-03 12:06:41.205049+05:30	2025-07-03 12:06:41.207881+05:30	0d974337-9720-461e-8f0d-5f0134bb7374	855c6a5e-7539-42a1-9e2a-e1e66735bd43	Your Order Delivered Successfully, Please give your valuable feed for better future endevours!
390	Order Viewed	2025-07-03 12:29:06.25501+05:30	2025-07-03 12:29:06.258296+05:30	0d974337-9720-461e-8f0d-5f0134bb7374	1a12e244-eb0f-4e5e-91e1-93c7d9f23c83	Your Order Viewed by the Merchant and will be packed soon!
391	Order Packed	2025-07-03 12:29:13.619737+05:30	2025-07-03 12:29:13.62463+05:30	0d974337-9720-461e-8f0d-5f0134bb7374	1a12e244-eb0f-4e5e-91e1-93c7d9f23c83	Your Order Packed Successfully, Delivery Boy will pick your order shortly!
392	Delivered	2025-07-03 12:29:18.15575+05:30	2025-07-03 12:29:18.158444+05:30	0d974337-9720-461e-8f0d-5f0134bb7374	1a12e244-eb0f-4e5e-91e1-93c7d9f23c83	Your Order Delivered Successfully, Please give your valuable feed for better future endevours!
393	Contacted	2025-07-07 13:30:52.084848+05:30	2025-07-07 13:30:52.093837+05:30	9d0ee849-3c50-4bcb-bb7e-a99d194ffd2b	ba589626-fbf1-4a97-ac81-702d966ebdb6	Your Order Status will be updated soon!
394	Bill Created	2025-07-07 13:30:52.122818+05:30	2025-07-07 13:30:52.127975+05:30	9d0ee849-3c50-4bcb-bb7e-a99d194ffd2b	ba589626-fbf1-4a97-ac81-702d966ebdb6	Bill Created for your custom order ID656GK
395	Order Viewed	2025-07-07 13:30:52.407548+05:30	2025-07-07 13:30:52.410669+05:30	9d0ee849-3c50-4bcb-bb7e-a99d194ffd2b	45665073-203a-43f5-8182-a24c205d70bf	Your Order Viewed by the Merchant and will be packed soon!
396	Order Packed	2025-07-07 13:30:52.794947+05:30	2025-07-07 13:30:52.799314+05:30	9d0ee849-3c50-4bcb-bb7e-a99d194ffd2b	45665073-203a-43f5-8182-a24c205d70bf	Your Order Packed Successfully, Delivery Boy will pick your order shortly!
397	Order Assigned	2025-07-07 13:30:55.536835+05:30	2025-07-07 13:30:55.539768+05:30	9d0ee849-3c50-4bcb-bb7e-a99d194ffd2b	45665073-203a-43f5-8182-a24c205d70bf	Your Order Assigned Successfully, Delivery Boy will reach you shortly!
398	Order Viewed	2025-07-07 13:30:55.701129+05:30	2025-07-07 13:30:55.704549+05:30	9d0ee849-3c50-4bcb-bb7e-a99d194ffd2b	a8a5e6b1-1335-4d3b-8a97-6efd448baf30	Your Order Viewed by the Merchant and will be packed soon!
399	Order Packed	2025-07-07 13:30:56.275424+05:30	2025-07-07 13:30:56.278102+05:30	9d0ee849-3c50-4bcb-bb7e-a99d194ffd2b	a8a5e6b1-1335-4d3b-8a97-6efd448baf30	Your Order Packed Successfully, Delivery Boy will pick your order shortly!
400	Order Assigned	2025-07-07 13:30:58.874443+05:30	2025-07-07 13:30:58.877922+05:30	9d0ee849-3c50-4bcb-bb7e-a99d194ffd2b	a8a5e6b1-1335-4d3b-8a97-6efd448baf30	Your Order Assigned Successfully, Delivery Boy will reach you shortly!
401	Order Viewed	2025-07-07 13:30:58.944953+05:30	2025-07-07 13:30:58.952139+05:30	9d0ee849-3c50-4bcb-bb7e-a99d194ffd2b	14e26291-404a-4532-b3d4-2aaf854cf67b	Your Order Viewed by the Merchant and will be packed soon!
402	Order Packed	2025-07-07 13:30:59.612715+05:30	2025-07-07 13:30:59.619235+05:30	9d0ee849-3c50-4bcb-bb7e-a99d194ffd2b	14e26291-404a-4532-b3d4-2aaf854cf67b	Your Order Packed Successfully, Delivery Boy will pick your order shortly!
403	Order Assigned	2025-07-07 13:31:02.069525+05:30	2025-07-07 13:31:02.072321+05:30	9d0ee849-3c50-4bcb-bb7e-a99d194ffd2b	14e26291-404a-4532-b3d4-2aaf854cf67b	Your Order Assigned Successfully, Delivery Boy will reach you shortly!
404	Order Viewed	2025-07-07 13:31:02.277966+05:30	2025-07-07 13:31:02.280002+05:30	9d0ee849-3c50-4bcb-bb7e-a99d194ffd2b	4b44e972-0368-4670-b4ee-0c919fe49757	Your Order Viewed by the Merchant and will be packed soon!
405	Order Packed	2025-07-07 13:31:02.809794+05:30	2025-07-07 13:31:02.81702+05:30	9d0ee849-3c50-4bcb-bb7e-a99d194ffd2b	4b44e972-0368-4670-b4ee-0c919fe49757	Your Order Packed Successfully, Delivery Boy will pick your order shortly!
406	Delivered	2025-07-07 13:31:05.004047+05:30	2025-07-07 13:31:05.006696+05:30	9d0ee849-3c50-4bcb-bb7e-a99d194ffd2b	4b44e972-0368-4670-b4ee-0c919fe49757	Your Order Delivered Successfully, Please give your valuable feed for better future endevours!
407	Order Viewed	2025-07-07 13:31:05.305672+05:30	2025-07-07 13:31:05.30791+05:30	9d0ee849-3c50-4bcb-bb7e-a99d194ffd2b	f62bab79-92e8-42c0-9eef-904087694323	Your Order Viewed by the Merchant and will be packed soon!
408	Order Packed	2025-07-07 13:31:05.615872+05:30	2025-07-07 13:31:05.617874+05:30	9d0ee849-3c50-4bcb-bb7e-a99d194ffd2b	f62bab79-92e8-42c0-9eef-904087694323	Your Order Packed Successfully, Delivery Boy will pick your order shortly!
409	Order Assigned	2025-07-07 13:31:08.114114+05:30	2025-07-07 13:31:08.116312+05:30	9d0ee849-3c50-4bcb-bb7e-a99d194ffd2b	f62bab79-92e8-42c0-9eef-904087694323	Your Order Assigned Successfully, Delivery Boy will reach you shortly!
410	Delivered	2025-07-07 13:31:08.217401+05:30	2025-07-07 13:31:08.220223+05:30	9d0ee849-3c50-4bcb-bb7e-a99d194ffd2b	f62bab79-92e8-42c0-9eef-904087694323	Your Order Delivered Successfully, Please give your valuable feed for better future endevours!
411	Order Viewed	2025-07-07 14:19:03.109796+05:30	2025-07-07 14:19:03.112989+05:30	1bf3e43c-ab9f-4633-b9e2-357c593ab93f	5d5b7d0f-a0ed-4bd9-9407-dfa6b0e71695	Your Order Viewed by the Merchant and will be packed soon!
412	Order Packed	2025-07-07 14:24:22.819294+05:30	2025-07-07 14:24:22.822512+05:30	1bf3e43c-ab9f-4633-b9e2-357c593ab93f	5d5b7d0f-a0ed-4bd9-9407-dfa6b0e71695	Your Order Packed Successfully, Delivery Boy will pick your order shortly!
413	Order Despatched	2025-07-07 14:26:05.75634+05:30	2025-07-07 14:26:05.759559+05:30	1bf3e43c-ab9f-4633-b9e2-357c593ab93f	5d5b7d0f-a0ed-4bd9-9407-dfa6b0e71695	Your Order Despatched Successfully
414	Delivered	2025-07-07 14:26:46.699037+05:30	2025-07-07 14:26:46.701702+05:30	1bf3e43c-ab9f-4633-b9e2-357c593ab93f	5d5b7d0f-a0ed-4bd9-9407-dfa6b0e71695	Your Order Delivered Successfully, Please give your valuable feed for better future endevours!
415	Order Viewed	2025-07-07 14:41:54.773602+05:30	2025-07-07 14:41:54.776908+05:30	7c55d391-2433-4e41-a95b-0241efcfbc91	4b0155ca-01b8-4573-8caa-93de352cc070	Your Order Viewed by the Merchant and will be packed soon!
416	Order Packed	2025-07-07 14:42:15.555946+05:30	2025-07-07 14:42:15.558546+05:30	7c55d391-2433-4e41-a95b-0241efcfbc91	4b0155ca-01b8-4573-8caa-93de352cc070	Your Order Packed Successfully, Delivery Boy will pick your order shortly!
417	Order Assigned	2025-07-07 14:42:31.186139+05:30	2025-07-07 14:42:31.188705+05:30	7c55d391-2433-4e41-a95b-0241efcfbc91	4b0155ca-01b8-4573-8caa-93de352cc070	Your Order Assigned Successfully, Delivery Boy will reach you shortly!
418	Delivered	2025-07-07 14:42:44.613243+05:30	2025-07-07 14:42:44.61586+05:30	7c55d391-2433-4e41-a95b-0241efcfbc91	4b0155ca-01b8-4573-8caa-93de352cc070	Your Order Delivered Successfully, Please give your valuable feed for better future endevours!
419	Delivered	2025-07-08 12:48:46.647503+05:30	2025-07-08 12:48:46.664209+05:30	0d974337-9720-461e-8f0d-5f0134bb7374	0bbaab2d-1e95-49a4-bd87-3d41508da757	Your Order Delivered Successfully, Please give your valuable feed for better future endevours!
420	Order Viewed	2025-07-08 12:48:46.655409+05:30	2025-07-08 12:48:46.664932+05:30	0d974337-9720-461e-8f0d-5f0134bb7374	6a1addd8-17ae-4291-af6a-30ba1c037550	Your Order Viewed by the Merchant and will be packed soon!
421	Order Viewed	2025-07-10 10:37:47.343992+05:30	2025-07-10 10:37:47.353544+05:30	9d0ee849-3c50-4bcb-bb7e-a99d194ffd2b	80e69b02-2c57-4dd9-bffd-440cb56339a8	Your Order Viewed by the Merchant and will be packed soon!
422	Order Packed	2025-07-10 10:37:47.379504+05:30	2025-07-10 10:37:47.385615+05:30	9d0ee849-3c50-4bcb-bb7e-a99d194ffd2b	80e69b02-2c57-4dd9-bffd-440cb56339a8	Your Order Packed Successfully, Delivery Boy will pick your order shortly!
423	Order Assigned	2025-07-10 10:37:48.729203+05:30	2025-07-10 10:37:48.731914+05:30	9d0ee849-3c50-4bcb-bb7e-a99d194ffd2b	80e69b02-2c57-4dd9-bffd-440cb56339a8	Your Order Assigned Successfully, Delivery Boy will reach you shortly!
424	Delivered	2025-07-10 10:37:50.711479+05:30	2025-07-10 10:37:50.714465+05:30	9d0ee849-3c50-4bcb-bb7e-a99d194ffd2b	80e69b02-2c57-4dd9-bffd-440cb56339a8	Your Order Delivered Successfully, Please give your valuable feed for better future endevours!
425	Order Viewed	2025-07-10 10:37:51.654688+05:30	2025-07-10 10:37:51.657575+05:30	6aff99e8-ca8c-492e-95e5-1bc8ab17b4f5	cbf60ba8-acab-43d8-a7a2-1100480dcbce	Your Order Viewed by the Merchant and will be packed soon!
426	Order Packed	2025-07-10 10:37:51.947029+05:30	2025-07-10 10:37:51.949827+05:30	6aff99e8-ca8c-492e-95e5-1bc8ab17b4f5	cbf60ba8-acab-43d8-a7a2-1100480dcbce	Your Order Packed Successfully, Delivery Boy will pick your order shortly!
427	Order Despatched	2025-07-10 10:37:52.255888+05:30	2025-07-10 10:37:52.258655+05:30	6aff99e8-ca8c-492e-95e5-1bc8ab17b4f5	cbf60ba8-acab-43d8-a7a2-1100480dcbce	Your Order Despatched Successfully
428	Delivered	2025-07-10 10:37:52.493222+05:30	2025-07-10 10:37:52.496235+05:30	6aff99e8-ca8c-492e-95e5-1bc8ab17b4f5	cbf60ba8-acab-43d8-a7a2-1100480dcbce	Your Order Delivered Successfully, Please give your valuable feed for better future endevours!
429	Order Viewed	2025-07-10 11:19:12.086817+05:30	2025-07-10 11:19:12.089899+05:30	7f5458d9-cf55-48f5-80f2-c17db3081caf	0c486893-0bef-41c0-a1b1-fee6f38f5b4b	Your Order Viewed by the Merchant and will be packed soon!
430	Order Viewed	2025-07-10 12:11:19.634076+05:30	2025-07-10 12:11:19.637466+05:30	caf965c1-f9c4-48b9-bf78-315269ca6b55	ea619aab-937d-412f-9a56-7b5bc83d283b	Your Order Viewed by the Merchant and will be packed soon!
431	Order Packed	2025-07-10 12:13:01.226714+05:30	2025-07-10 12:13:01.230018+05:30	caf965c1-f9c4-48b9-bf78-315269ca6b55	ea619aab-937d-412f-9a56-7b5bc83d283b	Your Order Packed Successfully, Delivery Boy will pick your order shortly!
432	Order Viewed	2025-07-10 12:58:16.678529+05:30	2025-07-10 12:58:16.687455+05:30	a859067b-d6f2-44fc-9874-4e3dc964bbf4	c9b2bea9-a418-4417-bfb9-e09a9f1d30ab	Your Order Viewed by the Merchant and will be packed soon!
433	Order Viewed	2025-07-10 12:58:34.920372+05:30	2025-07-10 12:58:34.923257+05:30	7c55d391-2433-4e41-a95b-0241efcfbc91	79ab7a6e-8088-4d6e-b89c-3e5f9d88af5f	Your Order Viewed by the Merchant and will be packed soon!
434	Order Packed	2025-07-14 10:06:24.377118+05:30	2025-07-14 10:06:24.419303+05:30	a859067b-d6f2-44fc-9874-4e3dc964bbf4	c9b2bea9-a418-4417-bfb9-e09a9f1d30ab	Your Order Packed Successfully, Delivery Boy will pick your order shortly!
435	Order Viewed	2025-07-14 10:22:17.619096+05:30	2025-07-14 10:22:17.623249+05:30	2ff02a1a-716f-420f-a842-4a975f276309	b7ca98b5-14cd-48bb-b898-ba162798733a	Your Order Viewed by the Merchant and will be packed soon!
436	Order Packed	2025-07-14 10:22:40.716718+05:30	2025-07-14 10:22:40.719909+05:30	2ff02a1a-716f-420f-a842-4a975f276309	b7ca98b5-14cd-48bb-b898-ba162798733a	Your Order Packed Successfully, Delivery Boy will pick your order shortly!
437	Order Viewed	2025-07-14 14:13:38.994596+05:30	2025-07-14 14:13:39.007613+05:30	91f4b701-5007-4701-ad65-bcf3da6bfb22	e4eab8e2-d55d-4cc7-a1dc-db78c3143fb2	Your Order Viewed by the Merchant and will be packed soon!
438	Order Viewed	2025-09-22 12:43:30.919176+05:30	2025-09-22 12:43:30.928816+05:30	4c995fea-6a75-48cc-a83d-c4305bfabf60	9a247197-7ad3-40e3-8e7d-f0b3ce7ea284	Your Order Viewed by the Merchant and will be packed soon!
439	Order Packed	2025-09-22 12:43:35.565749+05:30	2025-09-22 12:43:35.568327+05:30	4c995fea-6a75-48cc-a83d-c4305bfabf60	9a247197-7ad3-40e3-8e7d-f0b3ce7ea284	Your Order Packed Successfully, Delivery Boy will pick your order shortly!
440	Delivered	2025-09-22 12:43:39.51708+05:30	2025-09-22 12:43:39.520382+05:30	4c995fea-6a75-48cc-a83d-c4305bfabf60	9a247197-7ad3-40e3-8e7d-f0b3ce7ea284	Your Order Delivered Successfully, Please give your valuable feed for better future endevours!
441	Contacted	2025-09-22 12:44:19.232634+05:30	2025-09-22 12:44:19.235197+05:30	4c995fea-6a75-48cc-a83d-c4305bfabf60	6f08566b-e5e9-4958-a6c5-5331cff4a8e7	Your Order Status will be updated soon!
442	Bill Created	2025-09-22 12:44:52.427342+05:30	2025-09-22 12:44:52.430003+05:30	4c995fea-6a75-48cc-a83d-c4305bfabf60	6f08566b-e5e9-4958-a6c5-5331cff4a8e7	Bill Created for your custom order ID314HH
\.


--
